{"id":838,"date":"2021-01-10T16:46:51","date_gmt":"2021-01-10T16:46:51","guid":{"rendered":"http:\/\/test-ikf.online\/?page_id=838"},"modified":"2021-03-24T14:20:26","modified_gmt":"2021-03-24T14:20:26","slug":"2011-antisemitismus-finanzkrise","status":"publish","type":"page","link":"https:\/\/ikf.ac.at\/en\/schwerpunkte\/cleavages\/antisemitismus\/2011-antisemitismus-finanzkrise","title":{"rendered":"2011: Antisemitismus und Finanzkrise: eine Untersuchung \u00f6sterreichischer Printmedien"},"content":{"rendered":"<div class=\"wp-block-atomic-blocks-ab-container alignfull ab-block-container\"><div class=\"ab-container-inside\"><div class=\"ab-container-content\">\n<div class=\"wp-block-atomic-blocks-ab-container alignfull ab-block-container\"><div class=\"ab-container-inside\"><div class=\"ab-container-content\"><div id=\"pl-gb838-69f23f9d0f995\"  class=\"panel-layout\" ><div id=\"pg-gb838-69f23f9d0f995-0\"  class=\"panel-grid panel-no-style\" ><div id=\"pgc-gb838-69f23f9d0f995-0-0\"  class=\"panel-grid-cell\" ><div id=\"panel-gb838-69f23f9d0f995-0-0-0\" class=\"so-panel widget widget_media_image panel-first-child panel-last-child\" data-index=\"0\" ><img loading=\"lazy\" decoding=\"async\" width=\"2554\" height=\"10\" src=\"https:\/\/ikf.ac.at\/wp-content\/uploads\/2021\/01\/linie_IKF.jpg\" class=\"image wp-image-754  attachment-full size-full\" alt=\"\" style=\"max-width: 100%; height: auto;\" srcset=\"https:\/\/ikf.ac.at\/wp-content\/uploads\/2021\/01\/linie_IKF.jpg 2554w, https:\/\/ikf.ac.at\/wp-content\/uploads\/2021\/01\/linie_IKF-300x1.jpg 300w, https:\/\/ikf.ac.at\/wp-content\/uploads\/2021\/01\/linie_IKF-1024x4.jpg 1024w, https:\/\/ikf.ac.at\/wp-content\/uploads\/2021\/01\/linie_IKF-768x3.jpg 768w, https:\/\/ikf.ac.at\/wp-content\/uploads\/2021\/01\/linie_IKF-1536x6.jpg 1536w, https:\/\/ikf.ac.at\/wp-content\/uploads\/2021\/01\/linie_IKF-2048x8.jpg 2048w\" sizes=\"auto, (max-width: 2554px) 100vw, 2554px\" \/><\/div><\/div><\/div><\/div>\n\n\n<div style=\"color:#ddd\" class=\"wp-block-genesis-blocks-gb-spacer gb-block-spacer gb-divider-solid gb-divider-size-1\"><hr style=\"height:30px\"\/><\/div>\n\n\n<div id=\"pl-gb838-69f23f9d0ff54\"  class=\"panel-layout\" ><div id=\"pg-gb838-69f23f9d0ff54-0\"  class=\"panel-grid panel-no-style\" ><div id=\"pgc-gb838-69f23f9d0ff54-0-0\"  class=\"panel-grid-cell panel-grid-cell-empty\" ><\/div><div id=\"pgc-gb838-69f23f9d0ff54-0-1\"  class=\"panel-grid-cell\" ><div id=\"panel-gb838-69f23f9d0ff54-0-1-0\" class=\"so-panel widget widget_sow-editor panel-first-child panel-last-child\" data-index=\"0\" ><div\n\t\t\t\n\t\t\tclass=\"so-widget-sow-editor so-widget-sow-editor-base\"\n\t\t\t\n\t\t>\n<div class=\"siteorigin-widget-tinymce textwidget\">\n\t<table style=\"height: 100px; width: 100%; border-collapse: collapse;\" border=\"1\" cellpadding=\"2\">\n<tbody>\n<tr style=\"height: 24px;\">\n<td style=\"width: 15.8421%; height: 24px;\">Project management:<\/td>\n<td style=\"width: 84.1578%; height: 24px;\" colspan=\"2\">Univ.-Prof. Dr. Frank Stern (Institut f\u00fcr Zeitgeschichte, Universit\u00e4t Wien)<\/td>\n<\/tr>\n<tr>\n<td style=\"width: 15.8421%;\">\n<hr \/>\n<\/td>\n<td style=\"width: 53.816%;\">\n<hr \/>\n<\/td>\n<td style=\"width: 30.3418%; height: 24px;\"><\/td>\n<\/tr>\n<tr style=\"height: 48px;\">\n<td style=\"width: 15.8421%; height: 48px;\">Implementation:<\/td>\n<td style=\"width: 84.1578%; height: 48px;\" colspan=\"2\">MMag.<sup>a<\/sup> Dr.<sup>in<\/sup> Karin St\u00f6gner<br \/>\nMag. Dr. Stefanie Mayer<sup>a<\/sup> Dr.<sup>in<\/sup> Karin Bischof<br \/>\nMag. Dr. Stefanie Mayer<sup>a<\/sup> Elke Rajal (AkademikerInnentrainee)<\/td>\n<\/tr>\n<tr>\n<td style=\"width: 15.8421%;\">\n<hr \/>\n<\/td>\n<td style=\"width: 53.816%;\">\n<hr \/>\n<\/td>\n<td style=\"width: 30.3418%; height: 24px;\"><\/td>\n<\/tr>\n<tr>\n<td style=\"width: 15.8421%;\">Funded by:<\/td>\n<td style=\"width: 53.816%;\">Jubil\u00e4umsfonds der Oesterreichischen Nationalbank, Projekt Nr. 13549<\/td>\n<td style=\"width: 30.3418%;\"><\/td>\n<\/tr>\n<tr>\n<td style=\"width: 15.8421%;\">\n<hr \/>\n<\/td>\n<td style=\"width: 53.816%;\">\n<hr \/>\n<\/td>\n<td style=\"width: 30.3418%; height: 24px;\"><\/td>\n<\/tr>\n<tr style=\"height: 24px;\">\n<td style=\"width: 15.8421%; height: 24px;\">Completed in:<\/td>\n<td style=\"height: 24px; width: 84.1578%;\" colspan=\"2\">Juli 2011<\/td>\n<\/tr>\n<tr>\n<td style=\"width: 15.8421%;\">\n<hr \/>\n<\/td>\n<td style=\"width: 53.816%;\">\n<hr \/>\n<\/td>\n<td style=\"width: 30.3418%;\"><\/td>\n<\/tr>\n<tr>\n<td style=\"width: 15.8421%;\"><\/td>\n<td style=\"width: 53.816%;\" valign=\"top\" width=\"80%\"><img loading=\"lazy\" decoding=\"async\" src=\"http:\/\/www.ikf.ac.at\/design\/images\/Document%20Folder.png\" width=\"28\" height=\"28\" align=\"left\" \/>\u00a0 <a href=\"https:\/\/ikf.ac.at\/wp-content\/uploads\/2021\/03\/Antisemitismus_und_Finanzkrise_Endbericht.pdf\" target=\"_blank\" rel=\"noopener\">Final Report (german)<\/a><\/td>\n<td style=\"width: 30.3418%;\"><\/td>\n<\/tr>\n<\/tbody>\n<\/table>\n<p align=\"justify\">\n<\/div>\n<\/div><\/div><\/div><\/div><\/div>\n\n\n<div style=\"color:#404168\" class=\"wp-block-genesis-blocks-gb-spacer gb-block-spacer gb-divider-solid gb-spacer-divider gb-divider-size-1\"><hr style=\"height:3px\"\/><\/div>\n\n\n\n<div style=\"color:#404168\" class=\"wp-block-genesis-blocks-gb-spacer gb-block-spacer gb-divider-solid gb-divider-size-1\"><hr style=\"height:10px\"\/><\/div>\n\n\n<div id=\"pl-gb838-69f23f9d10540\"  class=\"panel-layout\" ><div id=\"pg-gb838-69f23f9d10540-0\"  class=\"panel-grid panel-no-style\" ><div id=\"pgc-gb838-69f23f9d10540-0-0\"  class=\"panel-grid-cell panel-grid-cell-empty\" ><\/div><div id=\"pgc-gb838-69f23f9d10540-0-1\"  class=\"panel-grid-cell panel-grid-cell-mobile-last\" ><div id=\"panel-gb838-69f23f9d10540-0-1-0\" class=\"so-panel widget widget_text panel-first-child panel-last-child\" data-index=\"0\" >\t\t\t<div class=\"textwidget\"><p align=\"justify\">Das Forschungsprojekt fokussierte auf die Berichterstattung \u00fcber die Wirtschafts- und Finanzkrise in \u00f6sterreichischen Printmedien in den Jahren 2008-2010 unter dem Aspekt eines dabei transportierten Antisemitismus. Methodisch war das Projekt diskursanalytisch ausgerichtet.<\/p>\n<p align=\"justify\">Als ein wesentliches Ergebnis der Untersuchung l\u00e4sst sich zun\u00e4chst eine weitgehende Vermeidung antisemitischer Stereotype in der Behandlung der Thematik Finanz- und Wirtschaftskrise festhalten. Dies gilt f\u00fcr fast alle der untersuchten Printmedien (Der Standard, Die Presse, Kurier, profil, Format und News). In Anlehnung an Martin Reisigl und Ruth Wodak kann man hier von einem wirksamen \u201eTabu\u201c sprechen. Eine Ausnahme stellt allerdings die Neue Kronen Zeitung dar, in der sich sehr wohl manifeste antisemitische \u00c4u\u00dferungsformen finden.<\/p>\n<p align=\"justify\">Der Fokus der Untersuchung lag einerseits auf einer genaueren Analyse der aufgefundenen antisemitischen Diskursstr\u00e4nge und ihrer Verortung in historischen und aktuellen Erscheinungsformen des Antisemitismus sowie der entsprechenden stereotypen Darstellungs- und Argumentationsmuster. Andererseits bezog sich das Erkenntnisinteresse aber auch auf jene Grauzonen, in denen die Wirksamkeit dieses \u201eTabus\u201c nachl\u00e4sst bzw. schwindet.<\/p>\n<p align=\"justify\">Antisemitische Diskurselemente im Printmedienkorpus werden in einer Reihe von thematischen Konstellationen transportiert, welche traditionell mit dem Antisemitismus in Verbindung stehen, und sie finden sich vor allem innerhalb von Darstellungsformen der Finanz- und Wirtschaftskrise, welche die Krise als Konsequenz des Handelns bestimmter, teils kryptisch konstruierter Gruppen (\u201eSpekulanten\u201c, \u201eHochfinanz\u201c) bzw. als Konsequenz aus allgemeinem Moral- und Werteverlust sehen.<\/p>\n<p align=\"justify\">Vor allem dort, wo bestimmte Gruppen als Hauptschuldige ausgemacht (\u201eHochfinanz\u201c, \u201eKreise in Politik und Hochfinanz\u201c, \u201eFinanzhaie\u201c, \u201eSpekulanten\u201c, \u201eZocker\u201c) und im Rahmen von Bedrohungsszenarien einem homogen konstruierten Eigenen (\u201eVolk\u201c) gegen\u00fcbergestellt werden, wo deren Gier herausgestellt und zudem noch eine Sch\u00e4digung des Eigenen durch dieses \u201e(Volks)Fremde\u201c ausgemacht wird (\u201eKonzerne, Banken, Hochfinanz, schmarotzen an der Volkssubstanz\u201c, Kronen Zeitung, 17.3.2010), manifestieren sich (alte) antisemitische Stereotype im Diskurs. Dabei gehen v\u00f6lkischer und nationalistischer Diskurs, eine dichotomisierende, stereotype Gegen\u00fcberstellung von Finanzsph\u00e4re und Produktionssph\u00e4re und Weltverschw\u00f6rungsszenarien eine enge Verbindung ein. Mehrfach sind diese Gruppen auch j\u00fcdisch konnotiert und US-amerikanisch markiert (die \u201eFederal Reserve &#8230; unter F\u00fchrung der beiden Gro\u00dffinanzgruppen Rothschild und Rockefeller\u201c, Kronen Zeitung, 17.5.2009), wodurch die Themenkonstellation noch h\u00e4ufig um antiamerikanische Ressentiments erg\u00e4nzt wird. Nicht selten wird diesen dem Eigenen gegen\u00fcbergestellten \u201eFremdgruppen\u201c Gewalt und Verbrechen unterstellt. Auch zentrale Elemente des Post-Holocaust-Diskurses, insbesondere Strategien der Schuldumkehr im Rahmen einer spezifischen Konstruktion von Schuld und Verantwortung f\u00fcr die Wirtschafts- und Finanzkrise, sind ein mehrfach wiederkehrendes Moment in den untersuchten Texten. Ein weiterer Themenblock, vor dessen Hintergrund antisemitische Diskursstr\u00e4nge dechiffriert wurden, ist der breite Bereich der Globalisierungskritik, wobei hier jedoch vergleichsweise wenig ausgepr\u00e4gte Beispiele zu finden waren.<\/p>\n<p align=\"justify\">Was die Fokussierung der Grauzonen betrifft, in denen die Vermeidungsstrategien antisemitischer Stereotype br\u00fcchig werden und das \u201eTabu\u201c schwindet, so zeigte sich Folgendes: Das \u201eTabu\u201c f\u00e4llt \u2013 wie die Analyse einer Forumsdiskussion exemplarisch zeigt \u2013 dort, wo ein Jude \u00d6sterreich kritisiert. Im Zusammenhang mit dem Motiv der Nestbeschmutzung finden sich nahezu alle Stufen und Schattierungen antisemitischer \u00c4u\u00dferungsformen bis hin zur offenen Beschimpfung. Als eine Grauzone stellte sich schlie\u00dflich die Thematik um die Betrugsvorw\u00fcrfe an der Bankerin Sonja Kohn heraus. Entlang dieses thematischen Ankn\u00fcpfungspunktes wird \u2013 einzigartig im Sample \u2013 Judentum und J\u00fcdischsein explizit thematisiert, antisemitische Stereotype finden hier besonders \u00fcber sexistische Stereotype Eingang in den Diskurs.<\/p>\n<\/div>\n\t\t<\/div><\/div><div id=\"pgc-gb838-69f23f9d10540-0-2\"  class=\"panel-grid-cell panel-grid-cell-empty\" ><\/div><\/div><\/div>\n\n\n<div style=\"color:#333\" class=\"wp-block-genesis-blocks-gb-spacer gb-block-spacer gb-divider-solid gb-spacer-divider gb-divider-size-1\"><hr style=\"height:100px\"\/><\/div>\n<\/div><\/div><\/div>\n<\/div><\/div><\/div>","protected":false},"excerpt":{"rendered":"","protected":false},"author":1,"featured_media":0,"parent":486,"menu_order":26,"comment_status":"closed","ping_status":"closed","template":"","meta":{"footnotes":""},"class_list":["post-838","page","type-page","status-publish","hentry","post"],"featured_image_src":null,"featured_image_src_square":null,"_links":{"self":[{"href":"https:\/\/ikf.ac.at\/en\/wp-json\/wp\/v2\/pages\/838","targetHints":{"allow":["GET"]}}],"collection":[{"href":"https:\/\/ikf.ac.at\/en\/wp-json\/wp\/v2\/pages"}],"about":[{"href":"https:\/\/ikf.ac.at\/en\/wp-json\/wp\/v2\/types\/page"}],"author":[{"embeddable":true,"href":"https:\/\/ikf.ac.at\/en\/wp-json\/wp\/v2\/users\/1"}],"replies":[{"embeddable":true,"href":"https:\/\/ikf.ac.at\/en\/wp-json\/wp\/v2\/comments?post=838"}],"version-history":[{"count":21,"href":"https:\/\/ikf.ac.at\/en\/wp-json\/wp\/v2\/pages\/838\/revisions"}],"predecessor-version":[{"id":2302,"href":"https:\/\/ikf.ac.at\/en\/wp-json\/wp\/v2\/pages\/838\/revisions\/2302"}],"up":[{"embeddable":true,"href":"https:\/\/ikf.ac.at\/en\/wp-json\/wp\/v2\/pages\/486"}],"wp:attachment":[{"href":"https:\/\/ikf.ac.at\/en\/wp-json\/wp\/v2\/media?parent=838"}],"curies":[{"name":"wp","href":"https:\/\/api.w.org\/{rel}","templated":true}]}}

2011: Antisemitismus und Finanzkrise: eine Untersuchung österreichischer Printmedien

<div class="wp-block-atomic-blocks-ab-container alignfull ab-block-container"><div class="ab-container-inside"><div class="ab-container-content">
<div class="wp-block-atomic-blocks-ab-container alignfull ab-block-container"><div class="ab-container-inside"><div class="ab-container-content"><div id="pl-gb838-69f23f9d0f995"  class="panel-layout" ><div id="pg-gb838-69f23f9d0f995-0"  class="panel-grid panel-no-style" ><div id="pgc-gb838-69f23f9d0f995-0-0"  class="panel-grid-cell" ><div id="panel-gb838-69f23f9d0f995-0-0-0" class="so-panel widget widget_media_image panel-first-child panel-last-child" data-index="0" ><img loading="lazy" decoding="async" width="2554" height="10" src="https://ikf.ac.at/wp-content/uploads/2021/01/linie_IKF.jpg" class="image wp-image-754  attachment-full size-full" alt="" style="max-width: 100%; height: auto;" srcset="https://ikf.ac.at/wp-content/uploads/2021/01/linie_IKF.jpg 2554w, https://ikf.ac.at/wp-content/uploads/2021/01/linie_IKF-300x1.jpg 300w, https://ikf.ac.at/wp-content/uploads/2021/01/linie_IKF-1024x4.jpg 1024w, https://ikf.ac.at/wp-content/uploads/2021/01/linie_IKF-768x3.jpg 768w, https://ikf.ac.at/wp-content/uploads/2021/01/linie_IKF-1536x6.jpg 1536w, https://ikf.ac.at/wp-content/uploads/2021/01/linie_IKF-2048x8.jpg 2048w" sizes="auto, (max-width: 2554px) 100vw, 2554px" /></div></div></div></div>


<div style="color:#ddd" class="wp-block-genesis-blocks-gb-spacer gb-block-spacer gb-divider-solid gb-divider-size-1"><hr style="height:30px"/></div>


<div id="pl-gb838-69f23f9d0ff54"  class="panel-layout" ><div id="pg-gb838-69f23f9d0ff54-0"  class="panel-grid panel-no-style" ><div id="pgc-gb838-69f23f9d0ff54-0-0"  class="panel-grid-cell panel-grid-cell-empty" ></div><div id="pgc-gb838-69f23f9d0ff54-0-1"  class="panel-grid-cell" ><div id="panel-gb838-69f23f9d0ff54-0-1-0" class="so-panel widget widget_sow-editor panel-first-child panel-last-child" data-index="0" ><div
			
			class="so-widget-sow-editor so-widget-sow-editor-base"
			
		>
<div class="siteorigin-widget-tinymce textwidget">
	<table style="height: 100px; width: 100%; border-collapse: collapse;" border="1" cellpadding="2">
<tbody>
<tr style="height: 24px;">
<td style="width: 15.8421%; height: 24px;">Project management:</td>
<td style="width: 84.1578%; height: 24px;" colspan="2">Univ.-Prof. Dr. Frank Stern (Institut für Zeitgeschichte, Universität Wien)</td>
</tr>
<tr>
<td style="width: 15.8421%;">
<hr />
</td>
<td style="width: 53.816%;">
<hr />
</td>
<td style="width: 30.3418%; height: 24px;"></td>
</tr>
<tr style="height: 48px;">
<td style="width: 15.8421%; height: 48px;">Implementation:</td>
<td style="width: 84.1578%; height: 48px;" colspan="2">MMag.<sup>a</sup> Dr.<sup>in</sup> Karin Stögner<br />
Mag. Dr. Stefanie Mayer<sup>a</sup> Dr.<sup>in</sup> Karin Bischof<br />
Mag. Dr. Stefanie Mayer<sup>a</sup> Elke Rajal (AkademikerInnentrainee)</td>
</tr>
<tr>
<td style="width: 15.8421%;">
<hr />
</td>
<td style="width: 53.816%;">
<hr />
</td>
<td style="width: 30.3418%; height: 24px;"></td>
</tr>
<tr>
<td style="width: 15.8421%;">Funded by:</td>
<td style="width: 53.816%;">Jubiläumsfonds der Oesterreichischen Nationalbank, Projekt Nr. 13549</td>
<td style="width: 30.3418%;"></td>
</tr>
<tr>
<td style="width: 15.8421%;">
<hr />
</td>
<td style="width: 53.816%;">
<hr />
</td>
<td style="width: 30.3418%; height: 24px;"></td>
</tr>
<tr style="height: 24px;">
<td style="width: 15.8421%; height: 24px;">Completed in:</td>
<td style="height: 24px; width: 84.1578%;" colspan="2">Juli 2011</td>
</tr>
<tr>
<td style="width: 15.8421%;">
<hr />
</td>
<td style="width: 53.816%;">
<hr />
</td>
<td style="width: 30.3418%;"></td>
</tr>
<tr>
<td style="width: 15.8421%;"></td>
<td style="width: 53.816%;" valign="top" width="80%"><img loading="lazy" decoding="async" src="http://www.ikf.ac.at/design/images/Document%20Folder.png" width="28" height="28" align="left" />  <a href="https://ikf.ac.at/wp-content/uploads/2021/03/Antisemitismus_und_Finanzkrise_Endbericht.pdf" target="_blank" rel="noopener">Final Report (german)</a></td>
<td style="width: 30.3418%;"></td>
</tr>
</tbody>
</table>
<p align="justify">
</div>
</div></div></div></div></div>


<div style="color:#404168" class="wp-block-genesis-blocks-gb-spacer gb-block-spacer gb-divider-solid gb-spacer-divider gb-divider-size-1"><hr style="height:3px"/></div>



<div style="color:#404168" class="wp-block-genesis-blocks-gb-spacer gb-block-spacer gb-divider-solid gb-divider-size-1"><hr style="height:10px"/></div>


<div id="pl-gb838-69f23f9d10540"  class="panel-layout" ><div id="pg-gb838-69f23f9d10540-0"  class="panel-grid panel-no-style" ><div id="pgc-gb838-69f23f9d10540-0-0"  class="panel-grid-cell panel-grid-cell-empty" ></div><div id="pgc-gb838-69f23f9d10540-0-1"  class="panel-grid-cell panel-grid-cell-mobile-last" ><div id="panel-gb838-69f23f9d10540-0-1-0" class="so-panel widget widget_text panel-first-child panel-last-child" data-index="0" >			<div class="textwidget"><p align="justify">Das Forschungsprojekt fokussierte auf die Berichterstattung über die Wirtschafts- und Finanzkrise in österreichischen Printmedien in den Jahren 2008-2010 unter dem Aspekt eines dabei transportierten Antisemitismus. Methodisch war das Projekt diskursanalytisch ausgerichtet.</p>
<p align="justify">Als ein wesentliches Ergebnis der Untersuchung lässt sich zunächst eine weitgehende Vermeidung antisemitischer Stereotype in der Behandlung der Thematik Finanz- und Wirtschaftskrise festhalten. Dies gilt für fast alle der untersuchten Printmedien (Der Standard, Die Presse, Kurier, profil, Format und News). In Anlehnung an Martin Reisigl und Ruth Wodak kann man hier von einem wirksamen „Tabu“ sprechen. Eine Ausnahme stellt allerdings die Neue Kronen Zeitung dar, in der sich sehr wohl manifeste antisemitische Äußerungsformen finden.</p>
<p align="justify">Der Fokus der Untersuchung lag einerseits auf einer genaueren Analyse der aufgefundenen antisemitischen Diskursstränge und ihrer Verortung in historischen und aktuellen Erscheinungsformen des Antisemitismus sowie der entsprechenden stereotypen Darstellungs- und Argumentationsmuster. Andererseits bezog sich das Erkenntnisinteresse aber auch auf jene Grauzonen, in denen die Wirksamkeit dieses „Tabus“ nachlässt bzw. schwindet.</p>
<p align="justify">Antisemitische Diskurselemente im Printmedienkorpus werden in einer Reihe von thematischen Konstellationen transportiert, welche traditionell mit dem Antisemitismus in Verbindung stehen, und sie finden sich vor allem innerhalb von Darstellungsformen der Finanz- und Wirtschaftskrise, welche die Krise als Konsequenz des Handelns bestimmter, teils kryptisch konstruierter Gruppen („Spekulanten“, „Hochfinanz“) bzw. als Konsequenz aus allgemeinem Moral- und Werteverlust sehen.</p>
<p align="justify">Vor allem dort, wo bestimmte Gruppen als Hauptschuldige ausgemacht („Hochfinanz“, „Kreise in Politik und Hochfinanz“, „Finanzhaie“, „Spekulanten“, „Zocker“) und im Rahmen von Bedrohungsszenarien einem homogen konstruierten Eigenen („Volk“) gegenübergestellt werden, wo deren Gier herausgestellt und zudem noch eine Schädigung des Eigenen durch dieses „(Volks)Fremde“ ausgemacht wird („Konzerne, Banken, Hochfinanz, schmarotzen an der Volkssubstanz“, Kronen Zeitung, 17.3.2010), manifestieren sich (alte) antisemitische Stereotype im Diskurs. Dabei gehen völkischer und nationalistischer Diskurs, eine dichotomisierende, stereotype Gegenüberstellung von Finanzsphäre und Produktionssphäre und Weltverschwörungsszenarien eine enge Verbindung ein. Mehrfach sind diese Gruppen auch jüdisch konnotiert und US-amerikanisch markiert (die „Federal Reserve &#8230; unter Führung der beiden Großfinanzgruppen Rothschild und Rockefeller“, Kronen Zeitung, 17.5.2009), wodurch die Themenkonstellation noch häufig um antiamerikanische Ressentiments ergänzt wird. Nicht selten wird diesen dem Eigenen gegenübergestellten „Fremdgruppen“ Gewalt und Verbrechen unterstellt. Auch zentrale Elemente des Post-Holocaust-Diskurses, insbesondere Strategien der Schuldumkehr im Rahmen einer spezifischen Konstruktion von Schuld und Verantwortung für die Wirtschafts- und Finanzkrise, sind ein mehrfach wiederkehrendes Moment in den untersuchten Texten. Ein weiterer Themenblock, vor dessen Hintergrund antisemitische Diskursstränge dechiffriert wurden, ist der breite Bereich der Globalisierungskritik, wobei hier jedoch vergleichsweise wenig ausgeprägte Beispiele zu finden waren.</p>
<p align="justify">Was die Fokussierung der Grauzonen betrifft, in denen die Vermeidungsstrategien antisemitischer Stereotype brüchig werden und das „Tabu“ schwindet, so zeigte sich Folgendes: Das „Tabu“ fällt – wie die Analyse einer Forumsdiskussion exemplarisch zeigt – dort, wo ein Jude Österreich kritisiert. Im Zusammenhang mit dem Motiv der Nestbeschmutzung finden sich nahezu alle Stufen und Schattierungen antisemitischer Äußerungsformen bis hin zur offenen Beschimpfung. Als eine Grauzone stellte sich schließlich die Thematik um die Betrugsvorwürfe an der Bankerin Sonja Kohn heraus. Entlang dieses thematischen Anknüpfungspunktes wird – einzigartig im Sample – Judentum und Jüdischsein explizit thematisiert, antisemitische Stereotype finden hier besonders über sexistische Stereotype Eingang in den Diskurs.</p>
</div>
		</div></div><div id="pgc-gb838-69f23f9d10540-0-2"  class="panel-grid-cell panel-grid-cell-empty" ></div></div></div>


<div style="color:#333" class="wp-block-genesis-blocks-gb-spacer gb-block-spacer gb-divider-solid gb-spacer-divider gb-divider-size-1"><hr style="height:100px"/></div>
</div></div></div>
</div></div></div>
