{"id":5349,"date":"2025-05-15T11:41:29","date_gmt":"2025-05-15T11:41:29","guid":{"rendered":"https:\/\/ikf.ac.at\/?page_id=5349"},"modified":"2026-03-17T13:13:45","modified_gmt":"2026-03-17T13:13:45","slug":"2024-evaluation-zum-projekt-wir-alle-sind-wien","status":"publish","type":"page","link":"https:\/\/ikf.ac.at\/en\/2024-evaluation-zum-projekt-wir-alle-sind-wien","title":{"rendered":"2024: Evaluation zum Projekt \u201eWir alle sind Wien\u201c"},"content":{"rendered":"<div class=\"wp-block-atomic-blocks-ab-container alignfull ab-block-container\"><div class=\"ab-container-inside\"><div class=\"ab-container-content\"><div id=\"pl-gb5349-69f24013d208a\"  class=\"panel-layout wp-block-siteorigin-panels-layout-block\" ><div id=\"pg-gb5349-69f24013d208a-0\"  class=\"panel-grid panel-no-style\" ><div id=\"pgc-gb5349-69f24013d208a-0-0\"  class=\"panel-grid-cell\" ><div id=\"panel-gb5349-69f24013d208a-0-0-0\" class=\"so-panel widget widget_media_image panel-first-child panel-last-child\" data-index=\"0\" ><img loading=\"lazy\" decoding=\"async\" width=\"2554\" height=\"10\" src=\"https:\/\/ikf.ac.at\/wp-content\/uploads\/2021\/01\/linie_IKF.jpg\" class=\"image wp-image-754  attachment-full size-full\" alt=\"\" style=\"max-width: 100%; height: auto;\" srcset=\"https:\/\/ikf.ac.at\/wp-content\/uploads\/2021\/01\/linie_IKF.jpg 2554w, https:\/\/ikf.ac.at\/wp-content\/uploads\/2021\/01\/linie_IKF-300x1.jpg 300w, https:\/\/ikf.ac.at\/wp-content\/uploads\/2021\/01\/linie_IKF-1024x4.jpg 1024w, https:\/\/ikf.ac.at\/wp-content\/uploads\/2021\/01\/linie_IKF-768x3.jpg 768w, https:\/\/ikf.ac.at\/wp-content\/uploads\/2021\/01\/linie_IKF-1536x6.jpg 1536w, https:\/\/ikf.ac.at\/wp-content\/uploads\/2021\/01\/linie_IKF-2048x8.jpg 2048w\" sizes=\"auto, (max-width: 2554px) 100vw, 2554px\" \/><\/div><\/div><\/div><\/div>\n\n\n<div style=\"color:#ddd\" class=\"wp-block-genesis-blocks-gb-spacer gb-block-spacer gb-divider-solid gb-divider-size-1\"><hr style=\"height:30px\"\/><\/div>\n\n\n<div id=\"pl-gb5349-69f24013d2599\"  class=\"panel-layout wp-block-siteorigin-panels-layout-block\" ><div id=\"pg-gb5349-69f24013d2599-0\"  class=\"panel-grid panel-no-style\" ><div id=\"pgc-gb5349-69f24013d2599-0-0\"  class=\"panel-grid-cell panel-grid-cell-empty\" ><\/div><div id=\"pgc-gb5349-69f24013d2599-0-1\"  class=\"panel-grid-cell\" ><div id=\"panel-gb5349-69f24013d2599-0-1-0\" class=\"so-panel widget widget_sow-editor panel-first-child panel-last-child\" data-index=\"0\" ><div\n\t\t\t\n\t\t\tclass=\"so-widget-sow-editor so-widget-sow-editor-base\"\n\t\t\t\n\t\t>\n<div class=\"siteorigin-widget-tinymce textwidget\">\n\t<table style=\"height: 168px; width: 100%; border-collapse: collapse;\" border=\"1\" cellpadding=\"2\">\n<tbody>\n<tr style=\"height: 24px;\">\n<td style=\"width: 15.8421%; height: 24px;\">Project team:<\/td>\n<td style=\"width: 84.1579%; height: 24px;\" colspan=\"2\">Brigitte Temel (Projektleitung)<\/td>\n<\/tr>\n<tr style=\"height: 24px;\">\n<td style=\"width: 15.8421%; height: 24px;\">\n<hr \/>\n<\/td>\n<td style=\"width: 58.1221%; height: 24px;\">\n<hr \/>\n<\/td>\n<td style=\"width: 26.0358%; height: 24px;\"><\/td>\n<\/tr>\n<tr style=\"height: 24px;\">\n<td style=\"width: 15.8421%; height: 24px;\">Funded by:<\/td>\n<td style=\"height: 24px; width: 84.1579%;\" colspan=\"2\">Beratungsstelle f\u00fcr Extremismus<\/td>\n<\/tr>\n<tr style=\"height: 24px;\">\n<td style=\"width: 15.8421%; height: 24px;\">\n<hr \/>\n<\/td>\n<td style=\"width: 58.1221%; height: 24px;\">\n<hr \/>\n<\/td>\n<td style=\"width: 26.0358%; height: 24px;\"><\/td>\n<\/tr>\n<tr style=\"height: 24px;\">\n<td style=\"width: 15.8421%; height: 24px;\">Completed in:<\/td>\n<td style=\"height: 24px; width: 84.1579%;\" colspan=\"2\">April 2024<\/td>\n<\/tr>\n<\/tbody>\n<\/table>\n<\/div>\n<\/div><\/div><\/div><\/div><\/div>\n\n\n<div style=\"color:#404168\" class=\"wp-block-genesis-blocks-gb-spacer gb-block-spacer gb-divider-solid gb-spacer-divider gb-divider-size-1\"><hr style=\"height:3px\"\/><\/div>\n\n\n\n<div style=\"color:#404168\" class=\"wp-block-genesis-blocks-gb-spacer gb-block-spacer gb-divider-solid gb-divider-size-1\"><hr style=\"height:10px\"\/><\/div>\n\n\n<div id=\"pl-gb5349-69f24013d2a6a\"  class=\"panel-layout wp-block-siteorigin-panels-layout-block\" ><div id=\"pg-gb5349-69f24013d2a6a-0\"  class=\"panel-grid panel-no-style\" ><div id=\"pgc-gb5349-69f24013d2a6a-0-0\"  class=\"panel-grid-cell panel-grid-cell-empty\" ><\/div><div id=\"pgc-gb5349-69f24013d2a6a-0-1\"  class=\"panel-grid-cell\" ><div id=\"panel-gb5349-69f24013d2a6a-0-1-0\" class=\"so-panel widget widget_text panel-first-child panel-last-child\" data-index=\"0\" >\t\t\t<div class=\"textwidget\"><p align=\"justify\">Das Projekt \u201eWir alle sind Wien\u201c ist auf der Ebene der prim\u00e4ren Extremismuspr\u00e4vention angesiedelt und wurde von der Beratungsstelle Extremismus im Zeitraum J\u00e4nner bis Dezember 2023 durchgef\u00fchrt. Ziel des Projektes war es, die Resilienz junger Wiener:innen gegen\u00fcber extremistischen Narrativen zu st\u00e4rken, indem mit biografischen Narrativen authentischer Vorbilder gearbeitet wurde. Im Rahmen von interaktiven Schulveranstaltungen vermittelten ausgew\u00e4hlte Testimonials ihre eigenen (Erfolgs-) Geschichten. Die Nachhaltigkeit des Projektes wurde \u00fcber eine begleitende Online-Verkn\u00fcpfung sichergestellt. Auf den Social-Media-Kan\u00e4len des Projektes werden die unterschiedlichen Formate und Inhalte in Form von Webvideos \u00fcber die Workshops hinaus zur Verf\u00fcgung gestellt.<\/p>\n<p align=\"justify\">Das IKF hat zu diesem Projekt eine begleitende Evaluation durchgef\u00fchrt, welche zwei Bestandteile umfasste: (1) Die Evaluation der an den Schulen durchgef\u00fchrten Workshops mittels teilnehmender Beobachtungen und einer quantitativen Befragung. (2) Die Evaluation der gemeinsam mit den Sch\u00fcler:innen und Testimonials erstellten Videos durch eine Social-Media-Analyse. Die Evaluation zeigt, dass die Schulworkshops zentrale Ziele erreicht haben: \u00dcber die drei untersuchten Workshopformate (Cop&amp;Che, Schwesta Ebra und Noomi) ist es mehrheitlich gelungen einen Raum zu schaffen, in dem Sch\u00fcler:innen unterschiedlichster Schulformen in einen offenen und interessierten Austausch treten konnten, in welchem Platz f\u00fcr unterschiedliche Meinungen und das Reflektieren eigener Vorurteile war. Die Auswertung der Frageb\u00f6gen hat die hohe Authentizit\u00e4t, Ehrlichkeit und Nahbarkeit der Testimonials belegt und gezeigt, dass gerade diese Eigenschaften von den Jugendlichen mehrfach \u00fcber alle Formate hinweg positiv hervorgestrichen wurden. Wenn auch in unterschiedlich starker Auspr\u00e4gung, stellen alle Testimonials Vorbilder f\u00fcr viele der Sch\u00fcler:innen dar. Auch die Contentanalyse des Social-Media-Auftritts des Projektes \u201eWir alle sind Wien\u201c wartet mit positiven Ergebnissen auf. Mit Blick auf die Followeranalyse war knapp die H\u00e4lfte der Follower auf Instagram zwischen 25 und 34 Jahre alt, w\u00e4hrend wiederum rund die H\u00e4lfte der Follower auf TikTok zwischen 18 und 24 Jahre alt war. Auf Instagram konnten somit tendenziell Multiplikator:innen besser erreicht werden, auf TikTok vordergr\u00fcndig Jugendliche und junge Menschen. Nach Geschlecht ausgewertet waren jeweils circa drei Viertel der Follower auf Instagram Frauen und drei Viertel auf TikTok M\u00e4nner.<\/p>\n<p align=\"justify\">Ein wesentliches Anliegen des Projektes \u201eWir alle sind Wien\u201c, der Transfer einer Auseinandersetzung mit demokratischen Werten und Zusammenleben Offline in Online-Kontexte auf Social Media \u2013 ist ebenfalls gelungen. Dies zeigte sich eindrucksvoll an der merkbaren Pr\u00e4senz von Jugendlichen, welche gemeinsam mit den jeweiligen Testimonials Videos erstellt haben. Zentral im Sinne einer prim\u00e4ren Pr\u00e4vention war, dass die Jugendlichen Kontakt mit Personen haben, mit denen sie \u00fcblicherweise wenig oder keinen Kontakt haben. Es sollte ein Raum geschaffen werden, in welchem die Jugendlichen positive Erfahrungen mit Vorbildern unterschiedlicher Gruppen machen k\u00f6nnen, um Ressentiments, Stereotype etc. abzubauen. Dies gelang nicht zuletzt, indem die Testimonials die gemeinsam erstellten Videos auf ihren eigenen Social-Media-Kan\u00e4len teilten, was die positive Identifizierung mit dem Projekt, den Testimonials und den demokratischen Werten, f\u00fcr welche diese stehen, erm\u00f6glichte.<\/p>\n<\/div>\n\t\t<\/div><\/div><div id=\"pgc-gb5349-69f24013d2a6a-0-2\"  class=\"panel-grid-cell\" ><div id=\"panel-gb5349-69f24013d2a6a-0-2-0\" class=\"so-panel widget widget_text panel-first-child panel-last-child\" data-index=\"1\" >\t\t\t<div class=\"textwidget\"><\/div>\n\t\t<\/div><\/div><\/div><\/div>\n\n\n<div style=\"color:#333\" class=\"wp-block-genesis-blocks-gb-spacer gb-block-spacer gb-divider-solid gb-spacer-divider gb-divider-size-1\"><hr style=\"height:80px\"\/><\/div>\n<\/div><\/div><\/div>","protected":false},"excerpt":{"rendered":"","protected":false},"author":2,"featured_media":0,"parent":0,"menu_order":0,"comment_status":"closed","ping_status":"closed","template":"","meta":{"footnotes":""},"class_list":["post-5349","page","type-page","status-publish","hentry","post"],"featured_image_src":null,"featured_image_src_square":null,"_links":{"self":[{"href":"https:\/\/ikf.ac.at\/en\/wp-json\/wp\/v2\/pages\/5349","targetHints":{"allow":["GET"]}}],"collection":[{"href":"https:\/\/ikf.ac.at\/en\/wp-json\/wp\/v2\/pages"}],"about":[{"href":"https:\/\/ikf.ac.at\/en\/wp-json\/wp\/v2\/types\/page"}],"author":[{"embeddable":true,"href":"https:\/\/ikf.ac.at\/en\/wp-json\/wp\/v2\/users\/2"}],"replies":[{"embeddable":true,"href":"https:\/\/ikf.ac.at\/en\/wp-json\/wp\/v2\/comments?post=5349"}],"version-history":[{"count":5,"href":"https:\/\/ikf.ac.at\/en\/wp-json\/wp\/v2\/pages\/5349\/revisions"}],"predecessor-version":[{"id":5673,"href":"https:\/\/ikf.ac.at\/en\/wp-json\/wp\/v2\/pages\/5349\/revisions\/5673"}],"wp:attachment":[{"href":"https:\/\/ikf.ac.at\/en\/wp-json\/wp\/v2\/media?parent=5349"}],"curies":[{"name":"wp","href":"https:\/\/api.w.org\/{rel}","templated":true}]}}

<div class="wp-block-atomic-blocks-ab-container alignfull ab-block-container"><div class="ab-container-inside"><div class="ab-container-content"><div id="pl-gb5349-69f24013d208a"  class="panel-layout wp-block-siteorigin-panels-layout-block" ><div id="pg-gb5349-69f24013d208a-0"  class="panel-grid panel-no-style" ><div id="pgc-gb5349-69f24013d208a-0-0"  class="panel-grid-cell" ><div id="panel-gb5349-69f24013d208a-0-0-0" class="so-panel widget widget_media_image panel-first-child panel-last-child" data-index="0" ><img loading="lazy" decoding="async" width="2554" height="10" src="https://ikf.ac.at/wp-content/uploads/2021/01/linie_IKF.jpg" class="image wp-image-754  attachment-full size-full" alt="" style="max-width: 100%; height: auto;" srcset="https://ikf.ac.at/wp-content/uploads/2021/01/linie_IKF.jpg 2554w, https://ikf.ac.at/wp-content/uploads/2021/01/linie_IKF-300x1.jpg 300w, https://ikf.ac.at/wp-content/uploads/2021/01/linie_IKF-1024x4.jpg 1024w, https://ikf.ac.at/wp-content/uploads/2021/01/linie_IKF-768x3.jpg 768w, https://ikf.ac.at/wp-content/uploads/2021/01/linie_IKF-1536x6.jpg 1536w, https://ikf.ac.at/wp-content/uploads/2021/01/linie_IKF-2048x8.jpg 2048w" sizes="auto, (max-width: 2554px) 100vw, 2554px" /></div></div></div></div>


<div style="color:#ddd" class="wp-block-genesis-blocks-gb-spacer gb-block-spacer gb-divider-solid gb-divider-size-1"><hr style="height:30px"/></div>


<div id="pl-gb5349-69f24013d2599"  class="panel-layout wp-block-siteorigin-panels-layout-block" ><div id="pg-gb5349-69f24013d2599-0"  class="panel-grid panel-no-style" ><div id="pgc-gb5349-69f24013d2599-0-0"  class="panel-grid-cell panel-grid-cell-empty" ></div><div id="pgc-gb5349-69f24013d2599-0-1"  class="panel-grid-cell" ><div id="panel-gb5349-69f24013d2599-0-1-0" class="so-panel widget widget_sow-editor panel-first-child panel-last-child" data-index="0" ><div
			
			class="so-widget-sow-editor so-widget-sow-editor-base"
			
		>
<div class="siteorigin-widget-tinymce textwidget">
	<table style="height: 168px; width: 100%; border-collapse: collapse;" border="1" cellpadding="2">
<tbody>
<tr style="height: 24px;">
<td style="width: 15.8421%; height: 24px;">Project team:</td>
<td style="width: 84.1579%; height: 24px;" colspan="2">Brigitte Temel (Projektleitung)</td>
</tr>
<tr style="height: 24px;">
<td style="width: 15.8421%; height: 24px;">
<hr />
</td>
<td style="width: 58.1221%; height: 24px;">
<hr />
</td>
<td style="width: 26.0358%; height: 24px;"></td>
</tr>
<tr style="height: 24px;">
<td style="width: 15.8421%; height: 24px;">Funded by:</td>
<td style="height: 24px; width: 84.1579%;" colspan="2">Beratungsstelle für Extremismus</td>
</tr>
<tr style="height: 24px;">
<td style="width: 15.8421%; height: 24px;">
<hr />
</td>
<td style="width: 58.1221%; height: 24px;">
<hr />
</td>
<td style="width: 26.0358%; height: 24px;"></td>
</tr>
<tr style="height: 24px;">
<td style="width: 15.8421%; height: 24px;">Completed in:</td>
<td style="height: 24px; width: 84.1579%;" colspan="2">April 2024</td>
</tr>
</tbody>
</table>
</div>
</div></div></div></div></div>


<div style="color:#404168" class="wp-block-genesis-blocks-gb-spacer gb-block-spacer gb-divider-solid gb-spacer-divider gb-divider-size-1"><hr style="height:3px"/></div>



<div style="color:#404168" class="wp-block-genesis-blocks-gb-spacer gb-block-spacer gb-divider-solid gb-divider-size-1"><hr style="height:10px"/></div>


<div id="pl-gb5349-69f24013d2a6a"  class="panel-layout wp-block-siteorigin-panels-layout-block" ><div id="pg-gb5349-69f24013d2a6a-0"  class="panel-grid panel-no-style" ><div id="pgc-gb5349-69f24013d2a6a-0-0"  class="panel-grid-cell panel-grid-cell-empty" ></div><div id="pgc-gb5349-69f24013d2a6a-0-1"  class="panel-grid-cell" ><div id="panel-gb5349-69f24013d2a6a-0-1-0" class="so-panel widget widget_text panel-first-child panel-last-child" data-index="0" >			<div class="textwidget"><p align="justify">Das Projekt „Wir alle sind Wien“ ist auf der Ebene der primären Extremismusprävention angesiedelt und wurde von der Beratungsstelle Extremismus im Zeitraum Jänner bis Dezember 2023 durchgeführt. Ziel des Projektes war es, die Resilienz junger Wiener:innen gegenüber extremistischen Narrativen zu stärken, indem mit biografischen Narrativen authentischer Vorbilder gearbeitet wurde. Im Rahmen von interaktiven Schulveranstaltungen vermittelten ausgewählte Testimonials ihre eigenen (Erfolgs-) Geschichten. Die Nachhaltigkeit des Projektes wurde über eine begleitende Online-Verknüpfung sichergestellt. Auf den Social-Media-Kanälen des Projektes werden die unterschiedlichen Formate und Inhalte in Form von Webvideos über die Workshops hinaus zur Verfügung gestellt.</p>
<p align="justify">Das IKF hat zu diesem Projekt eine begleitende Evaluation durchgeführt, welche zwei Bestandteile umfasste: (1) Die Evaluation der an den Schulen durchgeführten Workshops mittels teilnehmender Beobachtungen und einer quantitativen Befragung. (2) Die Evaluation der gemeinsam mit den Schüler:innen und Testimonials erstellten Videos durch eine Social-Media-Analyse. Die Evaluation zeigt, dass die Schulworkshops zentrale Ziele erreicht haben: Über die drei untersuchten Workshopformate (Cop&amp;Che, Schwesta Ebra und Noomi) ist es mehrheitlich gelungen einen Raum zu schaffen, in dem Schüler:innen unterschiedlichster Schulformen in einen offenen und interessierten Austausch treten konnten, in welchem Platz für unterschiedliche Meinungen und das Reflektieren eigener Vorurteile war. Die Auswertung der Fragebögen hat die hohe Authentizität, Ehrlichkeit und Nahbarkeit der Testimonials belegt und gezeigt, dass gerade diese Eigenschaften von den Jugendlichen mehrfach über alle Formate hinweg positiv hervorgestrichen wurden. Wenn auch in unterschiedlich starker Ausprägung, stellen alle Testimonials Vorbilder für viele der Schüler:innen dar. Auch die Contentanalyse des Social-Media-Auftritts des Projektes „Wir alle sind Wien“ wartet mit positiven Ergebnissen auf. Mit Blick auf die Followeranalyse war knapp die Hälfte der Follower auf Instagram zwischen 25 und 34 Jahre alt, während wiederum rund die Hälfte der Follower auf TikTok zwischen 18 und 24 Jahre alt war. Auf Instagram konnten somit tendenziell Multiplikator:innen besser erreicht werden, auf TikTok vordergründig Jugendliche und junge Menschen. Nach Geschlecht ausgewertet waren jeweils circa drei Viertel der Follower auf Instagram Frauen und drei Viertel auf TikTok Männer.</p>
<p align="justify">Ein wesentliches Anliegen des Projektes „Wir alle sind Wien“, der Transfer einer Auseinandersetzung mit demokratischen Werten und Zusammenleben Offline in Online-Kontexte auf Social Media – ist ebenfalls gelungen. Dies zeigte sich eindrucksvoll an der merkbaren Präsenz von Jugendlichen, welche gemeinsam mit den jeweiligen Testimonials Videos erstellt haben. Zentral im Sinne einer primären Prävention war, dass die Jugendlichen Kontakt mit Personen haben, mit denen sie üblicherweise wenig oder keinen Kontakt haben. Es sollte ein Raum geschaffen werden, in welchem die Jugendlichen positive Erfahrungen mit Vorbildern unterschiedlicher Gruppen machen können, um Ressentiments, Stereotype etc. abzubauen. Dies gelang nicht zuletzt, indem die Testimonials die gemeinsam erstellten Videos auf ihren eigenen Social-Media-Kanälen teilten, was die positive Identifizierung mit dem Projekt, den Testimonials und den demokratischen Werten, für welche diese stehen, ermöglichte.</p>
</div>
		</div></div><div id="pgc-gb5349-69f24013d2a6a-0-2"  class="panel-grid-cell" ><div id="panel-gb5349-69f24013d2a6a-0-2-0" class="so-panel widget widget_text panel-first-child panel-last-child" data-index="1" >			<div class="textwidget"></div>
		</div></div></div></div>


<div style="color:#333" class="wp-block-genesis-blocks-gb-spacer gb-block-spacer gb-divider-solid gb-spacer-divider gb-divider-size-1"><hr style="height:80px"/></div>
</div></div></div>
