{"id":4966,"date":"2024-07-02T12:09:06","date_gmt":"2024-07-02T12:09:06","guid":{"rendered":"https:\/\/ikf.ac.at\/?page_id=4966"},"modified":"2024-07-22T12:03:14","modified_gmt":"2024-07-22T12:03:14","slug":"2023-die-kriminalpolizei-als-motor-zur-durchsetzung-der-nationalsozialistischen-volksgemeinschaft","status":"publish","type":"page","link":"https:\/\/ikf.ac.at\/en\/2023-die-kriminalpolizei-als-motor-zur-durchsetzung-der-nationalsozialistischen-volksgemeinschaft","title":{"rendered":"2023: Die Kriminalpolizei als Motor zur Durchsetzung der nationalsozialistischen &#8220;Volksgemeinschaft&#8221;. Eine Auswertung der &#8220;Kriminalpolizeilichen Strafakten&#8221; der Kriminalpolizeistelle Graz"},"content":{"rendered":"<div class=\"wp-block-atomic-blocks-ab-container alignfull ab-block-container\"><div class=\"ab-container-inside\"><div class=\"ab-container-content\"><div id=\"pl-gb4966-69f26e46c43c2\"  class=\"panel-layout wp-block-siteorigin-panels-layout-block\" ><div id=\"pg-gb4966-69f26e46c43c2-0\"  class=\"panel-grid panel-no-style\" ><div id=\"pgc-gb4966-69f26e46c43c2-0-0\"  class=\"panel-grid-cell\" ><div id=\"panel-gb4966-69f26e46c43c2-0-0-0\" class=\"so-panel widget widget_media_image panel-first-child panel-last-child\" data-index=\"0\" ><img loading=\"lazy\" decoding=\"async\" width=\"2554\" height=\"10\" src=\"https:\/\/ikf.ac.at\/wp-content\/uploads\/2021\/01\/linie_IKF.jpg\" class=\"image wp-image-754  attachment-full size-full\" alt=\"\" style=\"max-width: 100%; height: auto;\" srcset=\"https:\/\/ikf.ac.at\/wp-content\/uploads\/2021\/01\/linie_IKF.jpg 2554w, https:\/\/ikf.ac.at\/wp-content\/uploads\/2021\/01\/linie_IKF-300x1.jpg 300w, https:\/\/ikf.ac.at\/wp-content\/uploads\/2021\/01\/linie_IKF-1024x4.jpg 1024w, https:\/\/ikf.ac.at\/wp-content\/uploads\/2021\/01\/linie_IKF-768x3.jpg 768w, https:\/\/ikf.ac.at\/wp-content\/uploads\/2021\/01\/linie_IKF-1536x6.jpg 1536w, https:\/\/ikf.ac.at\/wp-content\/uploads\/2021\/01\/linie_IKF-2048x8.jpg 2048w\" sizes=\"auto, (max-width: 2554px) 100vw, 2554px\" \/><\/div><\/div><\/div><\/div>\n\n\n<div style=\"color:#ddd\" class=\"wp-block-genesis-blocks-gb-spacer gb-block-spacer gb-divider-solid gb-divider-size-1\"><hr style=\"height:30px\"\/><\/div>\n\n\n<div id=\"pl-gb4966-69f26e46c4feb\"  class=\"panel-layout wp-block-siteorigin-panels-layout-block\" ><div id=\"pg-gb4966-69f26e46c4feb-0\"  class=\"panel-grid panel-no-style\" ><div id=\"pgc-gb4966-69f26e46c4feb-0-0\"  class=\"panel-grid-cell panel-grid-cell-empty\" ><\/div><div id=\"pgc-gb4966-69f26e46c4feb-0-1\"  class=\"panel-grid-cell\" ><div id=\"panel-gb4966-69f26e46c4feb-0-1-0\" class=\"so-panel widget widget_sow-editor panel-first-child panel-last-child\" data-index=\"0\" ><div\n\t\t\t\n\t\t\tclass=\"so-widget-sow-editor so-widget-sow-editor-base\"\n\t\t\t\n\t\t>\n<div class=\"siteorigin-widget-tinymce textwidget\">\n\t<table style=\"height: 168px; width: 100%; border-collapse: collapse;\" border=\"1\" cellpadding=\"2\">\n<tbody>\n<tr style=\"height: 24px;\">\n<td style=\"width: 15.8421%; height: 24px;\">Autor:innen:<\/td>\n<td style=\"width: 84.1579%; height: 24px;\" colspan=\"2\">Mag.a Dr.in Brigitte Halbmayr (IKF)<br \/>\nMMag. Dr. Andreas Kranebitter (D\u00d6W)<\/td>\n<\/tr>\n<tr style=\"height: 24px;\">\n<td style=\"width: 15.8421%; height: 24px;\">\n<hr \/>\n<\/td>\n<td style=\"width: 58.1221%; height: 24px;\">\n<hr \/>\n<\/td>\n<td style=\"width: 26.0358%; height: 24px;\"><\/td>\n<\/tr>\n<tr style=\"height: 24px;\">\n<td style=\"width: 15.8421%; height: 24px;\">Funded by:<\/td>\n<td style=\"width: 84.1579%; height: 24px;\" colspan=\"2\">Federal Ministry of the Interior<br \/>\n\u00fcber Karl-Franzens-Universit\u00e4t Graz, Institut f\u00fcr Geschichte<\/td>\n<\/tr>\n<\/tbody>\n<\/table>\n<\/div>\n<\/div><\/div><\/div><\/div><\/div>\n\n\n<div style=\"color:#404168\" class=\"wp-block-genesis-blocks-gb-spacer gb-block-spacer gb-divider-solid gb-spacer-divider gb-divider-size-1\"><hr style=\"height:3px\"\/><\/div>\n\n\n\n<div style=\"color:#404168\" class=\"wp-block-genesis-blocks-gb-spacer gb-block-spacer gb-divider-solid gb-divider-size-1\"><hr style=\"height:10px\"\/><\/div>\n\n\n<div id=\"pl-gb4966-69f26e46c5a31\"  class=\"panel-layout wp-block-siteorigin-panels-layout-block\" ><div id=\"pg-gb4966-69f26e46c5a31-0\"  class=\"panel-grid panel-no-style\" ><div id=\"pgc-gb4966-69f26e46c5a31-0-0\"  class=\"panel-grid-cell panel-grid-cell-empty\" ><\/div><div id=\"pgc-gb4966-69f26e46c5a31-0-1\"  class=\"panel-grid-cell panel-grid-cell-mobile-last\" ><div id=\"panel-gb4966-69f26e46c5a31-0-1-0\" class=\"so-panel widget widget_text panel-first-child panel-last-child\" data-index=\"0\" >\t\t\t<div class=\"textwidget\"><p align=\"justify\">Jahrzehnte lang wurde ein Bild der Kriminalpolizei als an den nationalsozialistischen Verbrechen g\u00e4nzlich unbeteiligter Experten-Apparat gezeichnet. Neuere Forschungen verdeutlichen dagegen die strukturelle wie personelle Involvierung der Kriminalpolizei in den Versuch der Schaffung einer biologistisch definierten nationalsozialistischen \u201eVolksgemeinschaft\u201c. Der Beitrag, verfasst im Rahmen des ab 2022 laufenden Forschungsprojekts \u201eDie Polizei in \u00d6sterreich: Br\u00fcche und Kontinuit\u00e4ten 1938\u20131945\u201c, stellt zum einen die Eingliederung der \u00f6sterreichischen Kriminalpolizei in die Deutsche Polizei ab 1938 strukturgeschichtlich dar. Dabei wird ersichtlich, dass der \u201eAnschluss\u201c \u00d6sterreichs an das Deutsche Reich in die Zeit der mit dem Mittel der polizeilichen \u201eVorbeugungshaft\u201c verbundenen Radikalisierung \u201enormaler\u201c Polizeiarbeit nach gesellschaftsbio-logischem Paradigma f\u00e4llt und selbst radikalisierend auf die NS-Verfolgungspolitik zur\u00fcckwirkt. Zum anderen zeigt die Auswertung einer Zufallsstichprobe eines besonderen Aktenbestands von \u201ekriminalpolizeilichen Strafakten\u201c der Kriminalpolizeistelle Graz, dass diese vor allem M\u00e4nner aus proletarischen Milieus verfolgte. F\u00fcnf Kurzbiografien zeichnen das tragische Schicksal von KZ-H\u00e4ftlingen in Vorbeugungshaft nach.<\/p>\n<p align=\"justify\">\nDie Publikation der Projektbeitr\u00e4ge ist im <a href=\"https:\/\/www.vandenhoeck-ruprecht-verlage.com\/detail\/index\/sArticle\/59117\" target=\"_blank\" rel=\"noopener\">B\u00f6hlau Verlag<\/a> in October 2019.<\/p>\n<\/div>\n\t\t<\/div><\/div><div id=\"pgc-gb4966-69f26e46c5a31-0-2\"  class=\"panel-grid-cell panel-grid-cell-empty\" ><\/div><\/div><\/div>\n\n\n<div style=\"color:#333\" class=\"wp-block-genesis-blocks-gb-spacer gb-block-spacer gb-divider-solid gb-spacer-divider gb-divider-size-1\"><hr style=\"height:100px\"\/><\/div>\n<\/div><\/div><\/div>","protected":false},"excerpt":{"rendered":"","protected":false},"author":2,"featured_media":0,"parent":0,"menu_order":0,"comment_status":"closed","ping_status":"closed","template":"","meta":{"footnotes":""},"class_list":["post-4966","page","type-page","status-publish","hentry","post"],"featured_image_src":null,"featured_image_src_square":null,"_links":{"self":[{"href":"https:\/\/ikf.ac.at\/en\/wp-json\/wp\/v2\/pages\/4966","targetHints":{"allow":["GET"]}}],"collection":[{"href":"https:\/\/ikf.ac.at\/en\/wp-json\/wp\/v2\/pages"}],"about":[{"href":"https:\/\/ikf.ac.at\/en\/wp-json\/wp\/v2\/types\/page"}],"author":[{"embeddable":true,"href":"https:\/\/ikf.ac.at\/en\/wp-json\/wp\/v2\/users\/2"}],"replies":[{"embeddable":true,"href":"https:\/\/ikf.ac.at\/en\/wp-json\/wp\/v2\/comments?post=4966"}],"version-history":[{"count":6,"href":"https:\/\/ikf.ac.at\/en\/wp-json\/wp\/v2\/pages\/4966\/revisions"}],"predecessor-version":[{"id":5613,"href":"https:\/\/ikf.ac.at\/en\/wp-json\/wp\/v2\/pages\/4966\/revisions\/5613"}],"wp:attachment":[{"href":"https:\/\/ikf.ac.at\/en\/wp-json\/wp\/v2\/media?parent=4966"}],"curies":[{"name":"wp","href":"https:\/\/api.w.org\/{rel}","templated":true}]}}

<div class="wp-block-atomic-blocks-ab-container alignfull ab-block-container"><div class="ab-container-inside"><div class="ab-container-content"><div id="pl-gb4966-69f26e46c43c2"  class="panel-layout wp-block-siteorigin-panels-layout-block" ><div id="pg-gb4966-69f26e46c43c2-0"  class="panel-grid panel-no-style" ><div id="pgc-gb4966-69f26e46c43c2-0-0"  class="panel-grid-cell" ><div id="panel-gb4966-69f26e46c43c2-0-0-0" class="so-panel widget widget_media_image panel-first-child panel-last-child" data-index="0" ><img loading="lazy" decoding="async" width="2554" height="10" src="https://ikf.ac.at/wp-content/uploads/2021/01/linie_IKF.jpg" class="image wp-image-754  attachment-full size-full" alt="" style="max-width: 100%; height: auto;" srcset="https://ikf.ac.at/wp-content/uploads/2021/01/linie_IKF.jpg 2554w, https://ikf.ac.at/wp-content/uploads/2021/01/linie_IKF-300x1.jpg 300w, https://ikf.ac.at/wp-content/uploads/2021/01/linie_IKF-1024x4.jpg 1024w, https://ikf.ac.at/wp-content/uploads/2021/01/linie_IKF-768x3.jpg 768w, https://ikf.ac.at/wp-content/uploads/2021/01/linie_IKF-1536x6.jpg 1536w, https://ikf.ac.at/wp-content/uploads/2021/01/linie_IKF-2048x8.jpg 2048w" sizes="auto, (max-width: 2554px) 100vw, 2554px" /></div></div></div></div>


<div style="color:#ddd" class="wp-block-genesis-blocks-gb-spacer gb-block-spacer gb-divider-solid gb-divider-size-1"><hr style="height:30px"/></div>


<div id="pl-gb4966-69f26e46c4feb"  class="panel-layout wp-block-siteorigin-panels-layout-block" ><div id="pg-gb4966-69f26e46c4feb-0"  class="panel-grid panel-no-style" ><div id="pgc-gb4966-69f26e46c4feb-0-0"  class="panel-grid-cell panel-grid-cell-empty" ></div><div id="pgc-gb4966-69f26e46c4feb-0-1"  class="panel-grid-cell" ><div id="panel-gb4966-69f26e46c4feb-0-1-0" class="so-panel widget widget_sow-editor panel-first-child panel-last-child" data-index="0" ><div
			
			class="so-widget-sow-editor so-widget-sow-editor-base"
			
		>
<div class="siteorigin-widget-tinymce textwidget">
	<table style="height: 168px; width: 100%; border-collapse: collapse;" border="1" cellpadding="2">
<tbody>
<tr style="height: 24px;">
<td style="width: 15.8421%; height: 24px;">Autor:innen:</td>
<td style="width: 84.1579%; height: 24px;" colspan="2">Mag.a Dr.in Brigitte Halbmayr (IKF)<br />
MMag. Dr. Andreas Kranebitter (DÖW)</td>
</tr>
<tr style="height: 24px;">
<td style="width: 15.8421%; height: 24px;">
<hr />
</td>
<td style="width: 58.1221%; height: 24px;">
<hr />
</td>
<td style="width: 26.0358%; height: 24px;"></td>
</tr>
<tr style="height: 24px;">
<td style="width: 15.8421%; height: 24px;">Funded by:</td>
<td style="width: 84.1579%; height: 24px;" colspan="2">Federal Ministry of the Interior<br />
über Karl-Franzens-Universität Graz, Institut für Geschichte</td>
</tr>
</tbody>
</table>
</div>
</div></div></div></div></div>


<div style="color:#404168" class="wp-block-genesis-blocks-gb-spacer gb-block-spacer gb-divider-solid gb-spacer-divider gb-divider-size-1"><hr style="height:3px"/></div>



<div style="color:#404168" class="wp-block-genesis-blocks-gb-spacer gb-block-spacer gb-divider-solid gb-divider-size-1"><hr style="height:10px"/></div>


<div id="pl-gb4966-69f26e46c5a31"  class="panel-layout wp-block-siteorigin-panels-layout-block" ><div id="pg-gb4966-69f26e46c5a31-0"  class="panel-grid panel-no-style" ><div id="pgc-gb4966-69f26e46c5a31-0-0"  class="panel-grid-cell panel-grid-cell-empty" ></div><div id="pgc-gb4966-69f26e46c5a31-0-1"  class="panel-grid-cell panel-grid-cell-mobile-last" ><div id="panel-gb4966-69f26e46c5a31-0-1-0" class="so-panel widget widget_text panel-first-child panel-last-child" data-index="0" >			<div class="textwidget"><p align="justify">Jahrzehnte lang wurde ein Bild der Kriminalpolizei als an den nationalsozialistischen Verbrechen gänzlich unbeteiligter Experten-Apparat gezeichnet. Neuere Forschungen verdeutlichen dagegen die strukturelle wie personelle Involvierung der Kriminalpolizei in den Versuch der Schaffung einer biologistisch definierten nationalsozialistischen „Volksgemeinschaft“. Der Beitrag, verfasst im Rahmen des ab 2022 laufenden Forschungsprojekts „Die Polizei in Österreich: Brüche und Kontinuitäten 1938–1945“, stellt zum einen die Eingliederung der österreichischen Kriminalpolizei in die Deutsche Polizei ab 1938 strukturgeschichtlich dar. Dabei wird ersichtlich, dass der „Anschluss“ Österreichs an das Deutsche Reich in die Zeit der mit dem Mittel der polizeilichen „Vorbeugungshaft“ verbundenen Radikalisierung „normaler“ Polizeiarbeit nach gesellschaftsbio-logischem Paradigma fällt und selbst radikalisierend auf die NS-Verfolgungspolitik zurückwirkt. Zum anderen zeigt die Auswertung einer Zufallsstichprobe eines besonderen Aktenbestands von „kriminalpolizeilichen Strafakten“ der Kriminalpolizeistelle Graz, dass diese vor allem Männer aus proletarischen Milieus verfolgte. Fünf Kurzbiografien zeichnen das tragische Schicksal von KZ-Häftlingen in Vorbeugungshaft nach.</p>
<p align="justify">
Die Publikation der Projektbeiträge ist im <a href="https://www.vandenhoeck-ruprecht-verlage.com/detail/index/sArticle/59117" target="_blank" rel="noopener">Böhlau Verlag</a> in October 2019.</p>
</div>
		</div></div><div id="pgc-gb4966-69f26e46c5a31-0-2"  class="panel-grid-cell panel-grid-cell-empty" ></div></div></div>


<div style="color:#333" class="wp-block-genesis-blocks-gb-spacer gb-block-spacer gb-divider-solid gb-spacer-divider gb-divider-size-1"><hr style="height:100px"/></div>
</div></div></div>
