{"id":4934,"date":"2024-06-17T12:30:28","date_gmt":"2024-06-17T12:30:28","guid":{"rendered":"https:\/\/ikf.ac.at\/?page_id=4934"},"modified":"2025-08-26T09:23:59","modified_gmt":"2025-08-26T09:23:59","slug":"netzbasierter-frauenhass-bei-jugendlichen-und-jungen-maennern-incels","status":"publish","type":"page","link":"https:\/\/ikf.ac.at\/en\/netzbasierter-frauenhass-bei-jugendlichen-und-jungen-maennern-incels","title":{"rendered":"2023: Online-misogyny among adolescents and young men - an inventory of Incels in Austria"},"content":{"rendered":"<div class=\"wp-block-atomic-blocks-ab-container alignfull ab-block-container\"><div class=\"ab-container-inside\"><div class=\"ab-container-content\"><div id=\"pl-gb4934-69f5c1dce80eb\"  class=\"panel-layout wp-block-siteorigin-panels-layout-block\" ><div id=\"pg-gb4934-69f5c1dce80eb-0\"  class=\"panel-grid panel-no-style\" ><div id=\"pgc-gb4934-69f5c1dce80eb-0-0\"  class=\"panel-grid-cell\" ><div id=\"panel-gb4934-69f5c1dce80eb-0-0-0\" class=\"so-panel widget widget_media_image panel-first-child panel-last-child\" data-index=\"0\" ><img loading=\"lazy\" decoding=\"async\" width=\"2554\" height=\"10\" src=\"https:\/\/ikf.ac.at\/wp-content\/uploads\/2021\/01\/linie_IKF.jpg\" class=\"image wp-image-754  attachment-full size-full\" alt=\"\" style=\"max-width: 100%; height: auto;\" srcset=\"https:\/\/ikf.ac.at\/wp-content\/uploads\/2021\/01\/linie_IKF.jpg 2554w, https:\/\/ikf.ac.at\/wp-content\/uploads\/2021\/01\/linie_IKF-300x1.jpg 300w, https:\/\/ikf.ac.at\/wp-content\/uploads\/2021\/01\/linie_IKF-1024x4.jpg 1024w, https:\/\/ikf.ac.at\/wp-content\/uploads\/2021\/01\/linie_IKF-768x3.jpg 768w, https:\/\/ikf.ac.at\/wp-content\/uploads\/2021\/01\/linie_IKF-1536x6.jpg 1536w, https:\/\/ikf.ac.at\/wp-content\/uploads\/2021\/01\/linie_IKF-2048x8.jpg 2048w\" sizes=\"auto, (max-width: 2554px) 100vw, 2554px\" \/><\/div><\/div><\/div><\/div>\n\n\n<div style=\"color:#ddd\" class=\"wp-block-genesis-blocks-gb-spacer gb-block-spacer gb-divider-solid gb-divider-size-1\"><hr style=\"height:30px\"\/><\/div>\n\n\n<div id=\"pl-gb4934-69f5c1dce88e6\"  class=\"panel-layout wp-block-siteorigin-panels-layout-block\" ><div id=\"pg-gb4934-69f5c1dce88e6-0\"  class=\"panel-grid panel-no-style\" ><div id=\"pgc-gb4934-69f5c1dce88e6-0-0\"  class=\"panel-grid-cell panel-grid-cell-empty\" ><\/div><div id=\"pgc-gb4934-69f5c1dce88e6-0-1\"  class=\"panel-grid-cell\" ><div id=\"panel-gb4934-69f5c1dce88e6-0-1-0\" class=\"so-panel widget widget_sow-editor panel-first-child panel-last-child\" data-index=\"0\" ><div\n\t\t\t\n\t\t\tclass=\"so-widget-sow-editor so-widget-sow-editor-base\"\n\t\t\t\n\t\t>\n<div class=\"siteorigin-widget-tinymce textwidget\">\n\t<table style=\"height: 100px; width: 100%; border-collapse: collapse;\" border=\"1\" cellpadding=\"2\">\n<tbody>\n<tr>\n<td style=\"width: 15.8421%;\">Project team:<\/td>\n<td style=\"width: 84.1578%;\" colspan=\"2\">Brigitte Temel, BA BSc MA (contact person for this project)<br \/>\nDr. Birgitt Haller (project management)<br \/>\nDr. Stefanie Mayer<br \/>\nViktoria Eberhardt, BA Bakk.phil MA<\/td>\n<\/tr>\n<tr>\n<td style=\"width: 15.8421%;\">\n<hr \/>\n<\/td>\n<td style=\"width: 72.2809%;\">\n<hr \/>\n<\/td>\n<td style=\"width: 11.8769%;\"><\/td>\n<\/tr>\n<tr>\n<td style=\"width: 15.8421%;\">Funded by:<\/td>\n<td style=\"width: 84.1578%;\" colspan=\"2\">Federal Ministry of Social Affairs, Care and Consumer Protection<\/td>\n<\/tr>\n<tr>\n<td style=\"width: 15.8421%;\">\n<hr \/>\n<\/td>\n<td style=\"width: 72.2809%;\">\n<hr \/>\n<\/td>\n<td style=\"width: 11.8769%; height: 24px;\"><\/td>\n<\/tr>\n<tr style=\"height: 24px;\">\n<td style=\"width: 15.8421%; height: 24px;\">Completed in:<\/td>\n<td style=\"height: 24px; width: 84.1578%;\" colspan=\"2\">March 2024<\/td>\n<\/tr>\n<tr>\n<td style=\"width: 15.8421%;\">\n<hr \/>\n<\/td>\n<td style=\"width: 72.2809%;\">\n<hr \/>\n<\/td>\n<td style=\"width: 11.8769%;\"><\/td>\n<\/tr>\n<tr>\n<td style=\"width: 15.8421%; height: 24px;\"><\/td>\n<td style=\"height: 24px; width: 84.1578%;\" colspan=\"2\"><img loading=\"lazy\" decoding=\"async\" src=\"https:\/\/ikf.ac.at\/wp-content\/uploads\/2021\/03\/Document-Folder-e1615278415108.png\" width=\"28\" height=\"28\" align=\"left\" \/> <a href=\"https:\/\/ikf.ac.at\/wp-content\/uploads\/2025\/01\/Incels_in_Oesterreich.pdf\" target=\"_blank\" rel=\"noopener\">Final Report (german)<\/a><\/td>\n<\/tr>\n<\/tbody>\n<\/table>\n<\/div>\n<\/div><\/div><\/div><\/div><\/div>\n\n\n<div style=\"color:#404168\" class=\"wp-block-genesis-blocks-gb-spacer gb-block-spacer gb-divider-solid gb-spacer-divider gb-divider-size-1\"><hr style=\"height:3px\"\/><\/div>\n\n\n\n<div style=\"color:#404168\" class=\"wp-block-genesis-blocks-gb-spacer gb-block-spacer gb-divider-solid gb-divider-size-1\"><hr style=\"height:10px\"\/><\/div>\n\n\n<div id=\"pl-gb4934-69f5c1dce9018\"  class=\"panel-layout wp-block-siteorigin-panels-layout-block\" ><div id=\"pg-gb4934-69f5c1dce9018-0\"  class=\"panel-grid panel-no-style\" ><div id=\"pgc-gb4934-69f5c1dce9018-0-0\"  class=\"panel-grid-cell panel-grid-cell-empty\" ><\/div><div id=\"pgc-gb4934-69f5c1dce9018-0-1\"  class=\"panel-grid-cell panel-grid-cell-mobile-last\" ><div id=\"panel-gb4934-69f5c1dce9018-0-1-0\" class=\"so-panel widget widget_text panel-first-child panel-last-child\" data-index=\"0\" >\t\t\t<div class=\"textwidget\"><p align=\"justify\" class=\"translation-block\">Das Projekt untersuchte Erfahrungen und Wissen von Professionist:innen der Jugendarbeit in Bezug auf die Verbreitung der frauenverachtenden Ideologien der sogenannten Manosphere und besonders der Online-Subkultur der <em>Incels<\/em> unter \u00f6sterreichischen Jugendlichen. Im Projekt wurden sowohl qualitative wie quantitative Methoden angewandt: Interviews mit Expert:innen und Praktiker:innen aus der Jugendarbeit bildeten die Grundlage f\u00fcr die Erstellung eines Fragebogens, welcher \u00f6sterreichweit an alle Mitarbeiter:innen der Offenen Jugendarbeit ausgesandt wurde.<\/p>\n<p align=\"justify\" class=\"translation-block\">Die empirischen Ergebnisse zeigen deutlich, dass Jugendliche in ihren netzbasierten Lebenswelten mit diesen Str\u00f6mungen in Ber\u00fchrung kommen und Elemente entsprechender Ideologien Eingang in ihren Alltag, in die Umgangssprache, die Haltungen von Burschen und jungen M\u00e4nnern gegen\u00fcber Frauen und ihre Erwartungen an Sexualit\u00e4t und Beziehungen finden. Ebenso deutlich zeigt sich, dass sich der Einfluss der unterschiedlichen misogynen Subkulturen und Ideologien in der Praxis nur schwer klar differenzieren l\u00e4sst. W\u00e4hrend \u00fcbergreifende Motive wie ein grundlegend biologistisch gepr\u00e4gtes Weltbild, starr heteronormative, durch die Abwertung von Frauen gepr\u00e4gte Vorstellungen von Geschlechterverh\u00e4ltnissen und eine daraus resultierende Ablehnung feministischer und gleichstellungsorientierter Praktiken und Politiken sowie ein eindimensionales, durch k\u00f6rperliche St\u00e4rke gepr\u00e4gtes M\u00e4nnlichkeitsideal in der Jugendarbeit vermehrt zu Tage treten, erweist sich eine klare Zuordnung zu bestimmten Str\u00f6mungen als schwierig. Einerseits erlauben die Projektergebnisse den \u2013 durchaus positiv zu sehenden \u2013 Schluss, dass es bisher kaum Erfahrungen mit fest in der Subkultur der <em>Incels<\/em> verankerten Jugendlichen gibt, weil es sich dabei nach wie vor um ein zahlenm\u00e4\u00dfig kleines Ph\u00e4nomen handelt. Andererseits \u2013 und dieses Ergebnis ist im Hinblick auf Radikalisierungspr\u00e4vention ebenso besorgniserregend wie im Hinblick auf das Ziel der Geschlechtergleichstellung \u2013 muss festgestellt werden, dass frauenverachtende und diversit\u00e4tsfeindliche, biologistische und in der Konsequenz auch f\u00fcr die betroffenen jungen M\u00e4nner sch\u00e4dliche Diskurs- und Ideologieelemente im Mainstream der Online-Jugendkultur weit verbreitet sind.<\/p>\n<p align=\"justify\">Aus den im Rahmen der Studie gewonnenen Erkenntnissen lassen sich zahlreiche Handlungsempfehlungen ableiten: Etwa die Notwendigkeit einer st\u00e4rkeren Verankerung von Sexualbildung und -aufkl\u00e4rung im \u00f6sterreichischen Schulbildungssystem sowie eine analoge Implementierung im Studium bzw. der Ausbildung von Lehrer:innen und P\u00e4dagog:innen. Ebenfalls muss kritischer Burschenarbeit mehr Raum gegeben werden \u2013 in diesem Zusammenhang ist es wichtig, Burschen mit positiven m\u00e4nnlichen <em>Role Models<\/em> zu konfrontieren. Mit Blick auf die Offene Jugendarbeit besteht gro\u00dfer Nachholbedarf hinsichtlich des Ausbaus sowie der Professionalisierung digitaler bzw. aufsuchender Online-Jugendarbeit \u2013 auch dies muss bereits an den Fachhochschulen im Curriculum verankert werden. Eine Empfehlung an die Politik ist, Extremismuspr\u00e4vention stets gesamtgesellschaftlich zu betrachten. Die aktuell zu beobachtende Zuspitzung antifeministischer Einstellungen beispielsweise ist kein Ph\u00e4nomen, welches ausschlie\u00dflich in klar benennbaren Gruppen zu beobachten, sondern gesamtgesellschaftlich wahrzunehmen ist. In diesem Sinne gilt es hier antidemokratische Herausforderungen wie beispielsweise Othering nicht zu externalisieren.<\/p>\n<\/div>\n\t\t<\/div><\/div><div id=\"pgc-gb4934-69f5c1dce9018-0-2\"  class=\"panel-grid-cell panel-grid-cell-empty\" ><\/div><\/div><\/div>\n\n\n<div style=\"color:#333\" class=\"wp-block-genesis-blocks-gb-spacer gb-block-spacer gb-divider-solid gb-spacer-divider gb-divider-size-1\"><hr style=\"height:100px\"\/><\/div>\n<\/div><\/div><\/div>","protected":false},"excerpt":{"rendered":"","protected":false},"author":2,"featured_media":0,"parent":0,"menu_order":0,"comment_status":"closed","ping_status":"closed","template":"","meta":{"footnotes":""},"class_list":["post-4934","page","type-page","status-publish","hentry","post"],"featured_image_src":null,"featured_image_src_square":null,"_links":{"self":[{"href":"https:\/\/ikf.ac.at\/en\/wp-json\/wp\/v2\/pages\/4934","targetHints":{"allow":["GET"]}}],"collection":[{"href":"https:\/\/ikf.ac.at\/en\/wp-json\/wp\/v2\/pages"}],"about":[{"href":"https:\/\/ikf.ac.at\/en\/wp-json\/wp\/v2\/types\/page"}],"author":[{"embeddable":true,"href":"https:\/\/ikf.ac.at\/en\/wp-json\/wp\/v2\/users\/2"}],"replies":[{"embeddable":true,"href":"https:\/\/ikf.ac.at\/en\/wp-json\/wp\/v2\/comments?post=4934"}],"version-history":[{"count":8,"href":"https:\/\/ikf.ac.at\/en\/wp-json\/wp\/v2\/pages\/4934\/revisions"}],"predecessor-version":[{"id":5551,"href":"https:\/\/ikf.ac.at\/en\/wp-json\/wp\/v2\/pages\/4934\/revisions\/5551"}],"wp:attachment":[{"href":"https:\/\/ikf.ac.at\/en\/wp-json\/wp\/v2\/media?parent=4934"}],"curies":[{"name":"wp","href":"https:\/\/api.w.org\/{rel}","templated":true}]}}

<div class="wp-block-atomic-blocks-ab-container alignfull ab-block-container"><div class="ab-container-inside"><div class="ab-container-content"><div id="pl-gb4934-69f5c1dce80eb"  class="panel-layout wp-block-siteorigin-panels-layout-block" ><div id="pg-gb4934-69f5c1dce80eb-0"  class="panel-grid panel-no-style" ><div id="pgc-gb4934-69f5c1dce80eb-0-0"  class="panel-grid-cell" ><div id="panel-gb4934-69f5c1dce80eb-0-0-0" class="so-panel widget widget_media_image panel-first-child panel-last-child" data-index="0" ><img loading="lazy" decoding="async" width="2554" height="10" src="https://ikf.ac.at/wp-content/uploads/2021/01/linie_IKF.jpg" class="image wp-image-754  attachment-full size-full" alt="" style="max-width: 100%; height: auto;" srcset="https://ikf.ac.at/wp-content/uploads/2021/01/linie_IKF.jpg 2554w, https://ikf.ac.at/wp-content/uploads/2021/01/linie_IKF-300x1.jpg 300w, https://ikf.ac.at/wp-content/uploads/2021/01/linie_IKF-1024x4.jpg 1024w, https://ikf.ac.at/wp-content/uploads/2021/01/linie_IKF-768x3.jpg 768w, https://ikf.ac.at/wp-content/uploads/2021/01/linie_IKF-1536x6.jpg 1536w, https://ikf.ac.at/wp-content/uploads/2021/01/linie_IKF-2048x8.jpg 2048w" sizes="auto, (max-width: 2554px) 100vw, 2554px" /></div></div></div></div>


<div style="color:#ddd" class="wp-block-genesis-blocks-gb-spacer gb-block-spacer gb-divider-solid gb-divider-size-1"><hr style="height:30px"/></div>


<div id="pl-gb4934-69f5c1dce88e6"  class="panel-layout wp-block-siteorigin-panels-layout-block" ><div id="pg-gb4934-69f5c1dce88e6-0"  class="panel-grid panel-no-style" ><div id="pgc-gb4934-69f5c1dce88e6-0-0"  class="panel-grid-cell panel-grid-cell-empty" ></div><div id="pgc-gb4934-69f5c1dce88e6-0-1"  class="panel-grid-cell" ><div id="panel-gb4934-69f5c1dce88e6-0-1-0" class="so-panel widget widget_sow-editor panel-first-child panel-last-child" data-index="0" ><div
			
			class="so-widget-sow-editor so-widget-sow-editor-base"
			
		>
<div class="siteorigin-widget-tinymce textwidget">
	<table style="height: 100px; width: 100%; border-collapse: collapse;" border="1" cellpadding="2">
<tbody>
<tr>
<td style="width: 15.8421%;">Project team:</td>
<td style="width: 84.1578%;" colspan="2">Brigitte Temel, BA BSc MA (contact person for this project)<br />
Dr. Birgitt Haller (project management)<br />
Dr. Stefanie Mayer<br />
Viktoria Eberhardt, BA Bakk.phil MA</td>
</tr>
<tr>
<td style="width: 15.8421%;">
<hr />
</td>
<td style="width: 72.2809%;">
<hr />
</td>
<td style="width: 11.8769%;"></td>
</tr>
<tr>
<td style="width: 15.8421%;">Funded by:</td>
<td style="width: 84.1578%;" colspan="2">Federal Ministry of Social Affairs, Care and Consumer Protection</td>
</tr>
<tr>
<td style="width: 15.8421%;">
<hr />
</td>
<td style="width: 72.2809%;">
<hr />
</td>
<td style="width: 11.8769%; height: 24px;"></td>
</tr>
<tr style="height: 24px;">
<td style="width: 15.8421%; height: 24px;">Completed in:</td>
<td style="height: 24px; width: 84.1578%;" colspan="2">March 2024</td>
</tr>
<tr>
<td style="width: 15.8421%;">
<hr />
</td>
<td style="width: 72.2809%;">
<hr />
</td>
<td style="width: 11.8769%;"></td>
</tr>
<tr>
<td style="width: 15.8421%; height: 24px;"></td>
<td style="height: 24px; width: 84.1578%;" colspan="2"><img loading="lazy" decoding="async" src="https://ikf.ac.at/wp-content/uploads/2021/03/Document-Folder-e1615278415108.png" width="28" height="28" align="left" /> <a href="https://ikf.ac.at/wp-content/uploads/2025/01/Incels_in_Oesterreich.pdf" target="_blank" rel="noopener">Final Report (german)</a></td>
</tr>
</tbody>
</table>
</div>
</div></div></div></div></div>


<div style="color:#404168" class="wp-block-genesis-blocks-gb-spacer gb-block-spacer gb-divider-solid gb-spacer-divider gb-divider-size-1"><hr style="height:3px"/></div>



<div style="color:#404168" class="wp-block-genesis-blocks-gb-spacer gb-block-spacer gb-divider-solid gb-divider-size-1"><hr style="height:10px"/></div>


<div id="pl-gb4934-69f5c1dce9018"  class="panel-layout wp-block-siteorigin-panels-layout-block" ><div id="pg-gb4934-69f5c1dce9018-0"  class="panel-grid panel-no-style" ><div id="pgc-gb4934-69f5c1dce9018-0-0"  class="panel-grid-cell panel-grid-cell-empty" ></div><div id="pgc-gb4934-69f5c1dce9018-0-1"  class="panel-grid-cell panel-grid-cell-mobile-last" ><div id="panel-gb4934-69f5c1dce9018-0-1-0" class="so-panel widget widget_text panel-first-child panel-last-child" data-index="0" >			<div class="textwidget"><p align="justify" class="translation-block">Das Projekt untersuchte Erfahrungen und Wissen von Professionist:innen der Jugendarbeit in Bezug auf die Verbreitung der frauenverachtenden Ideologien der sogenannten Manosphere und besonders der Online-Subkultur der <em>Incels</em> unter österreichischen Jugendlichen. Im Projekt wurden sowohl qualitative wie quantitative Methoden angewandt: Interviews mit Expert:innen und Praktiker:innen aus der Jugendarbeit bildeten die Grundlage für die Erstellung eines Fragebogens, welcher österreichweit an alle Mitarbeiter:innen der Offenen Jugendarbeit ausgesandt wurde.</p>
<p align="justify" class="translation-block">Die empirischen Ergebnisse zeigen deutlich, dass Jugendliche in ihren netzbasierten Lebenswelten mit diesen Strömungen in Berührung kommen und Elemente entsprechender Ideologien Eingang in ihren Alltag, in die Umgangssprache, die Haltungen von Burschen und jungen Männern gegenüber Frauen und ihre Erwartungen an Sexualität und Beziehungen finden. Ebenso deutlich zeigt sich, dass sich der Einfluss der unterschiedlichen misogynen Subkulturen und Ideologien in der Praxis nur schwer klar differenzieren lässt. Während übergreifende Motive wie ein grundlegend biologistisch geprägtes Weltbild, starr heteronormative, durch die Abwertung von Frauen geprägte Vorstellungen von Geschlechterverhältnissen und eine daraus resultierende Ablehnung feministischer und gleichstellungsorientierter Praktiken und Politiken sowie ein eindimensionales, durch körperliche Stärke geprägtes Männlichkeitsideal in der Jugendarbeit vermehrt zu Tage treten, erweist sich eine klare Zuordnung zu bestimmten Strömungen als schwierig. Einerseits erlauben die Projektergebnisse den – durchaus positiv zu sehenden – Schluss, dass es bisher kaum Erfahrungen mit fest in der Subkultur der <em>Incels</em> verankerten Jugendlichen gibt, weil es sich dabei nach wie vor um ein zahlenmäßig kleines Phänomen handelt. Andererseits – und dieses Ergebnis ist im Hinblick auf Radikalisierungsprävention ebenso besorgniserregend wie im Hinblick auf das Ziel der Geschlechtergleichstellung – muss festgestellt werden, dass frauenverachtende und diversitätsfeindliche, biologistische und in der Konsequenz auch für die betroffenen jungen Männer schädliche Diskurs- und Ideologieelemente im Mainstream der Online-Jugendkultur weit verbreitet sind.</p>
<p align="justify">Aus den im Rahmen der Studie gewonnenen Erkenntnissen lassen sich zahlreiche Handlungsempfehlungen ableiten: Etwa die Notwendigkeit einer stärkeren Verankerung von Sexualbildung und -aufklärung im österreichischen Schulbildungssystem sowie eine analoge Implementierung im Studium bzw. der Ausbildung von Lehrer:innen und Pädagog:innen. Ebenfalls muss kritischer Burschenarbeit mehr Raum gegeben werden – in diesem Zusammenhang ist es wichtig, Burschen mit positiven männlichen <em>Role Models</em> zu konfrontieren. Mit Blick auf die Offene Jugendarbeit besteht großer Nachholbedarf hinsichtlich des Ausbaus sowie der Professionalisierung digitaler bzw. aufsuchender Online-Jugendarbeit – auch dies muss bereits an den Fachhochschulen im Curriculum verankert werden. Eine Empfehlung an die Politik ist, Extremismusprävention stets gesamtgesellschaftlich zu betrachten. Die aktuell zu beobachtende Zuspitzung antifeministischer Einstellungen beispielsweise ist kein Phänomen, welches ausschließlich in klar benennbaren Gruppen zu beobachten, sondern gesamtgesellschaftlich wahrzunehmen ist. In diesem Sinne gilt es hier antidemokratische Herausforderungen wie beispielsweise Othering nicht zu externalisieren.</p>
</div>
		</div></div><div id="pgc-gb4934-69f5c1dce9018-0-2"  class="panel-grid-cell panel-grid-cell-empty" ></div></div></div>


<div style="color:#333" class="wp-block-genesis-blocks-gb-spacer gb-block-spacer gb-divider-solid gb-spacer-divider gb-divider-size-1"><hr style="height:100px"/></div>
</div></div></div>
