{"id":4893,"date":"2024-06-11T13:05:35","date_gmt":"2024-06-11T13:05:35","guid":{"rendered":"https:\/\/ikf.ac.at\/?page_id=4893"},"modified":"2024-07-02T11:55:25","modified_gmt":"2024-07-02T11:55:25","slug":"isrd-4-austria-international-self-report-delinquency-study","status":"publish","type":"page","link":"https:\/\/ikf.ac.at\/en\/isrd-4-austria-international-self-report-delinquency-study","title":{"rendered":"2023: ISRD-4 Austria &#8211; International Self-Report Delinquency Study (ISRD 4th Sweep), Dunkelfeldstudie zu Jugenddelinquenz und Viktimisierung in \u00d6sterreich"},"content":{"rendered":"\n<div class=\"wp-block-atomic-blocks-ab-container alignfull ab-block-container\"><div class=\"ab-container-inside\"><div class=\"ab-container-content\"><div id=\"pl-gb4893-69f2d5bbc96e6\"  class=\"panel-layout wp-block-siteorigin-panels-layout-block\" ><div id=\"pg-gb4893-69f2d5bbc96e6-0\"  class=\"panel-grid panel-no-style\" ><div id=\"pgc-gb4893-69f2d5bbc96e6-0-0\"  class=\"panel-grid-cell\" ><div id=\"panel-gb4893-69f2d5bbc96e6-0-0-0\" class=\"so-panel widget widget_media_image panel-first-child panel-last-child\" data-index=\"0\" ><img loading=\"lazy\" decoding=\"async\" width=\"2554\" height=\"10\" src=\"https:\/\/ikf.ac.at\/wp-content\/uploads\/2021\/01\/linie_IKF.jpg\" class=\"image wp-image-754  attachment-full size-full\" alt=\"\" style=\"max-width: 100%; height: auto;\" srcset=\"https:\/\/ikf.ac.at\/wp-content\/uploads\/2021\/01\/linie_IKF.jpg 2554w, https:\/\/ikf.ac.at\/wp-content\/uploads\/2021\/01\/linie_IKF-300x1.jpg 300w, https:\/\/ikf.ac.at\/wp-content\/uploads\/2021\/01\/linie_IKF-1024x4.jpg 1024w, https:\/\/ikf.ac.at\/wp-content\/uploads\/2021\/01\/linie_IKF-768x3.jpg 768w, https:\/\/ikf.ac.at\/wp-content\/uploads\/2021\/01\/linie_IKF-1536x6.jpg 1536w, https:\/\/ikf.ac.at\/wp-content\/uploads\/2021\/01\/linie_IKF-2048x8.jpg 2048w\" sizes=\"auto, (max-width: 2554px) 100vw, 2554px\" \/><\/div><\/div><\/div><\/div>\n\n\n<div style=\"color:#ddd\" class=\"wp-block-genesis-blocks-gb-spacer gb-block-spacer gb-divider-solid gb-divider-size-1\"><hr style=\"height:30px\"\/><\/div>\n\n\n<div id=\"pl-gb4893-69f2d5bbc9bef\"  class=\"panel-layout wp-block-siteorigin-panels-layout-block\" ><div id=\"pg-gb4893-69f2d5bbc9bef-0\"  class=\"panel-grid panel-no-style\" ><div id=\"pgc-gb4893-69f2d5bbc9bef-0-0\"  class=\"panel-grid-cell panel-grid-cell-empty\" ><\/div><div id=\"pgc-gb4893-69f2d5bbc9bef-0-1\"  class=\"panel-grid-cell\" ><div id=\"panel-gb4893-69f2d5bbc9bef-0-1-0\" class=\"so-panel widget widget_sow-editor panel-first-child panel-last-child\" data-index=\"0\" ><div\n\t\t\t\n\t\t\tclass=\"so-widget-sow-editor so-widget-sow-editor-base\"\n\t\t\t\n\t\t>\n<div class=\"siteorigin-widget-tinymce textwidget\">\n\t<table style=\"width: 100%; border-collapse: collapse;\" border=\"1\" cellpadding=\"2\">\n<tbody>\n<tr style=\"height: 24px;\">\n<td style=\"width: 15.7384%; height: 24px;\">Projektteam:<\/td>\n<td style=\"width: 45.9743%; height: 24px;\">Dr. G\u00fcnter Stummvoll<br \/>\nin Kooperation mit dem Institut f\u00fcr H\u00f6here Studien (IHS)<\/td>\n<td style=\"width: 38.2873%; height: 24px;\"><\/td>\n<\/tr>\n<tr style=\"height: 24px;\">\n<td style=\"width: 15.7384%; height: 24px;\">\n<hr \/>\n<\/td>\n<td style=\"width: 45.9743%; height: 24px;\">\n<hr \/>\n<\/td>\n<td style=\"width: 38.2873%; height: 24px;\"><\/td>\n<\/tr>\n<tr style=\"height: 24px;\">\n<td style=\"width: 15.7384%; height: 24px;\">Finanzierung:<\/td>\n<td style=\"width: 84.2616%; height: 24px;\" colspan=\"2\">Bundesministerium f\u00fcr Bildung, Wissenschaft und Forschung<br \/>\nBundesministerium f\u00fcr Justiz<\/td>\n<\/tr>\n<tr style=\"height: 24px;\">\n<td style=\"width: 15.7384%; height: 24px;\">\n<hr \/>\n<\/td>\n<td style=\"width: 45.9743%; height: 24px;\">\n<hr \/>\n<\/td>\n<td style=\"width: 38.2873%; height: 24px;\"><\/td>\n<\/tr>\n<tr style=\"height: 24px;\">\n<td style=\"width: 15.7384%; height: 24px;\">Fertigstellung:<\/td>\n<td style=\"height: 24px; width: 84.2616%;\" colspan=\"2\">April 2023<\/td>\n<\/tr>\n<tr>\n<td style=\"width: 15.7384%;\">\n<hr \/>\n<\/td>\n<td style=\"width: 45.9743%;\">\n<hr \/>\n<\/td>\n<td style=\"width: 38.2873%;\"><\/td>\n<\/tr>\n<tr style=\"height: 24px;\">\n<td style=\"width: 15.7384%; height: 24px;\"><\/td>\n<td style=\"height: 24px; width: 84.2616%;\" colspan=\"2\"><img loading=\"lazy\" decoding=\"async\" src=\"https:\/\/ikf.ac.at\/wp-content\/uploads\/2021\/03\/Document-Folder-e1615278415108.png\" width=\"28\" height=\"28\" align=\"left\" \/> <a href=\"https:\/\/ikf.ac.at\/wp-content\/uploads\/2023\/09\/ISRD_Projektendbericht.pdf\" target=\"_blank\" rel=\"noopener\">Studie zum Download<\/a><\/td>\n<\/tr>\n<\/tbody>\n<\/table>\n<\/div>\n<\/div><\/div><\/div><\/div><\/div>\n\n\n<div style=\"color:#404168\" class=\"wp-block-genesis-blocks-gb-spacer gb-block-spacer gb-divider-solid gb-spacer-divider gb-divider-size-1\"><hr style=\"height:3px\"\/><\/div>\n\n\n\n<div style=\"color:#404168\" class=\"wp-block-genesis-blocks-gb-spacer gb-block-spacer gb-divider-solid gb-divider-size-1\"><hr style=\"height:10px\"\/><\/div>\n\n\n<div id=\"pl-gb4893-69f2d5bbca0aa\"  class=\"panel-layout wp-block-siteorigin-panels-layout-block\" ><div id=\"pg-gb4893-69f2d5bbca0aa-0\"  class=\"panel-grid panel-no-style\" ><div id=\"pgc-gb4893-69f2d5bbca0aa-0-0\"  class=\"panel-grid-cell panel-grid-cell-empty\" ><\/div><div id=\"pgc-gb4893-69f2d5bbca0aa-0-1\"  class=\"panel-grid-cell panel-grid-cell-mobile-last\" ><div id=\"panel-gb4893-69f2d5bbca0aa-0-1-0\" class=\"so-panel widget widget_text panel-first-child panel-last-child\" data-index=\"0\" >\t\t\t<div class=\"textwidget\"><p align=\"justify\">Das Institut f\u00fcr Konfliktforschung war an der vierten Befragungswelle der internationalen Dunkelfeldforschung zu Delinquenz und Viktimisierung von Jugendlichen (ISRD)<a href=\"#_ftn1\" name=\"_ftnref1\"><sup>[1]<\/sup><\/a> beteiligt und hat die Studie in \u00d6sterreich geleitet. F\u00fcr das School Sampling wurden die St\u00e4dte Wien und Graz ausgew\u00e4hlt, in denen eine Stichprobe von Schulen f\u00fcr eine Befragung gezogen wurde (Mittelschulen, Berufsschulen und Polytechnische Schulen, Berufsbildende Mittlere Schulen, Berufsbildende H\u00f6here Schulen, und Allgemeinbildende H\u00f6here Schulen). Die Frageb\u00f6gen wurden von den Sch\u00fcler:innen im Alter zwischen 14 und 18 Jahren digital bearbeitet. In 45 Schulen wurden insgesamt 126 Klassen besucht und es wurde ein R\u00fccklauf von 2.295 Frageb\u00f6gen erzielt. Der Vorteil von Dunkelfeldstudien gegen\u00fcber amtlichen Kriminalstatistiken liegt darin, dass nicht nur Straftaten und Opferdaten registriert werden, sondern auch Informationen \u00fcber psychosoziale, kontextuelle und kulturelle Hintergr\u00fcnde zur Jugenddelinquenz erfragt werden k\u00f6nnen. Damit lassen sich Zusammenh\u00e4nge zwischen begangenen und erlittenen Straftaten und den strukturellen Lebensbedingungen der Jugendlichen herstellen.<\/p>\n<p align=\"justify\">Etwas weniger als die H\u00e4lfte der in dieser Studie befragten Jugendlichen hat mindestens eines der 14 abgefragten Delikte begangen, wobei sich die H\u00e4ufigkeit bei den meisten Jugendlichen auf Einzelf\u00e4lle beschr\u00e4nkt. Das best\u00e4tigt die Annahme, dass Jugendkriminalit\u00e4t in den meisten F\u00e4llen ein seltenes und episodisches Ph\u00e4nomen bleibt, und nur eine sehr kleine Gruppe Jugendlicher \u00fcber l\u00e4ngere Zeit Straftaten begeht.<\/p>\n<p align=\"justify\">Das h\u00e4ufigste Delikt bei der begangenen Kriminalit\u00e4t ist der Ladendiebstahl. Alle Typen von Delikten werden \u00f6fter von m\u00e4nnlichen Jugendlichen begangen. Online Hate Crime, Gruppenschl\u00e4gerei, K\u00f6rperverletzung und Raub gelten als typisch f\u00fcr m\u00e4nnliche Jugendliche. Ladendiebstahl, Drogenhandel und Vandalismus werden etwas h\u00e4ufiger von autochthonen Jugendlichen begangen, Gruppenschl\u00e4gereien werden \u00f6fter von Jugendlichen mit Migrationshintergrund angegeben. Die statistischen Zusammenhangsma\u00dfe sind allerdings sehr niedrig, so dass man nicht von signifikanten Unterschieden bei der Kriminalit\u00e4t von autochthonen und migrantischen Jugendlichen sprechen kann. Insgesamt f\u00fchrt geringe Selbstkontrolle, gemessen durch die psychischen Faktoren Impulsivit\u00e4t und Risikobereitschaft, zu gesteigerten Kriminalit\u00e4tsraten.<\/p>\n<p align=\"justify\">In dieser Studie zeigt sich ein positiver statistisch signifikanter Zusammenhang zwischen der pers\u00f6nlichen Ablehnung von strafbaren Handlungen und dem eigenen Legalverhalten. Das bedeutet, dass das Unrechtsverst\u00e4ndnis im Sinne eines \u201emoralischen Filters\u201c als zweiter wesentlicher Faktor der Selbstkontrolle im Handeln Jugendlicher wirksam ist. Neben der Selbstkontrolle gilt soziale Kontrolle (etwa im Kontext Familie) als bedeutender Bestimmungsfaktor f\u00fcr Jugenddelinquenz.<\/p>\n<p align=\"justify\">Besondere Aufmerksamkeit wurde in dieser Auswertung der Vorurteilskriminalit\u00e4t (Hasskriminalit\u00e4t oder \u201eHate Crime\u201c) vor allem in den sozialen Medien gewidmet. Junge Frauen sind signifikant st\u00e4rker mit Bezug auf Aussehen, sexueller Orientierung und Geschlechtsidentit\u00e4t betroffen, dies gilt f\u00fcr autochthone wie auch migrantische Jugendliche.<\/p>\n<p><span style=\"font-size: 80%;\"><a href=\"#_ftnref1\" name=\"_ftn1\">[1]<\/a> International Self-Report Delinquency Study (ISRD) <a href=\"https:\/\/isrdstudy.org\" target=\"_blank\" rel=\"noopener\">https:\/\/isrdstudy.org<\/a><\/span><\/p>\n<\/div>\n\t\t<\/div><\/div><div id=\"pgc-gb4893-69f2d5bbca0aa-0-2\"  class=\"panel-grid-cell panel-grid-cell-empty\" ><\/div><\/div><\/div>\n\n\n<div style=\"color:#333\" class=\"wp-block-genesis-blocks-gb-spacer gb-block-spacer gb-divider-solid gb-spacer-divider gb-divider-size-1\"><hr style=\"height:100px\"\/><\/div>\n<\/div><\/div><\/div>\n","protected":false},"excerpt":{"rendered":"","protected":false},"author":2,"featured_media":0,"parent":0,"menu_order":0,"comment_status":"closed","ping_status":"closed","template":"","meta":{"footnotes":""},"class_list":["post-4893","page","type-page","status-publish","hentry","post"],"featured_image_src":null,"featured_image_src_square":null,"_links":{"self":[{"href":"https:\/\/ikf.ac.at\/en\/wp-json\/wp\/v2\/pages\/4893","targetHints":{"allow":["GET"]}}],"collection":[{"href":"https:\/\/ikf.ac.at\/en\/wp-json\/wp\/v2\/pages"}],"about":[{"href":"https:\/\/ikf.ac.at\/en\/wp-json\/wp\/v2\/types\/page"}],"author":[{"embeddable":true,"href":"https:\/\/ikf.ac.at\/en\/wp-json\/wp\/v2\/users\/2"}],"replies":[{"embeddable":true,"href":"https:\/\/ikf.ac.at\/en\/wp-json\/wp\/v2\/comments?post=4893"}],"version-history":[{"count":25,"href":"https:\/\/ikf.ac.at\/en\/wp-json\/wp\/v2\/pages\/4893\/revisions"}],"predecessor-version":[{"id":4965,"href":"https:\/\/ikf.ac.at\/en\/wp-json\/wp\/v2\/pages\/4893\/revisions\/4965"}],"wp:attachment":[{"href":"https:\/\/ikf.ac.at\/en\/wp-json\/wp\/v2\/media?parent=4893"}],"curies":[{"name":"wp","href":"https:\/\/api.w.org\/{rel}","templated":true}]}}

2023: ISRD-4 Austria &#8211; International Self-Report Delinquency Study (ISRD 4th Sweep), Dunkelfeldstudie zu Jugenddelinquenz und Viktimisierung in Österreich

<div class="wp-block-atomic-blocks-ab-container alignfull ab-block-container"><div class="ab-container-inside"><div class="ab-container-content"><div id="pl-gb4893-69f2d5bbc96e6"  class="panel-layout wp-block-siteorigin-panels-layout-block" ><div id="pg-gb4893-69f2d5bbc96e6-0"  class="panel-grid panel-no-style" ><div id="pgc-gb4893-69f2d5bbc96e6-0-0"  class="panel-grid-cell" ><div id="panel-gb4893-69f2d5bbc96e6-0-0-0" class="so-panel widget widget_media_image panel-first-child panel-last-child" data-index="0" ><img loading="lazy" decoding="async" width="2554" height="10" src="https://ikf.ac.at/wp-content/uploads/2021/01/linie_IKF.jpg" class="image wp-image-754  attachment-full size-full" alt="" style="max-width: 100%; height: auto;" srcset="https://ikf.ac.at/wp-content/uploads/2021/01/linie_IKF.jpg 2554w, https://ikf.ac.at/wp-content/uploads/2021/01/linie_IKF-300x1.jpg 300w, https://ikf.ac.at/wp-content/uploads/2021/01/linie_IKF-1024x4.jpg 1024w, https://ikf.ac.at/wp-content/uploads/2021/01/linie_IKF-768x3.jpg 768w, https://ikf.ac.at/wp-content/uploads/2021/01/linie_IKF-1536x6.jpg 1536w, https://ikf.ac.at/wp-content/uploads/2021/01/linie_IKF-2048x8.jpg 2048w" sizes="auto, (max-width: 2554px) 100vw, 2554px" /></div></div></div></div>


<div style="color:#ddd" class="wp-block-genesis-blocks-gb-spacer gb-block-spacer gb-divider-solid gb-divider-size-1"><hr style="height:30px"/></div>


<div id="pl-gb4893-69f2d5bbc9bef"  class="panel-layout wp-block-siteorigin-panels-layout-block" ><div id="pg-gb4893-69f2d5bbc9bef-0"  class="panel-grid panel-no-style" ><div id="pgc-gb4893-69f2d5bbc9bef-0-0"  class="panel-grid-cell panel-grid-cell-empty" ></div><div id="pgc-gb4893-69f2d5bbc9bef-0-1"  class="panel-grid-cell" ><div id="panel-gb4893-69f2d5bbc9bef-0-1-0" class="so-panel widget widget_sow-editor panel-first-child panel-last-child" data-index="0" ><div
			
			class="so-widget-sow-editor so-widget-sow-editor-base"
			
		>
<div class="siteorigin-widget-tinymce textwidget">
	<table style="width: 100%; border-collapse: collapse;" border="1" cellpadding="2">
<tbody>
<tr style="height: 24px;">
<td style="width: 15.7384%; height: 24px;">Projektteam:</td>
<td style="width: 45.9743%; height: 24px;">Dr. Günter Stummvoll<br />
in Kooperation mit dem Institut für Höhere Studien (IHS)</td>
<td style="width: 38.2873%; height: 24px;"></td>
</tr>
<tr style="height: 24px;">
<td style="width: 15.7384%; height: 24px;">
<hr />
</td>
<td style="width: 45.9743%; height: 24px;">
<hr />
</td>
<td style="width: 38.2873%; height: 24px;"></td>
</tr>
<tr style="height: 24px;">
<td style="width: 15.7384%; height: 24px;">Finanzierung:</td>
<td style="width: 84.2616%; height: 24px;" colspan="2">Bundesministerium für Bildung, Wissenschaft und Forschung<br />
Bundesministerium für Justiz</td>
</tr>
<tr style="height: 24px;">
<td style="width: 15.7384%; height: 24px;">
<hr />
</td>
<td style="width: 45.9743%; height: 24px;">
<hr />
</td>
<td style="width: 38.2873%; height: 24px;"></td>
</tr>
<tr style="height: 24px;">
<td style="width: 15.7384%; height: 24px;">Fertigstellung:</td>
<td style="height: 24px; width: 84.2616%;" colspan="2">April 2023</td>
</tr>
<tr>
<td style="width: 15.7384%;">
<hr />
</td>
<td style="width: 45.9743%;">
<hr />
</td>
<td style="width: 38.2873%;"></td>
</tr>
<tr style="height: 24px;">
<td style="width: 15.7384%; height: 24px;"></td>
<td style="height: 24px; width: 84.2616%;" colspan="2"><img loading="lazy" decoding="async" src="https://ikf.ac.at/wp-content/uploads/2021/03/Document-Folder-e1615278415108.png" width="28" height="28" align="left" /> <a href="https://ikf.ac.at/wp-content/uploads/2023/09/ISRD_Projektendbericht.pdf" target="_blank" rel="noopener">Studie zum Download</a></td>
</tr>
</tbody>
</table>
</div>
</div></div></div></div></div>


<div style="color:#404168" class="wp-block-genesis-blocks-gb-spacer gb-block-spacer gb-divider-solid gb-spacer-divider gb-divider-size-1"><hr style="height:3px"/></div>



<div style="color:#404168" class="wp-block-genesis-blocks-gb-spacer gb-block-spacer gb-divider-solid gb-divider-size-1"><hr style="height:10px"/></div>


<div id="pl-gb4893-69f2d5bbca0aa"  class="panel-layout wp-block-siteorigin-panels-layout-block" ><div id="pg-gb4893-69f2d5bbca0aa-0"  class="panel-grid panel-no-style" ><div id="pgc-gb4893-69f2d5bbca0aa-0-0"  class="panel-grid-cell panel-grid-cell-empty" ></div><div id="pgc-gb4893-69f2d5bbca0aa-0-1"  class="panel-grid-cell panel-grid-cell-mobile-last" ><div id="panel-gb4893-69f2d5bbca0aa-0-1-0" class="so-panel widget widget_text panel-first-child panel-last-child" data-index="0" >			<div class="textwidget"><p align="justify">Das Institut für Konfliktforschung war an der vierten Befragungswelle der internationalen Dunkelfeldforschung zu Delinquenz und Viktimisierung von Jugendlichen (ISRD)<a href="#_ftn1" name="_ftnref1"><sup>[1]</sup></a> beteiligt und hat die Studie in Österreich geleitet. Für das School Sampling wurden die Städte Wien und Graz ausgewählt, in denen eine Stichprobe von Schulen für eine Befragung gezogen wurde (Mittelschulen, Berufsschulen und Polytechnische Schulen, Berufsbildende Mittlere Schulen, Berufsbildende Höhere Schulen, und Allgemeinbildende Höhere Schulen). Die Fragebögen wurden von den Schüler:innen im Alter zwischen 14 und 18 Jahren digital bearbeitet. In 45 Schulen wurden insgesamt 126 Klassen besucht und es wurde ein Rücklauf von 2.295 Fragebögen erzielt. Der Vorteil von Dunkelfeldstudien gegenüber amtlichen Kriminalstatistiken liegt darin, dass nicht nur Straftaten und Opferdaten registriert werden, sondern auch Informationen über psychosoziale, kontextuelle und kulturelle Hintergründe zur Jugenddelinquenz erfragt werden können. Damit lassen sich Zusammenhänge zwischen begangenen und erlittenen Straftaten und den strukturellen Lebensbedingungen der Jugendlichen herstellen.</p>
<p align="justify">Etwas weniger als die Hälfte der in dieser Studie befragten Jugendlichen hat mindestens eines der 14 abgefragten Delikte begangen, wobei sich die Häufigkeit bei den meisten Jugendlichen auf Einzelfälle beschränkt. Das bestätigt die Annahme, dass Jugendkriminalität in den meisten Fällen ein seltenes und episodisches Phänomen bleibt, und nur eine sehr kleine Gruppe Jugendlicher über längere Zeit Straftaten begeht.</p>
<p align="justify">Das häufigste Delikt bei der begangenen Kriminalität ist der Ladendiebstahl. Alle Typen von Delikten werden öfter von männlichen Jugendlichen begangen. Online Hate Crime, Gruppenschlägerei, Körperverletzung und Raub gelten als typisch für männliche Jugendliche. Ladendiebstahl, Drogenhandel und Vandalismus werden etwas häufiger von autochthonen Jugendlichen begangen, Gruppenschlägereien werden öfter von Jugendlichen mit Migrationshintergrund angegeben. Die statistischen Zusammenhangsmaße sind allerdings sehr niedrig, so dass man nicht von signifikanten Unterschieden bei der Kriminalität von autochthonen und migrantischen Jugendlichen sprechen kann. Insgesamt führt geringe Selbstkontrolle, gemessen durch die psychischen Faktoren Impulsivität und Risikobereitschaft, zu gesteigerten Kriminalitätsraten.</p>
<p align="justify">In dieser Studie zeigt sich ein positiver statistisch signifikanter Zusammenhang zwischen der persönlichen Ablehnung von strafbaren Handlungen und dem eigenen Legalverhalten. Das bedeutet, dass das Unrechtsverständnis im Sinne eines „moralischen Filters“ als zweiter wesentlicher Faktor der Selbstkontrolle im Handeln Jugendlicher wirksam ist. Neben der Selbstkontrolle gilt soziale Kontrolle (etwa im Kontext Familie) als bedeutender Bestimmungsfaktor für Jugenddelinquenz.</p>
<p align="justify">Besondere Aufmerksamkeit wurde in dieser Auswertung der Vorurteilskriminalität (Hasskriminalität oder „Hate Crime“) vor allem in den sozialen Medien gewidmet. Junge Frauen sind signifikant stärker mit Bezug auf Aussehen, sexueller Orientierung und Geschlechtsidentität betroffen, dies gilt für autochthone wie auch migrantische Jugendliche.</p>
<p><span style="font-size: 80%;"><a href="#_ftnref1" name="_ftn1">[1]</a> International Self-Report Delinquency Study (ISRD) <a href="https://isrdstudy.org" target="_blank" rel="noopener">https://isrdstudy.org</a></span></p>
</div>
		</div></div><div id="pgc-gb4893-69f2d5bbca0aa-0-2"  class="panel-grid-cell panel-grid-cell-empty" ></div></div></div>


<div style="color:#333" class="wp-block-genesis-blocks-gb-spacer gb-block-spacer gb-divider-solid gb-spacer-divider gb-divider-size-1"><hr style="height:100px"/></div>
</div></div></div>
