{"id":4738,"date":"2024-03-14T11:36:25","date_gmt":"2024-03-14T11:36:25","guid":{"rendered":"https:\/\/ikf.ac.at\/?page_id=4738"},"modified":"2026-03-17T13:26:41","modified_gmt":"2026-03-17T13:26:41","slug":"psyge-interventionen-in-zusammenhang-mit-psychischen-erkrankungen-und-partnergewalt","status":"publish","type":"page","link":"https:\/\/ikf.ac.at\/en\/psyge-interventionen-in-zusammenhang-mit-psychischen-erkrankungen-und-partnergewalt","title":{"rendered":"PSYGE \u2013 Interventionen in Zusammenhang mit psychischen Erkrankungen und Partnergewalt"},"content":{"rendered":"<div class=\"wp-block-atomic-blocks-ab-container alignfull ab-block-container\"><div class=\"ab-container-inside\"><div class=\"ab-container-content\"><div id=\"pl-gb4738-69f2c1256a11a\"  class=\"panel-layout wp-block-siteorigin-panels-layout-block\" ><div id=\"pg-gb4738-69f2c1256a11a-0\"  class=\"panel-grid panel-no-style\" ><div id=\"pgc-gb4738-69f2c1256a11a-0-0\"  class=\"panel-grid-cell\" ><div id=\"panel-gb4738-69f2c1256a11a-0-0-0\" class=\"so-panel widget widget_media_image panel-first-child panel-last-child\" data-index=\"0\" ><img loading=\"lazy\" decoding=\"async\" width=\"2554\" height=\"10\" src=\"https:\/\/ikf.ac.at\/wp-content\/uploads\/2021\/01\/linie_IKF.jpg\" class=\"image wp-image-754  attachment-full size-full\" alt=\"\" style=\"max-width: 100%; height: auto;\" srcset=\"https:\/\/ikf.ac.at\/wp-content\/uploads\/2021\/01\/linie_IKF.jpg 2554w, https:\/\/ikf.ac.at\/wp-content\/uploads\/2021\/01\/linie_IKF-300x1.jpg 300w, https:\/\/ikf.ac.at\/wp-content\/uploads\/2021\/01\/linie_IKF-1024x4.jpg 1024w, https:\/\/ikf.ac.at\/wp-content\/uploads\/2021\/01\/linie_IKF-768x3.jpg 768w, https:\/\/ikf.ac.at\/wp-content\/uploads\/2021\/01\/linie_IKF-1536x6.jpg 1536w, https:\/\/ikf.ac.at\/wp-content\/uploads\/2021\/01\/linie_IKF-2048x8.jpg 2048w\" sizes=\"auto, (max-width: 2554px) 100vw, 2554px\" \/><\/div><\/div><\/div><\/div>\n\n\n<div style=\"color:#ddd\" class=\"wp-block-genesis-blocks-gb-spacer gb-block-spacer gb-divider-solid gb-divider-size-1\"><hr style=\"height:30px\"\/><\/div>\n\n\n<div id=\"pl-gb4738-69f2c1256aa1f\"  class=\"panel-layout wp-block-siteorigin-panels-layout-block\" ><div id=\"pg-gb4738-69f2c1256aa1f-0\"  class=\"panel-grid panel-no-style\" ><div id=\"pgc-gb4738-69f2c1256aa1f-0-0\"  class=\"panel-grid-cell panel-grid-cell-empty\" ><\/div><div id=\"pgc-gb4738-69f2c1256aa1f-0-1\"  class=\"panel-grid-cell\" ><div id=\"panel-gb4738-69f2c1256aa1f-0-1-0\" class=\"so-panel widget widget_sow-editor panel-first-child panel-last-child\" data-index=\"0\" ><div\n\t\t\t\n\t\t\tclass=\"so-widget-sow-editor so-widget-sow-editor-base\"\n\t\t\t\n\t\t>\n<div class=\"siteorigin-widget-tinymce textwidget\">\n\t<table style=\"height: 168px; width: 100%; border-collapse: collapse;\" border=\"1\" cellpadding=\"2\">\n<tbody>\n<tr style=\"height: 24px;\">\n<td style=\"width: 19.4056%; height: 24px;\">Project management:<\/td>\n<td style=\"width: 84.1379%; height: 24px;\" colspan=\"2\">Karin Liebhart<\/td>\n<\/tr>\n<tr>\n<td style=\"width: 19.4056%; height: 24px;\">IKF project team:<\/td>\n<td style=\"width: 47.5329%; height: 24px;\">Brigitte Temel<\/td>\n<td style=\"width: 36.605%;\"><\/td>\n<\/tr>\n<tr style=\"height: 24px;\">\n<td style=\"width: 19.4056%; height: 24px;\">\n<hr \/>\n<\/td>\n<td style=\"width: 47.5329%; height: 24px;\">\n<hr \/>\n<\/td>\n<td style=\"width: 36.605%; height: 24px;\"><\/td>\n<\/tr>\n<tr style=\"height: 48px;\">\n<td style=\"width: 19.4056%; height: 48px;\">Funded by:<\/td>\n<td style=\"width: 84.1379%; height: 48px;\" colspan=\"2\" class=\"translation-block\">This project was funded by the KIRAS Security Research Funding <br>Program of the Federal Ministry of Finance.<\/td>\n<\/tr>\n<tr style=\"height: 24px;\">\n<td style=\"width: 19.4056%; height: 24px;\">\n<hr \/>\n<\/td>\n<td style=\"width: 47.5329%; height: 24px;\">\n<hr \/>\n<\/td>\n<td style=\"width: 36.605%; height: 24px;\"><\/td>\n<\/tr>\n<tr style=\"height: 24px;\">\n<td style=\"width: 19.4056%; height: 24px;\">Duration:<\/td>\n<td style=\"width: 47.5329%; height: 24px;\">01.01.2024 &#8211; 30.04.2026<\/td>\n<td style=\"width: 36.605%; height: 24px;\"><\/td>\n<\/tr>\n<\/tbody>\n<\/table>\n<\/div>\n<\/div><\/div><\/div><\/div><\/div>\n\n\n<div style=\"color:#333\" class=\"wp-block-genesis-blocks-gb-spacer gb-block-spacer gb-divider-solid gb-spacer-divider gb-divider-size-1\"><hr\/><\/div>\n<\/div><\/div><\/div>\n\n\n<div id=\"pl-gb4738-69f2c1256b275\"  class=\"panel-layout wp-block-siteorigin-panels-layout-block\" ><div id=\"pg-gb4738-69f2c1256b275-0\"  class=\"panel-grid panel-no-style\" ><div id=\"pgc-gb4738-69f2c1256b275-0-0\"  class=\"panel-grid-cell panel-grid-cell-empty\" ><\/div><div id=\"pgc-gb4738-69f2c1256b275-0-1\"  class=\"panel-grid-cell\" ><div id=\"panel-gb4738-69f2c1256b275-0-1-0\" class=\"so-panel widget widget_media_image panel-first-child\" data-index=\"0\" ><img loading=\"lazy\" decoding=\"async\" width=\"300\" height=\"109\" src=\"https:\/\/ikf.ac.at\/wp-content\/uploads\/2023\/12\/kiras_logo_bundesadler_rgb-300x109.png\" class=\"image wp-image-4634  attachment-medium size-medium\" alt=\"\" style=\"max-width: 100%; height: auto;\" srcset=\"https:\/\/ikf.ac.at\/wp-content\/uploads\/2023\/12\/kiras_logo_bundesadler_rgb-300x109.png 300w, https:\/\/ikf.ac.at\/wp-content\/uploads\/2023\/12\/kiras_logo_bundesadler_rgb-1024x371.png 1024w, https:\/\/ikf.ac.at\/wp-content\/uploads\/2023\/12\/kiras_logo_bundesadler_rgb-768x278.png 768w, https:\/\/ikf.ac.at\/wp-content\/uploads\/2023\/12\/kiras_logo_bundesadler_rgb-1536x556.png 1536w, https:\/\/ikf.ac.at\/wp-content\/uploads\/2023\/12\/kiras_logo_bundesadler_rgb-2048x742.png 2048w, https:\/\/ikf.ac.at\/wp-content\/uploads\/2023\/12\/kiras_logo_bundesadler_rgb-18x7.png 18w\" sizes=\"auto, (max-width: 300px) 100vw, 300px\" \/><\/div><div id=\"panel-gb4738-69f2c1256b275-0-1-1\" class=\"so-panel widget widget_media_image\" data-index=\"1\" ><img loading=\"lazy\" decoding=\"async\" width=\"300\" height=\"171\" src=\"https:\/\/ikf.ac.at\/wp-content\/uploads\/2024\/11\/LOGO_FFG_DE_RGB_1500px-300x171.png\" class=\"image wp-image-5083  attachment-medium size-medium\" alt=\"\" style=\"max-width: 100%; height: auto;\" srcset=\"https:\/\/ikf.ac.at\/wp-content\/uploads\/2024\/11\/LOGO_FFG_DE_RGB_1500px-300x171.png 300w, https:\/\/ikf.ac.at\/wp-content\/uploads\/2024\/11\/LOGO_FFG_DE_RGB_1500px-1024x582.png 1024w, https:\/\/ikf.ac.at\/wp-content\/uploads\/2024\/11\/LOGO_FFG_DE_RGB_1500px-768x437.png 768w, https:\/\/ikf.ac.at\/wp-content\/uploads\/2024\/11\/LOGO_FFG_DE_RGB_1500px-18x10.png 18w, https:\/\/ikf.ac.at\/wp-content\/uploads\/2024\/11\/LOGO_FFG_DE_RGB_1500px.png 1500w\" sizes=\"auto, (max-width: 300px) 100vw, 300px\" \/><\/div><div id=\"panel-gb4738-69f2c1256b275-0-1-2\" class=\"so-panel widget widget_media_image panel-last-child\" data-index=\"2\" ><img loading=\"lazy\" decoding=\"async\" width=\"1018\" height=\"380\" src=\"https:\/\/ikf.ac.at\/wp-content\/uploads\/2025\/10\/BMF_Logo_DE.png\" class=\"image wp-image-5520  attachment-full size-full\" alt=\"\" style=\"max-width: 100%; height: auto;\" srcset=\"https:\/\/ikf.ac.at\/wp-content\/uploads\/2025\/10\/BMF_Logo_DE.png 1018w, https:\/\/ikf.ac.at\/wp-content\/uploads\/2025\/10\/BMF_Logo_DE-300x112.png 300w, https:\/\/ikf.ac.at\/wp-content\/uploads\/2025\/10\/BMF_Logo_DE-768x287.png 768w, https:\/\/ikf.ac.at\/wp-content\/uploads\/2025\/10\/BMF_Logo_DE-18x7.png 18w\" sizes=\"auto, (max-width: 1018px) 100vw, 1018px\" \/><\/div><\/div><div id=\"pgc-gb4738-69f2c1256b275-0-2\"  class=\"panel-grid-cell panel-grid-cell-mobile-last\" ><div id=\"panel-gb4738-69f2c1256b275-0-2-0\" class=\"so-panel widget widget_text panel-first-child panel-last-child\" data-index=\"3\" >\t\t\t<div class=\"textwidget\"><p align=\"justify\">Es ist zwar seit langem wissenschaftlich belegt, dass M\u00e4nnergewalt gegen Frauen\/ Partnergewalt in Zusammenhang mit patriarchalen Strukturen und ungleichen Geschlechternormen steht, aber es liegen keine wissenschaftlichen Studien vor, die als dritte Variable psychische Erkrankungen miteinbeziehen und Wirkzusammenh\u00e4nge analysieren. Die Zusammenschau aller drei Variablen soll zu einer evidenzbasierten Verbesserung der Gewaltpr\u00e4vention beitragen.<\/p>\n<p>Um dieses Ziel zu erreichen, untersucht die Studie mit qualitativen methodischen Zug\u00e4ngen vier Felder:<\/p>\n<ol>\n<li>\n<p align=\"justify\">Annahmen \u00fcber Kausalzusammenh\u00e4nge zwischen psychischer Erkrankung, Geschlecht und Gewalt in verschiedenen T\u00e4tigkeitsbereichen der Medizin;<\/p>\n<\/li>\n<li>\n<p align=\"justify\">unterschiedliche Annahmen bei den im Gewaltschutz involvierten Akteur:innen \u00fcber die M\u00f6glichkeiten der jeweils anderen Professionen hinsichtlich der Intervention in spezifischen F\u00e4llen von Gewalt, insbesondere bei psychischen Erkrankungen;<\/p>\n<\/li>\n<li>\n<p align=\"justify\">dadurch entstehende Versorgungsl\u00fccken;<\/p>\n<\/li>\n<li>\n<p align=\"justify\">im Justizbereich die T\u00e4tigkeit von medizinischen Sachverst\u00e4ndigen f\u00fcr Psychiatrie\/Psychologie im Rahmen von Strafverfahren.<\/p>\n<\/li>\n<\/ol>\n<p align=\"justify\">Die Studie soll den Blick f\u00fcr Zusammenh\u00e4nge zwischen psychischer Erkrankung und M\u00e4nnergewalt gegen Frauen sch\u00e4rfen und damit weitere Ans\u00e4tze f\u00fcr die Gewaltpr\u00e4vention liefern.<\/p>\n<p><strong>Projektpartner\/Bedarfstr\u00e4ger:<\/strong><\/p>\n<ul>\n<li>Institut f\u00fcr Konfliktforschung (Projektleitung)<\/li>\n<li>VICESSE Research GmbH<\/li>\n<li>BMJ &#8211; Bundesministerium f\u00fcr Justiz<\/li>\n<li>BMSGPK &#8211; Bundesministerium f\u00fcr Soziales, Gesundheit, Pflege und Konsumentenschutz<\/li>\n<\/ul>\n<\/div>\n\t\t<\/div><\/div><div id=\"pgc-gb4738-69f2c1256b275-0-3\"  class=\"panel-grid-cell panel-grid-cell-empty\" ><\/div><\/div><\/div>","protected":false},"excerpt":{"rendered":"","protected":false},"author":2,"featured_media":0,"parent":0,"menu_order":0,"comment_status":"closed","ping_status":"closed","template":"","meta":{"footnotes":""},"class_list":["post-4738","page","type-page","status-publish","hentry","post"],"featured_image_src":null,"featured_image_src_square":null,"_links":{"self":[{"href":"https:\/\/ikf.ac.at\/en\/wp-json\/wp\/v2\/pages\/4738","targetHints":{"allow":["GET"]}}],"collection":[{"href":"https:\/\/ikf.ac.at\/en\/wp-json\/wp\/v2\/pages"}],"about":[{"href":"https:\/\/ikf.ac.at\/en\/wp-json\/wp\/v2\/types\/page"}],"author":[{"embeddable":true,"href":"https:\/\/ikf.ac.at\/en\/wp-json\/wp\/v2\/users\/2"}],"replies":[{"embeddable":true,"href":"https:\/\/ikf.ac.at\/en\/wp-json\/wp\/v2\/comments?post=4738"}],"version-history":[{"count":16,"href":"https:\/\/ikf.ac.at\/en\/wp-json\/wp\/v2\/pages\/4738\/revisions"}],"predecessor-version":[{"id":5683,"href":"https:\/\/ikf.ac.at\/en\/wp-json\/wp\/v2\/pages\/4738\/revisions\/5683"}],"wp:attachment":[{"href":"https:\/\/ikf.ac.at\/en\/wp-json\/wp\/v2\/media?parent=4738"}],"curies":[{"name":"wp","href":"https:\/\/api.w.org\/{rel}","templated":true}]}}

<div class="wp-block-atomic-blocks-ab-container alignfull ab-block-container"><div class="ab-container-inside"><div class="ab-container-content"><div id="pl-gb4738-69f2c1256a11a"  class="panel-layout wp-block-siteorigin-panels-layout-block" ><div id="pg-gb4738-69f2c1256a11a-0"  class="panel-grid panel-no-style" ><div id="pgc-gb4738-69f2c1256a11a-0-0"  class="panel-grid-cell" ><div id="panel-gb4738-69f2c1256a11a-0-0-0" class="so-panel widget widget_media_image panel-first-child panel-last-child" data-index="0" ><img loading="lazy" decoding="async" width="2554" height="10" src="https://ikf.ac.at/wp-content/uploads/2021/01/linie_IKF.jpg" class="image wp-image-754  attachment-full size-full" alt="" style="max-width: 100%; height: auto;" srcset="https://ikf.ac.at/wp-content/uploads/2021/01/linie_IKF.jpg 2554w, https://ikf.ac.at/wp-content/uploads/2021/01/linie_IKF-300x1.jpg 300w, https://ikf.ac.at/wp-content/uploads/2021/01/linie_IKF-1024x4.jpg 1024w, https://ikf.ac.at/wp-content/uploads/2021/01/linie_IKF-768x3.jpg 768w, https://ikf.ac.at/wp-content/uploads/2021/01/linie_IKF-1536x6.jpg 1536w, https://ikf.ac.at/wp-content/uploads/2021/01/linie_IKF-2048x8.jpg 2048w" sizes="auto, (max-width: 2554px) 100vw, 2554px" /></div></div></div></div>


<div style="color:#ddd" class="wp-block-genesis-blocks-gb-spacer gb-block-spacer gb-divider-solid gb-divider-size-1"><hr style="height:30px"/></div>


<div id="pl-gb4738-69f2c1256aa1f"  class="panel-layout wp-block-siteorigin-panels-layout-block" ><div id="pg-gb4738-69f2c1256aa1f-0"  class="panel-grid panel-no-style" ><div id="pgc-gb4738-69f2c1256aa1f-0-0"  class="panel-grid-cell panel-grid-cell-empty" ></div><div id="pgc-gb4738-69f2c1256aa1f-0-1"  class="panel-grid-cell" ><div id="panel-gb4738-69f2c1256aa1f-0-1-0" class="so-panel widget widget_sow-editor panel-first-child panel-last-child" data-index="0" ><div
			
			class="so-widget-sow-editor so-widget-sow-editor-base"
			
		>
<div class="siteorigin-widget-tinymce textwidget">
	<table style="height: 168px; width: 100%; border-collapse: collapse;" border="1" cellpadding="2">
<tbody>
<tr style="height: 24px;">
<td style="width: 19.4056%; height: 24px;">Project management:</td>
<td style="width: 84.1379%; height: 24px;" colspan="2">Karin Liebhart</td>
</tr>
<tr>
<td style="width: 19.4056%; height: 24px;">IKF project team:</td>
<td style="width: 47.5329%; height: 24px;">Brigitte Temel</td>
<td style="width: 36.605%;"></td>
</tr>
<tr style="height: 24px;">
<td style="width: 19.4056%; height: 24px;">
<hr />
</td>
<td style="width: 47.5329%; height: 24px;">
<hr />
</td>
<td style="width: 36.605%; height: 24px;"></td>
</tr>
<tr style="height: 48px;">
<td style="width: 19.4056%; height: 48px;">Funded by:</td>
<td style="width: 84.1379%; height: 48px;" colspan="2" class="translation-block">This project was funded by the KIRAS Security Research Funding <br>Program of the Federal Ministry of Finance.</td>
</tr>
<tr style="height: 24px;">
<td style="width: 19.4056%; height: 24px;">
<hr />
</td>
<td style="width: 47.5329%; height: 24px;">
<hr />
</td>
<td style="width: 36.605%; height: 24px;"></td>
</tr>
<tr style="height: 24px;">
<td style="width: 19.4056%; height: 24px;">Duration:</td>
<td style="width: 47.5329%; height: 24px;">01.01.2024 &#8211; 30.04.2026</td>
<td style="width: 36.605%; height: 24px;"></td>
</tr>
</tbody>
</table>
</div>
</div></div></div></div></div>


<div style="color:#333" class="wp-block-genesis-blocks-gb-spacer gb-block-spacer gb-divider-solid gb-spacer-divider gb-divider-size-1"><hr/></div>
</div></div></div>


<div id="pl-gb4738-69f2c1256b275"  class="panel-layout wp-block-siteorigin-panels-layout-block" ><div id="pg-gb4738-69f2c1256b275-0"  class="panel-grid panel-no-style" ><div id="pgc-gb4738-69f2c1256b275-0-0"  class="panel-grid-cell panel-grid-cell-empty" ></div><div id="pgc-gb4738-69f2c1256b275-0-1"  class="panel-grid-cell" ><div id="panel-gb4738-69f2c1256b275-0-1-0" class="so-panel widget widget_media_image panel-first-child" data-index="0" ><img loading="lazy" decoding="async" width="300" height="109" src="https://ikf.ac.at/wp-content/uploads/2023/12/kiras_logo_bundesadler_rgb-300x109.png" class="image wp-image-4634  attachment-medium size-medium" alt="" style="max-width: 100%; height: auto;" srcset="https://ikf.ac.at/wp-content/uploads/2023/12/kiras_logo_bundesadler_rgb-300x109.png 300w, https://ikf.ac.at/wp-content/uploads/2023/12/kiras_logo_bundesadler_rgb-1024x371.png 1024w, https://ikf.ac.at/wp-content/uploads/2023/12/kiras_logo_bundesadler_rgb-768x278.png 768w, https://ikf.ac.at/wp-content/uploads/2023/12/kiras_logo_bundesadler_rgb-1536x556.png 1536w, https://ikf.ac.at/wp-content/uploads/2023/12/kiras_logo_bundesadler_rgb-2048x742.png 2048w, https://ikf.ac.at/wp-content/uploads/2023/12/kiras_logo_bundesadler_rgb-18x7.png 18w" sizes="auto, (max-width: 300px) 100vw, 300px" /></div><div id="panel-gb4738-69f2c1256b275-0-1-1" class="so-panel widget widget_media_image" data-index="1" ><img loading="lazy" decoding="async" width="300" height="171" src="https://ikf.ac.at/wp-content/uploads/2024/11/LOGO_FFG_DE_RGB_1500px-300x171.png" class="image wp-image-5083  attachment-medium size-medium" alt="" style="max-width: 100%; height: auto;" srcset="https://ikf.ac.at/wp-content/uploads/2024/11/LOGO_FFG_DE_RGB_1500px-300x171.png 300w, https://ikf.ac.at/wp-content/uploads/2024/11/LOGO_FFG_DE_RGB_1500px-1024x582.png 1024w, https://ikf.ac.at/wp-content/uploads/2024/11/LOGO_FFG_DE_RGB_1500px-768x437.png 768w, https://ikf.ac.at/wp-content/uploads/2024/11/LOGO_FFG_DE_RGB_1500px-18x10.png 18w, https://ikf.ac.at/wp-content/uploads/2024/11/LOGO_FFG_DE_RGB_1500px.png 1500w" sizes="auto, (max-width: 300px) 100vw, 300px" /></div><div id="panel-gb4738-69f2c1256b275-0-1-2" class="so-panel widget widget_media_image panel-last-child" data-index="2" ><img loading="lazy" decoding="async" width="1018" height="380" src="https://ikf.ac.at/wp-content/uploads/2025/10/BMF_Logo_DE.png" class="image wp-image-5520  attachment-full size-full" alt="" style="max-width: 100%; height: auto;" srcset="https://ikf.ac.at/wp-content/uploads/2025/10/BMF_Logo_DE.png 1018w, https://ikf.ac.at/wp-content/uploads/2025/10/BMF_Logo_DE-300x112.png 300w, https://ikf.ac.at/wp-content/uploads/2025/10/BMF_Logo_DE-768x287.png 768w, https://ikf.ac.at/wp-content/uploads/2025/10/BMF_Logo_DE-18x7.png 18w" sizes="auto, (max-width: 1018px) 100vw, 1018px" /></div></div><div id="pgc-gb4738-69f2c1256b275-0-2"  class="panel-grid-cell panel-grid-cell-mobile-last" ><div id="panel-gb4738-69f2c1256b275-0-2-0" class="so-panel widget widget_text panel-first-child panel-last-child" data-index="3" >			<div class="textwidget"><p align="justify">Es ist zwar seit langem wissenschaftlich belegt, dass Männergewalt gegen Frauen/ Partnergewalt in Zusammenhang mit patriarchalen Strukturen und ungleichen Geschlechternormen steht, aber es liegen keine wissenschaftlichen Studien vor, die als dritte Variable psychische Erkrankungen miteinbeziehen und Wirkzusammenhänge analysieren. Die Zusammenschau aller drei Variablen soll zu einer evidenzbasierten Verbesserung der Gewaltprävention beitragen.</p>
<p>Um dieses Ziel zu erreichen, untersucht die Studie mit qualitativen methodischen Zugängen vier Felder:</p>
<ol>
<li>
<p align="justify">Annahmen über Kausalzusammenhänge zwischen psychischer Erkrankung, Geschlecht und Gewalt in verschiedenen Tätigkeitsbereichen der Medizin;</p>
</li>
<li>
<p align="justify">unterschiedliche Annahmen bei den im Gewaltschutz involvierten Akteur:innen über die Möglichkeiten der jeweils anderen Professionen hinsichtlich der Intervention in spezifischen Fällen von Gewalt, insbesondere bei psychischen Erkrankungen;</p>
</li>
<li>
<p align="justify">dadurch entstehende Versorgungslücken;</p>
</li>
<li>
<p align="justify">im Justizbereich die Tätigkeit von medizinischen Sachverständigen für Psychiatrie/Psychologie im Rahmen von Strafverfahren.</p>
</li>
</ol>
<p align="justify">Die Studie soll den Blick für Zusammenhänge zwischen psychischer Erkrankung und Männergewalt gegen Frauen schärfen und damit weitere Ansätze für die Gewaltprävention liefern.</p>
<p><strong>Projektpartner/Bedarfsträger:</strong></p>
<ul>
<li>Institut für Konfliktforschung (Projektleitung)</li>
<li>VICESSE Research GmbH</li>
<li>BMJ &#8211; Bundesministerium für Justiz</li>
<li>BMSGPK &#8211; Bundesministerium für Soziales, Gesundheit, Pflege und Konsumentenschutz</li>
</ul>
</div>
		</div></div><div id="pgc-gb4738-69f2c1256b275-0-3"  class="panel-grid-cell panel-grid-cell-empty" ></div></div></div>
