{"id":4412,"date":"2023-05-03T12:46:53","date_gmt":"2023-05-03T12:46:53","guid":{"rendered":"http:\/\/test-ikf.online\/?page_id=4412"},"modified":"2024-07-02T11:21:42","modified_gmt":"2024-07-02T11:21:42","slug":"girlscan-empowerment-von-maedchen-durch-graffiti","status":"publish","type":"page","link":"https:\/\/ikf.ac.at\/en\/girlscan-empowerment-von-maedchen-durch-graffiti","title":{"rendered":"2023: #girlsCan &#8211; Empowerment von M\u00e4dchen durch Graffiti"},"content":{"rendered":"<div class=\"wp-block-atomic-blocks-ab-container alignfull ab-block-container\"><div class=\"ab-container-inside\"><div class=\"ab-container-content\"><div id=\"pl-gb4412-69f2c76ed46ac\"  class=\"panel-layout wp-block-siteorigin-panels-layout-block\" ><div id=\"pg-gb4412-69f2c76ed46ac-0\"  class=\"panel-grid panel-no-style\" ><div id=\"pgc-gb4412-69f2c76ed46ac-0-0\"  class=\"panel-grid-cell\" ><div id=\"panel-gb4412-69f2c76ed46ac-0-0-0\" class=\"so-panel widget widget_media_image panel-first-child panel-last-child\" data-index=\"0\" ><img loading=\"lazy\" decoding=\"async\" width=\"2554\" height=\"10\" src=\"https:\/\/ikf.ac.at\/wp-content\/uploads\/2021\/01\/linie_IKF.jpg\" class=\"image wp-image-754  attachment-full size-full\" alt=\"\" style=\"max-width: 100%; height: auto;\" srcset=\"https:\/\/ikf.ac.at\/wp-content\/uploads\/2021\/01\/linie_IKF.jpg 2554w, https:\/\/ikf.ac.at\/wp-content\/uploads\/2021\/01\/linie_IKF-300x1.jpg 300w, https:\/\/ikf.ac.at\/wp-content\/uploads\/2021\/01\/linie_IKF-1024x4.jpg 1024w, https:\/\/ikf.ac.at\/wp-content\/uploads\/2021\/01\/linie_IKF-768x3.jpg 768w, https:\/\/ikf.ac.at\/wp-content\/uploads\/2021\/01\/linie_IKF-1536x6.jpg 1536w, https:\/\/ikf.ac.at\/wp-content\/uploads\/2021\/01\/linie_IKF-2048x8.jpg 2048w\" sizes=\"auto, (max-width: 2554px) 100vw, 2554px\" \/><\/div><\/div><\/div><\/div>\n\n\n<div style=\"color:#ddd\" class=\"wp-block-genesis-blocks-gb-spacer gb-block-spacer gb-divider-solid gb-divider-size-1\"><hr style=\"height:30px\"\/><\/div>\n\n\n<div id=\"pl-gb4412-69f2c76ed4e6a\"  class=\"panel-layout wp-block-siteorigin-panels-layout-block\" ><div id=\"pg-gb4412-69f2c76ed4e6a-0\"  class=\"panel-grid panel-no-style\" ><div id=\"pgc-gb4412-69f2c76ed4e6a-0-0\"  class=\"panel-grid-cell panel-grid-cell-empty\" ><\/div><div id=\"pgc-gb4412-69f2c76ed4e6a-0-1\"  class=\"panel-grid-cell\" ><div id=\"panel-gb4412-69f2c76ed4e6a-0-1-0\" class=\"so-panel widget widget_sow-editor panel-first-child panel-last-child\" data-index=\"0\" ><div\n\t\t\t\n\t\t\tclass=\"so-widget-sow-editor so-widget-sow-editor-base\"\n\t\t\t\n\t\t>\n<div class=\"siteorigin-widget-tinymce textwidget\">\n\t<table style=\"height: 168px; width: 100%; border-collapse: collapse;\" border=\"1\" cellpadding=\"2\">\n<tbody>\n<tr style=\"height: 24px;\">\n<td style=\"width: 15.8421%; height: 24px;\">Project team:<\/td>\n<td style=\"width: 84.1579%; height: 24px;\" colspan=\"2\">Brigitte Temel , BA BSc MA<\/td>\n<\/tr>\n<tr style=\"height: 24px;\">\n<td style=\"width: 15.8421%; height: 24px;\">\n<hr \/>\n<\/td>\n<td style=\"width: 37.1043%; height: 24px;\">\n<hr \/>\n<\/td>\n<td style=\"width: 47.0536%; height: 24px;\"><\/td>\n<\/tr>\n<tr style=\"height: 24px;\">\n<td style=\"width: 15.8421%; height: 24px;\">Funded by:<\/td>\n<td style=\"width: 84.1579%; height: 24px;\" colspan=\"2\">SHIFT V (MA 7, BASIS.KULTUR.WIEN)<\/td>\n<\/tr>\n<tr style=\"height: 24px;\">\n<td style=\"width: 15.8421%; height: 24px;\">\n<hr \/>\n<\/td>\n<td style=\"width: 37.1043%; height: 24px;\">\n<hr \/>\n<\/td>\n<td style=\"width: 47.0536%; height: 24px;\"><\/td>\n<\/tr>\n<tr style=\"height: 24px;\">\n<td style=\"width: 15.8421%; height: 24px;\">Partner:<\/td>\n<td style=\"height: 24px; width: 84.1579%;\" colspan=\"2\">Verein Wiener Jugendzentren<\/td>\n<\/tr>\n<tr style=\"height: 24px;\">\n<td style=\"width: 15.8421%; height: 24px;\">\n<hr \/>\n<\/td>\n<td style=\"width: 37.1043%; height: 24px;\">\n<hr \/>\n<\/td>\n<td style=\"width: 47.0536%; height: 24px;\"><\/td>\n<\/tr>\n<tr style=\"height: 24px;\">\n<td style=\"width: 15.8421%; height: 24px;\">Completed in:<\/td>\n<td style=\"width: 37.1043%; height: 24px;\">Februar 2024<\/td>\n<td style=\"width: 47.0536%; height: 24px;\"><\/td>\n<\/tr>\n<\/tbody>\n<\/table>\n<\/div>\n<\/div><\/div><\/div><\/div><\/div>\n\n\n<div style=\"color:#404168\" class=\"wp-block-genesis-blocks-gb-spacer gb-block-spacer gb-divider-solid gb-spacer-divider gb-divider-size-1\"><hr style=\"height:30px\"\/><\/div>\n\n\n<div id=\"pl-gb4412-69f2c76ed5531\"  class=\"panel-layout wp-block-siteorigin-panels-layout-block\" ><div id=\"pg-gb4412-69f2c76ed5531-0\"  class=\"panel-grid panel-no-style\" ><div id=\"pgc-gb4412-69f2c76ed5531-0-0\"  class=\"panel-grid-cell panel-grid-cell-empty\" ><\/div><div id=\"pgc-gb4412-69f2c76ed5531-0-1\"  class=\"panel-grid-cell\" ><div id=\"panel-gb4412-69f2c76ed5531-0-1-0\" class=\"so-panel widget widget_media_image panel-first-child panel-last-child\" data-index=\"0\" ><img loading=\"lazy\" decoding=\"async\" width=\"250\" height=\"226\" src=\"https:\/\/ikf.ac.at\/wp-content\/uploads\/2023\/05\/shift_logo_bunt-300x271.png\" class=\"image wp-image-4419  attachment-250x226 size-250x226\" alt=\"\" style=\"max-width: 100%; height: auto;\" srcset=\"https:\/\/ikf.ac.at\/wp-content\/uploads\/2023\/05\/shift_logo_bunt-300x271.png 300w, https:\/\/ikf.ac.at\/wp-content\/uploads\/2023\/05\/shift_logo_bunt-13x12.png 13w, https:\/\/ikf.ac.at\/wp-content\/uploads\/2023\/05\/shift_logo_bunt.png 753w\" sizes=\"auto, (max-width: 250px) 100vw, 250px\" \/><\/div><\/div><div id=\"pgc-gb4412-69f2c76ed5531-0-2\"  class=\"panel-grid-cell panel-grid-cell-mobile-last\" ><div id=\"panel-gb4412-69f2c76ed5531-0-2-0\" class=\"so-panel widget widget_text panel-first-child panel-last-child\" data-index=\"1\" >\t\t\t<div class=\"textwidget\"><p align=\"justify\">#girlsCan ist ein feministisches Projekt, welches 2021 erstmalig in Wien, St. P\u00f6lten und Graz umgesetzt wurde. Kern des Projekts sind Empowerment, Solidarit\u00e4t und gegenseitige Unterst\u00fctzung von M\u00e4dchen und jungen Frauen. Hintergrund des Projekts bilden die SDGs, konkret SDG 5: die globale Problematik von Gewalt gegen M\u00e4dchen und Frauen als Menschenrechtsverletzung. 2023 fand das Projekt #girlsCan, in enger Kooperation mit f\u00fcnf Einrichtungen des Vereins Wiener Jugendzentren in Wien statt: JUST Wienerberg (10. Bezirk), Jugendtreff Arthaberbad (10. Bezirk), Back on Stage 10 + m\u00e4dchen*zone (10. Bezirk), Back on Stage 5 (5. Bezirk) sowie Flash M\u00e4dchen*caf\u00e9 (7. Bezirk). Mittels inhaltlicher wie praktisch-k\u00fcnstlerischer Graffiti-Workshops wurde gemeinsam mit diesen Jugendzentren in Wien zum Thema Gewalt gegen M\u00e4dchen und Frauen gearbeitet. Themen des inhaltlichen Workshops waren u.a. Gewalt, Selbstbestimmung sowie die Entwicklung von Handlungsstrategien gegen Gewalt. Auf Basis dieses Workshops wurden in einem weiteren Schritt gemeinsam Graffitis entworfen und im \u00f6ffentlichen Raum gesprayt, begleitet von der Medienproduktionsfirma FrogQueenMedia, die einen Projektkurzfilm erstellt hat.<\/p>\n<p align=\"justify\">Aufbauend auf diese Projektphase wurde ein Zine (engl. magazine) f\u00fcr die Zielgruppe erstellt, welches das Projekt nachhaltig dokumentiert sowie wichtige Informationen und Ressourcen zum Thema Gewalt zur Verf\u00fcgung stellt. Weiters umfasst es mehrere Beitr\u00e4ge von den Jugendlichen selbst (Texte, Collage&#8230;). Ziele des Projekts waren Wissenserwerb, Reflexion und Sensibilisierung f\u00fcr das Thema Gewalt und schlie\u00dflich Empowerment der Teilnehmerinnen, wobei diese Selbsterm\u00e4chtigung auch \u00fcber den Erwerb neuer Skills im k\u00fcnstlerischen Bereich erfolgte. Dabei wurde ein Schwerpunkt auf die digitale Kommunikation der Ergebnisse gelegt, um diese m\u00f6glichst vielen Nutzerinnen zur Verf\u00fcgung zu stellen. Zu diesem Zweck wurde das Projekt fortlaufend auf Social Media begleitet und w\u00e4hrend der <em>16 Tage gegen Gewalt an Frauen<\/em> (25. November bis 10. Dezember 2023) intensiviert durch eine kleine Social-Media-Kampagne bespielt. Im Rahmen der <em>16 Tage gegen Gewalt an Frauen<\/em> wurden die Projektergebnisse in einem Online-Pressegespr\u00e4ch vorgestellt. Auch in der zur Verf\u00fcgung gestellten Pressemappe sowie dem vorgestellten Kurzfilm haben die Stimmen und Forderungen der Projektteilnehmerinnen nochmals Raum und Geh\u00f6r bekommen. Berichtet \u00fcber #girlsCan haben unter anderem der <em>ORF Report<\/em>, <em>Wien Heute<\/em> sowie <em>\u00d61<\/em>.<\/p>\n<p align=\"justify\">\n<p align=\"justify\">Hier geht es zu den Projektergebnissen:<\/p>\n<p>Instagram: <a href=\"http:\/\/www.instagram.com\/grrrls_can\/\" target=\"_blank\" rel=\"noopener\">www.instagram.com\/grrrls_can\/<\/a><\/p>\n<p>Kurzfilm: <a href=\"https:\/\/www.youtube.com\/watch?v=OYiM3YGWz6s\" target=\"_blank\" rel=\"noopener\">https:\/\/www.youtube.com\/watch?v=OYiM3YGWz6s<\/a><\/p>\n<p>Zine: <a href=\"https:\/\/tinyurl.com\/y3tp6m66\" target=\"_blank\" rel=\"noopener\">https:\/\/tinyurl.com\/y3tp6m66<\/a><\/p>\n<p align=\"justify\">Presse (Auswahl):<\/p>\n<ul>\n<li><a href=\"https:\/\/oe1.orf.at\/programm\/20231214\/742939\/Das-Monatsmagazin\" target=\"_blank\" rel=\"noopener\">https:\/\/oe1.orf.at\/programm\/20231214\/742939\/Das-Monatsmagazin<\/a><\/li>\n<li><a href=\"https:\/\/soundcloud.com\/radioradieschen\/vienna-girlscan-graffiti-als-pravention-gegen-gewalt-an-madchen?utm_source=clipboard&amp;utm_medium=text&amp;utm_campaign=social_sharing\" target=\"_blank\" rel=\"noopener\">https:\/\/soundcloud.com\/radioradieschen\/vienna-girlscan-graffiti-als-pravention-gegen-gewalt-an-madchen?utm_source=clipboard&amp;utm_medium=text&amp;utm_campaign=social_sharing<\/a><\/li>\n<\/ul>\n<\/div>\n\t\t<\/div><\/div><div id=\"pgc-gb4412-69f2c76ed5531-0-3\"  class=\"panel-grid-cell panel-grid-cell-empty\" ><\/div><\/div><\/div>\n\n\n<div style=\"color:#333\" class=\"wp-block-genesis-blocks-gb-spacer gb-block-spacer gb-divider-solid gb-spacer-divider gb-divider-size-1\"><hr style=\"height:100px\"\/><\/div>\n<\/div><\/div><\/div>","protected":false},"excerpt":{"rendered":"","protected":false},"author":2,"featured_media":0,"parent":0,"menu_order":0,"comment_status":"closed","ping_status":"closed","template":"","meta":{"footnotes":""},"class_list":["post-4412","page","type-page","status-publish","hentry","post"],"featured_image_src":null,"featured_image_src_square":null,"_links":{"self":[{"href":"https:\/\/ikf.ac.at\/en\/wp-json\/wp\/v2\/pages\/4412","targetHints":{"allow":["GET"]}}],"collection":[{"href":"https:\/\/ikf.ac.at\/en\/wp-json\/wp\/v2\/pages"}],"about":[{"href":"https:\/\/ikf.ac.at\/en\/wp-json\/wp\/v2\/types\/page"}],"author":[{"embeddable":true,"href":"https:\/\/ikf.ac.at\/en\/wp-json\/wp\/v2\/users\/2"}],"replies":[{"embeddable":true,"href":"https:\/\/ikf.ac.at\/en\/wp-json\/wp\/v2\/comments?post=4412"}],"version-history":[{"count":13,"href":"https:\/\/ikf.ac.at\/en\/wp-json\/wp\/v2\/pages\/4412\/revisions"}],"predecessor-version":[{"id":5611,"href":"https:\/\/ikf.ac.at\/en\/wp-json\/wp\/v2\/pages\/4412\/revisions\/5611"}],"wp:attachment":[{"href":"https:\/\/ikf.ac.at\/en\/wp-json\/wp\/v2\/media?parent=4412"}],"curies":[{"name":"wp","href":"https:\/\/api.w.org\/{rel}","templated":true}]}}

2023: #girlsCan &#8211; Empowerment von Mädchen durch Graffiti

<div class="wp-block-atomic-blocks-ab-container alignfull ab-block-container"><div class="ab-container-inside"><div class="ab-container-content"><div id="pl-gb4412-69f2c76ed46ac"  class="panel-layout wp-block-siteorigin-panels-layout-block" ><div id="pg-gb4412-69f2c76ed46ac-0"  class="panel-grid panel-no-style" ><div id="pgc-gb4412-69f2c76ed46ac-0-0"  class="panel-grid-cell" ><div id="panel-gb4412-69f2c76ed46ac-0-0-0" class="so-panel widget widget_media_image panel-first-child panel-last-child" data-index="0" ><img loading="lazy" decoding="async" width="2554" height="10" src="https://ikf.ac.at/wp-content/uploads/2021/01/linie_IKF.jpg" class="image wp-image-754  attachment-full size-full" alt="" style="max-width: 100%; height: auto;" srcset="https://ikf.ac.at/wp-content/uploads/2021/01/linie_IKF.jpg 2554w, https://ikf.ac.at/wp-content/uploads/2021/01/linie_IKF-300x1.jpg 300w, https://ikf.ac.at/wp-content/uploads/2021/01/linie_IKF-1024x4.jpg 1024w, https://ikf.ac.at/wp-content/uploads/2021/01/linie_IKF-768x3.jpg 768w, https://ikf.ac.at/wp-content/uploads/2021/01/linie_IKF-1536x6.jpg 1536w, https://ikf.ac.at/wp-content/uploads/2021/01/linie_IKF-2048x8.jpg 2048w" sizes="auto, (max-width: 2554px) 100vw, 2554px" /></div></div></div></div>


<div style="color:#ddd" class="wp-block-genesis-blocks-gb-spacer gb-block-spacer gb-divider-solid gb-divider-size-1"><hr style="height:30px"/></div>


<div id="pl-gb4412-69f2c76ed4e6a"  class="panel-layout wp-block-siteorigin-panels-layout-block" ><div id="pg-gb4412-69f2c76ed4e6a-0"  class="panel-grid panel-no-style" ><div id="pgc-gb4412-69f2c76ed4e6a-0-0"  class="panel-grid-cell panel-grid-cell-empty" ></div><div id="pgc-gb4412-69f2c76ed4e6a-0-1"  class="panel-grid-cell" ><div id="panel-gb4412-69f2c76ed4e6a-0-1-0" class="so-panel widget widget_sow-editor panel-first-child panel-last-child" data-index="0" ><div
			
			class="so-widget-sow-editor so-widget-sow-editor-base"
			
		>
<div class="siteorigin-widget-tinymce textwidget">
	<table style="height: 168px; width: 100%; border-collapse: collapse;" border="1" cellpadding="2">
<tbody>
<tr style="height: 24px;">
<td style="width: 15.8421%; height: 24px;">Project team:</td>
<td style="width: 84.1579%; height: 24px;" colspan="2">Brigitte Temel , BA BSc MA</td>
</tr>
<tr style="height: 24px;">
<td style="width: 15.8421%; height: 24px;">
<hr />
</td>
<td style="width: 37.1043%; height: 24px;">
<hr />
</td>
<td style="width: 47.0536%; height: 24px;"></td>
</tr>
<tr style="height: 24px;">
<td style="width: 15.8421%; height: 24px;">Funded by:</td>
<td style="width: 84.1579%; height: 24px;" colspan="2">SHIFT V (MA 7, BASIS.KULTUR.WIEN)</td>
</tr>
<tr style="height: 24px;">
<td style="width: 15.8421%; height: 24px;">
<hr />
</td>
<td style="width: 37.1043%; height: 24px;">
<hr />
</td>
<td style="width: 47.0536%; height: 24px;"></td>
</tr>
<tr style="height: 24px;">
<td style="width: 15.8421%; height: 24px;">Partner:</td>
<td style="height: 24px; width: 84.1579%;" colspan="2">Verein Wiener Jugendzentren</td>
</tr>
<tr style="height: 24px;">
<td style="width: 15.8421%; height: 24px;">
<hr />
</td>
<td style="width: 37.1043%; height: 24px;">
<hr />
</td>
<td style="width: 47.0536%; height: 24px;"></td>
</tr>
<tr style="height: 24px;">
<td style="width: 15.8421%; height: 24px;">Completed in:</td>
<td style="width: 37.1043%; height: 24px;">Februar 2024</td>
<td style="width: 47.0536%; height: 24px;"></td>
</tr>
</tbody>
</table>
</div>
</div></div></div></div></div>


<div style="color:#404168" class="wp-block-genesis-blocks-gb-spacer gb-block-spacer gb-divider-solid gb-spacer-divider gb-divider-size-1"><hr style="height:30px"/></div>


<div id="pl-gb4412-69f2c76ed5531"  class="panel-layout wp-block-siteorigin-panels-layout-block" ><div id="pg-gb4412-69f2c76ed5531-0"  class="panel-grid panel-no-style" ><div id="pgc-gb4412-69f2c76ed5531-0-0"  class="panel-grid-cell panel-grid-cell-empty" ></div><div id="pgc-gb4412-69f2c76ed5531-0-1"  class="panel-grid-cell" ><div id="panel-gb4412-69f2c76ed5531-0-1-0" class="so-panel widget widget_media_image panel-first-child panel-last-child" data-index="0" ><img loading="lazy" decoding="async" width="250" height="226" src="https://ikf.ac.at/wp-content/uploads/2023/05/shift_logo_bunt-300x271.png" class="image wp-image-4419  attachment-250x226 size-250x226" alt="" style="max-width: 100%; height: auto;" srcset="https://ikf.ac.at/wp-content/uploads/2023/05/shift_logo_bunt-300x271.png 300w, https://ikf.ac.at/wp-content/uploads/2023/05/shift_logo_bunt-13x12.png 13w, https://ikf.ac.at/wp-content/uploads/2023/05/shift_logo_bunt.png 753w" sizes="auto, (max-width: 250px) 100vw, 250px" /></div></div><div id="pgc-gb4412-69f2c76ed5531-0-2"  class="panel-grid-cell panel-grid-cell-mobile-last" ><div id="panel-gb4412-69f2c76ed5531-0-2-0" class="so-panel widget widget_text panel-first-child panel-last-child" data-index="1" >			<div class="textwidget"><p align="justify">#girlsCan ist ein feministisches Projekt, welches 2021 erstmalig in Wien, St. Pölten und Graz umgesetzt wurde. Kern des Projekts sind Empowerment, Solidarität und gegenseitige Unterstützung von Mädchen und jungen Frauen. Hintergrund des Projekts bilden die SDGs, konkret SDG 5: die globale Problematik von Gewalt gegen Mädchen und Frauen als Menschenrechtsverletzung. 2023 fand das Projekt #girlsCan, in enger Kooperation mit fünf Einrichtungen des Vereins Wiener Jugendzentren in Wien statt: JUST Wienerberg (10. Bezirk), Jugendtreff Arthaberbad (10. Bezirk), Back on Stage 10 + mädchen*zone (10. Bezirk), Back on Stage 5 (5. Bezirk) sowie Flash Mädchen*café (7. Bezirk). Mittels inhaltlicher wie praktisch-künstlerischer Graffiti-Workshops wurde gemeinsam mit diesen Jugendzentren in Wien zum Thema Gewalt gegen Mädchen und Frauen gearbeitet. Themen des inhaltlichen Workshops waren u.a. Gewalt, Selbstbestimmung sowie die Entwicklung von Handlungsstrategien gegen Gewalt. Auf Basis dieses Workshops wurden in einem weiteren Schritt gemeinsam Graffitis entworfen und im öffentlichen Raum gesprayt, begleitet von der Medienproduktionsfirma FrogQueenMedia, die einen Projektkurzfilm erstellt hat.</p>
<p align="justify">Aufbauend auf diese Projektphase wurde ein Zine (engl. magazine) für die Zielgruppe erstellt, welches das Projekt nachhaltig dokumentiert sowie wichtige Informationen und Ressourcen zum Thema Gewalt zur Verfügung stellt. Weiters umfasst es mehrere Beiträge von den Jugendlichen selbst (Texte, Collage&#8230;). Ziele des Projekts waren Wissenserwerb, Reflexion und Sensibilisierung für das Thema Gewalt und schließlich Empowerment der Teilnehmerinnen, wobei diese Selbstermächtigung auch über den Erwerb neuer Skills im künstlerischen Bereich erfolgte. Dabei wurde ein Schwerpunkt auf die digitale Kommunikation der Ergebnisse gelegt, um diese möglichst vielen Nutzerinnen zur Verfügung zu stellen. Zu diesem Zweck wurde das Projekt fortlaufend auf Social Media begleitet und während der <em>16 Tage gegen Gewalt an Frauen</em> (25. November bis 10. Dezember 2023) intensiviert durch eine kleine Social-Media-Kampagne bespielt. Im Rahmen der <em>16 Tage gegen Gewalt an Frauen</em> wurden die Projektergebnisse in einem Online-Pressegespräch vorgestellt. Auch in der zur Verfügung gestellten Pressemappe sowie dem vorgestellten Kurzfilm haben die Stimmen und Forderungen der Projektteilnehmerinnen nochmals Raum und Gehör bekommen. Berichtet über #girlsCan haben unter anderem der <em>ORF Report</em>, <em>Wien Heute</em> sowie <em>Ö1</em>.</p>
<p align="justify">
<p align="justify">Hier geht es zu den Projektergebnissen:</p>
<p>Instagram: <a href="http://www.instagram.com/grrrls_can/" target="_blank" rel="noopener">www.instagram.com/grrrls_can/</a></p>
<p>Kurzfilm: <a href="https://www.youtube.com/watch?v=OYiM3YGWz6s" target="_blank" rel="noopener">https://www.youtube.com/watch?v=OYiM3YGWz6s</a></p>
<p>Zine: <a href="https://tinyurl.com/y3tp6m66" target="_blank" rel="noopener">https://tinyurl.com/y3tp6m66</a></p>
<p align="justify">Presse (Auswahl):</p>
<ul>
<li><a href="https://oe1.orf.at/programm/20231214/742939/Das-Monatsmagazin" target="_blank" rel="noopener">https://oe1.orf.at/programm/20231214/742939/Das-Monatsmagazin</a></li>
<li><a href="https://soundcloud.com/radioradieschen/vienna-girlscan-graffiti-als-pravention-gegen-gewalt-an-madchen?utm_source=clipboard&amp;utm_medium=text&amp;utm_campaign=social_sharing" target="_blank" rel="noopener">https://soundcloud.com/radioradieschen/vienna-girlscan-graffiti-als-pravention-gegen-gewalt-an-madchen?utm_source=clipboard&amp;utm_medium=text&amp;utm_campaign=social_sharing</a></li>
</ul>
</div>
		</div></div><div id="pgc-gb4412-69f2c76ed5531-0-3"  class="panel-grid-cell panel-grid-cell-empty" ></div></div></div>


<div style="color:#333" class="wp-block-genesis-blocks-gb-spacer gb-block-spacer gb-divider-solid gb-spacer-divider gb-divider-size-1"><hr style="height:100px"/></div>
</div></div></div>
