{"id":3336,"date":"2021-07-22T12:30:03","date_gmt":"2021-07-22T12:30:03","guid":{"rendered":"http:\/\/test-ikf.online\/?page_id=3336"},"modified":"2021-10-27T10:36:07","modified_gmt":"2021-10-27T10:36:07","slug":"mauthausen-im-unterricht","status":"publish","type":"page","link":"https:\/\/ikf.ac.at\/en\/publikationen\/mauthausen-im-unterricht","title":{"rendered":"Mauthausen im Unterricht"},"content":{"rendered":"<div class=\"wp-block-atomic-blocks-ab-container alignfull ab-block-container\"><div class=\"ab-container-inside\"><div class=\"ab-container-content\"><div id=\"pl-gb3336-69f16f656bd17\"  class=\"panel-layout\" ><div id=\"pg-gb3336-69f16f656bd17-0\"  class=\"panel-grid panel-no-style\" ><div id=\"pgc-gb3336-69f16f656bd17-0-0\"  class=\"panel-grid-cell\" ><div id=\"panel-gb3336-69f16f656bd17-0-0-0\" class=\"so-panel widget widget_media_image panel-first-child panel-last-child\" data-index=\"0\" ><img loading=\"lazy\" decoding=\"async\" width=\"2554\" height=\"10\" src=\"https:\/\/ikf.ac.at\/wp-content\/uploads\/2021\/01\/linie_IKF.jpg\" class=\"image wp-image-754  attachment-full size-full\" alt=\"\" style=\"max-width: 100%; height: auto;\" srcset=\"https:\/\/ikf.ac.at\/wp-content\/uploads\/2021\/01\/linie_IKF.jpg 2554w, https:\/\/ikf.ac.at\/wp-content\/uploads\/2021\/01\/linie_IKF-300x1.jpg 300w, https:\/\/ikf.ac.at\/wp-content\/uploads\/2021\/01\/linie_IKF-1024x4.jpg 1024w, https:\/\/ikf.ac.at\/wp-content\/uploads\/2021\/01\/linie_IKF-768x3.jpg 768w, https:\/\/ikf.ac.at\/wp-content\/uploads\/2021\/01\/linie_IKF-1536x6.jpg 1536w, https:\/\/ikf.ac.at\/wp-content\/uploads\/2021\/01\/linie_IKF-2048x8.jpg 2048w\" sizes=\"auto, (max-width: 2554px) 100vw, 2554px\" \/><\/div><\/div><\/div><\/div>\n\n\n<div style=\"color:#ddd\" class=\"wp-block-genesis-blocks-gb-spacer gb-block-spacer gb-divider-solid gb-divider-size-1\"><hr style=\"height:30px\"\/><\/div>\n\n\n<div id=\"pl-gb3336-69f16f656c609\"  class=\"panel-layout\" ><div id=\"pg-gb3336-69f16f656c609-0\"  class=\"panel-grid panel-no-style\" ><div id=\"pgc-gb3336-69f16f656c609-0-0\"  class=\"panel-grid-cell panel-grid-cell-empty\" ><\/div><div id=\"pgc-gb3336-69f16f656c609-0-1\"  class=\"panel-grid-cell\" ><div id=\"panel-gb3336-69f16f656c609-0-1-0\" class=\"so-panel widget widget_media_image panel-first-child panel-last-child\" data-index=\"0\" ><img loading=\"lazy\" decoding=\"async\" width=\"866\" height=\"1154\" src=\"https:\/\/ikf.ac.at\/wp-content\/uploads\/2021\/07\/Cover_Mauthausen_im_Unterricht.jpg\" class=\"image wp-image-3224  attachment-full size-full\" alt=\"\" style=\"max-width: 100%; height: auto;\" srcset=\"https:\/\/ikf.ac.at\/wp-content\/uploads\/2021\/07\/Cover_Mauthausen_im_Unterricht.jpg 866w, https:\/\/ikf.ac.at\/wp-content\/uploads\/2021\/07\/Cover_Mauthausen_im_Unterricht-225x300.jpg 225w, https:\/\/ikf.ac.at\/wp-content\/uploads\/2021\/07\/Cover_Mauthausen_im_Unterricht-768x1023.jpg 768w\" sizes=\"auto, (max-width: 866px) 100vw, 866px\" \/><\/div><\/div><div id=\"pgc-gb3336-69f16f656c609-0-2\"  class=\"panel-grid-cell\" ><div id=\"panel-gb3336-69f16f656c609-0-2-0\" class=\"so-panel widget widget_sow-editor panel-first-child panel-last-child\" data-index=\"1\" ><div\n\t\t\t\n\t\t\tclass=\"so-widget-sow-editor so-widget-sow-editor-base\"\n\t\t\t\n\t\t>\n<div class=\"siteorigin-widget-tinymce textwidget\">\n\t<p align=\"justify\"><strong>Heribert Bastel, Brigitte Halbmayr (Hrsg.)<br \/>\n<\/strong><\/p>\n<p><strong><span style=\"font-size: x-large;\">Mauthausen im Unterricht<\/span><br \/>\nEin Gedenkst\u00e4ttenbuch und seine vielf\u00e4ltigen Herausforderungen<\/strong><\/p>\n<p align=\"justify\">Allj\u00e4hrlich besuchen an die 100.000 Sch\u00fclerinnen und Sch\u00fcler die Gedenkst\u00e4tte Mauthausen. Gro\u00dfe Erwartungen, insbesondere von Seiten der Lehrenden, begleiten diese Exkursion. Die Jugendlichen sollen sehen, &#8220;wie es wirklich war&#8221; und daraus viel f\u00fcr ihr eigenes Leben lernen, wie z.B. sensibel werden gegen Ausl\u00e4nderfeindlichkeit und Rechtsextremismus. Aber wie erleben Sch\u00fclerinnen und Sch\u00fcler Mauthausen tats\u00e4chlich, welche Eindr\u00fccke nehmen sie mit und wie verarbeiten sie diese? Was geschieht als Vor- und Nachbereitung in der Schule, wie werden Lehrerinnen und Lehrer in Aus- und Fortbildung selbst vorbereitet? Auf diese und viele weitere Fragen geben die P\u00e4dagogInnen und ForscherInnen, die in diesem Buch ihre Studienergebnisse pr\u00e4sentieren, differenzierte Antworten.<\/p>\n<p>zur <a href=\"https:\/\/www.lit-verlag.de\/isbn\/978-3-643-50437-1\" target=\"_blank\" rel=\"noopener\">Bestellung<\/a> (LIT Verlag)<\/p>\n<p>aus der <a href=\"https:\/\/www.lit-verlag.de\/publikationen\/reihen\/schriften-der-kirchlichen-paedagogischen-hochschule-wienkrems\/?p=1\">Reihe<\/a>:\u00a0<em>Schriften der Kirchlichen P\u00e4dagogischen Hochschule Wien\/Krems, Bd. 7, 2014<\/em><\/p>\n<\/div>\n<\/div><\/div><\/div><\/div><div id=\"pg-gb3336-69f16f656c609-1\"  class=\"panel-grid panel-no-style\" ><div id=\"pgc-gb3336-69f16f656c609-1-0\"  class=\"panel-grid-cell panel-grid-cell-empty\" ><\/div><div id=\"pgc-gb3336-69f16f656c609-1-1\"  class=\"panel-grid-cell\" ><div id=\"panel-gb3336-69f16f656c609-1-1-0\" class=\"so-panel widget widget_text panel-first-child panel-last-child\" data-index=\"2\" >\t\t\t<div class=\"textwidget\"><p>&nbsp;<\/p>\n<p>&nbsp;<\/p>\n<\/div>\n\t\t<\/div><\/div><\/div><\/div>\n\n\n<div style=\"color:#333\" class=\"wp-block-genesis-blocks-gb-spacer gb-block-spacer gb-divider-solid gb-spacer-divider gb-divider-size-1\"><hr style=\"height:100px\"\/><\/div>\n<\/div><\/div><\/div>","protected":false},"excerpt":{"rendered":"","protected":false},"author":2,"featured_media":0,"parent":2874,"menu_order":0,"comment_status":"closed","ping_status":"closed","template":"","meta":{"footnotes":""},"class_list":["post-3336","page","type-page","status-publish","hentry","post"],"featured_image_src":null,"featured_image_src_square":null,"_links":{"self":[{"href":"https:\/\/ikf.ac.at\/en\/wp-json\/wp\/v2\/pages\/3336","targetHints":{"allow":["GET"]}}],"collection":[{"href":"https:\/\/ikf.ac.at\/en\/wp-json\/wp\/v2\/pages"}],"about":[{"href":"https:\/\/ikf.ac.at\/en\/wp-json\/wp\/v2\/types\/page"}],"author":[{"embeddable":true,"href":"https:\/\/ikf.ac.at\/en\/wp-json\/wp\/v2\/users\/2"}],"replies":[{"embeddable":true,"href":"https:\/\/ikf.ac.at\/en\/wp-json\/wp\/v2\/comments?post=3336"}],"version-history":[{"count":6,"href":"https:\/\/ikf.ac.at\/en\/wp-json\/wp\/v2\/pages\/3336\/revisions"}],"predecessor-version":[{"id":3511,"href":"https:\/\/ikf.ac.at\/en\/wp-json\/wp\/v2\/pages\/3336\/revisions\/3511"}],"up":[{"embeddable":true,"href":"https:\/\/ikf.ac.at\/en\/wp-json\/wp\/v2\/pages\/2874"}],"wp:attachment":[{"href":"https:\/\/ikf.ac.at\/en\/wp-json\/wp\/v2\/media?parent=3336"}],"curies":[{"name":"wp","href":"https:\/\/api.w.org\/{rel}","templated":true}]}}

<div class="wp-block-atomic-blocks-ab-container alignfull ab-block-container"><div class="ab-container-inside"><div class="ab-container-content"><div id="pl-gb3336-69f16f656bd17"  class="panel-layout" ><div id="pg-gb3336-69f16f656bd17-0"  class="panel-grid panel-no-style" ><div id="pgc-gb3336-69f16f656bd17-0-0"  class="panel-grid-cell" ><div id="panel-gb3336-69f16f656bd17-0-0-0" class="so-panel widget widget_media_image panel-first-child panel-last-child" data-index="0" ><img loading="lazy" decoding="async" width="2554" height="10" src="https://ikf.ac.at/wp-content/uploads/2021/01/linie_IKF.jpg" class="image wp-image-754  attachment-full size-full" alt="" style="max-width: 100%; height: auto;" srcset="https://ikf.ac.at/wp-content/uploads/2021/01/linie_IKF.jpg 2554w, https://ikf.ac.at/wp-content/uploads/2021/01/linie_IKF-300x1.jpg 300w, https://ikf.ac.at/wp-content/uploads/2021/01/linie_IKF-1024x4.jpg 1024w, https://ikf.ac.at/wp-content/uploads/2021/01/linie_IKF-768x3.jpg 768w, https://ikf.ac.at/wp-content/uploads/2021/01/linie_IKF-1536x6.jpg 1536w, https://ikf.ac.at/wp-content/uploads/2021/01/linie_IKF-2048x8.jpg 2048w" sizes="auto, (max-width: 2554px) 100vw, 2554px" /></div></div></div></div>


<div style="color:#ddd" class="wp-block-genesis-blocks-gb-spacer gb-block-spacer gb-divider-solid gb-divider-size-1"><hr style="height:30px"/></div>


<div id="pl-gb3336-69f16f656c609"  class="panel-layout" ><div id="pg-gb3336-69f16f656c609-0"  class="panel-grid panel-no-style" ><div id="pgc-gb3336-69f16f656c609-0-0"  class="panel-grid-cell panel-grid-cell-empty" ></div><div id="pgc-gb3336-69f16f656c609-0-1"  class="panel-grid-cell" ><div id="panel-gb3336-69f16f656c609-0-1-0" class="so-panel widget widget_media_image panel-first-child panel-last-child" data-index="0" ><img loading="lazy" decoding="async" width="866" height="1154" src="https://ikf.ac.at/wp-content/uploads/2021/07/Cover_Mauthausen_im_Unterricht.jpg" class="image wp-image-3224  attachment-full size-full" alt="" style="max-width: 100%; height: auto;" srcset="https://ikf.ac.at/wp-content/uploads/2021/07/Cover_Mauthausen_im_Unterricht.jpg 866w, https://ikf.ac.at/wp-content/uploads/2021/07/Cover_Mauthausen_im_Unterricht-225x300.jpg 225w, https://ikf.ac.at/wp-content/uploads/2021/07/Cover_Mauthausen_im_Unterricht-768x1023.jpg 768w" sizes="auto, (max-width: 866px) 100vw, 866px" /></div></div><div id="pgc-gb3336-69f16f656c609-0-2"  class="panel-grid-cell" ><div id="panel-gb3336-69f16f656c609-0-2-0" class="so-panel widget widget_sow-editor panel-first-child panel-last-child" data-index="1" ><div
			
			class="so-widget-sow-editor so-widget-sow-editor-base"
			
		>
<div class="siteorigin-widget-tinymce textwidget">
	<p align="justify"><strong>Heribert Bastel, Brigitte Halbmayr (Hrsg.)<br />
</strong></p>
<p><strong><span style="font-size: x-large;">Mauthausen im Unterricht</span><br />
Ein Gedenkstättenbuch und seine vielfältigen Herausforderungen</strong></p>
<p align="justify">Alljährlich besuchen an die 100.000 Schülerinnen und Schüler die Gedenkstätte Mauthausen. Große Erwartungen, insbesondere von Seiten der Lehrenden, begleiten diese Exkursion. Die Jugendlichen sollen sehen, &#8220;wie es wirklich war&#8221; und daraus viel für ihr eigenes Leben lernen, wie z.B. sensibel werden gegen Ausländerfeindlichkeit und Rechtsextremismus. Aber wie erleben Schülerinnen und Schüler Mauthausen tatsächlich, welche Eindrücke nehmen sie mit und wie verarbeiten sie diese? Was geschieht als Vor- und Nachbereitung in der Schule, wie werden Lehrerinnen und Lehrer in Aus- und Fortbildung selbst vorbereitet? Auf diese und viele weitere Fragen geben die PädagogInnen und ForscherInnen, die in diesem Buch ihre Studienergebnisse präsentieren, differenzierte Antworten.</p>
<p>zur <a href="https://www.lit-verlag.de/isbn/978-3-643-50437-1" target="_blank" rel="noopener">Bestellung</a> (LIT Verlag)</p>
<p>aus der <a href="https://www.lit-verlag.de/publikationen/reihen/schriften-der-kirchlichen-paedagogischen-hochschule-wienkrems/?p=1">Reihe</a>: <em>Schriften der Kirchlichen Pädagogischen Hochschule Wien/Krems, Bd. 7, 2014</em></p>
</div>
</div></div></div></div><div id="pg-gb3336-69f16f656c609-1"  class="panel-grid panel-no-style" ><div id="pgc-gb3336-69f16f656c609-1-0"  class="panel-grid-cell panel-grid-cell-empty" ></div><div id="pgc-gb3336-69f16f656c609-1-1"  class="panel-grid-cell" ><div id="panel-gb3336-69f16f656c609-1-1-0" class="so-panel widget widget_text panel-first-child panel-last-child" data-index="2" >			<div class="textwidget"><p>&nbsp;</p>
<p>&nbsp;</p>
</div>
		</div></div></div></div>


<div style="color:#333" class="wp-block-genesis-blocks-gb-spacer gb-block-spacer gb-divider-solid gb-spacer-divider gb-divider-size-1"><hr style="height:100px"/></div>
</div></div></div>
