{"id":3283,"date":"2021-07-22T10:55:08","date_gmt":"2021-07-22T10:55:08","guid":{"rendered":"http:\/\/test-ikf.online\/?page_id=3283"},"modified":"2021-07-22T10:55:36","modified_gmt":"2021-07-22T10:55:36","slug":"vom-leben-und-ueberleben-wege-nach-ravensbrueck","status":"publish","type":"page","link":"https:\/\/ikf.ac.at\/en\/publikationen\/vom-leben-und-ueberleben-wege-nach-ravensbrueck","title":{"rendered":"Vom Leben und \u00dcberleben &#8211; Wege nach Ravensbr\u00fcck"},"content":{"rendered":"<div class=\"wp-block-atomic-blocks-ab-container alignfull ab-block-container\"><div class=\"ab-container-inside\"><div class=\"ab-container-content\"><div id=\"pl-gb3283-69f38aed41547\"  class=\"panel-layout\" ><div id=\"pg-gb3283-69f38aed41547-0\"  class=\"panel-grid panel-no-style\" ><div id=\"pgc-gb3283-69f38aed41547-0-0\"  class=\"panel-grid-cell\" ><div id=\"panel-gb3283-69f38aed41547-0-0-0\" class=\"so-panel widget widget_media_image panel-first-child panel-last-child\" data-index=\"0\" ><img loading=\"lazy\" decoding=\"async\" width=\"2554\" height=\"10\" src=\"https:\/\/ikf.ac.at\/wp-content\/uploads\/2021\/01\/linie_IKF.jpg\" class=\"image wp-image-754  attachment-full size-full\" alt=\"\" style=\"max-width: 100%; height: auto;\" srcset=\"https:\/\/ikf.ac.at\/wp-content\/uploads\/2021\/01\/linie_IKF.jpg 2554w, https:\/\/ikf.ac.at\/wp-content\/uploads\/2021\/01\/linie_IKF-300x1.jpg 300w, https:\/\/ikf.ac.at\/wp-content\/uploads\/2021\/01\/linie_IKF-1024x4.jpg 1024w, https:\/\/ikf.ac.at\/wp-content\/uploads\/2021\/01\/linie_IKF-768x3.jpg 768w, https:\/\/ikf.ac.at\/wp-content\/uploads\/2021\/01\/linie_IKF-1536x6.jpg 1536w, https:\/\/ikf.ac.at\/wp-content\/uploads\/2021\/01\/linie_IKF-2048x8.jpg 2048w\" sizes=\"auto, (max-width: 2554px) 100vw, 2554px\" \/><\/div><\/div><\/div><\/div>\n\n\n<div style=\"color:#ddd\" class=\"wp-block-genesis-blocks-gb-spacer gb-block-spacer gb-divider-solid gb-divider-size-1\"><hr style=\"height:30px\"\/><\/div>\n\n\n<div id=\"pl-gb3283-69f38aed41ddb\"  class=\"panel-layout\" ><div id=\"pg-gb3283-69f38aed41ddb-0\"  class=\"panel-grid panel-no-style\" ><div id=\"pgc-gb3283-69f38aed41ddb-0-0\"  class=\"panel-grid-cell panel-grid-cell-empty\" ><\/div><div id=\"pgc-gb3283-69f38aed41ddb-0-1\"  class=\"panel-grid-cell\" ><div id=\"panel-gb3283-69f38aed41ddb-0-1-0\" class=\"so-panel widget widget_text panel-first-child panel-last-child\" data-index=\"0\" >\t\t\t<div class=\"textwidget\"><p align=\"justify\"><strong>Helga Amesberger, Brigitte Halbmayr<\/strong><\/p>\n<p><strong><span style=\"font-size: x-large;\">VOM LEBEN UND \u00dcBERLEBEN &#8211; WEGE NACH RAVENSBR\u00dcCK<\/span><br \/>\n<span style=\"font-size: large;\">Das Frauenkonzentrationslager in der Erinnerung<\/span><\/strong><\/p>\n<p align=\"justify\">Das &#8220;Frauenkonzentrationslager Ravensbr\u00fcck&#8221; war eine der schrecklichen St\u00e4tten des Grauens w\u00e4hrend der nationalsozialistischen Herrschaft. 80 km n\u00f6rdlich von Berlin gelegen, wurden dorthin 130.000 Frauen aus zahlreichen L\u00e4ndern Europas deportiert, in seinen Mauern gequ\u00e4lt, gedem\u00fctigt ausgebeutet und viele von ihnen ermordet. Die vorliegenden zwei B\u00e4nde behandeln das Schicksal der gefangenen \u00d6sterreicherinnen.<\/p>\n<\/div>\n\t\t<\/div><\/div><\/div><div id=\"pg-gb3283-69f38aed41ddb-1\"  class=\"panel-grid panel-no-style\" ><div id=\"pgc-gb3283-69f38aed41ddb-1-0\"  class=\"panel-grid-cell panel-grid-cell-empty\" ><\/div><div id=\"pgc-gb3283-69f38aed41ddb-1-1\"  class=\"panel-grid-cell\" ><div id=\"panel-gb3283-69f38aed41ddb-1-1-0\" class=\"so-panel widget widget_media_image panel-first-child\" data-index=\"1\" ><img loading=\"lazy\" decoding=\"async\" width=\"200\" height=\"284\" src=\"https:\/\/ikf.ac.at\/wp-content\/uploads\/2021\/07\/Cover_Leben_Ueberleben_1.jpg\" class=\"image wp-image-3229  attachment-full size-full\" alt=\"\" style=\"max-width: 100%; height: auto;\" \/><\/div><div id=\"panel-gb3283-69f38aed41ddb-1-1-1\" class=\"so-panel widget widget_media_image panel-last-child\" data-index=\"2\" ><img loading=\"lazy\" decoding=\"async\" width=\"200\" height=\"284\" src=\"https:\/\/ikf.ac.at\/wp-content\/uploads\/2021\/07\/Cover_Leben_Ueberleben_2.jpg\" class=\"image wp-image-3230  attachment-full size-full\" alt=\"\" style=\"max-width: 100%; height: auto;\" \/><\/div><\/div><div id=\"pgc-gb3283-69f38aed41ddb-1-2\"  class=\"panel-grid-cell\" ><div id=\"panel-gb3283-69f38aed41ddb-1-2-0\" class=\"so-panel widget widget_sow-editor panel-first-child\" data-index=\"3\" ><div\n\t\t\t\n\t\t\tclass=\"so-widget-sow-editor so-widget-sow-editor-base\"\n\t\t\t\n\t\t>\n<div class=\"siteorigin-widget-tinymce textwidget\">\n\t<p align=\"justify\">\n<p>Band 1:\u00a0<b>Dokumentation und Analyse<\/b><br \/>\nISBN 978-3-85371-175-0, 264 Seiten<br \/>\nPromedia 2001<\/p>\n<p align=\"justify\">Im Mittelpunkt des ersten Bandes steht eine vergleichende Analyse der Unterschiede in der Sozialisation, in der Verfolgungsgeschichte und in den pers\u00f6nlichen &#8220;Verarbeitungsstrategien&#8221; \u2013 jeweils eingebettet in den historischen gesellschaftspolitischen und sozio\u00f6konomischen Kontext.<\/p>\n<\/div>\n<\/div><\/div><div id=\"panel-gb3283-69f38aed41ddb-1-2-1\" class=\"so-panel widget widget_sow-editor panel-last-child\" data-index=\"4\" ><div\n\t\t\t\n\t\t\tclass=\"so-widget-sow-editor so-widget-sow-editor-base\"\n\t\t\t\n\t\t>\n<div class=\"siteorigin-widget-tinymce textwidget\">\n\t<p>&nbsp;<\/p>\n<p>&nbsp;<\/p>\n<p>Band 2:\u00a0<b>Lebensgeschichten<\/b><br \/>\nISBN 978-3-85371-176-7, 272 Seiten<br \/>\nPromedia 2001<\/p>\n<p align=\"justify\">F\u00fcr die \u00dcberlebenden, die einen Teil ihrer Jugend im Konzentrationslager verbringen mu\u00dften, ist &#8220;Ravensbr\u00fcck&#8221; auch nach einem halben Jahrhundert der Befreiung noch erschreckend gegenw\u00e4rtig. Die Erinnerungen daran lassen sich nicht ausl\u00f6schen. Im vorliegenden zweiten Band erz\u00e4hlen 42 Antifaschistinnen ihr Leben. Der nationalsozialistische Terror spielt darin eine zentrale Rolle, dennoch haben die Frauen auch eine Geschichte davor und danach, deren pers\u00f6nliche und gesellschaftliche Aufarbeitung dazu beitr\u00e4gt, die Verfolgungserfahrungen und den gelebten Widerstand vor dem Vergessen zu bewahren.<\/p>\n<\/div>\n<\/div><\/div><\/div><\/div><\/div>\n\n\n<div style=\"color:#333\" class=\"wp-block-genesis-blocks-gb-spacer gb-block-spacer gb-divider-solid gb-spacer-divider gb-divider-size-1\"><hr style=\"height:100px\"\/><\/div>\n\n\n\n<p><\/p>\n<\/div><\/div><\/div>","protected":false},"excerpt":{"rendered":"","protected":false},"author":2,"featured_media":0,"parent":2874,"menu_order":0,"comment_status":"closed","ping_status":"closed","template":"","meta":{"footnotes":""},"class_list":["post-3283","page","type-page","status-publish","hentry","post"],"featured_image_src":null,"featured_image_src_square":null,"_links":{"self":[{"href":"https:\/\/ikf.ac.at\/en\/wp-json\/wp\/v2\/pages\/3283","targetHints":{"allow":["GET"]}}],"collection":[{"href":"https:\/\/ikf.ac.at\/en\/wp-json\/wp\/v2\/pages"}],"about":[{"href":"https:\/\/ikf.ac.at\/en\/wp-json\/wp\/v2\/types\/page"}],"author":[{"embeddable":true,"href":"https:\/\/ikf.ac.at\/en\/wp-json\/wp\/v2\/users\/2"}],"replies":[{"embeddable":true,"href":"https:\/\/ikf.ac.at\/en\/wp-json\/wp\/v2\/comments?post=3283"}],"version-history":[{"count":20,"href":"https:\/\/ikf.ac.at\/en\/wp-json\/wp\/v2\/pages\/3283\/revisions"}],"predecessor-version":[{"id":3303,"href":"https:\/\/ikf.ac.at\/en\/wp-json\/wp\/v2\/pages\/3283\/revisions\/3303"}],"up":[{"embeddable":true,"href":"https:\/\/ikf.ac.at\/en\/wp-json\/wp\/v2\/pages\/2874"}],"wp:attachment":[{"href":"https:\/\/ikf.ac.at\/en\/wp-json\/wp\/v2\/media?parent=3283"}],"curies":[{"name":"wp","href":"https:\/\/api.w.org\/{rel}","templated":true}]}}

Vom Leben und Überleben &#8211; Wege nach Ravensbrück

<div class="wp-block-atomic-blocks-ab-container alignfull ab-block-container"><div class="ab-container-inside"><div class="ab-container-content"><div id="pl-gb3283-69f38aed41547"  class="panel-layout" ><div id="pg-gb3283-69f38aed41547-0"  class="panel-grid panel-no-style" ><div id="pgc-gb3283-69f38aed41547-0-0"  class="panel-grid-cell" ><div id="panel-gb3283-69f38aed41547-0-0-0" class="so-panel widget widget_media_image panel-first-child panel-last-child" data-index="0" ><img loading="lazy" decoding="async" width="2554" height="10" src="https://ikf.ac.at/wp-content/uploads/2021/01/linie_IKF.jpg" class="image wp-image-754  attachment-full size-full" alt="" style="max-width: 100%; height: auto;" srcset="https://ikf.ac.at/wp-content/uploads/2021/01/linie_IKF.jpg 2554w, https://ikf.ac.at/wp-content/uploads/2021/01/linie_IKF-300x1.jpg 300w, https://ikf.ac.at/wp-content/uploads/2021/01/linie_IKF-1024x4.jpg 1024w, https://ikf.ac.at/wp-content/uploads/2021/01/linie_IKF-768x3.jpg 768w, https://ikf.ac.at/wp-content/uploads/2021/01/linie_IKF-1536x6.jpg 1536w, https://ikf.ac.at/wp-content/uploads/2021/01/linie_IKF-2048x8.jpg 2048w" sizes="auto, (max-width: 2554px) 100vw, 2554px" /></div></div></div></div>


<div style="color:#ddd" class="wp-block-genesis-blocks-gb-spacer gb-block-spacer gb-divider-solid gb-divider-size-1"><hr style="height:30px"/></div>


<div id="pl-gb3283-69f38aed41ddb"  class="panel-layout" ><div id="pg-gb3283-69f38aed41ddb-0"  class="panel-grid panel-no-style" ><div id="pgc-gb3283-69f38aed41ddb-0-0"  class="panel-grid-cell panel-grid-cell-empty" ></div><div id="pgc-gb3283-69f38aed41ddb-0-1"  class="panel-grid-cell" ><div id="panel-gb3283-69f38aed41ddb-0-1-0" class="so-panel widget widget_text panel-first-child panel-last-child" data-index="0" >			<div class="textwidget"><p align="justify"><strong>Helga Amesberger, Brigitte Halbmayr</strong></p>
<p><strong><span style="font-size: x-large;">VOM LEBEN UND ÜBERLEBEN &#8211; WEGE NACH RAVENSBRÜCK</span><br />
<span style="font-size: large;">Das Frauenkonzentrationslager in der Erinnerung</span></strong></p>
<p align="justify">Das &#8220;Frauenkonzentrationslager Ravensbrück&#8221; war eine der schrecklichen Stätten des Grauens während der nationalsozialistischen Herrschaft. 80 km nördlich von Berlin gelegen, wurden dorthin 130.000 Frauen aus zahlreichen Ländern Europas deportiert, in seinen Mauern gequält, gedemütigt ausgebeutet und viele von ihnen ermordet. Die vorliegenden zwei Bände behandeln das Schicksal der gefangenen Österreicherinnen.</p>
</div>
		</div></div></div><div id="pg-gb3283-69f38aed41ddb-1"  class="panel-grid panel-no-style" ><div id="pgc-gb3283-69f38aed41ddb-1-0"  class="panel-grid-cell panel-grid-cell-empty" ></div><div id="pgc-gb3283-69f38aed41ddb-1-1"  class="panel-grid-cell" ><div id="panel-gb3283-69f38aed41ddb-1-1-0" class="so-panel widget widget_media_image panel-first-child" data-index="1" ><img loading="lazy" decoding="async" width="200" height="284" src="https://ikf.ac.at/wp-content/uploads/2021/07/Cover_Leben_Ueberleben_1.jpg" class="image wp-image-3229  attachment-full size-full" alt="" style="max-width: 100%; height: auto;" /></div><div id="panel-gb3283-69f38aed41ddb-1-1-1" class="so-panel widget widget_media_image panel-last-child" data-index="2" ><img loading="lazy" decoding="async" width="200" height="284" src="https://ikf.ac.at/wp-content/uploads/2021/07/Cover_Leben_Ueberleben_2.jpg" class="image wp-image-3230  attachment-full size-full" alt="" style="max-width: 100%; height: auto;" /></div></div><div id="pgc-gb3283-69f38aed41ddb-1-2"  class="panel-grid-cell" ><div id="panel-gb3283-69f38aed41ddb-1-2-0" class="so-panel widget widget_sow-editor panel-first-child" data-index="3" ><div
			
			class="so-widget-sow-editor so-widget-sow-editor-base"
			
		>
<div class="siteorigin-widget-tinymce textwidget">
	<p align="justify">
<p>Band 1: <b>Dokumentation und Analyse</b><br />
ISBN 978-3-85371-175-0, 264 Seiten<br />
Promedia 2001</p>
<p align="justify">Im Mittelpunkt des ersten Bandes steht eine vergleichende Analyse der Unterschiede in der Sozialisation, in der Verfolgungsgeschichte und in den persönlichen &#8220;Verarbeitungsstrategien&#8221; – jeweils eingebettet in den historischen gesellschaftspolitischen und sozioökonomischen Kontext.</p>
</div>
</div></div><div id="panel-gb3283-69f38aed41ddb-1-2-1" class="so-panel widget widget_sow-editor panel-last-child" data-index="4" ><div
			
			class="so-widget-sow-editor so-widget-sow-editor-base"
			
		>
<div class="siteorigin-widget-tinymce textwidget">
	<p>&nbsp;</p>
<p>&nbsp;</p>
<p>Band 2: <b>Lebensgeschichten</b><br />
ISBN 978-3-85371-176-7, 272 Seiten<br />
Promedia 2001</p>
<p align="justify">Für die Überlebenden, die einen Teil ihrer Jugend im Konzentrationslager verbringen mußten, ist &#8220;Ravensbrück&#8221; auch nach einem halben Jahrhundert der Befreiung noch erschreckend gegenwärtig. Die Erinnerungen daran lassen sich nicht auslöschen. Im vorliegenden zweiten Band erzählen 42 Antifaschistinnen ihr Leben. Der nationalsozialistische Terror spielt darin eine zentrale Rolle, dennoch haben die Frauen auch eine Geschichte davor und danach, deren persönliche und gesellschaftliche Aufarbeitung dazu beiträgt, die Verfolgungserfahrungen und den gelebten Widerstand vor dem Vergessen zu bewahren.</p>
</div>
</div></div></div></div></div>


<div style="color:#333" class="wp-block-genesis-blocks-gb-spacer gb-block-spacer gb-divider-solid gb-spacer-divider gb-divider-size-1"><hr style="height:100px"/></div>



<p></p>
</div></div></div>
