{"id":3272,"date":"2021-07-22T10:33:08","date_gmt":"2021-07-22T10:33:08","guid":{"rendered":"http:\/\/test-ikf.online\/?page_id=3272"},"modified":"2021-10-27T10:32:06","modified_gmt":"2021-10-27T10:32:06","slug":"rechtsextreme-parteien-eine-moegliche-heimat-fuer-frauen","status":"publish","type":"page","link":"https:\/\/ikf.ac.at\/en\/publikationen\/rechtsextreme-parteien-eine-moegliche-heimat-fuer-frauen","title":{"rendered":"Rechtsextreme Parteien \u2013 eine m\u00f6gliche Heimat f\u00fcr Frauen?"},"content":{"rendered":"<div class=\"wp-block-atomic-blocks-ab-container alignfull ab-block-container\"><div class=\"ab-container-inside\"><div class=\"ab-container-content\"><div id=\"pl-gb3272-69f5ad4a024b3\"  class=\"panel-layout\" ><div id=\"pg-gb3272-69f5ad4a024b3-0\"  class=\"panel-grid panel-no-style\" ><div id=\"pgc-gb3272-69f5ad4a024b3-0-0\"  class=\"panel-grid-cell\" ><div id=\"panel-gb3272-69f5ad4a024b3-0-0-0\" class=\"so-panel widget widget_media_image panel-first-child panel-last-child\" data-index=\"0\" ><img loading=\"lazy\" decoding=\"async\" width=\"2554\" height=\"10\" src=\"https:\/\/ikf.ac.at\/wp-content\/uploads\/2021\/01\/linie_IKF.jpg\" class=\"image wp-image-754  attachment-full size-full\" alt=\"\" style=\"max-width: 100%; height: auto;\" srcset=\"https:\/\/ikf.ac.at\/wp-content\/uploads\/2021\/01\/linie_IKF.jpg 2554w, https:\/\/ikf.ac.at\/wp-content\/uploads\/2021\/01\/linie_IKF-300x1.jpg 300w, https:\/\/ikf.ac.at\/wp-content\/uploads\/2021\/01\/linie_IKF-1024x4.jpg 1024w, https:\/\/ikf.ac.at\/wp-content\/uploads\/2021\/01\/linie_IKF-768x3.jpg 768w, https:\/\/ikf.ac.at\/wp-content\/uploads\/2021\/01\/linie_IKF-1536x6.jpg 1536w, https:\/\/ikf.ac.at\/wp-content\/uploads\/2021\/01\/linie_IKF-2048x8.jpg 2048w\" sizes=\"auto, (max-width: 2554px) 100vw, 2554px\" \/><\/div><\/div><\/div><\/div>\n\n\n<div style=\"color:#ddd\" class=\"wp-block-genesis-blocks-gb-spacer gb-block-spacer gb-divider-solid gb-divider-size-1\"><hr style=\"height:30px\"\/><\/div>\n\n\n<div id=\"pl-gb3272-69f5ad4a02c0e\"  class=\"panel-layout\" ><div id=\"pg-gb3272-69f5ad4a02c0e-0\"  class=\"panel-grid panel-no-style\" ><div id=\"pgc-gb3272-69f5ad4a02c0e-0-0\"  class=\"panel-grid-cell panel-grid-cell-empty\" ><\/div><div id=\"pgc-gb3272-69f5ad4a02c0e-0-1\"  class=\"panel-grid-cell\" ><div id=\"panel-gb3272-69f5ad4a02c0e-0-1-0\" class=\"so-panel widget widget_media_image panel-first-child panel-last-child\" data-index=\"0\" ><img loading=\"lazy\" decoding=\"async\" width=\"208\" height=\"300\" src=\"https:\/\/ikf.ac.at\/wp-content\/uploads\/2021\/07\/Cover_Rechtsextreme_Parteien_Frauen.jpg\" class=\"image wp-image-3228  attachment-full size-full\" alt=\"\" style=\"max-width: 100%; height: auto;\" \/><\/div><\/div><div id=\"pgc-gb3272-69f5ad4a02c0e-0-2\"  class=\"panel-grid-cell\" ><div id=\"panel-gb3272-69f5ad4a02c0e-0-2-0\" class=\"so-panel widget widget_sow-editor panel-first-child panel-last-child\" data-index=\"1\" ><div\n\t\t\t\n\t\t\tclass=\"so-widget-sow-editor so-widget-sow-editor-base\"\n\t\t\t\n\t\t>\n<div class=\"siteorigin-widget-tinymce textwidget\">\n\t<p align=\"justify\"><strong>Helga Amesberger, Brigitte Halbmayr (Hrsg.)<br \/>\n<\/strong><\/p>\n<p><strong><span style=\"font-size: x-large;\">Rechtsextreme Parteien \u2013 eine m\u00f6gliche Heimat f\u00fcr Frauen?<\/span><\/strong><\/p>\n<p align=\"justify\">Dieses Buch vergleicht f\u00fcnf europ\u00e4ische rechtsextreme Parteien im Hinblick auf ihre Attraktivit\u00e4t f\u00fcr Frauen. Dass Frauen nach wie vor signifikant weniger als M\u00e4nner, jedoch mit steigender Tendenz rechtsextreme Parteien w\u00e4hlen und auch in diesen aktiv sind, l\u00e4sst die Autorinnen der Frage nachgehen, welche &#8220;Angebote&#8221; diese Parteien Frauen machen und was Frauen diese w\u00e4hlen l\u00e4sst bzw. sie zum Engagement in solchen Parteien bewegt. Die Studie ist international angelegt und stellt hinsichtlich ihrer Frauen- und Familienpolitik einen Vergleich rechtsextremer Parteien an: des Front National in Frankreich, der Alleanza Nazionale in Italien, der Slowakischen Nationalpartei, der &#8220;Republikaner der Tschechoslowakei&#8221; und der Freiheitlichen Partei \u00d6sterreichs.<\/p>\n<p align=\"justify\">Um die Attraktivit\u00e4t rechtsextremer Parteien f\u00fcr Frauen zu erhellen, wurden zum einen Parteiprogramme und Publikationen sowie die Bedeutung von Frauen innerhalb der Parteien (Frauenorganisationen, Anzahl von Frauen in Parteigremien etc.) analysiert. Zum anderen wurde f\u00fcr \u00d6sterreich diese &#8220;Au\u00dfensicht&#8221; mit der Befragung von FP\u00d6-Funktion\u00e4rinnen erg\u00e4nzt.<\/p>\n<p>Leske + Budrich 2002, ISBN 3-8100-3366-9<\/p>\n<\/div>\n<\/div><\/div><\/div><\/div><\/div>\n\n\n<div style=\"color:#333\" class=\"wp-block-genesis-blocks-gb-spacer gb-block-spacer gb-divider-solid gb-spacer-divider gb-divider-size-1\"><hr style=\"height:100px\"\/><\/div>\n<\/div><\/div><\/div>","protected":false},"excerpt":{"rendered":"","protected":false},"author":2,"featured_media":0,"parent":2874,"menu_order":0,"comment_status":"closed","ping_status":"closed","template":"","meta":{"footnotes":""},"class_list":["post-3272","page","type-page","status-publish","hentry","post"],"featured_image_src":null,"featured_image_src_square":null,"_links":{"self":[{"href":"https:\/\/ikf.ac.at\/en\/wp-json\/wp\/v2\/pages\/3272","targetHints":{"allow":["GET"]}}],"collection":[{"href":"https:\/\/ikf.ac.at\/en\/wp-json\/wp\/v2\/pages"}],"about":[{"href":"https:\/\/ikf.ac.at\/en\/wp-json\/wp\/v2\/types\/page"}],"author":[{"embeddable":true,"href":"https:\/\/ikf.ac.at\/en\/wp-json\/wp\/v2\/users\/2"}],"replies":[{"embeddable":true,"href":"https:\/\/ikf.ac.at\/en\/wp-json\/wp\/v2\/comments?post=3272"}],"version-history":[{"count":11,"href":"https:\/\/ikf.ac.at\/en\/wp-json\/wp\/v2\/pages\/3272\/revisions"}],"predecessor-version":[{"id":3507,"href":"https:\/\/ikf.ac.at\/en\/wp-json\/wp\/v2\/pages\/3272\/revisions\/3507"}],"up":[{"embeddable":true,"href":"https:\/\/ikf.ac.at\/en\/wp-json\/wp\/v2\/pages\/2874"}],"wp:attachment":[{"href":"https:\/\/ikf.ac.at\/en\/wp-json\/wp\/v2\/media?parent=3272"}],"curies":[{"name":"wp","href":"https:\/\/api.w.org\/{rel}","templated":true}]}}

Rechtsextreme Parteien – eine mögliche Heimat für Frauen?

<div class="wp-block-atomic-blocks-ab-container alignfull ab-block-container"><div class="ab-container-inside"><div class="ab-container-content"><div id="pl-gb3272-69f5ad4a024b3"  class="panel-layout" ><div id="pg-gb3272-69f5ad4a024b3-0"  class="panel-grid panel-no-style" ><div id="pgc-gb3272-69f5ad4a024b3-0-0"  class="panel-grid-cell" ><div id="panel-gb3272-69f5ad4a024b3-0-0-0" class="so-panel widget widget_media_image panel-first-child panel-last-child" data-index="0" ><img loading="lazy" decoding="async" width="2554" height="10" src="https://ikf.ac.at/wp-content/uploads/2021/01/linie_IKF.jpg" class="image wp-image-754  attachment-full size-full" alt="" style="max-width: 100%; height: auto;" srcset="https://ikf.ac.at/wp-content/uploads/2021/01/linie_IKF.jpg 2554w, https://ikf.ac.at/wp-content/uploads/2021/01/linie_IKF-300x1.jpg 300w, https://ikf.ac.at/wp-content/uploads/2021/01/linie_IKF-1024x4.jpg 1024w, https://ikf.ac.at/wp-content/uploads/2021/01/linie_IKF-768x3.jpg 768w, https://ikf.ac.at/wp-content/uploads/2021/01/linie_IKF-1536x6.jpg 1536w, https://ikf.ac.at/wp-content/uploads/2021/01/linie_IKF-2048x8.jpg 2048w" sizes="auto, (max-width: 2554px) 100vw, 2554px" /></div></div></div></div>


<div style="color:#ddd" class="wp-block-genesis-blocks-gb-spacer gb-block-spacer gb-divider-solid gb-divider-size-1"><hr style="height:30px"/></div>


<div id="pl-gb3272-69f5ad4a02c0e"  class="panel-layout" ><div id="pg-gb3272-69f5ad4a02c0e-0"  class="panel-grid panel-no-style" ><div id="pgc-gb3272-69f5ad4a02c0e-0-0"  class="panel-grid-cell panel-grid-cell-empty" ></div><div id="pgc-gb3272-69f5ad4a02c0e-0-1"  class="panel-grid-cell" ><div id="panel-gb3272-69f5ad4a02c0e-0-1-0" class="so-panel widget widget_media_image panel-first-child panel-last-child" data-index="0" ><img loading="lazy" decoding="async" width="208" height="300" src="https://ikf.ac.at/wp-content/uploads/2021/07/Cover_Rechtsextreme_Parteien_Frauen.jpg" class="image wp-image-3228  attachment-full size-full" alt="" style="max-width: 100%; height: auto;" /></div></div><div id="pgc-gb3272-69f5ad4a02c0e-0-2"  class="panel-grid-cell" ><div id="panel-gb3272-69f5ad4a02c0e-0-2-0" class="so-panel widget widget_sow-editor panel-first-child panel-last-child" data-index="1" ><div
			
			class="so-widget-sow-editor so-widget-sow-editor-base"
			
		>
<div class="siteorigin-widget-tinymce textwidget">
	<p align="justify"><strong>Helga Amesberger, Brigitte Halbmayr (Hrsg.)<br />
</strong></p>
<p><strong><span style="font-size: x-large;">Rechtsextreme Parteien – eine mögliche Heimat für Frauen?</span></strong></p>
<p align="justify">Dieses Buch vergleicht fünf europäische rechtsextreme Parteien im Hinblick auf ihre Attraktivität für Frauen. Dass Frauen nach wie vor signifikant weniger als Männer, jedoch mit steigender Tendenz rechtsextreme Parteien wählen und auch in diesen aktiv sind, lässt die Autorinnen der Frage nachgehen, welche &#8220;Angebote&#8221; diese Parteien Frauen machen und was Frauen diese wählen lässt bzw. sie zum Engagement in solchen Parteien bewegt. Die Studie ist international angelegt und stellt hinsichtlich ihrer Frauen- und Familienpolitik einen Vergleich rechtsextremer Parteien an: des Front National in Frankreich, der Alleanza Nazionale in Italien, der Slowakischen Nationalpartei, der &#8220;Republikaner der Tschechoslowakei&#8221; und der Freiheitlichen Partei Österreichs.</p>
<p align="justify">Um die Attraktivität rechtsextremer Parteien für Frauen zu erhellen, wurden zum einen Parteiprogramme und Publikationen sowie die Bedeutung von Frauen innerhalb der Parteien (Frauenorganisationen, Anzahl von Frauen in Parteigremien etc.) analysiert. Zum anderen wurde für Österreich diese &#8220;Außensicht&#8221; mit der Befragung von FPÖ-Funktionärinnen ergänzt.</p>
<p>Leske + Budrich 2002, ISBN 3-8100-3366-9</p>
</div>
</div></div></div></div></div>


<div style="color:#333" class="wp-block-genesis-blocks-gb-spacer gb-block-spacer gb-divider-solid gb-spacer-divider gb-divider-size-1"><hr style="height:100px"/></div>
</div></div></div>
