{"id":3093,"date":"2021-07-01T09:21:23","date_gmt":"2021-07-01T09:21:23","guid":{"rendered":"http:\/\/test-ikf.online\/?page_id=3093"},"modified":"2021-07-01T10:36:03","modified_gmt":"2021-07-01T10:36:03","slug":"1995-staedtische-autonomie-in-mitteleuropa-bratislava-budapest-prag-wien","status":"publish","type":"page","link":"https:\/\/ikf.ac.at\/en\/schwerpunkte\/demokratie\/demokratieentwicklung\/1995-staedtische-autonomie-in-mitteleuropa-bratislava-budapest-prag-wien","title":{"rendered":"1995: St\u00e4dtische Autonomie in Mitteleuropa: Bratislava, Budapest, Prag, Wien"},"content":{"rendered":"<div class=\"wp-block-atomic-blocks-ab-container alignfull ab-block-container\"><div class=\"ab-container-inside\"><div class=\"ab-container-content\"><div id=\"pl-gb3093-69f23fdc578dc\"  class=\"panel-layout\" ><div id=\"pg-gb3093-69f23fdc578dc-0\"  class=\"panel-grid panel-no-style\" ><div id=\"pgc-gb3093-69f23fdc578dc-0-0\"  class=\"panel-grid-cell\" ><div id=\"panel-gb3093-69f23fdc578dc-0-0-0\" class=\"so-panel widget widget_media_image panel-first-child panel-last-child\" data-index=\"0\" ><img loading=\"lazy\" decoding=\"async\" width=\"2554\" height=\"10\" src=\"https:\/\/ikf.ac.at\/wp-content\/uploads\/2021\/01\/linie_IKF.jpg\" class=\"image wp-image-754  attachment-full size-full\" alt=\"\" style=\"max-width: 100%; height: auto;\" srcset=\"https:\/\/ikf.ac.at\/wp-content\/uploads\/2021\/01\/linie_IKF.jpg 2554w, https:\/\/ikf.ac.at\/wp-content\/uploads\/2021\/01\/linie_IKF-300x1.jpg 300w, https:\/\/ikf.ac.at\/wp-content\/uploads\/2021\/01\/linie_IKF-1024x4.jpg 1024w, https:\/\/ikf.ac.at\/wp-content\/uploads\/2021\/01\/linie_IKF-768x3.jpg 768w, https:\/\/ikf.ac.at\/wp-content\/uploads\/2021\/01\/linie_IKF-1536x6.jpg 1536w, https:\/\/ikf.ac.at\/wp-content\/uploads\/2021\/01\/linie_IKF-2048x8.jpg 2048w\" sizes=\"auto, (max-width: 2554px) 100vw, 2554px\" \/><\/div><\/div><\/div><\/div>\n\n\n<div style=\"color:#ddd\" class=\"wp-block-genesis-blocks-gb-spacer gb-block-spacer gb-divider-solid gb-divider-size-1\"><hr style=\"height:15px\"\/><\/div>\n\n\n<div id=\"pl-gb3093-69f23fdc57d76\"  class=\"panel-layout\" ><div id=\"pg-gb3093-69f23fdc57d76-0\"  class=\"panel-grid panel-no-style\" ><div id=\"pgc-gb3093-69f23fdc57d76-0-0\"  class=\"panel-grid-cell panel-grid-cell-empty\" ><\/div><div id=\"pgc-gb3093-69f23fdc57d76-0-1\"  class=\"panel-grid-cell\" ><div id=\"panel-gb3093-69f23fdc57d76-0-1-0\" class=\"so-panel widget widget_sow-editor panel-first-child panel-last-child\" data-index=\"0\" ><div\n\t\t\t\n\t\t\tclass=\"so-widget-sow-editor so-widget-sow-editor-base\"\n\t\t\t\n\t\t>\n<div class=\"siteorigin-widget-tinymce textwidget\">\n\t<table style=\"height: 100px; width: 100%; border-collapse: collapse;\" border=\"1\" cellpadding=\"2\">\n<tbody>\n<tr style=\"height: 24px;\">\n<td style=\"width: 15.8421%; height: 24px;\">Project management:<\/td>\n<td style=\"width: 84.1578%; height: 24px;\" colspan=\"2\">Univ.-Prof. Dr. Anton Pelinka<\/td>\n<\/tr>\n<tr>\n<td style=\"width: 15.8421%;\">\n<hr \/>\n<\/td>\n<td style=\"width: 32.1508%;\">\n<hr \/>\n<\/td>\n<td style=\"width: 52.007%; height: 24px;\"><\/td>\n<\/tr>\n<tr>\n<td style=\"width: 15.8421%;\">Implementation:<\/td>\n<td style=\"width: 84.1578%;\" colspan=\"2\">Dr. Jozsef Bayer<br \/>\nDr. Lubomir Faltan<br \/>\nMag. Walter Fend<br \/>\nDr. Michal Illner<br \/>\nProf. Dr. Dov Ronen<\/td>\n<\/tr>\n<tr>\n<td style=\"width: 15.8421%;\">\n<hr \/>\n<\/td>\n<td style=\"width: 32.1508%;\">\n<hr \/>\n<\/td>\n<td style=\"width: 52.007%;\"><\/td>\n<\/tr>\n<tr>\n<td style=\"width: 15.8421%;\">Funded by:<\/td>\n<td style=\"width: 84.1578%;\" colspan=\"2\">Wiener Internationale Zukunftskonferenz<\/td>\n<\/tr>\n<tr>\n<td style=\"width: 15.8421%;\">\n<hr \/>\n<\/td>\n<td style=\"width: 32.1508%;\">\n<hr \/>\n<\/td>\n<td style=\"width: 52.007%; height: 24px;\"><\/td>\n<\/tr>\n<tr style=\"height: 24px;\">\n<td style=\"width: 15.8421%; height: 24px;\">Completed in:<\/td>\n<td style=\"height: 24px; width: 84.1578%;\" colspan=\"2\">September 1995<\/td>\n<\/tr>\n<\/tbody>\n<\/table>\n<\/div>\n<\/div><\/div><\/div><\/div><\/div>\n\n\n<div style=\"color:#404168\" class=\"wp-block-genesis-blocks-gb-spacer gb-block-spacer gb-divider-solid gb-spacer-divider gb-divider-size-1\"><hr style=\"height:30px\"\/><\/div>\n\n\n\n<div style=\"color:#404168\" class=\"wp-block-genesis-blocks-gb-spacer gb-block-spacer gb-divider-solid gb-divider-size-1\"><hr style=\"height:10px\"\/><\/div>\n\n\n<div id=\"pl-gb3093-69f23fdc581c5\"  class=\"panel-layout\" ><div id=\"pg-gb3093-69f23fdc581c5-0\"  class=\"panel-grid panel-no-style\" ><div id=\"pgc-gb3093-69f23fdc581c5-0-0\"  class=\"panel-grid-cell panel-grid-cell-empty\" ><\/div><div id=\"pgc-gb3093-69f23fdc581c5-0-1\"  class=\"panel-grid-cell panel-grid-cell-mobile-last\" ><div id=\"panel-gb3093-69f23fdc581c5-0-1-0\" class=\"so-panel widget widget_text panel-first-child panel-last-child\" data-index=\"0\" >\t\t\t<div class=\"textwidget\"><p align=\"justify\">Im Zentrum der Untersuchung stand die Hypothese, da\u00df in den kommenden Dekaden die St\u00e4dte an politischer, \u00f6konomischer und kultureller Autonomie gewinnen werden.<\/p>\n<p align=\"justify\">Als Resultat einer solchen Entwicklung kommt es \u00fcberdies zu einer Verschiebung im Identit\u00e4ts- und Loyalit\u00e4tsmuster der urbanen Bev\u00f6lkerung zugunsten der Stadt und auf Kosten des Staates. Die \u00f6konomische Globalisierung, der verst\u00e4rkte Einsatz neuer Technologien, vor allem im Kommunikationsbereich, und das Fortschreiten des Einigungsprozesses in Europa f\u00fchren zu einer Verlagerung der Macht zu Akteuren jenseits des Staates, wodurch eine neue globale Ordnung entsteht.<\/p>\n<p align=\"justify\">Die Entwicklungen der Hauptst\u00e4dte der Reforml\u00e4nder und jene Wiens hinsichtlich der st\u00e4dtischen Autonomie zeigen sowohl Parallelen als auch Unterschiede. Bratislava, Budapest und Prag ist gemeinsam, da\u00df sie durch das zentralistische Erbe der kommunistischen \u00c4ra eine \u00fcberaus dominante Position in ihren Staaten einnehmen. Dies gilt auch f\u00fcr die noch junge Hauptstadt der Slowakei. Zudem ist zu erwarten, da\u00df die nationalen Regierungen gerade im \u00f6konomischen Wettbewerb und im Streben nach einem EU-Beitritt auf die Potentiale ihrer Zentren setzen werden. Umgekehrt scheinen sich die rechtlichen Kompetenzen der St\u00e4dte nur langsam zu entwickeln. Gerade in Hinblick auf die Fundierung interurbaner grenz\u00fcberschreitender Beziehungen zeigt sich im Unterschied zu Wien eine noch deutliche Abh\u00e4ngigkeit von den nationalen Regierungen.<\/p>\n<p align=\"justify\">Die Autonomie Wiens ihrerseits ist vom EU-Beitritt und dem wachsenden internationalen Wettbewerb zwischen den St\u00e4dten betroffen. Um die Autonomie zu wahren, sind neue Strategien erforderlich. Im Rahmen der EU ist ein aktives Lobbying ebenso notwendig wie die Mitarbeit in interregionalen und interurbanen Dachorganisationen.<\/p>\n<p align=\"justify\">Die Autonomie bedarf aber auch einer &#8220;inneren&#8221; St\u00fctzung durch die Erweiterung der Informations- und Partizipationsm\u00f6glichkeiten der st\u00e4dtischen Bev\u00f6lkerung. Denn dies garantiert die Loyalit\u00e4t der Bev\u00f6lkerung zu den st\u00e4dtischen Repr\u00e4sentanten, die, hierdurch gest\u00e4rkt, die Interessen der Stadt gegen\u00fcber anderen Akteuren, wie dem Staat, wahren k\u00f6nnen.<\/p>\n<p align=\"justify\">Eines der wichtigsten Forschungsergebnisse ist es, da\u00df dem versch\u00e4rften Wettbewerb auch zwischen den St\u00e4dten Strategien der Kooperation entgegenzuhalten sind, die Synergieeffekte und ein h\u00f6heres Probleml\u00f6sungspotential zum gemeinsamen Vorteil erm\u00f6glichen, soda\u00df in Summe die Autonomie der St\u00e4dte gest\u00e4rkt wird. Gerade das europ\u00e4ische Beispiel zeigt, da\u00df die EU als supranationale Institution an einem eigenst\u00e4ndigeren Agieren von subnationalen Einheiten, wie den St\u00e4dten, interessiert ist, denn die Zusammenarbeit letzterer f\u00f6rdert zus\u00e4tzlich die Integration, d.h. sie st\u00e4rkt die EU als supranationale Entit\u00e4t.<\/p>\n<\/div>\n\t\t<\/div><\/div><div id=\"pgc-gb3093-69f23fdc581c5-0-2\"  class=\"panel-grid-cell panel-grid-cell-empty\" ><\/div><\/div><\/div>\n\n\n<div style=\"color:#333\" class=\"wp-block-genesis-blocks-gb-spacer gb-block-spacer gb-divider-solid gb-spacer-divider gb-divider-size-1\"><hr style=\"height:100px\"\/><\/div>\n<\/div><\/div><\/div>","protected":false},"excerpt":{"rendered":"","protected":false},"author":2,"featured_media":0,"parent":633,"menu_order":50,"comment_status":"closed","ping_status":"closed","template":"","meta":{"footnotes":""},"class_list":["post-3093","page","type-page","status-publish","hentry","post"],"featured_image_src":null,"featured_image_src_square":null,"_links":{"self":[{"href":"https:\/\/ikf.ac.at\/en\/wp-json\/wp\/v2\/pages\/3093","targetHints":{"allow":["GET"]}}],"collection":[{"href":"https:\/\/ikf.ac.at\/en\/wp-json\/wp\/v2\/pages"}],"about":[{"href":"https:\/\/ikf.ac.at\/en\/wp-json\/wp\/v2\/types\/page"}],"author":[{"embeddable":true,"href":"https:\/\/ikf.ac.at\/en\/wp-json\/wp\/v2\/users\/2"}],"replies":[{"embeddable":true,"href":"https:\/\/ikf.ac.at\/en\/wp-json\/wp\/v2\/comments?post=3093"}],"version-history":[{"count":16,"href":"https:\/\/ikf.ac.at\/en\/wp-json\/wp\/v2\/pages\/3093\/revisions"}],"predecessor-version":[{"id":3123,"href":"https:\/\/ikf.ac.at\/en\/wp-json\/wp\/v2\/pages\/3093\/revisions\/3123"}],"up":[{"embeddable":true,"href":"https:\/\/ikf.ac.at\/en\/wp-json\/wp\/v2\/pages\/633"}],"wp:attachment":[{"href":"https:\/\/ikf.ac.at\/en\/wp-json\/wp\/v2\/media?parent=3093"}],"curies":[{"name":"wp","href":"https:\/\/api.w.org\/{rel}","templated":true}]}}

1995: Städtische Autonomie in Mitteleuropa: Bratislava, Budapest, Prag, Wien

<div class="wp-block-atomic-blocks-ab-container alignfull ab-block-container"><div class="ab-container-inside"><div class="ab-container-content"><div id="pl-gb3093-69f23fdc578dc"  class="panel-layout" ><div id="pg-gb3093-69f23fdc578dc-0"  class="panel-grid panel-no-style" ><div id="pgc-gb3093-69f23fdc578dc-0-0"  class="panel-grid-cell" ><div id="panel-gb3093-69f23fdc578dc-0-0-0" class="so-panel widget widget_media_image panel-first-child panel-last-child" data-index="0" ><img loading="lazy" decoding="async" width="2554" height="10" src="https://ikf.ac.at/wp-content/uploads/2021/01/linie_IKF.jpg" class="image wp-image-754  attachment-full size-full" alt="" style="max-width: 100%; height: auto;" srcset="https://ikf.ac.at/wp-content/uploads/2021/01/linie_IKF.jpg 2554w, https://ikf.ac.at/wp-content/uploads/2021/01/linie_IKF-300x1.jpg 300w, https://ikf.ac.at/wp-content/uploads/2021/01/linie_IKF-1024x4.jpg 1024w, https://ikf.ac.at/wp-content/uploads/2021/01/linie_IKF-768x3.jpg 768w, https://ikf.ac.at/wp-content/uploads/2021/01/linie_IKF-1536x6.jpg 1536w, https://ikf.ac.at/wp-content/uploads/2021/01/linie_IKF-2048x8.jpg 2048w" sizes="auto, (max-width: 2554px) 100vw, 2554px" /></div></div></div></div>


<div style="color:#ddd" class="wp-block-genesis-blocks-gb-spacer gb-block-spacer gb-divider-solid gb-divider-size-1"><hr style="height:15px"/></div>


<div id="pl-gb3093-69f23fdc57d76"  class="panel-layout" ><div id="pg-gb3093-69f23fdc57d76-0"  class="panel-grid panel-no-style" ><div id="pgc-gb3093-69f23fdc57d76-0-0"  class="panel-grid-cell panel-grid-cell-empty" ></div><div id="pgc-gb3093-69f23fdc57d76-0-1"  class="panel-grid-cell" ><div id="panel-gb3093-69f23fdc57d76-0-1-0" class="so-panel widget widget_sow-editor panel-first-child panel-last-child" data-index="0" ><div
			
			class="so-widget-sow-editor so-widget-sow-editor-base"
			
		>
<div class="siteorigin-widget-tinymce textwidget">
	<table style="height: 100px; width: 100%; border-collapse: collapse;" border="1" cellpadding="2">
<tbody>
<tr style="height: 24px;">
<td style="width: 15.8421%; height: 24px;">Project management:</td>
<td style="width: 84.1578%; height: 24px;" colspan="2">Univ.-Prof. Dr. Anton Pelinka</td>
</tr>
<tr>
<td style="width: 15.8421%;">
<hr />
</td>
<td style="width: 32.1508%;">
<hr />
</td>
<td style="width: 52.007%; height: 24px;"></td>
</tr>
<tr>
<td style="width: 15.8421%;">Implementation:</td>
<td style="width: 84.1578%;" colspan="2">Dr. Jozsef Bayer<br />
Dr. Lubomir Faltan<br />
Mag. Walter Fend<br />
Dr. Michal Illner<br />
Prof. Dr. Dov Ronen</td>
</tr>
<tr>
<td style="width: 15.8421%;">
<hr />
</td>
<td style="width: 32.1508%;">
<hr />
</td>
<td style="width: 52.007%;"></td>
</tr>
<tr>
<td style="width: 15.8421%;">Funded by:</td>
<td style="width: 84.1578%;" colspan="2">Wiener Internationale Zukunftskonferenz</td>
</tr>
<tr>
<td style="width: 15.8421%;">
<hr />
</td>
<td style="width: 32.1508%;">
<hr />
</td>
<td style="width: 52.007%; height: 24px;"></td>
</tr>
<tr style="height: 24px;">
<td style="width: 15.8421%; height: 24px;">Completed in:</td>
<td style="height: 24px; width: 84.1578%;" colspan="2">September 1995</td>
</tr>
</tbody>
</table>
</div>
</div></div></div></div></div>


<div style="color:#404168" class="wp-block-genesis-blocks-gb-spacer gb-block-spacer gb-divider-solid gb-spacer-divider gb-divider-size-1"><hr style="height:30px"/></div>



<div style="color:#404168" class="wp-block-genesis-blocks-gb-spacer gb-block-spacer gb-divider-solid gb-divider-size-1"><hr style="height:10px"/></div>


<div id="pl-gb3093-69f23fdc581c5"  class="panel-layout" ><div id="pg-gb3093-69f23fdc581c5-0"  class="panel-grid panel-no-style" ><div id="pgc-gb3093-69f23fdc581c5-0-0"  class="panel-grid-cell panel-grid-cell-empty" ></div><div id="pgc-gb3093-69f23fdc581c5-0-1"  class="panel-grid-cell panel-grid-cell-mobile-last" ><div id="panel-gb3093-69f23fdc581c5-0-1-0" class="so-panel widget widget_text panel-first-child panel-last-child" data-index="0" >			<div class="textwidget"><p align="justify">Im Zentrum der Untersuchung stand die Hypothese, daß in den kommenden Dekaden die Städte an politischer, ökonomischer und kultureller Autonomie gewinnen werden.</p>
<p align="justify">Als Resultat einer solchen Entwicklung kommt es überdies zu einer Verschiebung im Identitäts- und Loyalitätsmuster der urbanen Bevölkerung zugunsten der Stadt und auf Kosten des Staates. Die ökonomische Globalisierung, der verstärkte Einsatz neuer Technologien, vor allem im Kommunikationsbereich, und das Fortschreiten des Einigungsprozesses in Europa führen zu einer Verlagerung der Macht zu Akteuren jenseits des Staates, wodurch eine neue globale Ordnung entsteht.</p>
<p align="justify">Die Entwicklungen der Hauptstädte der Reformländer und jene Wiens hinsichtlich der städtischen Autonomie zeigen sowohl Parallelen als auch Unterschiede. Bratislava, Budapest und Prag ist gemeinsam, daß sie durch das zentralistische Erbe der kommunistischen Ära eine überaus dominante Position in ihren Staaten einnehmen. Dies gilt auch für die noch junge Hauptstadt der Slowakei. Zudem ist zu erwarten, daß die nationalen Regierungen gerade im ökonomischen Wettbewerb und im Streben nach einem EU-Beitritt auf die Potentiale ihrer Zentren setzen werden. Umgekehrt scheinen sich die rechtlichen Kompetenzen der Städte nur langsam zu entwickeln. Gerade in Hinblick auf die Fundierung interurbaner grenzüberschreitender Beziehungen zeigt sich im Unterschied zu Wien eine noch deutliche Abhängigkeit von den nationalen Regierungen.</p>
<p align="justify">Die Autonomie Wiens ihrerseits ist vom EU-Beitritt und dem wachsenden internationalen Wettbewerb zwischen den Städten betroffen. Um die Autonomie zu wahren, sind neue Strategien erforderlich. Im Rahmen der EU ist ein aktives Lobbying ebenso notwendig wie die Mitarbeit in interregionalen und interurbanen Dachorganisationen.</p>
<p align="justify">Die Autonomie bedarf aber auch einer &#8220;inneren&#8221; Stützung durch die Erweiterung der Informations- und Partizipationsmöglichkeiten der städtischen Bevölkerung. Denn dies garantiert die Loyalität der Bevölkerung zu den städtischen Repräsentanten, die, hierdurch gestärkt, die Interessen der Stadt gegenüber anderen Akteuren, wie dem Staat, wahren können.</p>
<p align="justify">Eines der wichtigsten Forschungsergebnisse ist es, daß dem verschärften Wettbewerb auch zwischen den Städten Strategien der Kooperation entgegenzuhalten sind, die Synergieeffekte und ein höheres Problemlösungspotential zum gemeinsamen Vorteil ermöglichen, sodaß in Summe die Autonomie der Städte gestärkt wird. Gerade das europäische Beispiel zeigt, daß die EU als supranationale Institution an einem eigenständigeren Agieren von subnationalen Einheiten, wie den Städten, interessiert ist, denn die Zusammenarbeit letzterer fördert zusätzlich die Integration, d.h. sie stärkt die EU als supranationale Entität.</p>
</div>
		</div></div><div id="pgc-gb3093-69f23fdc581c5-0-2"  class="panel-grid-cell panel-grid-cell-empty" ></div></div></div>


<div style="color:#333" class="wp-block-genesis-blocks-gb-spacer gb-block-spacer gb-divider-solid gb-spacer-divider gb-divider-size-1"><hr style="height:100px"/></div>
</div></div></div>
