{"id":3089,"date":"2021-07-01T08:30:44","date_gmt":"2021-07-01T08:30:44","guid":{"rendered":"http:\/\/test-ikf.online\/?page_id=3089"},"modified":"2021-07-01T08:31:13","modified_gmt":"2021-07-01T08:31:13","slug":"1995-zukunftsperspektiven-der-arbeiterkammern","status":"publish","type":"page","link":"https:\/\/ikf.ac.at\/en\/schwerpunkte\/demokratie\/demokratieentwicklung\/1995-zukunftsperspektiven-der-arbeiterkammern","title":{"rendered":"1995: Zukunftsperspektiven der Arbeiterkammern"},"content":{"rendered":"<div class=\"wp-block-atomic-blocks-ab-container alignfull ab-block-container\"><div class=\"ab-container-inside\"><div class=\"ab-container-content\"><div id=\"pl-gb3089-69f23ff101bf3\"  class=\"panel-layout\" ><div id=\"pg-gb3089-69f23ff101bf3-0\"  class=\"panel-grid panel-no-style\" ><div id=\"pgc-gb3089-69f23ff101bf3-0-0\"  class=\"panel-grid-cell\" ><div id=\"panel-gb3089-69f23ff101bf3-0-0-0\" class=\"so-panel widget widget_media_image panel-first-child panel-last-child\" data-index=\"0\" ><img loading=\"lazy\" decoding=\"async\" width=\"2554\" height=\"10\" src=\"https:\/\/ikf.ac.at\/wp-content\/uploads\/2021\/01\/linie_IKF.jpg\" class=\"image wp-image-754  attachment-full size-full\" alt=\"\" style=\"max-width: 100%; height: auto;\" srcset=\"https:\/\/ikf.ac.at\/wp-content\/uploads\/2021\/01\/linie_IKF.jpg 2554w, https:\/\/ikf.ac.at\/wp-content\/uploads\/2021\/01\/linie_IKF-300x1.jpg 300w, https:\/\/ikf.ac.at\/wp-content\/uploads\/2021\/01\/linie_IKF-1024x4.jpg 1024w, https:\/\/ikf.ac.at\/wp-content\/uploads\/2021\/01\/linie_IKF-768x3.jpg 768w, https:\/\/ikf.ac.at\/wp-content\/uploads\/2021\/01\/linie_IKF-1536x6.jpg 1536w, https:\/\/ikf.ac.at\/wp-content\/uploads\/2021\/01\/linie_IKF-2048x8.jpg 2048w\" sizes=\"auto, (max-width: 2554px) 100vw, 2554px\" \/><\/div><\/div><\/div><\/div>\n\n\n<div style=\"color:#ddd\" class=\"wp-block-genesis-blocks-gb-spacer gb-block-spacer gb-divider-solid gb-divider-size-1\"><hr style=\"height:30px\"\/><\/div>\n\n\n<div id=\"pl-gb3089-69f23ff1020c0\"  class=\"panel-layout\" ><div id=\"pg-gb3089-69f23ff1020c0-0\"  class=\"panel-grid panel-no-style\" ><div id=\"pgc-gb3089-69f23ff1020c0-0-0\"  class=\"panel-grid-cell panel-grid-cell-empty\" ><\/div><div id=\"pgc-gb3089-69f23ff1020c0-0-1\"  class=\"panel-grid-cell\" ><div id=\"panel-gb3089-69f23ff1020c0-0-1-0\" class=\"so-panel widget widget_sow-editor panel-first-child panel-last-child\" data-index=\"0\" ><div\n\t\t\t\n\t\t\tclass=\"so-widget-sow-editor so-widget-sow-editor-base\"\n\t\t\t\n\t\t>\n<div class=\"siteorigin-widget-tinymce textwidget\">\n\t<table style=\"height: 220px; width: 100%; border-collapse: collapse;\" border=\"1\" cellpadding=\"2\">\n<tbody>\n<tr style=\"height: 24px;\">\n<td style=\"width: 15.8421%; height: 24px;\">Project management:<\/td>\n<td style=\"width: 84.1578%; height: 24px;\" colspan=\"2\">Univ.-Prof. Dr. Anton Pelinka<\/td>\n<\/tr>\n<tr style=\"height: 24px;\">\n<td style=\"width: 15.8421%; height: 24px;\">\n<hr \/>\n<\/td>\n<td style=\"width: 38.5996%; height: 24px;\">\n<hr \/>\n<\/td>\n<td style=\"width: 45.5582%; height: 24px;\"><\/td>\n<\/tr>\n<tr style=\"height: 24px;\">\n<td style=\"width: 15.8421%; height: 24px;\">Implementation:<\/td>\n<td style=\"width: 84.1578%; height: 24px;\" colspan=\"2\">Dr. Christian Schaller<br \/>\nDDr. Hubert Sickinger<\/td>\n<\/tr>\n<tr style=\"height: 24px;\">\n<td style=\"width: 15.8421%; height: 24px;\">\n<hr \/>\n<\/td>\n<td style=\"width: 38.5996%; height: 24px;\">\n<hr \/>\n<\/td>\n<td style=\"width: 45.5582%; height: 24px;\"><\/td>\n<\/tr>\n<tr style=\"height: 24px;\">\n<td style=\"width: 15.8421%; height: 24px;\">Funded by:<\/td>\n<td style=\"width: 84.1578%; height: 24px;\" colspan=\"2\">Bundeskammer f\u00fcr Arbeiter und Angestellte, Wien<\/td>\n<\/tr>\n<tr style=\"height: 24px;\">\n<td style=\"width: 15.8421%; height: 24px;\">\n<hr \/>\n<\/td>\n<td style=\"width: 38.5996%; height: 24px;\">\n<hr \/>\n<\/td>\n<td style=\"width: 45.5582%; height: 24px;\"><\/td>\n<\/tr>\n<tr style=\"height: 24px;\">\n<td style=\"width: 15.8421%; height: 24px;\">Completed in:<\/td>\n<td style=\"height: 24px; width: 84.1578%;\" colspan=\"2\">August 1995<\/td>\n<\/tr>\n<\/tbody>\n<\/table>\n<\/div>\n<\/div><\/div><\/div><\/div><\/div>\n\n\n<div style=\"color:#404168\" class=\"wp-block-genesis-blocks-gb-spacer gb-block-spacer gb-divider-solid gb-spacer-divider gb-divider-size-1\"><hr style=\"height:3px\"\/><\/div>\n\n\n\n<div style=\"color:#404168\" class=\"wp-block-genesis-blocks-gb-spacer gb-block-spacer gb-divider-solid gb-divider-size-1\"><hr style=\"height:10px\"\/><\/div>\n\n\n<div id=\"pl-gb3089-69f23ff10253f\"  class=\"panel-layout\" ><div id=\"pg-gb3089-69f23ff10253f-0\"  class=\"panel-grid panel-no-style\" ><div id=\"pgc-gb3089-69f23ff10253f-0-0\"  class=\"panel-grid-cell panel-grid-cell-empty\" ><\/div><div id=\"pgc-gb3089-69f23ff10253f-0-1\"  class=\"panel-grid-cell panel-grid-cell-mobile-last\" ><div id=\"panel-gb3089-69f23ff10253f-0-1-0\" class=\"so-panel widget widget_text panel-first-child panel-last-child\" data-index=\"0\" >\t\t\t<div class=\"textwidget\"><p align=\"justify\">Die Seit der zweiten H\u00e4lfte der 1980er Jahre war die AK von einer rapide zunehmenden Legitimationskrise betroffen: Eine zwischen 1984 und 1994 halbierte Wahlbeteiligung und parallel zunehmende \u00f6ffentliche Kritik an der Kammer-Pflichtmitgliedschaft stellten die Existenz der AK als Kammer in Frage.<\/p>\n<p align=\"justify\">Vor dem Hintergrund der im Koalitions\u00fcbereinkommen 1994 f\u00fcr alle Kammern vorgesehenen Mitgliederbefragung \u00fcber die Pflichtmitgliedschaft untersuchte das Forschungsprojekt auf Basis qualitativer Interviews, Wahlanalysen und einer Sekund\u00e4ranalyse von Umfrageergebnissen unterschiedliche Gruppen von AK-Zugeh\u00f6rigen. Zentrale Fragen waren dabei Wissensstand \u00fcber bzw. etwaige emotionale Bindung an die AK sowie unterschiedliche thematische Pr\u00e4ferenzen dieser unterschiedlichen Zielgruppen der Arbeit der AK. Ebenso wurden bisherige Erfahrungen mit Mitgliederbefragungen \u00fcber die Pflichtmitgliedschaft evaluiert.<\/p>\n<\/div>\n\t\t<\/div><\/div><div id=\"pgc-gb3089-69f23ff10253f-0-2\"  class=\"panel-grid-cell panel-grid-cell-empty\" ><\/div><\/div><\/div>\n\n\n<div style=\"color:#333\" class=\"wp-block-genesis-blocks-gb-spacer gb-block-spacer gb-divider-solid gb-spacer-divider gb-divider-size-1\"><hr style=\"height:100px\"\/><\/div>\n<\/div><\/div><\/div>","protected":false},"excerpt":{"rendered":"","protected":false},"author":2,"featured_media":0,"parent":633,"menu_order":48,"comment_status":"closed","ping_status":"closed","template":"","meta":{"footnotes":""},"class_list":["post-3089","page","type-page","status-publish","hentry","post"],"featured_image_src":null,"featured_image_src_square":null,"_links":{"self":[{"href":"https:\/\/ikf.ac.at\/en\/wp-json\/wp\/v2\/pages\/3089","targetHints":{"allow":["GET"]}}],"collection":[{"href":"https:\/\/ikf.ac.at\/en\/wp-json\/wp\/v2\/pages"}],"about":[{"href":"https:\/\/ikf.ac.at\/en\/wp-json\/wp\/v2\/types\/page"}],"author":[{"embeddable":true,"href":"https:\/\/ikf.ac.at\/en\/wp-json\/wp\/v2\/users\/2"}],"replies":[{"embeddable":true,"href":"https:\/\/ikf.ac.at\/en\/wp-json\/wp\/v2\/comments?post=3089"}],"version-history":[{"count":1,"href":"https:\/\/ikf.ac.at\/en\/wp-json\/wp\/v2\/pages\/3089\/revisions"}],"predecessor-version":[{"id":3090,"href":"https:\/\/ikf.ac.at\/en\/wp-json\/wp\/v2\/pages\/3089\/revisions\/3090"}],"up":[{"embeddable":true,"href":"https:\/\/ikf.ac.at\/en\/wp-json\/wp\/v2\/pages\/633"}],"wp:attachment":[{"href":"https:\/\/ikf.ac.at\/en\/wp-json\/wp\/v2\/media?parent=3089"}],"curies":[{"name":"wp","href":"https:\/\/api.w.org\/{rel}","templated":true}]}}

<div class="wp-block-atomic-blocks-ab-container alignfull ab-block-container"><div class="ab-container-inside"><div class="ab-container-content"><div id="pl-gb3089-69f23ff101bf3"  class="panel-layout" ><div id="pg-gb3089-69f23ff101bf3-0"  class="panel-grid panel-no-style" ><div id="pgc-gb3089-69f23ff101bf3-0-0"  class="panel-grid-cell" ><div id="panel-gb3089-69f23ff101bf3-0-0-0" class="so-panel widget widget_media_image panel-first-child panel-last-child" data-index="0" ><img loading="lazy" decoding="async" width="2554" height="10" src="https://ikf.ac.at/wp-content/uploads/2021/01/linie_IKF.jpg" class="image wp-image-754  attachment-full size-full" alt="" style="max-width: 100%; height: auto;" srcset="https://ikf.ac.at/wp-content/uploads/2021/01/linie_IKF.jpg 2554w, https://ikf.ac.at/wp-content/uploads/2021/01/linie_IKF-300x1.jpg 300w, https://ikf.ac.at/wp-content/uploads/2021/01/linie_IKF-1024x4.jpg 1024w, https://ikf.ac.at/wp-content/uploads/2021/01/linie_IKF-768x3.jpg 768w, https://ikf.ac.at/wp-content/uploads/2021/01/linie_IKF-1536x6.jpg 1536w, https://ikf.ac.at/wp-content/uploads/2021/01/linie_IKF-2048x8.jpg 2048w" sizes="auto, (max-width: 2554px) 100vw, 2554px" /></div></div></div></div>


<div style="color:#ddd" class="wp-block-genesis-blocks-gb-spacer gb-block-spacer gb-divider-solid gb-divider-size-1"><hr style="height:30px"/></div>


<div id="pl-gb3089-69f23ff1020c0"  class="panel-layout" ><div id="pg-gb3089-69f23ff1020c0-0"  class="panel-grid panel-no-style" ><div id="pgc-gb3089-69f23ff1020c0-0-0"  class="panel-grid-cell panel-grid-cell-empty" ></div><div id="pgc-gb3089-69f23ff1020c0-0-1"  class="panel-grid-cell" ><div id="panel-gb3089-69f23ff1020c0-0-1-0" class="so-panel widget widget_sow-editor panel-first-child panel-last-child" data-index="0" ><div
			
			class="so-widget-sow-editor so-widget-sow-editor-base"
			
		>
<div class="siteorigin-widget-tinymce textwidget">
	<table style="height: 220px; width: 100%; border-collapse: collapse;" border="1" cellpadding="2">
<tbody>
<tr style="height: 24px;">
<td style="width: 15.8421%; height: 24px;">Project management:</td>
<td style="width: 84.1578%; height: 24px;" colspan="2">Univ.-Prof. Dr. Anton Pelinka</td>
</tr>
<tr style="height: 24px;">
<td style="width: 15.8421%; height: 24px;">
<hr />
</td>
<td style="width: 38.5996%; height: 24px;">
<hr />
</td>
<td style="width: 45.5582%; height: 24px;"></td>
</tr>
<tr style="height: 24px;">
<td style="width: 15.8421%; height: 24px;">Implementation:</td>
<td style="width: 84.1578%; height: 24px;" colspan="2">Dr. Christian Schaller<br />
DDr. Hubert Sickinger</td>
</tr>
<tr style="height: 24px;">
<td style="width: 15.8421%; height: 24px;">
<hr />
</td>
<td style="width: 38.5996%; height: 24px;">
<hr />
</td>
<td style="width: 45.5582%; height: 24px;"></td>
</tr>
<tr style="height: 24px;">
<td style="width: 15.8421%; height: 24px;">Funded by:</td>
<td style="width: 84.1578%; height: 24px;" colspan="2">Bundeskammer für Arbeiter und Angestellte, Wien</td>
</tr>
<tr style="height: 24px;">
<td style="width: 15.8421%; height: 24px;">
<hr />
</td>
<td style="width: 38.5996%; height: 24px;">
<hr />
</td>
<td style="width: 45.5582%; height: 24px;"></td>
</tr>
<tr style="height: 24px;">
<td style="width: 15.8421%; height: 24px;">Completed in:</td>
<td style="height: 24px; width: 84.1578%;" colspan="2">August 1995</td>
</tr>
</tbody>
</table>
</div>
</div></div></div></div></div>


<div style="color:#404168" class="wp-block-genesis-blocks-gb-spacer gb-block-spacer gb-divider-solid gb-spacer-divider gb-divider-size-1"><hr style="height:3px"/></div>



<div style="color:#404168" class="wp-block-genesis-blocks-gb-spacer gb-block-spacer gb-divider-solid gb-divider-size-1"><hr style="height:10px"/></div>


<div id="pl-gb3089-69f23ff10253f"  class="panel-layout" ><div id="pg-gb3089-69f23ff10253f-0"  class="panel-grid panel-no-style" ><div id="pgc-gb3089-69f23ff10253f-0-0"  class="panel-grid-cell panel-grid-cell-empty" ></div><div id="pgc-gb3089-69f23ff10253f-0-1"  class="panel-grid-cell panel-grid-cell-mobile-last" ><div id="panel-gb3089-69f23ff10253f-0-1-0" class="so-panel widget widget_text panel-first-child panel-last-child" data-index="0" >			<div class="textwidget"><p align="justify">Die Seit der zweiten Hälfte der 1980er Jahre war die AK von einer rapide zunehmenden Legitimationskrise betroffen: Eine zwischen 1984 und 1994 halbierte Wahlbeteiligung und parallel zunehmende öffentliche Kritik an der Kammer-Pflichtmitgliedschaft stellten die Existenz der AK als Kammer in Frage.</p>
<p align="justify">Vor dem Hintergrund der im Koalitionsübereinkommen 1994 für alle Kammern vorgesehenen Mitgliederbefragung über die Pflichtmitgliedschaft untersuchte das Forschungsprojekt auf Basis qualitativer Interviews, Wahlanalysen und einer Sekundäranalyse von Umfrageergebnissen unterschiedliche Gruppen von AK-Zugehörigen. Zentrale Fragen waren dabei Wissensstand über bzw. etwaige emotionale Bindung an die AK sowie unterschiedliche thematische Präferenzen dieser unterschiedlichen Zielgruppen der Arbeit der AK. Ebenso wurden bisherige Erfahrungen mit Mitgliederbefragungen über die Pflichtmitgliedschaft evaluiert.</p>
</div>
		</div></div><div id="pgc-gb3089-69f23ff10253f-0-2"  class="panel-grid-cell panel-grid-cell-empty" ></div></div></div>


<div style="color:#333" class="wp-block-genesis-blocks-gb-spacer gb-block-spacer gb-divider-solid gb-spacer-divider gb-divider-size-1"><hr style="height:100px"/></div>
</div></div></div>
