{"id":3087,"date":"2021-07-01T08:26:57","date_gmt":"2021-07-01T08:26:57","guid":{"rendered":"http:\/\/test-ikf.online\/?page_id=3087"},"modified":"2021-07-01T08:27:42","modified_gmt":"2021-07-01T08:27:42","slug":"1996-entwicklung-kursangebot-fuer-lehroffiziere-wehrpolitische-ausbildung","status":"publish","type":"page","link":"https:\/\/ikf.ac.at\/en\/schwerpunkte\/demokratie\/demokratieentwicklung\/1996-entwicklung-kursangebot-fuer-lehroffiziere-wehrpolitische-ausbildung","title":{"rendered":"1996: Entwicklung eines Kursangebotes f\u00fcr Lehroffiziere in der Wehrpolitischen Ausbildung"},"content":{"rendered":"<div class=\"wp-block-atomic-blocks-ab-container alignfull ab-block-container\"><div class=\"ab-container-inside\"><div class=\"ab-container-content\"><div id=\"pl-gb3087-69f23fd86f818\"  class=\"panel-layout\" ><div id=\"pg-gb3087-69f23fd86f818-0\"  class=\"panel-grid panel-no-style\" ><div id=\"pgc-gb3087-69f23fd86f818-0-0\"  class=\"panel-grid-cell\" ><div id=\"panel-gb3087-69f23fd86f818-0-0-0\" class=\"so-panel widget widget_media_image panel-first-child panel-last-child\" data-index=\"0\" ><img loading=\"lazy\" decoding=\"async\" width=\"2554\" height=\"10\" src=\"https:\/\/ikf.ac.at\/wp-content\/uploads\/2021\/01\/linie_IKF.jpg\" class=\"image wp-image-754  attachment-full size-full\" alt=\"\" style=\"max-width: 100%; height: auto;\" srcset=\"https:\/\/ikf.ac.at\/wp-content\/uploads\/2021\/01\/linie_IKF.jpg 2554w, https:\/\/ikf.ac.at\/wp-content\/uploads\/2021\/01\/linie_IKF-300x1.jpg 300w, https:\/\/ikf.ac.at\/wp-content\/uploads\/2021\/01\/linie_IKF-1024x4.jpg 1024w, https:\/\/ikf.ac.at\/wp-content\/uploads\/2021\/01\/linie_IKF-768x3.jpg 768w, https:\/\/ikf.ac.at\/wp-content\/uploads\/2021\/01\/linie_IKF-1536x6.jpg 1536w, https:\/\/ikf.ac.at\/wp-content\/uploads\/2021\/01\/linie_IKF-2048x8.jpg 2048w\" sizes=\"auto, (max-width: 2554px) 100vw, 2554px\" \/><\/div><\/div><\/div><\/div>\n\n\n<div style=\"color:#ddd\" class=\"wp-block-genesis-blocks-gb-spacer gb-block-spacer gb-divider-solid gb-divider-size-1\"><hr style=\"height:30px\"\/><\/div>\n\n\n<div id=\"pl-gb3087-69f23fd86feea\"  class=\"panel-layout\" ><div id=\"pg-gb3087-69f23fd86feea-0\"  class=\"panel-grid panel-no-style\" ><div id=\"pgc-gb3087-69f23fd86feea-0-0\"  class=\"panel-grid-cell panel-grid-cell-empty\" ><\/div><div id=\"pgc-gb3087-69f23fd86feea-0-1\"  class=\"panel-grid-cell\" ><div id=\"panel-gb3087-69f23fd86feea-0-1-0\" class=\"so-panel widget widget_sow-editor panel-first-child panel-last-child\" data-index=\"0\" ><div\n\t\t\t\n\t\t\tclass=\"so-widget-sow-editor so-widget-sow-editor-base\"\n\t\t\t\n\t\t>\n<div class=\"siteorigin-widget-tinymce textwidget\">\n\t<table style=\"height: 220px; width: 100%; border-collapse: collapse;\" border=\"1\" cellpadding=\"2\">\n<tbody>\n<tr style=\"height: 24px;\">\n<td style=\"width: 15.8421%; height: 24px;\">Project management:<\/td>\n<td style=\"width: 84.1578%; height: 24px;\" colspan=\"2\">Univ.-Prof. Dr. Anton Pelinka<\/td>\n<\/tr>\n<tr style=\"height: 24px;\">\n<td style=\"width: 15.8421%; height: 24px;\">\n<hr \/>\n<\/td>\n<td style=\"width: 69.6067%; height: 24px;\">\n<hr \/>\n<\/td>\n<td style=\"width: 14.5511%; height: 24px;\"><\/td>\n<\/tr>\n<tr style=\"height: 24px;\">\n<td style=\"width: 15.8421%; height: 24px;\">Implementation:<\/td>\n<td style=\"width: 84.1578%; height: 24px;\" colspan=\"2\">Mag. Walter Fend<br \/>\nDr. Birgitt Haller<\/td>\n<\/tr>\n<tr style=\"height: 24px;\">\n<td style=\"width: 15.8421%; height: 24px;\">\n<hr \/>\n<\/td>\n<td style=\"width: 69.6067%; height: 24px;\">\n<hr \/>\n<\/td>\n<td style=\"width: 14.5511%; height: 24px;\"><\/td>\n<\/tr>\n<tr style=\"height: 24px;\">\n<td style=\"width: 15.8421%; height: 24px;\">Funded by:<\/td>\n<td style=\"width: 84.1578%; height: 24px;\" colspan=\"2\">Institut f\u00fcr interdisziplin\u00e4re Forschung und Fortbildung (Bundesministerium f\u00fcr Landesverteidigung)<\/td>\n<\/tr>\n<tr style=\"height: 24px;\">\n<td style=\"width: 15.8421%; height: 24px;\">\n<hr \/>\n<\/td>\n<td style=\"width: 69.6067%; height: 24px;\">\n<hr \/>\n<\/td>\n<td style=\"width: 14.5511%; height: 24px;\"><\/td>\n<\/tr>\n<tr style=\"height: 24px;\">\n<td style=\"width: 15.8421%; height: 24px;\">Completed in:<\/td>\n<td style=\"height: 24px; width: 84.1578%;\" colspan=\"2\">Dezember 1996<\/td>\n<\/tr>\n<\/tbody>\n<\/table>\n<\/div>\n<\/div><\/div><\/div><\/div><\/div>\n\n\n<div style=\"color:#404168\" class=\"wp-block-genesis-blocks-gb-spacer gb-block-spacer gb-divider-solid gb-spacer-divider gb-divider-size-1\"><hr style=\"height:3px\"\/><\/div>\n\n\n\n<div style=\"color:#404168\" class=\"wp-block-genesis-blocks-gb-spacer gb-block-spacer gb-divider-solid gb-divider-size-1\"><hr style=\"height:10px\"\/><\/div>\n\n\n<div id=\"pl-gb3087-69f23fd87053c\"  class=\"panel-layout\" ><div id=\"pg-gb3087-69f23fd87053c-0\"  class=\"panel-grid panel-no-style\" ><div id=\"pgc-gb3087-69f23fd87053c-0-0\"  class=\"panel-grid-cell panel-grid-cell-empty\" ><\/div><div id=\"pgc-gb3087-69f23fd87053c-0-1\"  class=\"panel-grid-cell panel-grid-cell-mobile-last\" ><div id=\"panel-gb3087-69f23fd87053c-0-1-0\" class=\"so-panel widget widget_text panel-first-child panel-last-child\" data-index=\"0\" >\t\t\t<div class=\"textwidget\"><p align=\"justify\">Die Im Rahmen eines Auftrages des Bundesministeriums f\u00fcr Landesverteidigung an das Institut f\u00fcr interdisziplin\u00e4re Forschung und Fortbildung, Abteilung Politische Bildung, beteiligte sich das Institut f\u00fcr Konfliktforschung an der Erstellung eines Kursangebotes f\u00fcr Lehroffiziere in der Wehrpolitischen Ausbildung.<\/p>\n<p align=\"justify\">Zun\u00e4chst wurde davon ausgegangen, da\u00df das Simulationsspiel POL&amp;IS, das von Zentrum f\u00fcr Innere F\u00fchrung (BRD) entwickelt wurde, die Grundlage eines solchen Curriculums bilden k\u00f6nnte. Nach einer dreit\u00e4gigen Spielleiterausbildung f\u00fcr POL&amp;IS mit Teilnehmern von verschiedenen Milit\u00e4rakademien und -schulen im November 1995 wurde beschlossen, nicht auf diesem Planspiel aufzubauen, sondern ein eigenst\u00e4ndiges Curriculum zu erstellen.<\/p>\n<p align=\"justify\">Das Ausbildungsprogramm wurde in drei Module gegliedert, die zwischen April und November 1996 jeweils mehrt\u00e4gig durchgef\u00fchrt wurden.<\/p>\n<ul>\n<li>Modul 1: P\u00e4dagogik\/Didaktik der Politischen Bildung<\/li>\n<li>Modul 2: Politikwissenschaftliche Grundlagen der Politischen Bildung<\/li>\n<li>Modul 3: Transfer.<\/li>\n<\/ul>\n<p align=\"justify\">Durch die Teilnahme an diesem Kurs sollen die Lehroffiziere bef\u00e4higt werden, in ihrer beruflichen Praxis neue Zug\u00e4nge und Themenstellungen im Bereich der Politischen Bildung zu erfahren und auszuprobieren.<\/p>\n<\/div>\n\t\t<\/div><\/div><div id=\"pgc-gb3087-69f23fd87053c-0-2\"  class=\"panel-grid-cell panel-grid-cell-empty\" ><\/div><\/div><\/div>\n\n\n<div style=\"color:#333\" class=\"wp-block-genesis-blocks-gb-spacer gb-block-spacer gb-divider-solid gb-spacer-divider gb-divider-size-1\"><hr style=\"height:100px\"\/><\/div>\n<\/div><\/div><\/div>","protected":false},"excerpt":{"rendered":"","protected":false},"author":2,"featured_media":0,"parent":633,"menu_order":47,"comment_status":"closed","ping_status":"closed","template":"","meta":{"footnotes":""},"class_list":["post-3087","page","type-page","status-publish","hentry","post"],"featured_image_src":null,"featured_image_src_square":null,"_links":{"self":[{"href":"https:\/\/ikf.ac.at\/en\/wp-json\/wp\/v2\/pages\/3087","targetHints":{"allow":["GET"]}}],"collection":[{"href":"https:\/\/ikf.ac.at\/en\/wp-json\/wp\/v2\/pages"}],"about":[{"href":"https:\/\/ikf.ac.at\/en\/wp-json\/wp\/v2\/types\/page"}],"author":[{"embeddable":true,"href":"https:\/\/ikf.ac.at\/en\/wp-json\/wp\/v2\/users\/2"}],"replies":[{"embeddable":true,"href":"https:\/\/ikf.ac.at\/en\/wp-json\/wp\/v2\/comments?post=3087"}],"version-history":[{"count":1,"href":"https:\/\/ikf.ac.at\/en\/wp-json\/wp\/v2\/pages\/3087\/revisions"}],"predecessor-version":[{"id":3088,"href":"https:\/\/ikf.ac.at\/en\/wp-json\/wp\/v2\/pages\/3087\/revisions\/3088"}],"up":[{"embeddable":true,"href":"https:\/\/ikf.ac.at\/en\/wp-json\/wp\/v2\/pages\/633"}],"wp:attachment":[{"href":"https:\/\/ikf.ac.at\/en\/wp-json\/wp\/v2\/media?parent=3087"}],"curies":[{"name":"wp","href":"https:\/\/api.w.org\/{rel}","templated":true}]}}

1996: Entwicklung eines Kursangebotes für Lehroffiziere in der Wehrpolitischen Ausbildung

<div class="wp-block-atomic-blocks-ab-container alignfull ab-block-container"><div class="ab-container-inside"><div class="ab-container-content"><div id="pl-gb3087-69f23fd86f818"  class="panel-layout" ><div id="pg-gb3087-69f23fd86f818-0"  class="panel-grid panel-no-style" ><div id="pgc-gb3087-69f23fd86f818-0-0"  class="panel-grid-cell" ><div id="panel-gb3087-69f23fd86f818-0-0-0" class="so-panel widget widget_media_image panel-first-child panel-last-child" data-index="0" ><img loading="lazy" decoding="async" width="2554" height="10" src="https://ikf.ac.at/wp-content/uploads/2021/01/linie_IKF.jpg" class="image wp-image-754  attachment-full size-full" alt="" style="max-width: 100%; height: auto;" srcset="https://ikf.ac.at/wp-content/uploads/2021/01/linie_IKF.jpg 2554w, https://ikf.ac.at/wp-content/uploads/2021/01/linie_IKF-300x1.jpg 300w, https://ikf.ac.at/wp-content/uploads/2021/01/linie_IKF-1024x4.jpg 1024w, https://ikf.ac.at/wp-content/uploads/2021/01/linie_IKF-768x3.jpg 768w, https://ikf.ac.at/wp-content/uploads/2021/01/linie_IKF-1536x6.jpg 1536w, https://ikf.ac.at/wp-content/uploads/2021/01/linie_IKF-2048x8.jpg 2048w" sizes="auto, (max-width: 2554px) 100vw, 2554px" /></div></div></div></div>


<div style="color:#ddd" class="wp-block-genesis-blocks-gb-spacer gb-block-spacer gb-divider-solid gb-divider-size-1"><hr style="height:30px"/></div>


<div id="pl-gb3087-69f23fd86feea"  class="panel-layout" ><div id="pg-gb3087-69f23fd86feea-0"  class="panel-grid panel-no-style" ><div id="pgc-gb3087-69f23fd86feea-0-0"  class="panel-grid-cell panel-grid-cell-empty" ></div><div id="pgc-gb3087-69f23fd86feea-0-1"  class="panel-grid-cell" ><div id="panel-gb3087-69f23fd86feea-0-1-0" class="so-panel widget widget_sow-editor panel-first-child panel-last-child" data-index="0" ><div
			
			class="so-widget-sow-editor so-widget-sow-editor-base"
			
		>
<div class="siteorigin-widget-tinymce textwidget">
	<table style="height: 220px; width: 100%; border-collapse: collapse;" border="1" cellpadding="2">
<tbody>
<tr style="height: 24px;">
<td style="width: 15.8421%; height: 24px;">Project management:</td>
<td style="width: 84.1578%; height: 24px;" colspan="2">Univ.-Prof. Dr. Anton Pelinka</td>
</tr>
<tr style="height: 24px;">
<td style="width: 15.8421%; height: 24px;">
<hr />
</td>
<td style="width: 69.6067%; height: 24px;">
<hr />
</td>
<td style="width: 14.5511%; height: 24px;"></td>
</tr>
<tr style="height: 24px;">
<td style="width: 15.8421%; height: 24px;">Implementation:</td>
<td style="width: 84.1578%; height: 24px;" colspan="2">Mag. Walter Fend<br />
Dr. Birgitt Haller</td>
</tr>
<tr style="height: 24px;">
<td style="width: 15.8421%; height: 24px;">
<hr />
</td>
<td style="width: 69.6067%; height: 24px;">
<hr />
</td>
<td style="width: 14.5511%; height: 24px;"></td>
</tr>
<tr style="height: 24px;">
<td style="width: 15.8421%; height: 24px;">Funded by:</td>
<td style="width: 84.1578%; height: 24px;" colspan="2">Institut für interdisziplinäre Forschung und Fortbildung (Bundesministerium für Landesverteidigung)</td>
</tr>
<tr style="height: 24px;">
<td style="width: 15.8421%; height: 24px;">
<hr />
</td>
<td style="width: 69.6067%; height: 24px;">
<hr />
</td>
<td style="width: 14.5511%; height: 24px;"></td>
</tr>
<tr style="height: 24px;">
<td style="width: 15.8421%; height: 24px;">Completed in:</td>
<td style="height: 24px; width: 84.1578%;" colspan="2">Dezember 1996</td>
</tr>
</tbody>
</table>
</div>
</div></div></div></div></div>


<div style="color:#404168" class="wp-block-genesis-blocks-gb-spacer gb-block-spacer gb-divider-solid gb-spacer-divider gb-divider-size-1"><hr style="height:3px"/></div>



<div style="color:#404168" class="wp-block-genesis-blocks-gb-spacer gb-block-spacer gb-divider-solid gb-divider-size-1"><hr style="height:10px"/></div>


<div id="pl-gb3087-69f23fd87053c"  class="panel-layout" ><div id="pg-gb3087-69f23fd87053c-0"  class="panel-grid panel-no-style" ><div id="pgc-gb3087-69f23fd87053c-0-0"  class="panel-grid-cell panel-grid-cell-empty" ></div><div id="pgc-gb3087-69f23fd87053c-0-1"  class="panel-grid-cell panel-grid-cell-mobile-last" ><div id="panel-gb3087-69f23fd87053c-0-1-0" class="so-panel widget widget_text panel-first-child panel-last-child" data-index="0" >			<div class="textwidget"><p align="justify">Die Im Rahmen eines Auftrages des Bundesministeriums für Landesverteidigung an das Institut für interdisziplinäre Forschung und Fortbildung, Abteilung Politische Bildung, beteiligte sich das Institut für Konfliktforschung an der Erstellung eines Kursangebotes für Lehroffiziere in der Wehrpolitischen Ausbildung.</p>
<p align="justify">Zunächst wurde davon ausgegangen, daß das Simulationsspiel POL&amp;IS, das von Zentrum für Innere Führung (BRD) entwickelt wurde, die Grundlage eines solchen Curriculums bilden könnte. Nach einer dreitägigen Spielleiterausbildung für POL&amp;IS mit Teilnehmern von verschiedenen Militärakademien und -schulen im November 1995 wurde beschlossen, nicht auf diesem Planspiel aufzubauen, sondern ein eigenständiges Curriculum zu erstellen.</p>
<p align="justify">Das Ausbildungsprogramm wurde in drei Module gegliedert, die zwischen April und November 1996 jeweils mehrtägig durchgeführt wurden.</p>
<ul>
<li>Modul 1: Pädagogik/Didaktik der Politischen Bildung</li>
<li>Modul 2: Politikwissenschaftliche Grundlagen der Politischen Bildung</li>
<li>Modul 3: Transfer.</li>
</ul>
<p align="justify">Durch die Teilnahme an diesem Kurs sollen die Lehroffiziere befähigt werden, in ihrer beruflichen Praxis neue Zugänge und Themenstellungen im Bereich der Politischen Bildung zu erfahren und auszuprobieren.</p>
</div>
		</div></div><div id="pgc-gb3087-69f23fd87053c-0-2"  class="panel-grid-cell panel-grid-cell-empty" ></div></div></div>


<div style="color:#333" class="wp-block-genesis-blocks-gb-spacer gb-block-spacer gb-divider-solid gb-spacer-divider gb-divider-size-1"><hr style="height:100px"/></div>
</div></div></div>
