{"id":3085,"date":"2021-07-01T08:21:43","date_gmt":"2021-07-01T08:21:43","guid":{"rendered":"http:\/\/test-ikf.online\/?page_id=3085"},"modified":"2021-07-01T08:22:56","modified_gmt":"2021-07-01T08:22:56","slug":"1996-graue-panther-wahrscheinlichkeit-und-intensitaet-politische-mobilisierung-aeltere-generation-in-oe","status":"publish","type":"page","link":"https:\/\/ikf.ac.at\/en\/schwerpunkte\/demokratie\/demokratieentwicklung\/1996-graue-panther-wahrscheinlichkeit-und-intensitaet-politische-mobilisierung-aeltere-generation-in-oe","title":{"rendered":"1996: Graue Panther &#8211; Zur Wahrscheinlichkeit und Intensit\u00e4t der politischen Mobilisierung der \u00e4lteren Generation in \u00d6sterreich"},"content":{"rendered":"<div class=\"wp-block-atomic-blocks-ab-container alignfull ab-block-container\"><div class=\"ab-container-inside\"><div class=\"ab-container-content\"><div id=\"pl-gb3085-69f23f9ec3600\"  class=\"panel-layout\" ><div id=\"pg-gb3085-69f23f9ec3600-0\"  class=\"panel-grid panel-no-style\" ><div id=\"pgc-gb3085-69f23f9ec3600-0-0\"  class=\"panel-grid-cell\" ><div id=\"panel-gb3085-69f23f9ec3600-0-0-0\" class=\"so-panel widget widget_media_image panel-first-child panel-last-child\" data-index=\"0\" ><img loading=\"lazy\" decoding=\"async\" width=\"2554\" height=\"10\" src=\"https:\/\/ikf.ac.at\/wp-content\/uploads\/2021\/01\/linie_IKF.jpg\" class=\"image wp-image-754  attachment-full size-full\" alt=\"\" style=\"max-width: 100%; height: auto;\" srcset=\"https:\/\/ikf.ac.at\/wp-content\/uploads\/2021\/01\/linie_IKF.jpg 2554w, https:\/\/ikf.ac.at\/wp-content\/uploads\/2021\/01\/linie_IKF-300x1.jpg 300w, https:\/\/ikf.ac.at\/wp-content\/uploads\/2021\/01\/linie_IKF-1024x4.jpg 1024w, https:\/\/ikf.ac.at\/wp-content\/uploads\/2021\/01\/linie_IKF-768x3.jpg 768w, https:\/\/ikf.ac.at\/wp-content\/uploads\/2021\/01\/linie_IKF-1536x6.jpg 1536w, https:\/\/ikf.ac.at\/wp-content\/uploads\/2021\/01\/linie_IKF-2048x8.jpg 2048w\" sizes=\"auto, (max-width: 2554px) 100vw, 2554px\" \/><\/div><\/div><\/div><\/div>\n\n\n<div style=\"color:#ddd\" class=\"wp-block-genesis-blocks-gb-spacer gb-block-spacer gb-divider-solid gb-divider-size-1\"><hr style=\"height:30px\"\/><\/div>\n\n\n<div id=\"pl-gb3085-69f23f9ec3a96\"  class=\"panel-layout\" ><div id=\"pg-gb3085-69f23f9ec3a96-0\"  class=\"panel-grid panel-no-style\" ><div id=\"pgc-gb3085-69f23f9ec3a96-0-0\"  class=\"panel-grid-cell panel-grid-cell-empty\" ><\/div><div id=\"pgc-gb3085-69f23f9ec3a96-0-1\"  class=\"panel-grid-cell\" ><div id=\"panel-gb3085-69f23f9ec3a96-0-1-0\" class=\"so-panel widget widget_sow-editor panel-first-child panel-last-child\" data-index=\"0\" ><div\n\t\t\t\n\t\t\tclass=\"so-widget-sow-editor so-widget-sow-editor-base\"\n\t\t\t\n\t\t>\n<div class=\"siteorigin-widget-tinymce textwidget\">\n\t<table style=\"height: 100px; width: 100%; border-collapse: collapse;\" border=\"1\" cellpadding=\"2\">\n<tbody>\n<tr style=\"height: 24px;\">\n<td style=\"width: 15.5771%; height: 24px;\">Project management:<\/td>\n<td style=\"width: 84.4228%; height: 24px;\" colspan=\"2\">Univ.-Prof. Dr. Anton Pelinka<\/td>\n<\/tr>\n<tr>\n<td style=\"width: 15.5771%;\">\n<hr \/>\n<\/td>\n<td style=\"width: 39.8363%;\">\n<hr \/>\n<\/td>\n<td style=\"width: 44.5865%; height: 24px;\"><\/td>\n<\/tr>\n<tr>\n<td style=\"width: 15.5771%;\">Implementation:<\/td>\n<td style=\"width: 84.4228%;\" colspan=\"2\">Dr. Birgitt Haller<br \/>\nDr. Ilse K\u00f6nig<br \/>\nDSA Christina Radner<\/td>\n<\/tr>\n<tr>\n<td style=\"width: 15.5771%;\">\n<hr \/>\n<\/td>\n<td style=\"width: 39.8363%;\">\n<hr \/>\n<\/td>\n<td style=\"width: 44.5865%;\"><\/td>\n<\/tr>\n<tr>\n<td style=\"width: 15.5771%;\">Funded by:<\/td>\n<td style=\"width: 84.4228%;\" colspan=\"2\">Bundesministerium f\u00fcr Wissenschaft und Forschung<\/td>\n<\/tr>\n<tr>\n<td style=\"width: 15.5771%;\">\n<hr \/>\n<\/td>\n<td style=\"width: 39.8363%;\">\n<hr \/>\n<\/td>\n<td style=\"width: 44.5865%; height: 24px;\"><\/td>\n<\/tr>\n<tr style=\"height: 24px;\">\n<td style=\"width: 15.5771%; height: 24px;\">Completed in:<\/td>\n<td style=\"height: 24px; width: 84.4228%;\" colspan=\"2\">Dezember 1996<\/td>\n<\/tr>\n<\/tbody>\n<\/table>\n<\/div>\n<\/div><\/div><\/div><\/div><\/div>\n\n\n<div style=\"color:#404168\" class=\"wp-block-genesis-blocks-gb-spacer gb-block-spacer gb-divider-solid gb-spacer-divider gb-divider-size-1\"><hr style=\"height:3px\"\/><\/div>\n\n\n\n<div style=\"color:#404168\" class=\"wp-block-genesis-blocks-gb-spacer gb-block-spacer gb-divider-solid gb-divider-size-1\"><hr style=\"height:10px\"\/><\/div>\n\n\n<div id=\"pl-gb3085-69f23f9ec3e87\"  class=\"panel-layout\" ><div id=\"pg-gb3085-69f23f9ec3e87-0\"  class=\"panel-grid panel-no-style\" ><div id=\"pgc-gb3085-69f23f9ec3e87-0-0\"  class=\"panel-grid-cell panel-grid-cell-empty\" ><\/div><div id=\"pgc-gb3085-69f23f9ec3e87-0-1\"  class=\"panel-grid-cell panel-grid-cell-mobile-last\" ><div id=\"panel-gb3085-69f23f9ec3e87-0-1-0\" class=\"so-panel widget widget_text panel-first-child panel-last-child\" data-index=\"0\" >\t\t\t<div class=\"textwidget\"><p align=\"justify\">Seit Ende der 80er Jahre hat sich der Faktor &#8220;Alter&#8221; im Gegensatz zum Faktor &#8220;Jugend&#8221; in \u00d6sterreich politisch verselbst\u00e4ndigt. Alter wird ein das politische Verhalten zunehmend beeinflussender Faktor, Alter wird ebenso ein die politischen Inhalte zunehmend bestimmendes Thema.<\/p>\n<p align=\"justify\">Das Forschungsprojekt umfa\u00dft zwei Untersuchungsebenen. Einmal die Ebene von &#8220;politics&#8221;, also die Ebene politischer Interessen und deren Artikulierung &#8211; hier steht die Frage nach dem Wahlverhalten und dessen Auswirkungen auf das Parteien- und Verb\u00e4ndesystem im Vordergrund. Die Ebene von &#8220;policies&#8221; beschreibt und analysiert die Inhalte und Ergebnisse von Politik &#8211; mit dem Schwerpunkt auf den sozial- und gesundheitspolitischen Politikfeldern.<\/p>\n<p align=\"justify\">F\u00fcr die Beschreibung und Analyse der beiden Ebenen wurden folgende Datenquellen herangezogen: Ergebnisse der Wahlforschung, ausgewertet nach dem Faktor &#8220;Alter&#8221;; Umfrageergebnisse zur Partizipation an Formen der direkten Demokratie; der Inhalt von Regierungserkl\u00e4rungen, Parteiprogrammen, Wahlpropaganda, Interviews mit VertreterInnen der Parlamentsparteien, Interessenvertretungen, Verwaltung, Seniorenorganisationen und Wissenschaft. Dem werden gesetzliche Entwicklungen ca. der letzten 15 Jahre gegen\u00fcbergestellt. In die Ergebnisse einbezogen sind auch Vergleiche mit anderen westlichen Demokratien.<\/p>\n<\/div>\n\t\t<\/div><\/div><div id=\"pgc-gb3085-69f23f9ec3e87-0-2\"  class=\"panel-grid-cell panel-grid-cell-empty\" ><\/div><\/div><\/div>\n\n\n<div style=\"color:#333\" class=\"wp-block-genesis-blocks-gb-spacer gb-block-spacer gb-divider-solid gb-spacer-divider gb-divider-size-1\"><hr style=\"height:100px\"\/><\/div>\n<\/div><\/div><\/div>","protected":false},"excerpt":{"rendered":"","protected":false},"author":2,"featured_media":0,"parent":633,"menu_order":46,"comment_status":"closed","ping_status":"closed","template":"","meta":{"footnotes":""},"class_list":["post-3085","page","type-page","status-publish","hentry","post"],"featured_image_src":null,"featured_image_src_square":null,"_links":{"self":[{"href":"https:\/\/ikf.ac.at\/en\/wp-json\/wp\/v2\/pages\/3085","targetHints":{"allow":["GET"]}}],"collection":[{"href":"https:\/\/ikf.ac.at\/en\/wp-json\/wp\/v2\/pages"}],"about":[{"href":"https:\/\/ikf.ac.at\/en\/wp-json\/wp\/v2\/types\/page"}],"author":[{"embeddable":true,"href":"https:\/\/ikf.ac.at\/en\/wp-json\/wp\/v2\/users\/2"}],"replies":[{"embeddable":true,"href":"https:\/\/ikf.ac.at\/en\/wp-json\/wp\/v2\/comments?post=3085"}],"version-history":[{"count":1,"href":"https:\/\/ikf.ac.at\/en\/wp-json\/wp\/v2\/pages\/3085\/revisions"}],"predecessor-version":[{"id":3086,"href":"https:\/\/ikf.ac.at\/en\/wp-json\/wp\/v2\/pages\/3085\/revisions\/3086"}],"up":[{"embeddable":true,"href":"https:\/\/ikf.ac.at\/en\/wp-json\/wp\/v2\/pages\/633"}],"wp:attachment":[{"href":"https:\/\/ikf.ac.at\/en\/wp-json\/wp\/v2\/media?parent=3085"}],"curies":[{"name":"wp","href":"https:\/\/api.w.org\/{rel}","templated":true}]}}

1996: Graue Panther &#8211; Zur Wahrscheinlichkeit und Intensität der politischen Mobilisierung der älteren Generation in Österreich

<div class="wp-block-atomic-blocks-ab-container alignfull ab-block-container"><div class="ab-container-inside"><div class="ab-container-content"><div id="pl-gb3085-69f23f9ec3600"  class="panel-layout" ><div id="pg-gb3085-69f23f9ec3600-0"  class="panel-grid panel-no-style" ><div id="pgc-gb3085-69f23f9ec3600-0-0"  class="panel-grid-cell" ><div id="panel-gb3085-69f23f9ec3600-0-0-0" class="so-panel widget widget_media_image panel-first-child panel-last-child" data-index="0" ><img loading="lazy" decoding="async" width="2554" height="10" src="https://ikf.ac.at/wp-content/uploads/2021/01/linie_IKF.jpg" class="image wp-image-754  attachment-full size-full" alt="" style="max-width: 100%; height: auto;" srcset="https://ikf.ac.at/wp-content/uploads/2021/01/linie_IKF.jpg 2554w, https://ikf.ac.at/wp-content/uploads/2021/01/linie_IKF-300x1.jpg 300w, https://ikf.ac.at/wp-content/uploads/2021/01/linie_IKF-1024x4.jpg 1024w, https://ikf.ac.at/wp-content/uploads/2021/01/linie_IKF-768x3.jpg 768w, https://ikf.ac.at/wp-content/uploads/2021/01/linie_IKF-1536x6.jpg 1536w, https://ikf.ac.at/wp-content/uploads/2021/01/linie_IKF-2048x8.jpg 2048w" sizes="auto, (max-width: 2554px) 100vw, 2554px" /></div></div></div></div>


<div style="color:#ddd" class="wp-block-genesis-blocks-gb-spacer gb-block-spacer gb-divider-solid gb-divider-size-1"><hr style="height:30px"/></div>


<div id="pl-gb3085-69f23f9ec3a96"  class="panel-layout" ><div id="pg-gb3085-69f23f9ec3a96-0"  class="panel-grid panel-no-style" ><div id="pgc-gb3085-69f23f9ec3a96-0-0"  class="panel-grid-cell panel-grid-cell-empty" ></div><div id="pgc-gb3085-69f23f9ec3a96-0-1"  class="panel-grid-cell" ><div id="panel-gb3085-69f23f9ec3a96-0-1-0" class="so-panel widget widget_sow-editor panel-first-child panel-last-child" data-index="0" ><div
			
			class="so-widget-sow-editor so-widget-sow-editor-base"
			
		>
<div class="siteorigin-widget-tinymce textwidget">
	<table style="height: 100px; width: 100%; border-collapse: collapse;" border="1" cellpadding="2">
<tbody>
<tr style="height: 24px;">
<td style="width: 15.5771%; height: 24px;">Project management:</td>
<td style="width: 84.4228%; height: 24px;" colspan="2">Univ.-Prof. Dr. Anton Pelinka</td>
</tr>
<tr>
<td style="width: 15.5771%;">
<hr />
</td>
<td style="width: 39.8363%;">
<hr />
</td>
<td style="width: 44.5865%; height: 24px;"></td>
</tr>
<tr>
<td style="width: 15.5771%;">Implementation:</td>
<td style="width: 84.4228%;" colspan="2">Dr. Birgitt Haller<br />
Dr. Ilse König<br />
DSA Christina Radner</td>
</tr>
<tr>
<td style="width: 15.5771%;">
<hr />
</td>
<td style="width: 39.8363%;">
<hr />
</td>
<td style="width: 44.5865%;"></td>
</tr>
<tr>
<td style="width: 15.5771%;">Funded by:</td>
<td style="width: 84.4228%;" colspan="2">Bundesministerium für Wissenschaft und Forschung</td>
</tr>
<tr>
<td style="width: 15.5771%;">
<hr />
</td>
<td style="width: 39.8363%;">
<hr />
</td>
<td style="width: 44.5865%; height: 24px;"></td>
</tr>
<tr style="height: 24px;">
<td style="width: 15.5771%; height: 24px;">Completed in:</td>
<td style="height: 24px; width: 84.4228%;" colspan="2">Dezember 1996</td>
</tr>
</tbody>
</table>
</div>
</div></div></div></div></div>


<div style="color:#404168" class="wp-block-genesis-blocks-gb-spacer gb-block-spacer gb-divider-solid gb-spacer-divider gb-divider-size-1"><hr style="height:3px"/></div>



<div style="color:#404168" class="wp-block-genesis-blocks-gb-spacer gb-block-spacer gb-divider-solid gb-divider-size-1"><hr style="height:10px"/></div>


<div id="pl-gb3085-69f23f9ec3e87"  class="panel-layout" ><div id="pg-gb3085-69f23f9ec3e87-0"  class="panel-grid panel-no-style" ><div id="pgc-gb3085-69f23f9ec3e87-0-0"  class="panel-grid-cell panel-grid-cell-empty" ></div><div id="pgc-gb3085-69f23f9ec3e87-0-1"  class="panel-grid-cell panel-grid-cell-mobile-last" ><div id="panel-gb3085-69f23f9ec3e87-0-1-0" class="so-panel widget widget_text panel-first-child panel-last-child" data-index="0" >			<div class="textwidget"><p align="justify">Seit Ende der 80er Jahre hat sich der Faktor &#8220;Alter&#8221; im Gegensatz zum Faktor &#8220;Jugend&#8221; in Österreich politisch verselbständigt. Alter wird ein das politische Verhalten zunehmend beeinflussender Faktor, Alter wird ebenso ein die politischen Inhalte zunehmend bestimmendes Thema.</p>
<p align="justify">Das Forschungsprojekt umfaßt zwei Untersuchungsebenen. Einmal die Ebene von &#8220;politics&#8221;, also die Ebene politischer Interessen und deren Artikulierung &#8211; hier steht die Frage nach dem Wahlverhalten und dessen Auswirkungen auf das Parteien- und Verbändesystem im Vordergrund. Die Ebene von &#8220;policies&#8221; beschreibt und analysiert die Inhalte und Ergebnisse von Politik &#8211; mit dem Schwerpunkt auf den sozial- und gesundheitspolitischen Politikfeldern.</p>
<p align="justify">Für die Beschreibung und Analyse der beiden Ebenen wurden folgende Datenquellen herangezogen: Ergebnisse der Wahlforschung, ausgewertet nach dem Faktor &#8220;Alter&#8221;; Umfrageergebnisse zur Partizipation an Formen der direkten Demokratie; der Inhalt von Regierungserklärungen, Parteiprogrammen, Wahlpropaganda, Interviews mit VertreterInnen der Parlamentsparteien, Interessenvertretungen, Verwaltung, Seniorenorganisationen und Wissenschaft. Dem werden gesetzliche Entwicklungen ca. der letzten 15 Jahre gegenübergestellt. In die Ergebnisse einbezogen sind auch Vergleiche mit anderen westlichen Demokratien.</p>
</div>
		</div></div><div id="pgc-gb3085-69f23f9ec3e87-0-2"  class="panel-grid-cell panel-grid-cell-empty" ></div></div></div>


<div style="color:#333" class="wp-block-genesis-blocks-gb-spacer gb-block-spacer gb-divider-solid gb-spacer-divider gb-divider-size-1"><hr style="height:100px"/></div>
</div></div></div>
