{"id":3083,"date":"2021-07-01T08:18:08","date_gmt":"2021-07-01T08:18:08","guid":{"rendered":"http:\/\/test-ikf.online\/?page_id=3083"},"modified":"2021-07-01T08:18:33","modified_gmt":"2021-07-01T08:18:33","slug":"1996-der-nationalrat-auf-dem-weg-zum-arbeitsparlament","status":"publish","type":"page","link":"https:\/\/ikf.ac.at\/en\/schwerpunkte\/demokratie\/demokratieentwicklung\/1996-der-nationalrat-auf-dem-weg-zum-arbeitsparlament","title":{"rendered":"1996: Der Nationalrat auf dem Weg zum Arbeitsparlament"},"content":{"rendered":"<div class=\"wp-block-atomic-blocks-ab-container alignfull ab-block-container\"><div class=\"ab-container-inside\"><div class=\"ab-container-content\"><div id=\"pl-gb3083-69f23fd888e37\"  class=\"panel-layout\" ><div id=\"pg-gb3083-69f23fd888e37-0\"  class=\"panel-grid panel-no-style\" ><div id=\"pgc-gb3083-69f23fd888e37-0-0\"  class=\"panel-grid-cell\" ><div id=\"panel-gb3083-69f23fd888e37-0-0-0\" class=\"so-panel widget widget_media_image panel-first-child panel-last-child\" data-index=\"0\" ><img loading=\"lazy\" decoding=\"async\" width=\"2554\" height=\"10\" src=\"https:\/\/ikf.ac.at\/wp-content\/uploads\/2021\/01\/linie_IKF.jpg\" class=\"image wp-image-754  attachment-full size-full\" alt=\"\" style=\"max-width: 100%; height: auto;\" srcset=\"https:\/\/ikf.ac.at\/wp-content\/uploads\/2021\/01\/linie_IKF.jpg 2554w, https:\/\/ikf.ac.at\/wp-content\/uploads\/2021\/01\/linie_IKF-300x1.jpg 300w, https:\/\/ikf.ac.at\/wp-content\/uploads\/2021\/01\/linie_IKF-1024x4.jpg 1024w, https:\/\/ikf.ac.at\/wp-content\/uploads\/2021\/01\/linie_IKF-768x3.jpg 768w, https:\/\/ikf.ac.at\/wp-content\/uploads\/2021\/01\/linie_IKF-1536x6.jpg 1536w, https:\/\/ikf.ac.at\/wp-content\/uploads\/2021\/01\/linie_IKF-2048x8.jpg 2048w\" sizes=\"auto, (max-width: 2554px) 100vw, 2554px\" \/><\/div><\/div><\/div><\/div>\n\n\n<div style=\"color:#ddd\" class=\"wp-block-genesis-blocks-gb-spacer gb-block-spacer gb-divider-solid gb-divider-size-1\"><hr style=\"height:30px\"\/><\/div>\n\n\n<div id=\"pl-gb3083-69f23fd8895cf\"  class=\"panel-layout\" ><div id=\"pg-gb3083-69f23fd8895cf-0\"  class=\"panel-grid panel-no-style\" ><div id=\"pgc-gb3083-69f23fd8895cf-0-0\"  class=\"panel-grid-cell panel-grid-cell-empty\" ><\/div><div id=\"pgc-gb3083-69f23fd8895cf-0-1\"  class=\"panel-grid-cell\" ><div id=\"panel-gb3083-69f23fd8895cf-0-1-0\" class=\"so-panel widget widget_sow-editor panel-first-child panel-last-child\" data-index=\"0\" ><div\n\t\t\t\n\t\t\tclass=\"so-widget-sow-editor so-widget-sow-editor-base\"\n\t\t\t\n\t\t>\n<div class=\"siteorigin-widget-tinymce textwidget\">\n\t<table style=\"height: 220px; width: 100%; border-collapse: collapse;\" border=\"1\" cellpadding=\"2\">\n<tbody>\n<tr style=\"height: 24px;\">\n<td style=\"width: 15.8421%; height: 24px;\">Project management:<\/td>\n<td style=\"width: 84.1578%; height: 24px;\" colspan=\"2\">Univ.-Prof. Dr. Anton Pelinka<\/td>\n<\/tr>\n<tr style=\"height: 24px;\">\n<td style=\"width: 15.8421%; height: 24px;\">\n<hr \/>\n<\/td>\n<td style=\"width: 48.9353%; height: 24px;\">\n<hr \/>\n<\/td>\n<td style=\"width: 35.2225%; height: 24px;\"><\/td>\n<\/tr>\n<tr style=\"height: 24px;\">\n<td style=\"width: 15.8421%; height: 24px;\">Implementation:<\/td>\n<td style=\"width: 84.1578%; height: 24px;\" colspan=\"2\">DDr. Hubert Sickinger<\/td>\n<\/tr>\n<tr style=\"height: 24px;\">\n<td style=\"width: 15.8421%; height: 24px;\">\n<hr \/>\n<\/td>\n<td style=\"width: 48.9353%; height: 24px;\">\n<hr \/>\n<\/td>\n<td style=\"width: 35.2225%; height: 24px;\"><\/td>\n<\/tr>\n<tr style=\"height: 24px;\">\n<td style=\"width: 15.8421%; height: 24px;\">Funded by:<\/td>\n<td style=\"width: 84.1578%; height: 24px;\" colspan=\"2\">Jubil\u00e4umsfonds der \u00d6sterreichischen Nationalbank, Projekt Nr. 5421<\/td>\n<\/tr>\n<tr style=\"height: 24px;\">\n<td style=\"width: 15.8421%; height: 24px;\">\n<hr \/>\n<\/td>\n<td style=\"width: 48.9353%; height: 24px;\">\n<hr \/>\n<\/td>\n<td style=\"width: 35.2225%; height: 24px;\"><\/td>\n<\/tr>\n<tr style=\"height: 24px;\">\n<td style=\"width: 15.8421%; height: 24px;\">Completed in:<\/td>\n<td style=\"height: 24px; width: 84.1578%;\" colspan=\"2\">Juli 1996<\/td>\n<\/tr>\n<\/tbody>\n<\/table>\n<\/div>\n<\/div><\/div><\/div><\/div><\/div>\n\n\n<div style=\"color:#404168\" class=\"wp-block-genesis-blocks-gb-spacer gb-block-spacer gb-divider-solid gb-spacer-divider gb-divider-size-1\"><hr style=\"height:3px\"\/><\/div>\n\n\n\n<div style=\"color:#404168\" class=\"wp-block-genesis-blocks-gb-spacer gb-block-spacer gb-divider-solid gb-divider-size-1\"><hr style=\"height:10px\"\/><\/div>\n\n\n<div id=\"pl-gb3083-69f23fd889cb1\"  class=\"panel-layout\" ><div id=\"pg-gb3083-69f23fd889cb1-0\"  class=\"panel-grid panel-no-style\" ><div id=\"pgc-gb3083-69f23fd889cb1-0-0\"  class=\"panel-grid-cell panel-grid-cell-empty\" ><\/div><div id=\"pgc-gb3083-69f23fd889cb1-0-1\"  class=\"panel-grid-cell panel-grid-cell-mobile-last\" ><div id=\"panel-gb3083-69f23fd889cb1-0-1-0\" class=\"so-panel widget widget_text panel-first-child panel-last-child\" data-index=\"0\" >\t\t\t<div class=\"textwidget\"><p align=\"justify\">Die Leitfrage des Forschungsprojekts besteht darin, ob auf den \u00f6sterreichischen Nationalrat die Kategorisierung als &#8220;Arbeitsparlament&#8221; zutrifft bzw. ob es eine langfristige Entwicklung des \u00f6sterreichischen Parlamentarismus gibt, die sich als Entwicklung in Richtung Arbeitsparlament interpretieren l\u00e4\u00dft. Unter diesem Gesichtspunkt wird die Entwicklung des Nationalrats einem historischen L\u00e4ngsschnittvergleich (Beginn der 1970er Jahre bis Mitte 1996) unterzogen. Dabei wird prim\u00e4r eine funktionsorientierte Analyse der Arbeit des Nationalrats unter dem Schwerpunkt der tats\u00e4chlichen Rolle dieser K\u00f6rperschaft im Gesetzgebungsproze\u00df bzw. der &#8220;nicht\u00f6ffentlichen&#8221; Bereiche der parlamentarischen Arbeit (v.a. Ausschu\u00dfverfahren, Arbeitsteilung in den Klubs etc.) vorgenommen. Auch die Infrastruktur des Nationalrats (parlamentarisch-wissenschaftliche Dienste, aber auch Klubfinanzierung, parlamentarische MitarbeiterInnen) wird genauer beschrieben. Daneben werden nicht unmittelbar als Charakteristika von Arbeitsparlamenten einzustufende zentrale Parlamentsfunktionen (&#8220;Trib\u00fcnefunktion&#8221;, parlamentarische Kontrolle) ber\u00fccksichtigt.<\/p>\n<p align=\"justify\">Die quantitativen wie qualitativen Befunde ergeben, da\u00df die Bedeutung des Nationalrats im \u00f6sterreichischen Regierungssystem im vergangenen Vierteljahrhundert deutlich zugenommen hat &#8211; nicht nur im Sinne einer B\u00fchne des Konflikts zwischen Regierung und Opposition (&#8220;Redeparlament&#8221;), sondern v.a. auch in dem Sinne, da\u00df zunehmend (f\u00fchrende bzw. spezialisierte) ParlamentarierInnen ma\u00dfgeblich am Gesetzgebungsproze\u00df mitwirken. Generell steht heute der Nationalrat st\u00e4rker im Zentrum des Regierungssystems als vor 25 Jahren.<\/p>\n<\/div>\n\t\t<\/div><\/div><div id=\"pgc-gb3083-69f23fd889cb1-0-2\"  class=\"panel-grid-cell panel-grid-cell-empty\" ><\/div><\/div><\/div>\n\n\n<div style=\"color:#333\" class=\"wp-block-genesis-blocks-gb-spacer gb-block-spacer gb-divider-solid gb-spacer-divider gb-divider-size-1\"><hr style=\"height:100px\"\/><\/div>\n<\/div><\/div><\/div>","protected":false},"excerpt":{"rendered":"","protected":false},"author":2,"featured_media":0,"parent":633,"menu_order":45,"comment_status":"closed","ping_status":"closed","template":"","meta":{"footnotes":""},"class_list":["post-3083","page","type-page","status-publish","hentry","post"],"featured_image_src":null,"featured_image_src_square":null,"_links":{"self":[{"href":"https:\/\/ikf.ac.at\/en\/wp-json\/wp\/v2\/pages\/3083","targetHints":{"allow":["GET"]}}],"collection":[{"href":"https:\/\/ikf.ac.at\/en\/wp-json\/wp\/v2\/pages"}],"about":[{"href":"https:\/\/ikf.ac.at\/en\/wp-json\/wp\/v2\/types\/page"}],"author":[{"embeddable":true,"href":"https:\/\/ikf.ac.at\/en\/wp-json\/wp\/v2\/users\/2"}],"replies":[{"embeddable":true,"href":"https:\/\/ikf.ac.at\/en\/wp-json\/wp\/v2\/comments?post=3083"}],"version-history":[{"count":1,"href":"https:\/\/ikf.ac.at\/en\/wp-json\/wp\/v2\/pages\/3083\/revisions"}],"predecessor-version":[{"id":3084,"href":"https:\/\/ikf.ac.at\/en\/wp-json\/wp\/v2\/pages\/3083\/revisions\/3084"}],"up":[{"embeddable":true,"href":"https:\/\/ikf.ac.at\/en\/wp-json\/wp\/v2\/pages\/633"}],"wp:attachment":[{"href":"https:\/\/ikf.ac.at\/en\/wp-json\/wp\/v2\/media?parent=3083"}],"curies":[{"name":"wp","href":"https:\/\/api.w.org\/{rel}","templated":true}]}}

<div class="wp-block-atomic-blocks-ab-container alignfull ab-block-container"><div class="ab-container-inside"><div class="ab-container-content"><div id="pl-gb3083-69f23fd888e37"  class="panel-layout" ><div id="pg-gb3083-69f23fd888e37-0"  class="panel-grid panel-no-style" ><div id="pgc-gb3083-69f23fd888e37-0-0"  class="panel-grid-cell" ><div id="panel-gb3083-69f23fd888e37-0-0-0" class="so-panel widget widget_media_image panel-first-child panel-last-child" data-index="0" ><img loading="lazy" decoding="async" width="2554" height="10" src="https://ikf.ac.at/wp-content/uploads/2021/01/linie_IKF.jpg" class="image wp-image-754  attachment-full size-full" alt="" style="max-width: 100%; height: auto;" srcset="https://ikf.ac.at/wp-content/uploads/2021/01/linie_IKF.jpg 2554w, https://ikf.ac.at/wp-content/uploads/2021/01/linie_IKF-300x1.jpg 300w, https://ikf.ac.at/wp-content/uploads/2021/01/linie_IKF-1024x4.jpg 1024w, https://ikf.ac.at/wp-content/uploads/2021/01/linie_IKF-768x3.jpg 768w, https://ikf.ac.at/wp-content/uploads/2021/01/linie_IKF-1536x6.jpg 1536w, https://ikf.ac.at/wp-content/uploads/2021/01/linie_IKF-2048x8.jpg 2048w" sizes="auto, (max-width: 2554px) 100vw, 2554px" /></div></div></div></div>


<div style="color:#ddd" class="wp-block-genesis-blocks-gb-spacer gb-block-spacer gb-divider-solid gb-divider-size-1"><hr style="height:30px"/></div>


<div id="pl-gb3083-69f23fd8895cf"  class="panel-layout" ><div id="pg-gb3083-69f23fd8895cf-0"  class="panel-grid panel-no-style" ><div id="pgc-gb3083-69f23fd8895cf-0-0"  class="panel-grid-cell panel-grid-cell-empty" ></div><div id="pgc-gb3083-69f23fd8895cf-0-1"  class="panel-grid-cell" ><div id="panel-gb3083-69f23fd8895cf-0-1-0" class="so-panel widget widget_sow-editor panel-first-child panel-last-child" data-index="0" ><div
			
			class="so-widget-sow-editor so-widget-sow-editor-base"
			
		>
<div class="siteorigin-widget-tinymce textwidget">
	<table style="height: 220px; width: 100%; border-collapse: collapse;" border="1" cellpadding="2">
<tbody>
<tr style="height: 24px;">
<td style="width: 15.8421%; height: 24px;">Project management:</td>
<td style="width: 84.1578%; height: 24px;" colspan="2">Univ.-Prof. Dr. Anton Pelinka</td>
</tr>
<tr style="height: 24px;">
<td style="width: 15.8421%; height: 24px;">
<hr />
</td>
<td style="width: 48.9353%; height: 24px;">
<hr />
</td>
<td style="width: 35.2225%; height: 24px;"></td>
</tr>
<tr style="height: 24px;">
<td style="width: 15.8421%; height: 24px;">Implementation:</td>
<td style="width: 84.1578%; height: 24px;" colspan="2">DDr. Hubert Sickinger</td>
</tr>
<tr style="height: 24px;">
<td style="width: 15.8421%; height: 24px;">
<hr />
</td>
<td style="width: 48.9353%; height: 24px;">
<hr />
</td>
<td style="width: 35.2225%; height: 24px;"></td>
</tr>
<tr style="height: 24px;">
<td style="width: 15.8421%; height: 24px;">Funded by:</td>
<td style="width: 84.1578%; height: 24px;" colspan="2">Jubiläumsfonds der Österreichischen Nationalbank, Projekt Nr. 5421</td>
</tr>
<tr style="height: 24px;">
<td style="width: 15.8421%; height: 24px;">
<hr />
</td>
<td style="width: 48.9353%; height: 24px;">
<hr />
</td>
<td style="width: 35.2225%; height: 24px;"></td>
</tr>
<tr style="height: 24px;">
<td style="width: 15.8421%; height: 24px;">Completed in:</td>
<td style="height: 24px; width: 84.1578%;" colspan="2">Juli 1996</td>
</tr>
</tbody>
</table>
</div>
</div></div></div></div></div>


<div style="color:#404168" class="wp-block-genesis-blocks-gb-spacer gb-block-spacer gb-divider-solid gb-spacer-divider gb-divider-size-1"><hr style="height:3px"/></div>



<div style="color:#404168" class="wp-block-genesis-blocks-gb-spacer gb-block-spacer gb-divider-solid gb-divider-size-1"><hr style="height:10px"/></div>


<div id="pl-gb3083-69f23fd889cb1"  class="panel-layout" ><div id="pg-gb3083-69f23fd889cb1-0"  class="panel-grid panel-no-style" ><div id="pgc-gb3083-69f23fd889cb1-0-0"  class="panel-grid-cell panel-grid-cell-empty" ></div><div id="pgc-gb3083-69f23fd889cb1-0-1"  class="panel-grid-cell panel-grid-cell-mobile-last" ><div id="panel-gb3083-69f23fd889cb1-0-1-0" class="so-panel widget widget_text panel-first-child panel-last-child" data-index="0" >			<div class="textwidget"><p align="justify">Die Leitfrage des Forschungsprojekts besteht darin, ob auf den österreichischen Nationalrat die Kategorisierung als &#8220;Arbeitsparlament&#8221; zutrifft bzw. ob es eine langfristige Entwicklung des österreichischen Parlamentarismus gibt, die sich als Entwicklung in Richtung Arbeitsparlament interpretieren läßt. Unter diesem Gesichtspunkt wird die Entwicklung des Nationalrats einem historischen Längsschnittvergleich (Beginn der 1970er Jahre bis Mitte 1996) unterzogen. Dabei wird primär eine funktionsorientierte Analyse der Arbeit des Nationalrats unter dem Schwerpunkt der tatsächlichen Rolle dieser Körperschaft im Gesetzgebungsprozeß bzw. der &#8220;nichtöffentlichen&#8221; Bereiche der parlamentarischen Arbeit (v.a. Ausschußverfahren, Arbeitsteilung in den Klubs etc.) vorgenommen. Auch die Infrastruktur des Nationalrats (parlamentarisch-wissenschaftliche Dienste, aber auch Klubfinanzierung, parlamentarische MitarbeiterInnen) wird genauer beschrieben. Daneben werden nicht unmittelbar als Charakteristika von Arbeitsparlamenten einzustufende zentrale Parlamentsfunktionen (&#8220;Tribünefunktion&#8221;, parlamentarische Kontrolle) berücksichtigt.</p>
<p align="justify">Die quantitativen wie qualitativen Befunde ergeben, daß die Bedeutung des Nationalrats im österreichischen Regierungssystem im vergangenen Vierteljahrhundert deutlich zugenommen hat &#8211; nicht nur im Sinne einer Bühne des Konflikts zwischen Regierung und Opposition (&#8220;Redeparlament&#8221;), sondern v.a. auch in dem Sinne, daß zunehmend (führende bzw. spezialisierte) ParlamentarierInnen maßgeblich am Gesetzgebungsprozeß mitwirken. Generell steht heute der Nationalrat stärker im Zentrum des Regierungssystems als vor 25 Jahren.</p>
</div>
		</div></div><div id="pgc-gb3083-69f23fd889cb1-0-2"  class="panel-grid-cell panel-grid-cell-empty" ></div></div></div>


<div style="color:#333" class="wp-block-genesis-blocks-gb-spacer gb-block-spacer gb-divider-solid gb-spacer-divider gb-divider-size-1"><hr style="height:100px"/></div>
</div></div></div>
