{"id":3078,"date":"2021-06-29T12:25:45","date_gmt":"2021-06-29T12:25:45","guid":{"rendered":"http:\/\/test-ikf.online\/?page_id=3078"},"modified":"2021-06-29T12:26:10","modified_gmt":"2021-06-29T12:26:10","slug":"1998-autonomie-im-bereich-des-hoeheren-bildungswesens","status":"publish","type":"page","link":"https:\/\/ikf.ac.at\/en\/schwerpunkte\/demokratie\/demokratieentwicklung\/1998-autonomie-im-bereich-des-hoeheren-bildungswesens","title":{"rendered":"1998: Autonomie im Bereich des h\u00f6heren Bildungswesens"},"content":{"rendered":"<div class=\"wp-block-atomic-blocks-ab-container alignfull ab-block-container\"><div class=\"ab-container-inside\"><div class=\"ab-container-content\"><div id=\"pl-gb3078-69f23f8ba2c15\"  class=\"panel-layout\" ><div id=\"pg-gb3078-69f23f8ba2c15-0\"  class=\"panel-grid panel-no-style\" ><div id=\"pgc-gb3078-69f23f8ba2c15-0-0\"  class=\"panel-grid-cell\" ><div id=\"panel-gb3078-69f23f8ba2c15-0-0-0\" class=\"so-panel widget widget_media_image panel-first-child panel-last-child\" data-index=\"0\" ><img loading=\"lazy\" decoding=\"async\" width=\"2554\" height=\"10\" src=\"https:\/\/ikf.ac.at\/wp-content\/uploads\/2021\/01\/linie_IKF.jpg\" class=\"image wp-image-754  attachment-full size-full\" alt=\"\" style=\"max-width: 100%; height: auto;\" srcset=\"https:\/\/ikf.ac.at\/wp-content\/uploads\/2021\/01\/linie_IKF.jpg 2554w, https:\/\/ikf.ac.at\/wp-content\/uploads\/2021\/01\/linie_IKF-300x1.jpg 300w, https:\/\/ikf.ac.at\/wp-content\/uploads\/2021\/01\/linie_IKF-1024x4.jpg 1024w, https:\/\/ikf.ac.at\/wp-content\/uploads\/2021\/01\/linie_IKF-768x3.jpg 768w, https:\/\/ikf.ac.at\/wp-content\/uploads\/2021\/01\/linie_IKF-1536x6.jpg 1536w, https:\/\/ikf.ac.at\/wp-content\/uploads\/2021\/01\/linie_IKF-2048x8.jpg 2048w\" sizes=\"auto, (max-width: 2554px) 100vw, 2554px\" \/><\/div><\/div><\/div><\/div>\n\n\n<div style=\"color:#ddd\" class=\"wp-block-genesis-blocks-gb-spacer gb-block-spacer gb-divider-solid gb-divider-size-1\"><hr style=\"height:30px\"\/><\/div>\n\n\n<div id=\"pl-gb3078-69f23f8ba33e6\"  class=\"panel-layout\" ><div id=\"pg-gb3078-69f23f8ba33e6-0\"  class=\"panel-grid panel-no-style\" ><div id=\"pgc-gb3078-69f23f8ba33e6-0-0\"  class=\"panel-grid-cell panel-grid-cell-empty\" ><\/div><div id=\"pgc-gb3078-69f23f8ba33e6-0-1\"  class=\"panel-grid-cell\" ><div id=\"panel-gb3078-69f23f8ba33e6-0-1-0\" class=\"so-panel widget widget_sow-editor panel-first-child panel-last-child\" data-index=\"0\" ><div\n\t\t\t\n\t\t\tclass=\"so-widget-sow-editor so-widget-sow-editor-base\"\n\t\t\t\n\t\t>\n<div class=\"siteorigin-widget-tinymce textwidget\">\n\t<table style=\"height: 100px; width: 100%; border-collapse: collapse;\" border=\"1\" cellpadding=\"2\">\n<tbody>\n<tr style=\"height: 24px;\">\n<td style=\"width: 15.8421%; height: 24px;\">Project management:<\/td>\n<td style=\"width: 84.1578%; height: 24px;\" colspan=\"2\">Univ.-Prof. Dr. Anton Pelinka<\/td>\n<\/tr>\n<tr>\n<td style=\"width: 15.8421%;\">\n<hr \/>\n<\/td>\n<td style=\"width: 39.5713%;\">\n<hr \/>\n<\/td>\n<td style=\"width: 44.5865%; height: 24px;\"><\/td>\n<\/tr>\n<tr>\n<td style=\"width: 15.8421%;\">Implementation:<\/td>\n<td style=\"width: 84.1578%;\" colspan=\"2\">Univ.-Prof. Dr. Anton Pelinka<br \/>\nDDr. Hubert Sickinger<\/td>\n<\/tr>\n<tr>\n<td style=\"width: 15.8421%;\">\n<hr \/>\n<\/td>\n<td style=\"width: 39.5713%;\">\n<hr \/>\n<\/td>\n<td style=\"width: 44.5865%;\"><\/td>\n<\/tr>\n<tr>\n<td style=\"width: 15.8421%;\">Funded by:<\/td>\n<td style=\"width: 84.1578%;\" colspan=\"2\">Bundesministerium f\u00fcr Wissenschaft und Verkehr<\/td>\n<\/tr>\n<tr>\n<td style=\"width: 15.8421%;\">\n<hr \/>\n<\/td>\n<td style=\"width: 39.5713%;\">\n<hr \/>\n<\/td>\n<td style=\"width: 44.5865%; height: 24px;\"><\/td>\n<\/tr>\n<tr style=\"height: 24px;\">\n<td style=\"width: 15.8421%; height: 24px;\">Completed in:<\/td>\n<td style=\"height: 24px; width: 84.1578%;\" colspan=\"2\">J\u00e4nner 1998<\/td>\n<\/tr>\n<\/tbody>\n<\/table>\n<\/div>\n<\/div><\/div><\/div><\/div><\/div>\n\n\n<div style=\"color:#404168\" class=\"wp-block-genesis-blocks-gb-spacer gb-block-spacer gb-divider-solid gb-spacer-divider gb-divider-size-1\"><hr style=\"height:3px\"\/><\/div>\n\n\n\n<div style=\"color:#404168\" class=\"wp-block-genesis-blocks-gb-spacer gb-block-spacer gb-divider-solid gb-divider-size-1\"><hr style=\"height:10px\"\/><\/div>\n\n\n<div id=\"pl-gb3078-69f23f8bb680a\"  class=\"panel-layout\" ><div id=\"pg-gb3078-69f23f8bb680a-0\"  class=\"panel-grid panel-no-style\" ><div id=\"pgc-gb3078-69f23f8bb680a-0-0\"  class=\"panel-grid-cell panel-grid-cell-empty\" ><\/div><div id=\"pgc-gb3078-69f23f8bb680a-0-1\"  class=\"panel-grid-cell panel-grid-cell-mobile-last\" ><div id=\"panel-gb3078-69f23f8bb680a-0-1-0\" class=\"so-panel widget widget_text panel-first-child panel-last-child\" data-index=\"0\" >\t\t\t<div class=\"textwidget\"><p align=\"justify\">Dieses Projekt dient der vergleichenden Darstellung und systematischen Analyse sowie Evaluierung der Situation von Universit\u00e4ten und universit\u00e4ren Einrichtungen in \u00d6sterreich und in den USA. Fragen der Unabh\u00e4ngigkeit, der &#8220;akademischen Freiheit&#8221;, der inneren Gestaltungsm\u00f6glichkeit (einschlie\u00dflich der finanziellen Entwicklung) werden einerseits am Beispiel der US-amerikanischen Universit\u00e4ten (vor allem anhand der Fallbeispiele Stanford und Berkeley), andererseits anhand der Entwicklung \u00f6sterreichischer Universit\u00e4ten behandelt.<\/p>\n<p align=\"justify\">Dabei kommt einerseits dem UOG 1993 und der damit verbundenen, signifikanten Ausweitung universit\u00e4rer Autonomie ein hoher Stellenwert zu; andererseits werden die Fachhochschulen auf ihre Vergleichbarkeit mit Universit\u00e4ten hin analysiert.<\/p>\n<p align=\"justify\">Dieses Projekt soll Optionen aufzeigen, die die wissenschaftliche und universit\u00e4re Entwicklung in \u00d6sterreich vorfindet oder demn\u00e4chst wahrscheinlich vorfinden wird. Die international vergleichende Seite ist dabei der entscheidende Parameter: In welchem Ausma\u00df, in welchem Umfang sind Entwicklungsdynamiken vorstellbar, die die autonome Gestaltung von Universit\u00e4ten und universit\u00e4ren Einrichtungen in Zukunft anders als bisher erm\u00f6glichen.<\/p>\n<p align=\"justify\">Das Projekt steht in enger Verbindung mit einer rein verfassungsrechtlichen Studie, die von der Universit\u00e4t Salzburg (Univ. Prof. Dr. Berka) durchgef\u00fchrt wird. Das Institut f\u00fcr Konfliktforschung war f\u00fcr den sozialwissenschaftlichen, insbesondere politikwissenschaftlichen Teil der Gesamtstudie zust\u00e4ndig.<\/p>\n<\/div>\n\t\t<\/div><\/div><div id=\"pgc-gb3078-69f23f8bb680a-0-2\"  class=\"panel-grid-cell panel-grid-cell-empty\" ><\/div><\/div><\/div>\n\n\n<div style=\"color:#333\" class=\"wp-block-genesis-blocks-gb-spacer gb-block-spacer gb-divider-solid gb-spacer-divider gb-divider-size-1\"><hr style=\"height:100px\"\/><\/div>\n<\/div><\/div><\/div>","protected":false},"excerpt":{"rendered":"","protected":false},"author":2,"featured_media":0,"parent":633,"menu_order":43,"comment_status":"closed","ping_status":"closed","template":"","meta":{"footnotes":""},"class_list":["post-3078","page","type-page","status-publish","hentry","post"],"featured_image_src":null,"featured_image_src_square":null,"_links":{"self":[{"href":"https:\/\/ikf.ac.at\/en\/wp-json\/wp\/v2\/pages\/3078","targetHints":{"allow":["GET"]}}],"collection":[{"href":"https:\/\/ikf.ac.at\/en\/wp-json\/wp\/v2\/pages"}],"about":[{"href":"https:\/\/ikf.ac.at\/en\/wp-json\/wp\/v2\/types\/page"}],"author":[{"embeddable":true,"href":"https:\/\/ikf.ac.at\/en\/wp-json\/wp\/v2\/users\/2"}],"replies":[{"embeddable":true,"href":"https:\/\/ikf.ac.at\/en\/wp-json\/wp\/v2\/comments?post=3078"}],"version-history":[{"count":1,"href":"https:\/\/ikf.ac.at\/en\/wp-json\/wp\/v2\/pages\/3078\/revisions"}],"predecessor-version":[{"id":3079,"href":"https:\/\/ikf.ac.at\/en\/wp-json\/wp\/v2\/pages\/3078\/revisions\/3079"}],"up":[{"embeddable":true,"href":"https:\/\/ikf.ac.at\/en\/wp-json\/wp\/v2\/pages\/633"}],"wp:attachment":[{"href":"https:\/\/ikf.ac.at\/en\/wp-json\/wp\/v2\/media?parent=3078"}],"curies":[{"name":"wp","href":"https:\/\/api.w.org\/{rel}","templated":true}]}}

1998: Autonomie im Bereich des höheren Bildungswesens

<div class="wp-block-atomic-blocks-ab-container alignfull ab-block-container"><div class="ab-container-inside"><div class="ab-container-content"><div id="pl-gb3078-69f23f8ba2c15"  class="panel-layout" ><div id="pg-gb3078-69f23f8ba2c15-0"  class="panel-grid panel-no-style" ><div id="pgc-gb3078-69f23f8ba2c15-0-0"  class="panel-grid-cell" ><div id="panel-gb3078-69f23f8ba2c15-0-0-0" class="so-panel widget widget_media_image panel-first-child panel-last-child" data-index="0" ><img loading="lazy" decoding="async" width="2554" height="10" src="https://ikf.ac.at/wp-content/uploads/2021/01/linie_IKF.jpg" class="image wp-image-754  attachment-full size-full" alt="" style="max-width: 100%; height: auto;" srcset="https://ikf.ac.at/wp-content/uploads/2021/01/linie_IKF.jpg 2554w, https://ikf.ac.at/wp-content/uploads/2021/01/linie_IKF-300x1.jpg 300w, https://ikf.ac.at/wp-content/uploads/2021/01/linie_IKF-1024x4.jpg 1024w, https://ikf.ac.at/wp-content/uploads/2021/01/linie_IKF-768x3.jpg 768w, https://ikf.ac.at/wp-content/uploads/2021/01/linie_IKF-1536x6.jpg 1536w, https://ikf.ac.at/wp-content/uploads/2021/01/linie_IKF-2048x8.jpg 2048w" sizes="auto, (max-width: 2554px) 100vw, 2554px" /></div></div></div></div>


<div style="color:#ddd" class="wp-block-genesis-blocks-gb-spacer gb-block-spacer gb-divider-solid gb-divider-size-1"><hr style="height:30px"/></div>


<div id="pl-gb3078-69f23f8ba33e6"  class="panel-layout" ><div id="pg-gb3078-69f23f8ba33e6-0"  class="panel-grid panel-no-style" ><div id="pgc-gb3078-69f23f8ba33e6-0-0"  class="panel-grid-cell panel-grid-cell-empty" ></div><div id="pgc-gb3078-69f23f8ba33e6-0-1"  class="panel-grid-cell" ><div id="panel-gb3078-69f23f8ba33e6-0-1-0" class="so-panel widget widget_sow-editor panel-first-child panel-last-child" data-index="0" ><div
			
			class="so-widget-sow-editor so-widget-sow-editor-base"
			
		>
<div class="siteorigin-widget-tinymce textwidget">
	<table style="height: 100px; width: 100%; border-collapse: collapse;" border="1" cellpadding="2">
<tbody>
<tr style="height: 24px;">
<td style="width: 15.8421%; height: 24px;">Project management:</td>
<td style="width: 84.1578%; height: 24px;" colspan="2">Univ.-Prof. Dr. Anton Pelinka</td>
</tr>
<tr>
<td style="width: 15.8421%;">
<hr />
</td>
<td style="width: 39.5713%;">
<hr />
</td>
<td style="width: 44.5865%; height: 24px;"></td>
</tr>
<tr>
<td style="width: 15.8421%;">Implementation:</td>
<td style="width: 84.1578%;" colspan="2">Univ.-Prof. Dr. Anton Pelinka<br />
DDr. Hubert Sickinger</td>
</tr>
<tr>
<td style="width: 15.8421%;">
<hr />
</td>
<td style="width: 39.5713%;">
<hr />
</td>
<td style="width: 44.5865%;"></td>
</tr>
<tr>
<td style="width: 15.8421%;">Funded by:</td>
<td style="width: 84.1578%;" colspan="2">Bundesministerium für Wissenschaft und Verkehr</td>
</tr>
<tr>
<td style="width: 15.8421%;">
<hr />
</td>
<td style="width: 39.5713%;">
<hr />
</td>
<td style="width: 44.5865%; height: 24px;"></td>
</tr>
<tr style="height: 24px;">
<td style="width: 15.8421%; height: 24px;">Completed in:</td>
<td style="height: 24px; width: 84.1578%;" colspan="2">Jänner 1998</td>
</tr>
</tbody>
</table>
</div>
</div></div></div></div></div>


<div style="color:#404168" class="wp-block-genesis-blocks-gb-spacer gb-block-spacer gb-divider-solid gb-spacer-divider gb-divider-size-1"><hr style="height:3px"/></div>



<div style="color:#404168" class="wp-block-genesis-blocks-gb-spacer gb-block-spacer gb-divider-solid gb-divider-size-1"><hr style="height:10px"/></div>


<div id="pl-gb3078-69f23f8bb680a"  class="panel-layout" ><div id="pg-gb3078-69f23f8bb680a-0"  class="panel-grid panel-no-style" ><div id="pgc-gb3078-69f23f8bb680a-0-0"  class="panel-grid-cell panel-grid-cell-empty" ></div><div id="pgc-gb3078-69f23f8bb680a-0-1"  class="panel-grid-cell panel-grid-cell-mobile-last" ><div id="panel-gb3078-69f23f8bb680a-0-1-0" class="so-panel widget widget_text panel-first-child panel-last-child" data-index="0" >			<div class="textwidget"><p align="justify">Dieses Projekt dient der vergleichenden Darstellung und systematischen Analyse sowie Evaluierung der Situation von Universitäten und universitären Einrichtungen in Österreich und in den USA. Fragen der Unabhängigkeit, der &#8220;akademischen Freiheit&#8221;, der inneren Gestaltungsmöglichkeit (einschließlich der finanziellen Entwicklung) werden einerseits am Beispiel der US-amerikanischen Universitäten (vor allem anhand der Fallbeispiele Stanford und Berkeley), andererseits anhand der Entwicklung österreichischer Universitäten behandelt.</p>
<p align="justify">Dabei kommt einerseits dem UOG 1993 und der damit verbundenen, signifikanten Ausweitung universitärer Autonomie ein hoher Stellenwert zu; andererseits werden die Fachhochschulen auf ihre Vergleichbarkeit mit Universitäten hin analysiert.</p>
<p align="justify">Dieses Projekt soll Optionen aufzeigen, die die wissenschaftliche und universitäre Entwicklung in Österreich vorfindet oder demnächst wahrscheinlich vorfinden wird. Die international vergleichende Seite ist dabei der entscheidende Parameter: In welchem Ausmaß, in welchem Umfang sind Entwicklungsdynamiken vorstellbar, die die autonome Gestaltung von Universitäten und universitären Einrichtungen in Zukunft anders als bisher ermöglichen.</p>
<p align="justify">Das Projekt steht in enger Verbindung mit einer rein verfassungsrechtlichen Studie, die von der Universität Salzburg (Univ. Prof. Dr. Berka) durchgeführt wird. Das Institut für Konfliktforschung war für den sozialwissenschaftlichen, insbesondere politikwissenschaftlichen Teil der Gesamtstudie zuständig.</p>
</div>
		</div></div><div id="pgc-gb3078-69f23f8bb680a-0-2"  class="panel-grid-cell panel-grid-cell-empty" ></div></div></div>


<div style="color:#333" class="wp-block-genesis-blocks-gb-spacer gb-block-spacer gb-divider-solid gb-spacer-divider gb-divider-size-1"><hr style="height:100px"/></div>
</div></div></div>
