{"id":3063,"date":"2021-06-29T12:11:31","date_gmt":"2021-06-29T12:11:31","guid":{"rendered":"http:\/\/test-ikf.online\/?page_id=3063"},"modified":"2021-06-29T12:12:19","modified_gmt":"2021-06-29T12:12:19","slug":"2000-demokratie-in-der-kleinen-einheit-politische-graswurzeln-am-beispiel-des-ersten-wiener-gemeindebezirks","status":"publish","type":"page","link":"https:\/\/ikf.ac.at\/en\/schwerpunkte\/demokratie\/demokratieentwicklung\/2000-demokratie-in-der-kleinen-einheit-politische-graswurzeln-am-beispiel-des-ersten-wiener-gemeindebezirks","title":{"rendered":"2000: Demokratie in der kleinen Einheit: Politische Graswurzeln am Beispiel des Ersten Wiener Gemeindebezirks"},"content":{"rendered":"<div class=\"wp-block-atomic-blocks-ab-container alignfull ab-block-container\"><div class=\"ab-container-inside\"><div class=\"ab-container-content\"><div id=\"pl-gb3063-69f23fd840c34\"  class=\"panel-layout\" ><div id=\"pg-gb3063-69f23fd840c34-0\"  class=\"panel-grid panel-no-style\" ><div id=\"pgc-gb3063-69f23fd840c34-0-0\"  class=\"panel-grid-cell\" ><div id=\"panel-gb3063-69f23fd840c34-0-0-0\" class=\"so-panel widget widget_media_image panel-first-child panel-last-child\" data-index=\"0\" ><img loading=\"lazy\" decoding=\"async\" width=\"2554\" height=\"10\" src=\"https:\/\/ikf.ac.at\/wp-content\/uploads\/2021\/01\/linie_IKF.jpg\" class=\"image wp-image-754  attachment-full size-full\" alt=\"\" style=\"max-width: 100%; height: auto;\" srcset=\"https:\/\/ikf.ac.at\/wp-content\/uploads\/2021\/01\/linie_IKF.jpg 2554w, https:\/\/ikf.ac.at\/wp-content\/uploads\/2021\/01\/linie_IKF-300x1.jpg 300w, https:\/\/ikf.ac.at\/wp-content\/uploads\/2021\/01\/linie_IKF-1024x4.jpg 1024w, https:\/\/ikf.ac.at\/wp-content\/uploads\/2021\/01\/linie_IKF-768x3.jpg 768w, https:\/\/ikf.ac.at\/wp-content\/uploads\/2021\/01\/linie_IKF-1536x6.jpg 1536w, https:\/\/ikf.ac.at\/wp-content\/uploads\/2021\/01\/linie_IKF-2048x8.jpg 2048w\" sizes=\"auto, (max-width: 2554px) 100vw, 2554px\" \/><\/div><\/div><\/div><\/div>\n\n\n<div style=\"color:#ddd\" class=\"wp-block-genesis-blocks-gb-spacer gb-block-spacer gb-divider-solid gb-divider-size-1\"><hr style=\"height:30px\"\/><\/div>\n\n\n<div id=\"pl-gb3063-69f23fd84121d\"  class=\"panel-layout\" ><div id=\"pg-gb3063-69f23fd84121d-0\"  class=\"panel-grid panel-no-style\" ><div id=\"pgc-gb3063-69f23fd84121d-0-0\"  class=\"panel-grid-cell panel-grid-cell-empty\" ><\/div><div id=\"pgc-gb3063-69f23fd84121d-0-1\"  class=\"panel-grid-cell\" ><div id=\"panel-gb3063-69f23fd84121d-0-1-0\" class=\"so-panel widget widget_sow-editor panel-first-child panel-last-child\" data-index=\"0\" ><div\n\t\t\t\n\t\t\tclass=\"so-widget-sow-editor so-widget-sow-editor-base\"\n\t\t\t\n\t\t>\n<div class=\"siteorigin-widget-tinymce textwidget\">\n\t<table style=\"height: 100px; width: 100%; border-collapse: collapse;\" border=\"1\" cellpadding=\"2\">\n<tbody>\n<tr style=\"height: 24px;\">\n<td style=\"width: 15.6802%; height: 24px;\">Project management:<\/td>\n<td style=\"width: 84.3197%; height: 24px;\" colspan=\"2\">Univ.-Prof. Dr. Anton Pelinka<\/td>\n<\/tr>\n<tr>\n<td style=\"width: 15.6802%;\">\n<hr \/>\n<\/td>\n<td style=\"width: 24.2676%;\">\n<hr \/>\n<\/td>\n<td style=\"width: 60.0521%; height: 24px;\"><\/td>\n<\/tr>\n<tr>\n<td style=\"width: 15.6802%;\">Implementation:<\/td>\n<td style=\"width: 84.3197%;\" colspan=\"2\">DDr. Hubert Sickinger<\/td>\n<\/tr>\n<tr>\n<td style=\"width: 15.6802%;\">\n<hr \/>\n<\/td>\n<td style=\"width: 24.2676%;\">\n<hr \/>\n<\/td>\n<td style=\"width: 60.0521%;\"><\/td>\n<\/tr>\n<tr>\n<td style=\"width: 15.6802%;\">Funded by:<\/td>\n<td style=\"width: 84.3197%;\" colspan=\"2\">Stadt Wien &#8211; MA 18<\/td>\n<\/tr>\n<tr>\n<td style=\"width: 15.6802%;\">\n<hr \/>\n<\/td>\n<td style=\"width: 24.2676%;\">\n<hr \/>\n<\/td>\n<td style=\"width: 60.0521%; height: 24px;\"><\/td>\n<\/tr>\n<tr style=\"height: 24px;\">\n<td style=\"width: 15.6802%; height: 24px;\">Completed in:<\/td>\n<td style=\"height: 24px; width: 84.3197%;\" colspan=\"2\">Juni 2000<\/td>\n<\/tr>\n<\/tbody>\n<\/table>\n<\/div>\n<\/div><\/div><\/div><\/div><\/div>\n\n\n<div style=\"color:#404168\" class=\"wp-block-genesis-blocks-gb-spacer gb-block-spacer gb-divider-solid gb-spacer-divider gb-divider-size-1\"><hr style=\"height:3px\"\/><\/div>\n\n\n\n<div style=\"color:#404168\" class=\"wp-block-genesis-blocks-gb-spacer gb-block-spacer gb-divider-solid gb-divider-size-1\"><hr style=\"height:10px\"\/><\/div>\n\n\n<div id=\"pl-gb3063-69f23fd8552b9\"  class=\"panel-layout\" ><div id=\"pg-gb3063-69f23fd8552b9-0\"  class=\"panel-grid panel-no-style\" ><div id=\"pgc-gb3063-69f23fd8552b9-0-0\"  class=\"panel-grid-cell panel-grid-cell-empty\" ><\/div><div id=\"pgc-gb3063-69f23fd8552b9-0-1\"  class=\"panel-grid-cell panel-grid-cell-mobile-last\" ><div id=\"panel-gb3063-69f23fd8552b9-0-1-0\" class=\"so-panel widget widget_text panel-first-child panel-last-child\" data-index=\"0\" >\t\t\t<div class=\"textwidget\"><p align=\"justify\">Das Projekt untersucht die politischen Gestaltungsm\u00f6glichkeiten lokaler Politik am Beispiel der Wiener Bezirkspolitik. Die Bezirksebene der Stadt Wien mit den direkt demokratisch bestellten Bezirksvertretungen und den indirekt demokratisch bestellten Bezirksvorstehern entsprechen der Vorstellung einer autonomen Demokratie in der kleinen Einheit. Allerdings sind die politisch-administrativen Entscheidungsrechte in Wien stark zentralisiert: Wien ist Land und Gemeinde zugleich, die Kompetenzen (der Landes-, der Gemeinde-, und auch in der mittelbaren Bundesverwaltung) sind beim Stadtmagistrat und letztlich beim B\u00fcrgermeister konzentriert. Die Aufgaben, die die Wiener Verfassung den Bezirksvertretungen einr\u00e4umt, sind relativ eng definiert.<\/p>\n<p align=\"justify\">Das Projekt untersucht die politischen Gestaltungsm\u00f6glichkeiten lokaler Politik am Beispiel der Wiener Bezirkspolitik. Die Bezirksebene der Stadt Wien mit den direkt demokratisch bestellten Bezirksvertretungen und den indirekt demokratisch bestellten Bezirksvorstehern entspricht der Vorstellung einer autonomen Demokratie in der kleinen Einheit. Allerdings sind die politisch-administrativen Entscheidungsrechte in Wien stark zentralisiert: Wien ist Land und Gemeinde zugleich, die Kompetenzen (der Landes-, der Gemeinde-, und auch in der mittelbaren Bundesverwaltung) sind beim Stadtmagistrat und letztlich beim B\u00fcrgermeister konzentriert. Die Aufgaben, die die Wiener Verfassung den Bezirksvertretungen einr\u00e4umt, sind relativ eng definiert.<\/p>\n<p align=\"justify\">Die Studie kontrastiert u.a. Verfassung und Verfassungswirklichkeit der Bezirke und verdeutlicht dabei die Eigendynamik der lokalen Politikebene. Tats\u00e4chlich erweist sich in der Praxis v.a. der Bezirksvorsteher als weitaus einflu\u00dfreicher, als seine rechtliche Aufgabenszuschreibung nahelegen w\u00fcrde. Die Ebene der Bezirksvertretung erweist sich trotz geringer Kompetenzen als &#8220;parlamentarisches System en miniature&#8221; (mit eigenen Aussch\u00fcssen und Kommissionen), die Fraktionen der Bezirksr\u00e4te als durchaus signifikanter Teil der Bezirksebene der Parteien. Besonders interessiert dabei der spezifische &#8220;Politikstil&#8221; der lokalen Politik: Wiener Bezirke sind \u00fcberwiegend gut \u00fcberschaubar und erlauben ein bestimmtes Agieren, das den jeweiligen Akteur von der vermittelnden Funktion der Medien relativ unabh\u00e4ngig macht. Dabei ist auch die Personalisierung lokaler Politik von besonderem Interesse.<\/p>\n<p align=\"justify\">Haupts\u00e4chlicher Untersuchungsgegenstand ist der 1. Bezirk. Dieser Bezirk hat aus historischen Gr\u00fcnden eine spezifische Identit\u00e4t mit einer spezifischen Kontinuit\u00e4t (&#8220;Innenstadt&#8221; bzw. &#8220;City&#8221;); seine kulturelle, wirtschaftliche und sonstige Zentrallage sichert ihm besondere mediale Aufmerksamkeit. Die soziale Struktur seiner BewohnerInnen gibt dem Bezirk eine politische Tradition des Gegengewichts zur sozialdemokratischen Hegemonie in Wien. Der Bezirk ist wegen seiner Kleinheit und relativen Geschlossenheit ein besonderes Beispiel eines klar definierten und \u00fcberschaubaren Stadtteils. Aus diesen Gr\u00fcnden ist der 1. Bezirk einerseits ein spezieller Fall, der gerade auch wegen dieser Eigenart als Fallstudie ausgew\u00e4hlt wurde. Trotz dieser Besonderheiten lassen sich aber anhand zahlreicher Vergleiche Schlu\u00dffolgerungen f\u00fcr alle Wiener Bezirke ziehen.<\/p>\n<p align=\"justify\">Methodisch wird neben einer Auswertung vorhandener Sekund\u00e4rliteratur und einer Analyse der medialen Rezeption der T\u00e4tigkeit des Bezirksvorstehers vor allem auf eine Kombination von Feldarbeit und Interviews zur\u00fcckgegriffen:<\/p>\n<ul>\n<li>\n<p align=\"justify\">Im Mai und Juni 1999 wurde \u00fcber mehrere Wochen der politische Alltags des Bezirksvorstehers (und der Bezirkspolitik im allgemeinen, da in diesen Zeitraum auch eine Sitzung der Bezirksvertretung fiel) in Form einer teilnehmenden Beobachtung erhoben.<\/p>\n<\/li>\n<li>\n<p align=\"justify\">Erg\u00e4nzend wurden ausf\u00fchrliche Interviews mit allen Klubobleuten und den Bezirksvorsteher-Stellvertretern im Ersten Bezirk durchgef\u00fchrt.<\/p>\n<\/li>\n<\/ul>\n<\/div>\n\t\t<\/div><\/div><div id=\"pgc-gb3063-69f23fd8552b9-0-2\"  class=\"panel-grid-cell panel-grid-cell-empty\" ><\/div><\/div><\/div>\n\n\n<div style=\"color:#333\" class=\"wp-block-genesis-blocks-gb-spacer gb-block-spacer gb-divider-solid gb-spacer-divider gb-divider-size-1\"><hr style=\"height:80px\"\/><\/div>\n<\/div><\/div><\/div>","protected":false},"excerpt":{"rendered":"","protected":false},"author":2,"featured_media":0,"parent":633,"menu_order":41,"comment_status":"closed","ping_status":"closed","template":"","meta":{"footnotes":""},"class_list":["post-3063","page","type-page","status-publish","hentry","post"],"featured_image_src":null,"featured_image_src_square":null,"_links":{"self":[{"href":"https:\/\/ikf.ac.at\/en\/wp-json\/wp\/v2\/pages\/3063","targetHints":{"allow":["GET"]}}],"collection":[{"href":"https:\/\/ikf.ac.at\/en\/wp-json\/wp\/v2\/pages"}],"about":[{"href":"https:\/\/ikf.ac.at\/en\/wp-json\/wp\/v2\/types\/page"}],"author":[{"embeddable":true,"href":"https:\/\/ikf.ac.at\/en\/wp-json\/wp\/v2\/users\/2"}],"replies":[{"embeddable":true,"href":"https:\/\/ikf.ac.at\/en\/wp-json\/wp\/v2\/comments?post=3063"}],"version-history":[{"count":9,"href":"https:\/\/ikf.ac.at\/en\/wp-json\/wp\/v2\/pages\/3063\/revisions"}],"predecessor-version":[{"id":3072,"href":"https:\/\/ikf.ac.at\/en\/wp-json\/wp\/v2\/pages\/3063\/revisions\/3072"}],"up":[{"embeddable":true,"href":"https:\/\/ikf.ac.at\/en\/wp-json\/wp\/v2\/pages\/633"}],"wp:attachment":[{"href":"https:\/\/ikf.ac.at\/en\/wp-json\/wp\/v2\/media?parent=3063"}],"curies":[{"name":"wp","href":"https:\/\/api.w.org\/{rel}","templated":true}]}}

<div class="wp-block-atomic-blocks-ab-container alignfull ab-block-container"><div class="ab-container-inside"><div class="ab-container-content"><div id="pl-gb3063-69f23fd840c34"  class="panel-layout" ><div id="pg-gb3063-69f23fd840c34-0"  class="panel-grid panel-no-style" ><div id="pgc-gb3063-69f23fd840c34-0-0"  class="panel-grid-cell" ><div id="panel-gb3063-69f23fd840c34-0-0-0" class="so-panel widget widget_media_image panel-first-child panel-last-child" data-index="0" ><img loading="lazy" decoding="async" width="2554" height="10" src="https://ikf.ac.at/wp-content/uploads/2021/01/linie_IKF.jpg" class="image wp-image-754  attachment-full size-full" alt="" style="max-width: 100%; height: auto;" srcset="https://ikf.ac.at/wp-content/uploads/2021/01/linie_IKF.jpg 2554w, https://ikf.ac.at/wp-content/uploads/2021/01/linie_IKF-300x1.jpg 300w, https://ikf.ac.at/wp-content/uploads/2021/01/linie_IKF-1024x4.jpg 1024w, https://ikf.ac.at/wp-content/uploads/2021/01/linie_IKF-768x3.jpg 768w, https://ikf.ac.at/wp-content/uploads/2021/01/linie_IKF-1536x6.jpg 1536w, https://ikf.ac.at/wp-content/uploads/2021/01/linie_IKF-2048x8.jpg 2048w" sizes="auto, (max-width: 2554px) 100vw, 2554px" /></div></div></div></div>


<div style="color:#ddd" class="wp-block-genesis-blocks-gb-spacer gb-block-spacer gb-divider-solid gb-divider-size-1"><hr style="height:30px"/></div>


<div id="pl-gb3063-69f23fd84121d"  class="panel-layout" ><div id="pg-gb3063-69f23fd84121d-0"  class="panel-grid panel-no-style" ><div id="pgc-gb3063-69f23fd84121d-0-0"  class="panel-grid-cell panel-grid-cell-empty" ></div><div id="pgc-gb3063-69f23fd84121d-0-1"  class="panel-grid-cell" ><div id="panel-gb3063-69f23fd84121d-0-1-0" class="so-panel widget widget_sow-editor panel-first-child panel-last-child" data-index="0" ><div
			
			class="so-widget-sow-editor so-widget-sow-editor-base"
			
		>
<div class="siteorigin-widget-tinymce textwidget">
	<table style="height: 100px; width: 100%; border-collapse: collapse;" border="1" cellpadding="2">
<tbody>
<tr style="height: 24px;">
<td style="width: 15.6802%; height: 24px;">Project management:</td>
<td style="width: 84.3197%; height: 24px;" colspan="2">Univ.-Prof. Dr. Anton Pelinka</td>
</tr>
<tr>
<td style="width: 15.6802%;">
<hr />
</td>
<td style="width: 24.2676%;">
<hr />
</td>
<td style="width: 60.0521%; height: 24px;"></td>
</tr>
<tr>
<td style="width: 15.6802%;">Implementation:</td>
<td style="width: 84.3197%;" colspan="2">DDr. Hubert Sickinger</td>
</tr>
<tr>
<td style="width: 15.6802%;">
<hr />
</td>
<td style="width: 24.2676%;">
<hr />
</td>
<td style="width: 60.0521%;"></td>
</tr>
<tr>
<td style="width: 15.6802%;">Funded by:</td>
<td style="width: 84.3197%;" colspan="2">Stadt Wien &#8211; MA 18</td>
</tr>
<tr>
<td style="width: 15.6802%;">
<hr />
</td>
<td style="width: 24.2676%;">
<hr />
</td>
<td style="width: 60.0521%; height: 24px;"></td>
</tr>
<tr style="height: 24px;">
<td style="width: 15.6802%; height: 24px;">Completed in:</td>
<td style="height: 24px; width: 84.3197%;" colspan="2">Juni 2000</td>
</tr>
</tbody>
</table>
</div>
</div></div></div></div></div>


<div style="color:#404168" class="wp-block-genesis-blocks-gb-spacer gb-block-spacer gb-divider-solid gb-spacer-divider gb-divider-size-1"><hr style="height:3px"/></div>



<div style="color:#404168" class="wp-block-genesis-blocks-gb-spacer gb-block-spacer gb-divider-solid gb-divider-size-1"><hr style="height:10px"/></div>


<div id="pl-gb3063-69f23fd8552b9"  class="panel-layout" ><div id="pg-gb3063-69f23fd8552b9-0"  class="panel-grid panel-no-style" ><div id="pgc-gb3063-69f23fd8552b9-0-0"  class="panel-grid-cell panel-grid-cell-empty" ></div><div id="pgc-gb3063-69f23fd8552b9-0-1"  class="panel-grid-cell panel-grid-cell-mobile-last" ><div id="panel-gb3063-69f23fd8552b9-0-1-0" class="so-panel widget widget_text panel-first-child panel-last-child" data-index="0" >			<div class="textwidget"><p align="justify">Das Projekt untersucht die politischen Gestaltungsmöglichkeiten lokaler Politik am Beispiel der Wiener Bezirkspolitik. Die Bezirksebene der Stadt Wien mit den direkt demokratisch bestellten Bezirksvertretungen und den indirekt demokratisch bestellten Bezirksvorstehern entsprechen der Vorstellung einer autonomen Demokratie in der kleinen Einheit. Allerdings sind die politisch-administrativen Entscheidungsrechte in Wien stark zentralisiert: Wien ist Land und Gemeinde zugleich, die Kompetenzen (der Landes-, der Gemeinde-, und auch in der mittelbaren Bundesverwaltung) sind beim Stadtmagistrat und letztlich beim Bürgermeister konzentriert. Die Aufgaben, die die Wiener Verfassung den Bezirksvertretungen einräumt, sind relativ eng definiert.</p>
<p align="justify">Das Projekt untersucht die politischen Gestaltungsmöglichkeiten lokaler Politik am Beispiel der Wiener Bezirkspolitik. Die Bezirksebene der Stadt Wien mit den direkt demokratisch bestellten Bezirksvertretungen und den indirekt demokratisch bestellten Bezirksvorstehern entspricht der Vorstellung einer autonomen Demokratie in der kleinen Einheit. Allerdings sind die politisch-administrativen Entscheidungsrechte in Wien stark zentralisiert: Wien ist Land und Gemeinde zugleich, die Kompetenzen (der Landes-, der Gemeinde-, und auch in der mittelbaren Bundesverwaltung) sind beim Stadtmagistrat und letztlich beim Bürgermeister konzentriert. Die Aufgaben, die die Wiener Verfassung den Bezirksvertretungen einräumt, sind relativ eng definiert.</p>
<p align="justify">Die Studie kontrastiert u.a. Verfassung und Verfassungswirklichkeit der Bezirke und verdeutlicht dabei die Eigendynamik der lokalen Politikebene. Tatsächlich erweist sich in der Praxis v.a. der Bezirksvorsteher als weitaus einflußreicher, als seine rechtliche Aufgabenszuschreibung nahelegen würde. Die Ebene der Bezirksvertretung erweist sich trotz geringer Kompetenzen als &#8220;parlamentarisches System en miniature&#8221; (mit eigenen Ausschüssen und Kommissionen), die Fraktionen der Bezirksräte als durchaus signifikanter Teil der Bezirksebene der Parteien. Besonders interessiert dabei der spezifische &#8220;Politikstil&#8221; der lokalen Politik: Wiener Bezirke sind überwiegend gut überschaubar und erlauben ein bestimmtes Agieren, das den jeweiligen Akteur von der vermittelnden Funktion der Medien relativ unabhängig macht. Dabei ist auch die Personalisierung lokaler Politik von besonderem Interesse.</p>
<p align="justify">Hauptsächlicher Untersuchungsgegenstand ist der 1. Bezirk. Dieser Bezirk hat aus historischen Gründen eine spezifische Identität mit einer spezifischen Kontinuität (&#8220;Innenstadt&#8221; bzw. &#8220;City&#8221;); seine kulturelle, wirtschaftliche und sonstige Zentrallage sichert ihm besondere mediale Aufmerksamkeit. Die soziale Struktur seiner BewohnerInnen gibt dem Bezirk eine politische Tradition des Gegengewichts zur sozialdemokratischen Hegemonie in Wien. Der Bezirk ist wegen seiner Kleinheit und relativen Geschlossenheit ein besonderes Beispiel eines klar definierten und überschaubaren Stadtteils. Aus diesen Gründen ist der 1. Bezirk einerseits ein spezieller Fall, der gerade auch wegen dieser Eigenart als Fallstudie ausgewählt wurde. Trotz dieser Besonderheiten lassen sich aber anhand zahlreicher Vergleiche Schlußfolgerungen für alle Wiener Bezirke ziehen.</p>
<p align="justify">Methodisch wird neben einer Auswertung vorhandener Sekundärliteratur und einer Analyse der medialen Rezeption der Tätigkeit des Bezirksvorstehers vor allem auf eine Kombination von Feldarbeit und Interviews zurückgegriffen:</p>
<ul>
<li>
<p align="justify">Im Mai und Juni 1999 wurde über mehrere Wochen der politische Alltags des Bezirksvorstehers (und der Bezirkspolitik im allgemeinen, da in diesen Zeitraum auch eine Sitzung der Bezirksvertretung fiel) in Form einer teilnehmenden Beobachtung erhoben.</p>
</li>
<li>
<p align="justify">Ergänzend wurden ausführliche Interviews mit allen Klubobleuten und den Bezirksvorsteher-Stellvertretern im Ersten Bezirk durchgeführt.</p>
</li>
</ul>
</div>
		</div></div><div id="pgc-gb3063-69f23fd8552b9-0-2"  class="panel-grid-cell panel-grid-cell-empty" ></div></div></div>


<div style="color:#333" class="wp-block-genesis-blocks-gb-spacer gb-block-spacer gb-divider-solid gb-spacer-divider gb-divider-size-1"><hr style="height:80px"/></div>
</div></div></div>
