{"id":3061,"date":"2021-06-29T11:32:44","date_gmt":"2021-06-29T11:32:44","guid":{"rendered":"http:\/\/test-ikf.online\/?page_id=3061"},"modified":"2021-06-29T11:33:32","modified_gmt":"2021-06-29T11:33:32","slug":"2000-evaluierung-lehrgang-bildungsarbeit-1999-und-aufbaumodule-weiterbildung-1999","status":"publish","type":"page","link":"https:\/\/ikf.ac.at\/en\/schwerpunkte\/demokratie\/demokratieentwicklung\/2000-evaluierung-lehrgang-bildungsarbeit-1999-und-aufbaumodule-weiterbildung-1999","title":{"rendered":"2000: Evaluierung des Lehrganges der Bildungsarbeit 1999 und der Aufbaumodule Weiterbildung 1999"},"content":{"rendered":"<div class=\"wp-block-atomic-blocks-ab-container alignfull ab-block-container\"><div class=\"ab-container-inside\"><div class=\"ab-container-content\"><div id=\"pl-gb3061-69f250c8e1de0\"  class=\"panel-layout\" ><div id=\"pg-gb3061-69f250c8e1de0-0\"  class=\"panel-grid panel-no-style\" ><div id=\"pgc-gb3061-69f250c8e1de0-0-0\"  class=\"panel-grid-cell\" ><div id=\"panel-gb3061-69f250c8e1de0-0-0-0\" class=\"so-panel widget widget_media_image panel-first-child panel-last-child\" data-index=\"0\" ><img loading=\"lazy\" decoding=\"async\" width=\"2554\" height=\"10\" src=\"https:\/\/ikf.ac.at\/wp-content\/uploads\/2021\/01\/linie_IKF.jpg\" class=\"image wp-image-754  attachment-full size-full\" alt=\"\" style=\"max-width: 100%; height: auto;\" srcset=\"https:\/\/ikf.ac.at\/wp-content\/uploads\/2021\/01\/linie_IKF.jpg 2554w, https:\/\/ikf.ac.at\/wp-content\/uploads\/2021\/01\/linie_IKF-300x1.jpg 300w, https:\/\/ikf.ac.at\/wp-content\/uploads\/2021\/01\/linie_IKF-1024x4.jpg 1024w, https:\/\/ikf.ac.at\/wp-content\/uploads\/2021\/01\/linie_IKF-768x3.jpg 768w, https:\/\/ikf.ac.at\/wp-content\/uploads\/2021\/01\/linie_IKF-1536x6.jpg 1536w, https:\/\/ikf.ac.at\/wp-content\/uploads\/2021\/01\/linie_IKF-2048x8.jpg 2048w\" sizes=\"auto, (max-width: 2554px) 100vw, 2554px\" \/><\/div><\/div><\/div><\/div>\n\n\n<div style=\"color:#ddd\" class=\"wp-block-genesis-blocks-gb-spacer gb-block-spacer gb-divider-solid gb-divider-size-1\"><hr style=\"height:30px\"\/><\/div>\n\n\n<div id=\"pl-gb3061-69f250c8e2298\"  class=\"panel-layout\" ><div id=\"pg-gb3061-69f250c8e2298-0\"  class=\"panel-grid panel-no-style\" ><div id=\"pgc-gb3061-69f250c8e2298-0-0\"  class=\"panel-grid-cell panel-grid-cell-empty\" ><\/div><div id=\"pgc-gb3061-69f250c8e2298-0-1\"  class=\"panel-grid-cell\" ><div id=\"panel-gb3061-69f250c8e2298-0-1-0\" class=\"so-panel widget widget_sow-editor panel-first-child panel-last-child\" data-index=\"0\" ><div\n\t\t\t\n\t\t\tclass=\"so-widget-sow-editor so-widget-sow-editor-base\"\n\t\t\t\n\t\t>\n<div class=\"siteorigin-widget-tinymce textwidget\">\n\t<table style=\"height: 100px; width: 100%; border-collapse: collapse;\" border=\"1\" cellpadding=\"2\">\n<tbody>\n<tr style=\"height: 24px;\">\n<td style=\"width: 15.8421%; height: 24px;\">Project management:<\/td>\n<td style=\"width: 84.1578%; height: 24px;\" colspan=\"2\" class=\"translation-block\"><span style=\"font-size: x-large\">Dr. Birgitt Haller<\/span><\/td>\n<\/tr>\n<tr>\n<td style=\"width: 15.8421%;\">\n<hr \/>\n<\/td>\n<td style=\"width: 21.4337%;\">\n<hr \/>\n<\/td>\n<td style=\"width: 62.7241%; height: 24px;\"><\/td>\n<\/tr>\n<tr>\n<td style=\"width: 15.8421%;\">Implementation:<\/td>\n<td style=\"width: 84.1578%;\" colspan=\"2\">Mag. Dr. Stefanie Mayer<sup>a<\/sup> Barbara Liegl<\/td>\n<\/tr>\n<tr>\n<td style=\"width: 15.8421%;\">\n<hr \/>\n<\/td>\n<td style=\"width: 21.4337%;\">\n<hr \/>\n<\/td>\n<td style=\"width: 62.7241%;\"><\/td>\n<\/tr>\n<tr>\n<td style=\"width: 15.8421%;\">Funded by:<\/td>\n<td style=\"width: 84.1578%;\" colspan=\"2\">BFI Burgenland<\/td>\n<\/tr>\n<tr>\n<td style=\"width: 15.8421%;\">\n<hr \/>\n<\/td>\n<td style=\"width: 21.4337%;\">\n<hr \/>\n<\/td>\n<td style=\"width: 62.7241%; height: 24px;\"><\/td>\n<\/tr>\n<tr style=\"height: 24px;\">\n<td style=\"width: 15.8421%; height: 24px;\">Completed in:<\/td>\n<td style=\"height: 24px; width: 84.1578%;\" colspan=\"2\">J\u00e4nner 2000<\/td>\n<\/tr>\n<\/tbody>\n<\/table>\n<\/div>\n<\/div><\/div><\/div><\/div><\/div>\n\n\n<div style=\"color:#404168\" class=\"wp-block-genesis-blocks-gb-spacer gb-block-spacer gb-divider-solid gb-spacer-divider gb-divider-size-1\"><hr style=\"height:3px\"\/><\/div>\n\n\n\n<div style=\"color:#404168\" class=\"wp-block-genesis-blocks-gb-spacer gb-block-spacer gb-divider-solid gb-divider-size-1\"><hr style=\"height:10px\"\/><\/div>\n\n\n<div id=\"pl-gb3061-69f250c8e26a8\"  class=\"panel-layout\" ><div id=\"pg-gb3061-69f250c8e26a8-0\"  class=\"panel-grid panel-no-style\" ><div id=\"pgc-gb3061-69f250c8e26a8-0-0\"  class=\"panel-grid-cell panel-grid-cell-empty\" ><\/div><div id=\"pgc-gb3061-69f250c8e26a8-0-1\"  class=\"panel-grid-cell panel-grid-cell-mobile-last\" ><div id=\"panel-gb3061-69f250c8e26a8-0-1-0\" class=\"so-panel widget widget_text panel-first-child panel-last-child\" data-index=\"0\" >\t\t\t<div class=\"textwidget\"><p align=\"justify\">Diese Studie diente der Evaluierung zweier Ausbildungslehrg\u00e4nge f\u00fcr Erwachsene, die in der Erwachsenenbildung t\u00e4tig sind. Diese Lehrg\u00e4nge umfassen eine Basisausbildung &#8220;Grundlagen der Bildungsarbeit&#8221; und drei weiterf\u00fchrende Veranstaltungen zu den Themen &#8220;Didaktik&#8221;, &#8220;Supervision&#8221; sowie &#8220;Individuum und Gruppe&#8221;. Einerseits sollte die Zufriedenheit der TeilnehmerInnen mit den jeweiligen Kursen erfasst werden, andererseits sollten ihre Erfahrungen und Weiterbildungsw\u00fcnsche in die Planung weiterer Veranstaltungen Eingang finden.<\/p>\n<p align=\"justify\">Es wurden Interviews mit dem Lehrgangsleiter, einer Trainerin und der Organisatorin dieser Veranstaltungen durchgef\u00fchrt, wobei die angesprochenen Themen die Organisation der Veranstaltung, den Aufbau und die Inhalte der Seminare, die Zusammensetzung der TeilnehmerInnen und daraus resultierende gruppendynamische Aspekte, Verbesserungsvorschl\u00e4ge f\u00fcr die Kurse und Erwartungen an die Evaluation umfassten. Auf Grundlage dieser Interviews wurden zwei Frageb\u00f6gen entwickelt, die sich in ihrem Aufbau stark \u00e4hneln, aber auf die Unterschiede der beiden Lehrg\u00e4nge R\u00fccksicht nehmen. Die Frageb\u00f6gen beinhalten Bereiche wie das aktuelle Berufsfeld der TeilnehmerInnen, die Zufriedenheit mit der Organisation und dem Inhalt der Seminare, die Einsch\u00e4tzung der Qualifikation der TrainerInnen, die Verwertbarkeit des Erlernten im Beruf und weitere Ausbildungsw\u00fcnsche.<\/p>\n<p align=\"justify\">Die Frageb\u00f6gen wurden statistisch ausgewertet, um einen Ma\u00dfnahmenkatalog f\u00fcr die zuk\u00fcnftige Organisation und Gestaltung dieser Ausbildungslehrg\u00e4nge formulieren zu k\u00f6nnen.<\/p>\n<\/div>\n\t\t<\/div><\/div><div id=\"pgc-gb3061-69f250c8e26a8-0-2\"  class=\"panel-grid-cell panel-grid-cell-empty\" ><\/div><\/div><\/div>\n\n\n<div style=\"color:#333\" class=\"wp-block-genesis-blocks-gb-spacer gb-block-spacer gb-divider-solid gb-spacer-divider gb-divider-size-1\"><hr style=\"height:100px\"\/><\/div>\n<\/div><\/div><\/div>","protected":false},"excerpt":{"rendered":"","protected":false},"author":2,"featured_media":0,"parent":633,"menu_order":40,"comment_status":"closed","ping_status":"closed","template":"","meta":{"footnotes":""},"class_list":["post-3061","page","type-page","status-publish","hentry","post"],"featured_image_src":null,"featured_image_src_square":null,"_links":{"self":[{"href":"https:\/\/ikf.ac.at\/en\/wp-json\/wp\/v2\/pages\/3061","targetHints":{"allow":["GET"]}}],"collection":[{"href":"https:\/\/ikf.ac.at\/en\/wp-json\/wp\/v2\/pages"}],"about":[{"href":"https:\/\/ikf.ac.at\/en\/wp-json\/wp\/v2\/types\/page"}],"author":[{"embeddable":true,"href":"https:\/\/ikf.ac.at\/en\/wp-json\/wp\/v2\/users\/2"}],"replies":[{"embeddable":true,"href":"https:\/\/ikf.ac.at\/en\/wp-json\/wp\/v2\/comments?post=3061"}],"version-history":[{"count":1,"href":"https:\/\/ikf.ac.at\/en\/wp-json\/wp\/v2\/pages\/3061\/revisions"}],"predecessor-version":[{"id":3062,"href":"https:\/\/ikf.ac.at\/en\/wp-json\/wp\/v2\/pages\/3061\/revisions\/3062"}],"up":[{"embeddable":true,"href":"https:\/\/ikf.ac.at\/en\/wp-json\/wp\/v2\/pages\/633"}],"wp:attachment":[{"href":"https:\/\/ikf.ac.at\/en\/wp-json\/wp\/v2\/media?parent=3061"}],"curies":[{"name":"wp","href":"https:\/\/api.w.org\/{rel}","templated":true}]}}

<div class="wp-block-atomic-blocks-ab-container alignfull ab-block-container"><div class="ab-container-inside"><div class="ab-container-content"><div id="pl-gb3061-69f250c8e1de0"  class="panel-layout" ><div id="pg-gb3061-69f250c8e1de0-0"  class="panel-grid panel-no-style" ><div id="pgc-gb3061-69f250c8e1de0-0-0"  class="panel-grid-cell" ><div id="panel-gb3061-69f250c8e1de0-0-0-0" class="so-panel widget widget_media_image panel-first-child panel-last-child" data-index="0" ><img loading="lazy" decoding="async" width="2554" height="10" src="https://ikf.ac.at/wp-content/uploads/2021/01/linie_IKF.jpg" class="image wp-image-754  attachment-full size-full" alt="" style="max-width: 100%; height: auto;" srcset="https://ikf.ac.at/wp-content/uploads/2021/01/linie_IKF.jpg 2554w, https://ikf.ac.at/wp-content/uploads/2021/01/linie_IKF-300x1.jpg 300w, https://ikf.ac.at/wp-content/uploads/2021/01/linie_IKF-1024x4.jpg 1024w, https://ikf.ac.at/wp-content/uploads/2021/01/linie_IKF-768x3.jpg 768w, https://ikf.ac.at/wp-content/uploads/2021/01/linie_IKF-1536x6.jpg 1536w, https://ikf.ac.at/wp-content/uploads/2021/01/linie_IKF-2048x8.jpg 2048w" sizes="auto, (max-width: 2554px) 100vw, 2554px" /></div></div></div></div>


<div style="color:#ddd" class="wp-block-genesis-blocks-gb-spacer gb-block-spacer gb-divider-solid gb-divider-size-1"><hr style="height:30px"/></div>


<div id="pl-gb3061-69f250c8e2298"  class="panel-layout" ><div id="pg-gb3061-69f250c8e2298-0"  class="panel-grid panel-no-style" ><div id="pgc-gb3061-69f250c8e2298-0-0"  class="panel-grid-cell panel-grid-cell-empty" ></div><div id="pgc-gb3061-69f250c8e2298-0-1"  class="panel-grid-cell" ><div id="panel-gb3061-69f250c8e2298-0-1-0" class="so-panel widget widget_sow-editor panel-first-child panel-last-child" data-index="0" ><div
			
			class="so-widget-sow-editor so-widget-sow-editor-base"
			
		>
<div class="siteorigin-widget-tinymce textwidget">
	<table style="height: 100px; width: 100%; border-collapse: collapse;" border="1" cellpadding="2">
<tbody>
<tr style="height: 24px;">
<td style="width: 15.8421%; height: 24px;">Project management:</td>
<td style="width: 84.1578%; height: 24px;" colspan="2" class="translation-block"><span style="font-size: x-large">Dr. Birgitt Haller</span></td>
</tr>
<tr>
<td style="width: 15.8421%;">
<hr />
</td>
<td style="width: 21.4337%;">
<hr />
</td>
<td style="width: 62.7241%; height: 24px;"></td>
</tr>
<tr>
<td style="width: 15.8421%;">Implementation:</td>
<td style="width: 84.1578%;" colspan="2">Mag. Dr. Stefanie Mayer<sup>a</sup> Barbara Liegl</td>
</tr>
<tr>
<td style="width: 15.8421%;">
<hr />
</td>
<td style="width: 21.4337%;">
<hr />
</td>
<td style="width: 62.7241%;"></td>
</tr>
<tr>
<td style="width: 15.8421%;">Funded by:</td>
<td style="width: 84.1578%;" colspan="2">BFI Burgenland</td>
</tr>
<tr>
<td style="width: 15.8421%;">
<hr />
</td>
<td style="width: 21.4337%;">
<hr />
</td>
<td style="width: 62.7241%; height: 24px;"></td>
</tr>
<tr style="height: 24px;">
<td style="width: 15.8421%; height: 24px;">Completed in:</td>
<td style="height: 24px; width: 84.1578%;" colspan="2">Jänner 2000</td>
</tr>
</tbody>
</table>
</div>
</div></div></div></div></div>


<div style="color:#404168" class="wp-block-genesis-blocks-gb-spacer gb-block-spacer gb-divider-solid gb-spacer-divider gb-divider-size-1"><hr style="height:3px"/></div>



<div style="color:#404168" class="wp-block-genesis-blocks-gb-spacer gb-block-spacer gb-divider-solid gb-divider-size-1"><hr style="height:10px"/></div>


<div id="pl-gb3061-69f250c8e26a8"  class="panel-layout" ><div id="pg-gb3061-69f250c8e26a8-0"  class="panel-grid panel-no-style" ><div id="pgc-gb3061-69f250c8e26a8-0-0"  class="panel-grid-cell panel-grid-cell-empty" ></div><div id="pgc-gb3061-69f250c8e26a8-0-1"  class="panel-grid-cell panel-grid-cell-mobile-last" ><div id="panel-gb3061-69f250c8e26a8-0-1-0" class="so-panel widget widget_text panel-first-child panel-last-child" data-index="0" >			<div class="textwidget"><p align="justify">Diese Studie diente der Evaluierung zweier Ausbildungslehrgänge für Erwachsene, die in der Erwachsenenbildung tätig sind. Diese Lehrgänge umfassen eine Basisausbildung &#8220;Grundlagen der Bildungsarbeit&#8221; und drei weiterführende Veranstaltungen zu den Themen &#8220;Didaktik&#8221;, &#8220;Supervision&#8221; sowie &#8220;Individuum und Gruppe&#8221;. Einerseits sollte die Zufriedenheit der TeilnehmerInnen mit den jeweiligen Kursen erfasst werden, andererseits sollten ihre Erfahrungen und Weiterbildungswünsche in die Planung weiterer Veranstaltungen Eingang finden.</p>
<p align="justify">Es wurden Interviews mit dem Lehrgangsleiter, einer Trainerin und der Organisatorin dieser Veranstaltungen durchgeführt, wobei die angesprochenen Themen die Organisation der Veranstaltung, den Aufbau und die Inhalte der Seminare, die Zusammensetzung der TeilnehmerInnen und daraus resultierende gruppendynamische Aspekte, Verbesserungsvorschläge für die Kurse und Erwartungen an die Evaluation umfassten. Auf Grundlage dieser Interviews wurden zwei Fragebögen entwickelt, die sich in ihrem Aufbau stark ähneln, aber auf die Unterschiede der beiden Lehrgänge Rücksicht nehmen. Die Fragebögen beinhalten Bereiche wie das aktuelle Berufsfeld der TeilnehmerInnen, die Zufriedenheit mit der Organisation und dem Inhalt der Seminare, die Einschätzung der Qualifikation der TrainerInnen, die Verwertbarkeit des Erlernten im Beruf und weitere Ausbildungswünsche.</p>
<p align="justify">Die Fragebögen wurden statistisch ausgewertet, um einen Maßnahmenkatalog für die zukünftige Organisation und Gestaltung dieser Ausbildungslehrgänge formulieren zu können.</p>
</div>
		</div></div><div id="pgc-gb3061-69f250c8e26a8-0-2"  class="panel-grid-cell panel-grid-cell-empty" ></div></div></div>


<div style="color:#333" class="wp-block-genesis-blocks-gb-spacer gb-block-spacer gb-divider-solid gb-spacer-divider gb-divider-size-1"><hr style="height:100px"/></div>
</div></div></div>
