{"id":3055,"date":"2021-06-29T11:06:41","date_gmt":"2021-06-29T11:06:41","guid":{"rendered":"http:\/\/test-ikf.online\/?page_id=3055"},"modified":"2021-06-29T11:07:04","modified_gmt":"2021-06-29T11:07:04","slug":"2000-politische-rahmenbedingungen-fuer-staatliches-eigentum","status":"publish","type":"page","link":"https:\/\/ikf.ac.at\/en\/schwerpunkte\/demokratie\/demokratieentwicklung\/2000-politische-rahmenbedingungen-fuer-staatliches-eigentum","title":{"rendered":"2000: Politische Rahmenbedingungen f\u00fcr staatliches Eigentum"},"content":{"rendered":"<div class=\"wp-block-atomic-blocks-ab-container alignfull ab-block-container\"><div class=\"ab-container-inside\"><div class=\"ab-container-content\"><div id=\"pl-gb3055-69f23f9b3f7a6\"  class=\"panel-layout\" ><div id=\"pg-gb3055-69f23f9b3f7a6-0\"  class=\"panel-grid panel-no-style\" ><div id=\"pgc-gb3055-69f23f9b3f7a6-0-0\"  class=\"panel-grid-cell\" ><div id=\"panel-gb3055-69f23f9b3f7a6-0-0-0\" class=\"so-panel widget widget_media_image panel-first-child panel-last-child\" data-index=\"0\" ><img loading=\"lazy\" decoding=\"async\" width=\"2554\" height=\"10\" src=\"https:\/\/ikf.ac.at\/wp-content\/uploads\/2021\/01\/linie_IKF.jpg\" class=\"image wp-image-754  attachment-full size-full\" alt=\"\" style=\"max-width: 100%; height: auto;\" srcset=\"https:\/\/ikf.ac.at\/wp-content\/uploads\/2021\/01\/linie_IKF.jpg 2554w, https:\/\/ikf.ac.at\/wp-content\/uploads\/2021\/01\/linie_IKF-300x1.jpg 300w, https:\/\/ikf.ac.at\/wp-content\/uploads\/2021\/01\/linie_IKF-1024x4.jpg 1024w, https:\/\/ikf.ac.at\/wp-content\/uploads\/2021\/01\/linie_IKF-768x3.jpg 768w, https:\/\/ikf.ac.at\/wp-content\/uploads\/2021\/01\/linie_IKF-1536x6.jpg 1536w, https:\/\/ikf.ac.at\/wp-content\/uploads\/2021\/01\/linie_IKF-2048x8.jpg 2048w\" sizes=\"auto, (max-width: 2554px) 100vw, 2554px\" \/><\/div><\/div><\/div><\/div>\n\n\n<div style=\"color:#ddd\" class=\"wp-block-genesis-blocks-gb-spacer gb-block-spacer gb-divider-solid gb-divider-size-1\"><hr style=\"height:30px\"\/><\/div>\n\n\n<div id=\"pl-gb3055-69f23f9b3fcd3\"  class=\"panel-layout\" ><div id=\"pg-gb3055-69f23f9b3fcd3-0\"  class=\"panel-grid panel-no-style\" ><div id=\"pgc-gb3055-69f23f9b3fcd3-0-0\"  class=\"panel-grid-cell panel-grid-cell-empty\" ><\/div><div id=\"pgc-gb3055-69f23f9b3fcd3-0-1\"  class=\"panel-grid-cell\" ><div id=\"panel-gb3055-69f23f9b3fcd3-0-1-0\" class=\"so-panel widget widget_sow-editor panel-first-child panel-last-child\" data-index=\"0\" ><div\n\t\t\t\n\t\t\tclass=\"so-widget-sow-editor so-widget-sow-editor-base\"\n\t\t\t\n\t\t>\n<div class=\"siteorigin-widget-tinymce textwidget\">\n\t<table style=\"height: 100px; width: 100%; border-collapse: collapse;\" border=\"1\" cellpadding=\"2\">\n<tbody>\n<tr style=\"height: 24px;\">\n<td style=\"width: 15.8421%; height: 24px;\">Project management:<\/td>\n<td style=\"width: 84.1578%; height: 24px;\" colspan=\"2\">Univ.-Prof. Dr. Anton Pelinka<\/td>\n<\/tr>\n<tr>\n<td style=\"width: 15.8421%;\">\n<hr \/>\n<\/td>\n<td style=\"width: 44.1057%;\">\n<hr \/>\n<\/td>\n<td style=\"width: 40.0521%; height: 24px;\"><\/td>\n<\/tr>\n<tr>\n<td style=\"width: 15.8421%;\">Implementation:<\/td>\n<td style=\"width: 84.1578%;\" colspan=\"2\">Mag. Dr. Stefanie Mayer<sup>a<\/sup> Barbara Liegl<br \/>\nDDr. Hubert Sickinger<\/td>\n<\/tr>\n<tr>\n<td style=\"width: 15.8421%;\">\n<hr \/>\n<\/td>\n<td style=\"width: 44.1057%;\">\n<hr \/>\n<\/td>\n<td style=\"width: 40.0521%;\"><\/td>\n<\/tr>\n<tr>\n<td style=\"width: 15.8421%;\">Funded by:<\/td>\n<td style=\"width: 44.1057%;\" valign=\"top\" width=\"80%\">Gesellschaft des Bundes f\u00fcr industriepolitische Ma\u00dfnahmen<\/td>\n<td style=\"width: 40.0521%;\"><\/td>\n<\/tr>\n<tr>\n<td style=\"width: 15.8421%;\">\n<hr \/>\n<\/td>\n<td style=\"width: 44.1057%;\">\n<hr \/>\n<\/td>\n<td style=\"width: 40.0521%; height: 24px;\"><\/td>\n<\/tr>\n<tr style=\"height: 24px;\">\n<td style=\"width: 15.8421%; height: 24px;\">Completed in:<\/td>\n<td style=\"height: 24px; width: 84.1578%;\" colspan=\"2\">April 2000<\/td>\n<\/tr>\n<\/tbody>\n<\/table>\n<\/div>\n<\/div><\/div><\/div><\/div><\/div>\n\n\n<div style=\"color:#404168\" class=\"wp-block-genesis-blocks-gb-spacer gb-block-spacer gb-divider-solid gb-spacer-divider gb-divider-size-1\"><hr style=\"height:3px\"\/><\/div>\n\n\n\n<div style=\"color:#404168\" class=\"wp-block-genesis-blocks-gb-spacer gb-block-spacer gb-divider-solid gb-divider-size-1\"><hr style=\"height:10px\"\/><\/div>\n\n\n<div id=\"pl-gb3055-69f23f9b401a1\"  class=\"panel-layout\" ><div id=\"pg-gb3055-69f23f9b401a1-0\"  class=\"panel-grid panel-no-style\" ><div id=\"pgc-gb3055-69f23f9b401a1-0-0\"  class=\"panel-grid-cell panel-grid-cell-empty\" ><\/div><div id=\"pgc-gb3055-69f23f9b401a1-0-1\"  class=\"panel-grid-cell panel-grid-cell-mobile-last\" ><div id=\"panel-gb3055-69f23f9b401a1-0-1-0\" class=\"so-panel widget widget_text panel-first-child panel-last-child\" data-index=\"0\" >\t\t\t<div class=\"textwidget\"><p align=\"justify\">Dieses Projekt untersucht aus politikwissenschaftlicher Perspektive die Voraussetzungen und Konsequenzen einer auf das Eigentum bezogenen Kooperation zwischen &#8220;privater&#8221; und &#8220;\u00f6ffentlicher Hand&#8221;. Zentrale Fragestellung ist: Welche spezifisch politischen Rahmenbedingungen lassen in der j\u00fcngeren Vergangenheit und in der Gegenwart auf eine Zusammenarbeit zwischen \u00f6ffentlicher und privater Hand schlie\u00dfen, die auch die Eigentumsstruktur von industriellen Unternehmungen umfa\u00dft? Unter welchen Voraussetzungen ist es (seit der Weltwirtschaftskrise 1929) zu staatlichen Eigent\u00fcmerstrukturen gekommen, und unter welchen Rahmenbedingungen kamen solche nicht zustande (oder wurden wieder beseitigt)? Hat es dort, wo es zu keinen Verstaatlichungen kam, stattdessen funktionale \u00c4quivalente gegeben?<\/p>\n<p align=\"justify\">Diese Fragestellungen werden in mehreren Fallstudien untersucht: New Deal (USA); Konzepte der Wirtschaftsdemokratie in Schweden (Meidner-Plan, etc.); nicht-liberale (faschistische) und liberale Korporatismus-Konzepte: Volkswagenwerk vor und nach 1945; Entwicklung der verstaatlichten Industrie und der verstaatlichten Banken in \u00d6sterreich; Industriestrukturen in Frankreich und in Italien nach 1945; die partei- und wirtschaftspolitischen Kurswechsel in Gro\u00dfbritannien ab 1945 bzw. 1979. In allen Fallstudien werden vor allem folgende Einflussfaktoren ber\u00fccksichtigt und in einem komparatistischen Teil systematisch ausgewertet:<\/p>\n<ul>\n<li>Parteiensystem<\/li>\n<li>St\u00e4rke der Gewerkschaften<\/li>\n<li>Korporatismus-Muster<\/li>\n<li>Dominanz bestimmter Traditionen (z. B. Christliche Demokratie, Sozialdemokratie)<\/li>\n<li>Abh\u00e4ngigkeitsgrad vom jeweiligen Ausland (&#8220;Verflechtung&#8221;).<\/li>\n<\/ul>\n<p align=\"justify\">Mitte Dezember wurde in einer Projektbesprechung mit dem Auftraggeber und Bearbeitern parallel laufender \u00f6konomischer Teilprojekte ein m\u00fcndlicher Zwischenbericht abgegeben.<\/p>\n<\/div>\n\t\t<\/div><\/div><div id=\"pgc-gb3055-69f23f9b401a1-0-2\"  class=\"panel-grid-cell panel-grid-cell-empty\" ><\/div><\/div><\/div>\n\n\n<div style=\"color:#333\" class=\"wp-block-genesis-blocks-gb-spacer gb-block-spacer gb-divider-solid gb-spacer-divider gb-divider-size-1\"><hr style=\"height:100px\"\/><\/div>\n<\/div><\/div><\/div>","protected":false},"excerpt":{"rendered":"","protected":false},"author":2,"featured_media":0,"parent":633,"menu_order":39,"comment_status":"closed","ping_status":"closed","template":"","meta":{"footnotes":""},"class_list":["post-3055","page","type-page","status-publish","hentry","post"],"featured_image_src":null,"featured_image_src_square":null,"_links":{"self":[{"href":"https:\/\/ikf.ac.at\/en\/wp-json\/wp\/v2\/pages\/3055","targetHints":{"allow":["GET"]}}],"collection":[{"href":"https:\/\/ikf.ac.at\/en\/wp-json\/wp\/v2\/pages"}],"about":[{"href":"https:\/\/ikf.ac.at\/en\/wp-json\/wp\/v2\/types\/page"}],"author":[{"embeddable":true,"href":"https:\/\/ikf.ac.at\/en\/wp-json\/wp\/v2\/users\/2"}],"replies":[{"embeddable":true,"href":"https:\/\/ikf.ac.at\/en\/wp-json\/wp\/v2\/comments?post=3055"}],"version-history":[{"count":5,"href":"https:\/\/ikf.ac.at\/en\/wp-json\/wp\/v2\/pages\/3055\/revisions"}],"predecessor-version":[{"id":3060,"href":"https:\/\/ikf.ac.at\/en\/wp-json\/wp\/v2\/pages\/3055\/revisions\/3060"}],"up":[{"embeddable":true,"href":"https:\/\/ikf.ac.at\/en\/wp-json\/wp\/v2\/pages\/633"}],"wp:attachment":[{"href":"https:\/\/ikf.ac.at\/en\/wp-json\/wp\/v2\/media?parent=3055"}],"curies":[{"name":"wp","href":"https:\/\/api.w.org\/{rel}","templated":true}]}}

2000: Politische Rahmenbedingungen für staatliches Eigentum

<div class="wp-block-atomic-blocks-ab-container alignfull ab-block-container"><div class="ab-container-inside"><div class="ab-container-content"><div id="pl-gb3055-69f23f9b3f7a6"  class="panel-layout" ><div id="pg-gb3055-69f23f9b3f7a6-0"  class="panel-grid panel-no-style" ><div id="pgc-gb3055-69f23f9b3f7a6-0-0"  class="panel-grid-cell" ><div id="panel-gb3055-69f23f9b3f7a6-0-0-0" class="so-panel widget widget_media_image panel-first-child panel-last-child" data-index="0" ><img loading="lazy" decoding="async" width="2554" height="10" src="https://ikf.ac.at/wp-content/uploads/2021/01/linie_IKF.jpg" class="image wp-image-754  attachment-full size-full" alt="" style="max-width: 100%; height: auto;" srcset="https://ikf.ac.at/wp-content/uploads/2021/01/linie_IKF.jpg 2554w, https://ikf.ac.at/wp-content/uploads/2021/01/linie_IKF-300x1.jpg 300w, https://ikf.ac.at/wp-content/uploads/2021/01/linie_IKF-1024x4.jpg 1024w, https://ikf.ac.at/wp-content/uploads/2021/01/linie_IKF-768x3.jpg 768w, https://ikf.ac.at/wp-content/uploads/2021/01/linie_IKF-1536x6.jpg 1536w, https://ikf.ac.at/wp-content/uploads/2021/01/linie_IKF-2048x8.jpg 2048w" sizes="auto, (max-width: 2554px) 100vw, 2554px" /></div></div></div></div>


<div style="color:#ddd" class="wp-block-genesis-blocks-gb-spacer gb-block-spacer gb-divider-solid gb-divider-size-1"><hr style="height:30px"/></div>


<div id="pl-gb3055-69f23f9b3fcd3"  class="panel-layout" ><div id="pg-gb3055-69f23f9b3fcd3-0"  class="panel-grid panel-no-style" ><div id="pgc-gb3055-69f23f9b3fcd3-0-0"  class="panel-grid-cell panel-grid-cell-empty" ></div><div id="pgc-gb3055-69f23f9b3fcd3-0-1"  class="panel-grid-cell" ><div id="panel-gb3055-69f23f9b3fcd3-0-1-0" class="so-panel widget widget_sow-editor panel-first-child panel-last-child" data-index="0" ><div
			
			class="so-widget-sow-editor so-widget-sow-editor-base"
			
		>
<div class="siteorigin-widget-tinymce textwidget">
	<table style="height: 100px; width: 100%; border-collapse: collapse;" border="1" cellpadding="2">
<tbody>
<tr style="height: 24px;">
<td style="width: 15.8421%; height: 24px;">Project management:</td>
<td style="width: 84.1578%; height: 24px;" colspan="2">Univ.-Prof. Dr. Anton Pelinka</td>
</tr>
<tr>
<td style="width: 15.8421%;">
<hr />
</td>
<td style="width: 44.1057%;">
<hr />
</td>
<td style="width: 40.0521%; height: 24px;"></td>
</tr>
<tr>
<td style="width: 15.8421%;">Implementation:</td>
<td style="width: 84.1578%;" colspan="2">Mag. Dr. Stefanie Mayer<sup>a</sup> Barbara Liegl<br />
DDr. Hubert Sickinger</td>
</tr>
<tr>
<td style="width: 15.8421%;">
<hr />
</td>
<td style="width: 44.1057%;">
<hr />
</td>
<td style="width: 40.0521%;"></td>
</tr>
<tr>
<td style="width: 15.8421%;">Funded by:</td>
<td style="width: 44.1057%;" valign="top" width="80%">Gesellschaft des Bundes für industriepolitische Maßnahmen</td>
<td style="width: 40.0521%;"></td>
</tr>
<tr>
<td style="width: 15.8421%;">
<hr />
</td>
<td style="width: 44.1057%;">
<hr />
</td>
<td style="width: 40.0521%; height: 24px;"></td>
</tr>
<tr style="height: 24px;">
<td style="width: 15.8421%; height: 24px;">Completed in:</td>
<td style="height: 24px; width: 84.1578%;" colspan="2">April 2000</td>
</tr>
</tbody>
</table>
</div>
</div></div></div></div></div>


<div style="color:#404168" class="wp-block-genesis-blocks-gb-spacer gb-block-spacer gb-divider-solid gb-spacer-divider gb-divider-size-1"><hr style="height:3px"/></div>



<div style="color:#404168" class="wp-block-genesis-blocks-gb-spacer gb-block-spacer gb-divider-solid gb-divider-size-1"><hr style="height:10px"/></div>


<div id="pl-gb3055-69f23f9b401a1"  class="panel-layout" ><div id="pg-gb3055-69f23f9b401a1-0"  class="panel-grid panel-no-style" ><div id="pgc-gb3055-69f23f9b401a1-0-0"  class="panel-grid-cell panel-grid-cell-empty" ></div><div id="pgc-gb3055-69f23f9b401a1-0-1"  class="panel-grid-cell panel-grid-cell-mobile-last" ><div id="panel-gb3055-69f23f9b401a1-0-1-0" class="so-panel widget widget_text panel-first-child panel-last-child" data-index="0" >			<div class="textwidget"><p align="justify">Dieses Projekt untersucht aus politikwissenschaftlicher Perspektive die Voraussetzungen und Konsequenzen einer auf das Eigentum bezogenen Kooperation zwischen &#8220;privater&#8221; und &#8220;öffentlicher Hand&#8221;. Zentrale Fragestellung ist: Welche spezifisch politischen Rahmenbedingungen lassen in der jüngeren Vergangenheit und in der Gegenwart auf eine Zusammenarbeit zwischen öffentlicher und privater Hand schließen, die auch die Eigentumsstruktur von industriellen Unternehmungen umfaßt? Unter welchen Voraussetzungen ist es (seit der Weltwirtschaftskrise 1929) zu staatlichen Eigentümerstrukturen gekommen, und unter welchen Rahmenbedingungen kamen solche nicht zustande (oder wurden wieder beseitigt)? Hat es dort, wo es zu keinen Verstaatlichungen kam, stattdessen funktionale Äquivalente gegeben?</p>
<p align="justify">Diese Fragestellungen werden in mehreren Fallstudien untersucht: New Deal (USA); Konzepte der Wirtschaftsdemokratie in Schweden (Meidner-Plan, etc.); nicht-liberale (faschistische) und liberale Korporatismus-Konzepte: Volkswagenwerk vor und nach 1945; Entwicklung der verstaatlichten Industrie und der verstaatlichten Banken in Österreich; Industriestrukturen in Frankreich und in Italien nach 1945; die partei- und wirtschaftspolitischen Kurswechsel in Großbritannien ab 1945 bzw. 1979. In allen Fallstudien werden vor allem folgende Einflussfaktoren berücksichtigt und in einem komparatistischen Teil systematisch ausgewertet:</p>
<ul>
<li>Parteiensystem</li>
<li>Stärke der Gewerkschaften</li>
<li>Korporatismus-Muster</li>
<li>Dominanz bestimmter Traditionen (z. B. Christliche Demokratie, Sozialdemokratie)</li>
<li>Abhängigkeitsgrad vom jeweiligen Ausland (&#8220;Verflechtung&#8221;).</li>
</ul>
<p align="justify">Mitte Dezember wurde in einer Projektbesprechung mit dem Auftraggeber und Bearbeitern parallel laufender ökonomischer Teilprojekte ein mündlicher Zwischenbericht abgegeben.</p>
</div>
		</div></div><div id="pgc-gb3055-69f23f9b401a1-0-2"  class="panel-grid-cell panel-grid-cell-empty" ></div></div></div>


<div style="color:#333" class="wp-block-genesis-blocks-gb-spacer gb-block-spacer gb-divider-solid gb-spacer-divider gb-divider-size-1"><hr style="height:100px"/></div>
</div></div></div>
