{"id":3048,"date":"2021-06-29T10:43:05","date_gmt":"2021-06-29T10:43:05","guid":{"rendered":"http:\/\/test-ikf.online\/?page_id=3048"},"modified":"2021-06-29T10:44:08","modified_gmt":"2021-06-29T10:44:08","slug":"2001-konflikt-kreisky-androsch","status":"publish","type":"page","link":"https:\/\/ikf.ac.at\/en\/schwerpunkte\/demokratie\/demokratieentwicklung\/2001-konflikt-kreisky-androsch","title":{"rendered":"2001: Der Konflikt Kreisky-Androsch: Zur Wahrnehmung und Gewichtung einer der zentralen Weichenstellungen der Zweiten Republik"},"content":{"rendered":"<div class=\"wp-block-atomic-blocks-ab-container alignfull ab-block-container\"><div class=\"ab-container-inside\"><div class=\"ab-container-content\"><div id=\"pl-gb3048-69f23f8be9c38\"  class=\"panel-layout\" ><div id=\"pg-gb3048-69f23f8be9c38-0\"  class=\"panel-grid panel-no-style\" ><div id=\"pgc-gb3048-69f23f8be9c38-0-0\"  class=\"panel-grid-cell\" ><div id=\"panel-gb3048-69f23f8be9c38-0-0-0\" class=\"so-panel widget widget_media_image panel-first-child panel-last-child\" data-index=\"0\" ><img loading=\"lazy\" decoding=\"async\" width=\"2554\" height=\"10\" src=\"https:\/\/ikf.ac.at\/wp-content\/uploads\/2021\/01\/linie_IKF.jpg\" class=\"image wp-image-754  attachment-full size-full\" alt=\"\" style=\"max-width: 100%; height: auto;\" srcset=\"https:\/\/ikf.ac.at\/wp-content\/uploads\/2021\/01\/linie_IKF.jpg 2554w, https:\/\/ikf.ac.at\/wp-content\/uploads\/2021\/01\/linie_IKF-300x1.jpg 300w, https:\/\/ikf.ac.at\/wp-content\/uploads\/2021\/01\/linie_IKF-1024x4.jpg 1024w, https:\/\/ikf.ac.at\/wp-content\/uploads\/2021\/01\/linie_IKF-768x3.jpg 768w, https:\/\/ikf.ac.at\/wp-content\/uploads\/2021\/01\/linie_IKF-1536x6.jpg 1536w, https:\/\/ikf.ac.at\/wp-content\/uploads\/2021\/01\/linie_IKF-2048x8.jpg 2048w\" sizes=\"auto, (max-width: 2554px) 100vw, 2554px\" \/><\/div><\/div><\/div><\/div>\n\n\n<div style=\"color:#ddd\" class=\"wp-block-genesis-blocks-gb-spacer gb-block-spacer gb-divider-solid gb-divider-size-1\"><hr style=\"height:30px\"\/><\/div>\n\n\n<div id=\"pl-gb3048-69f23f8bea67f\"  class=\"panel-layout\" ><div id=\"pg-gb3048-69f23f8bea67f-0\"  class=\"panel-grid panel-no-style\" ><div id=\"pgc-gb3048-69f23f8bea67f-0-0\"  class=\"panel-grid-cell panel-grid-cell-empty\" ><\/div><div id=\"pgc-gb3048-69f23f8bea67f-0-1\"  class=\"panel-grid-cell\" ><div id=\"panel-gb3048-69f23f8bea67f-0-1-0\" class=\"so-panel widget widget_sow-editor panel-first-child panel-last-child\" data-index=\"0\" ><div\n\t\t\t\n\t\t\tclass=\"so-widget-sow-editor so-widget-sow-editor-base\"\n\t\t\t\n\t\t>\n<div class=\"siteorigin-widget-tinymce textwidget\">\n\t<table style=\"height: 220px; width: 100%; border-collapse: collapse;\" border=\"1\" cellpadding=\"2\">\n<tbody>\n<tr style=\"height: 24px;\">\n<td style=\"width: 15.8421%; height: 24px;\">Project management:<\/td>\n<td style=\"width: 84.1578%; height: 24px;\" colspan=\"2\">Univ.-Prof. Dr. Anton Pelinka<\/td>\n<\/tr>\n<tr style=\"height: 24px;\">\n<td style=\"width: 15.8421%; height: 24px;\">\n<hr \/>\n<\/td>\n<td style=\"width: 49.8468%; height: 24px;\">\n<hr \/>\n<\/td>\n<td style=\"width: 34.311%; height: 24px;\"><\/td>\n<\/tr>\n<tr style=\"height: 24px;\">\n<td style=\"width: 15.8421%; height: 24px;\">Implementation:<\/td>\n<td style=\"width: 84.1578%; height: 24px;\" colspan=\"2\">Mag. Dr. Stefanie Mayer<sup>a<\/sup> Barbara Liegl<\/td>\n<\/tr>\n<tr style=\"height: 24px;\">\n<td style=\"width: 15.8421%; height: 24px;\">\n<hr \/>\n<\/td>\n<td style=\"width: 49.8468%; height: 24px;\">\n<hr \/>\n<\/td>\n<td style=\"width: 34.311%; height: 24px;\"><\/td>\n<\/tr>\n<tr style=\"height: 24px;\">\n<td style=\"width: 15.8421%; height: 24px;\">Funded by:<\/td>\n<td style=\"width: 84.1578%; height: 24px;\" colspan=\"2\">Jubil\u00e4umsfonds der \u00d6sterreichischen Nationalbank, Projekt Nr. 8431<br \/>\nStadt Wien \u2013 MA 18<\/td>\n<\/tr>\n<tr style=\"height: 24px;\">\n<td style=\"width: 15.8421%; height: 24px;\">\n<hr \/>\n<\/td>\n<td style=\"width: 49.8468%; height: 24px;\">\n<hr \/>\n<\/td>\n<td style=\"width: 34.311%; height: 24px;\"><\/td>\n<\/tr>\n<tr style=\"height: 24px;\">\n<td style=\"width: 15.8421%; height: 24px;\">Completed in:<\/td>\n<td style=\"height: 24px; width: 84.1578%;\" colspan=\"2\">Oktober 2001<\/td>\n<\/tr>\n<\/tbody>\n<\/table>\n<\/div>\n<\/div><\/div><\/div><\/div><\/div>\n\n\n<div style=\"color:#404168\" class=\"wp-block-genesis-blocks-gb-spacer gb-block-spacer gb-divider-solid gb-spacer-divider gb-divider-size-1\"><hr style=\"height:3px\"\/><\/div>\n\n\n\n<div style=\"color:#404168\" class=\"wp-block-genesis-blocks-gb-spacer gb-block-spacer gb-divider-solid gb-divider-size-1\"><hr style=\"height:10px\"\/><\/div>\n\n\n<div id=\"pl-gb3048-69f23f8beb0af\"  class=\"panel-layout\" ><div id=\"pg-gb3048-69f23f8beb0af-0\"  class=\"panel-grid panel-no-style\" ><div id=\"pgc-gb3048-69f23f8beb0af-0-0\"  class=\"panel-grid-cell panel-grid-cell-empty\" ><\/div><div id=\"pgc-gb3048-69f23f8beb0af-0-1\"  class=\"panel-grid-cell panel-grid-cell-mobile-last\" ><div id=\"panel-gb3048-69f23f8beb0af-0-1-0\" class=\"so-panel widget widget_text panel-first-child panel-last-child\" data-index=\"0\" >\t\t\t<div class=\"textwidget\"><p align=\"justify\">Der 1980\/81 seinen H\u00f6hepunkt erreichende Konflikt zwischen Bruno Kreisky, Bundeskanzler und Parteivorsitzender der SP\u00d6, und Hannes Androsch, Vizekanzler und stellvertretender Parteivorsitzender, z\u00e4hlt zu den dramatischsten innerparteilichen Auseinandersetzungen der Zweiten Republik. Er f\u00fchrte zur Verdr\u00e4ngung eines prominenten Sozialdemokraten aus der Regierung, wenn es auch nicht so wie im &#8220;Fall Olah&#8221; zu einem Bruch des aus der Regierung Ausscheidenden mit der Partei kam. Bisher ver\u00f6ffentlichte biografische Skizzen, \u00dcberblicksdarstellungen und Analysen lassen gro\u00dfteils sowohl einen zeitgeschichtlichen als auch einen politikwissenschaftlichen Zugang zu diesem Konflikt vermissen. Das erkenntnisleitende Interesse dieses Projektes umfasst daher die den Konflikt ausl\u00f6senden Faktoren und die durch das Ausscheiden Androschs aus der Politik m\u00f6glicherweise erfolgte Beeinflussung des weiteren Kurses der Regierung und der zuk\u00fcnftigen Orientierung der Sozialdemokratie. Neben der Sichtung und Auswertung der Literatur bzw. der vom Kreisky-Archiv und von Hannes Androsch zur Verf\u00fcgung gestellten Materialien wurde eine bisher vernachl\u00e4ssigte Quelle genutzt: Interviews mit ZeitzeugInnen dieses Konflikts.<\/p>\n<p align=\"justify\">In der zweiten H\u00e4lfte des Jahres 2000 wurden etwa 70 m\u00f6gliche Auskunftspersonen brieflich oder telefonisch kontaktiert, um sie zu einem Gespr\u00e4ch einzuladen. Das Spektrum der InterviewpartnerInnen umfasste Regierungsmitglieder aus der Zeit zwischen 1970 und 1981, Mitarbeiter des Kabinetts Kreisky, des Finanzministers Androsch und anderer Regierungsmitglieder, Vertreter des \u00d6GB und der OeNB, Repr\u00e4sentanten der damaligen Oppositionsparteien \u00d6VP und FP\u00d6, Medienvertreter, aber auch Familienmitglieder der Kontrahenten. Um der Internationalit\u00e4t dieser beiden Politiker Rechnung zu tragen, wurden auch Vertreter der SPD und CDU\/CSU in unsere Erhebung miteinbezogen. Insgesamt wurden 40 ZeitzeugInnen zu diesem Konflikt befragt, eine Zugangsweise, die es uns erlaubte, verschiedene subjektive Wahrnehmungen der einzelnen Befragten zu einem komplexen Bild zu verdichten und andere Erkl\u00e4rungsans\u00e4tze als bisher \u00fcblich anzubieten.<\/p>\n<p align=\"justify\">Diese Gespr\u00e4che ebenso wie die Auswertung der anderen bereits erw\u00e4hnten Quellen dienten der Nachzeichnung der Vorgeschichte des Konflikts, der Auslotung des Kr\u00e4fteverh\u00e4ltnisses zwischen &#8220;pro-Kreisky&#8221; und &#8220;pro-Androsch&#8221; Str\u00f6mungen in der SP\u00d6 und der Wahrnehmung des Konflikts durch verschiedenste Seiten. Die durch die Befragten als konfliktausl\u00f6send bzw. als wesentlich bezeichneten Punkte unterschieden sich in ihrer Gewichtung abh\u00e4ngig von deren politischer Verortung, deren Allianzzugeh\u00f6rigkeiten und deren Zugang zur Politik. Eine Lagerbildung innerhalb der SP\u00d6 wurde von einem Gro\u00dfteil der Befragten nicht festgestellt, beide Politiker hatten Bef\u00fcrworterInnen aus sehr unterschiedlichen politischen Richtungen, wodurch die Allianzen beider Seiten sehr heterogen waren. Das Ausscheiden Androschs aus der Politik bezeichneten nur sehr wenige Interviewte als folgenlos f\u00fcr die Politik der SP\u00d6 und der Regierung. Einige wenige Stimmen werteten sein Ausscheiden als positiv, da dadurch die weitere Bindung von linken W\u00e4hlerschichten an die SP\u00d6 erm\u00f6glicht worden sei. Gro\u00dfteils waren sich die Befragten einig, dass der SP\u00d6 mit Androsch ein gro\u00dfes politisches Talent verloren gegangen sei und dass durch den Abgang des &#8220;Kronprinzen&#8221; die Kanzlernachfolge nicht reibungslos verlaufen konnte. Die pro-Androsch Seite sah durch den Abschied des Finanzministers aus der Politik eine verpasste Chance, Androschs wirtschaftspolitische Zukunftsvisionen zu nutzen und umzusetzen.<\/p>\n<\/div>\n\t\t<\/div><\/div><div id=\"pgc-gb3048-69f23f8beb0af-0-2\"  class=\"panel-grid-cell panel-grid-cell-empty\" ><\/div><\/div><\/div>\n\n\n<div style=\"color:#333\" class=\"wp-block-genesis-blocks-gb-spacer gb-block-spacer gb-divider-solid gb-spacer-divider gb-divider-size-1\"><hr style=\"height:100px\"\/><\/div>\n<\/div><\/div><\/div>","protected":false},"excerpt":{"rendered":"","protected":false},"author":2,"featured_media":0,"parent":633,"menu_order":37,"comment_status":"closed","ping_status":"closed","template":"","meta":{"footnotes":""},"class_list":["post-3048","page","type-page","status-publish","hentry","post"],"featured_image_src":null,"featured_image_src_square":null,"_links":{"self":[{"href":"https:\/\/ikf.ac.at\/en\/wp-json\/wp\/v2\/pages\/3048","targetHints":{"allow":["GET"]}}],"collection":[{"href":"https:\/\/ikf.ac.at\/en\/wp-json\/wp\/v2\/pages"}],"about":[{"href":"https:\/\/ikf.ac.at\/en\/wp-json\/wp\/v2\/types\/page"}],"author":[{"embeddable":true,"href":"https:\/\/ikf.ac.at\/en\/wp-json\/wp\/v2\/users\/2"}],"replies":[{"embeddable":true,"href":"https:\/\/ikf.ac.at\/en\/wp-json\/wp\/v2\/comments?post=3048"}],"version-history":[{"count":4,"href":"https:\/\/ikf.ac.at\/en\/wp-json\/wp\/v2\/pages\/3048\/revisions"}],"predecessor-version":[{"id":3052,"href":"https:\/\/ikf.ac.at\/en\/wp-json\/wp\/v2\/pages\/3048\/revisions\/3052"}],"up":[{"embeddable":true,"href":"https:\/\/ikf.ac.at\/en\/wp-json\/wp\/v2\/pages\/633"}],"wp:attachment":[{"href":"https:\/\/ikf.ac.at\/en\/wp-json\/wp\/v2\/media?parent=3048"}],"curies":[{"name":"wp","href":"https:\/\/api.w.org\/{rel}","templated":true}]}}

<div class="wp-block-atomic-blocks-ab-container alignfull ab-block-container"><div class="ab-container-inside"><div class="ab-container-content"><div id="pl-gb3048-69f23f8be9c38"  class="panel-layout" ><div id="pg-gb3048-69f23f8be9c38-0"  class="panel-grid panel-no-style" ><div id="pgc-gb3048-69f23f8be9c38-0-0"  class="panel-grid-cell" ><div id="panel-gb3048-69f23f8be9c38-0-0-0" class="so-panel widget widget_media_image panel-first-child panel-last-child" data-index="0" ><img loading="lazy" decoding="async" width="2554" height="10" src="https://ikf.ac.at/wp-content/uploads/2021/01/linie_IKF.jpg" class="image wp-image-754  attachment-full size-full" alt="" style="max-width: 100%; height: auto;" srcset="https://ikf.ac.at/wp-content/uploads/2021/01/linie_IKF.jpg 2554w, https://ikf.ac.at/wp-content/uploads/2021/01/linie_IKF-300x1.jpg 300w, https://ikf.ac.at/wp-content/uploads/2021/01/linie_IKF-1024x4.jpg 1024w, https://ikf.ac.at/wp-content/uploads/2021/01/linie_IKF-768x3.jpg 768w, https://ikf.ac.at/wp-content/uploads/2021/01/linie_IKF-1536x6.jpg 1536w, https://ikf.ac.at/wp-content/uploads/2021/01/linie_IKF-2048x8.jpg 2048w" sizes="auto, (max-width: 2554px) 100vw, 2554px" /></div></div></div></div>


<div style="color:#ddd" class="wp-block-genesis-blocks-gb-spacer gb-block-spacer gb-divider-solid gb-divider-size-1"><hr style="height:30px"/></div>


<div id="pl-gb3048-69f23f8bea67f"  class="panel-layout" ><div id="pg-gb3048-69f23f8bea67f-0"  class="panel-grid panel-no-style" ><div id="pgc-gb3048-69f23f8bea67f-0-0"  class="panel-grid-cell panel-grid-cell-empty" ></div><div id="pgc-gb3048-69f23f8bea67f-0-1"  class="panel-grid-cell" ><div id="panel-gb3048-69f23f8bea67f-0-1-0" class="so-panel widget widget_sow-editor panel-first-child panel-last-child" data-index="0" ><div
			
			class="so-widget-sow-editor so-widget-sow-editor-base"
			
		>
<div class="siteorigin-widget-tinymce textwidget">
	<table style="height: 220px; width: 100%; border-collapse: collapse;" border="1" cellpadding="2">
<tbody>
<tr style="height: 24px;">
<td style="width: 15.8421%; height: 24px;">Project management:</td>
<td style="width: 84.1578%; height: 24px;" colspan="2">Univ.-Prof. Dr. Anton Pelinka</td>
</tr>
<tr style="height: 24px;">
<td style="width: 15.8421%; height: 24px;">
<hr />
</td>
<td style="width: 49.8468%; height: 24px;">
<hr />
</td>
<td style="width: 34.311%; height: 24px;"></td>
</tr>
<tr style="height: 24px;">
<td style="width: 15.8421%; height: 24px;">Implementation:</td>
<td style="width: 84.1578%; height: 24px;" colspan="2">Mag. Dr. Stefanie Mayer<sup>a</sup> Barbara Liegl</td>
</tr>
<tr style="height: 24px;">
<td style="width: 15.8421%; height: 24px;">
<hr />
</td>
<td style="width: 49.8468%; height: 24px;">
<hr />
</td>
<td style="width: 34.311%; height: 24px;"></td>
</tr>
<tr style="height: 24px;">
<td style="width: 15.8421%; height: 24px;">Funded by:</td>
<td style="width: 84.1578%; height: 24px;" colspan="2">Jubiläumsfonds der Österreichischen Nationalbank, Projekt Nr. 8431<br />
Stadt Wien – MA 18</td>
</tr>
<tr style="height: 24px;">
<td style="width: 15.8421%; height: 24px;">
<hr />
</td>
<td style="width: 49.8468%; height: 24px;">
<hr />
</td>
<td style="width: 34.311%; height: 24px;"></td>
</tr>
<tr style="height: 24px;">
<td style="width: 15.8421%; height: 24px;">Completed in:</td>
<td style="height: 24px; width: 84.1578%;" colspan="2">Oktober 2001</td>
</tr>
</tbody>
</table>
</div>
</div></div></div></div></div>


<div style="color:#404168" class="wp-block-genesis-blocks-gb-spacer gb-block-spacer gb-divider-solid gb-spacer-divider gb-divider-size-1"><hr style="height:3px"/></div>



<div style="color:#404168" class="wp-block-genesis-blocks-gb-spacer gb-block-spacer gb-divider-solid gb-divider-size-1"><hr style="height:10px"/></div>


<div id="pl-gb3048-69f23f8beb0af"  class="panel-layout" ><div id="pg-gb3048-69f23f8beb0af-0"  class="panel-grid panel-no-style" ><div id="pgc-gb3048-69f23f8beb0af-0-0"  class="panel-grid-cell panel-grid-cell-empty" ></div><div id="pgc-gb3048-69f23f8beb0af-0-1"  class="panel-grid-cell panel-grid-cell-mobile-last" ><div id="panel-gb3048-69f23f8beb0af-0-1-0" class="so-panel widget widget_text panel-first-child panel-last-child" data-index="0" >			<div class="textwidget"><p align="justify">Der 1980/81 seinen Höhepunkt erreichende Konflikt zwischen Bruno Kreisky, Bundeskanzler und Parteivorsitzender der SPÖ, und Hannes Androsch, Vizekanzler und stellvertretender Parteivorsitzender, zählt zu den dramatischsten innerparteilichen Auseinandersetzungen der Zweiten Republik. Er führte zur Verdrängung eines prominenten Sozialdemokraten aus der Regierung, wenn es auch nicht so wie im &#8220;Fall Olah&#8221; zu einem Bruch des aus der Regierung Ausscheidenden mit der Partei kam. Bisher veröffentlichte biografische Skizzen, Überblicksdarstellungen und Analysen lassen großteils sowohl einen zeitgeschichtlichen als auch einen politikwissenschaftlichen Zugang zu diesem Konflikt vermissen. Das erkenntnisleitende Interesse dieses Projektes umfasst daher die den Konflikt auslösenden Faktoren und die durch das Ausscheiden Androschs aus der Politik möglicherweise erfolgte Beeinflussung des weiteren Kurses der Regierung und der zukünftigen Orientierung der Sozialdemokratie. Neben der Sichtung und Auswertung der Literatur bzw. der vom Kreisky-Archiv und von Hannes Androsch zur Verfügung gestellten Materialien wurde eine bisher vernachlässigte Quelle genutzt: Interviews mit ZeitzeugInnen dieses Konflikts.</p>
<p align="justify">In der zweiten Hälfte des Jahres 2000 wurden etwa 70 mögliche Auskunftspersonen brieflich oder telefonisch kontaktiert, um sie zu einem Gespräch einzuladen. Das Spektrum der InterviewpartnerInnen umfasste Regierungsmitglieder aus der Zeit zwischen 1970 und 1981, Mitarbeiter des Kabinetts Kreisky, des Finanzministers Androsch und anderer Regierungsmitglieder, Vertreter des ÖGB und der OeNB, Repräsentanten der damaligen Oppositionsparteien ÖVP und FPÖ, Medienvertreter, aber auch Familienmitglieder der Kontrahenten. Um der Internationalität dieser beiden Politiker Rechnung zu tragen, wurden auch Vertreter der SPD und CDU/CSU in unsere Erhebung miteinbezogen. Insgesamt wurden 40 ZeitzeugInnen zu diesem Konflikt befragt, eine Zugangsweise, die es uns erlaubte, verschiedene subjektive Wahrnehmungen der einzelnen Befragten zu einem komplexen Bild zu verdichten und andere Erklärungsansätze als bisher üblich anzubieten.</p>
<p align="justify">Diese Gespräche ebenso wie die Auswertung der anderen bereits erwähnten Quellen dienten der Nachzeichnung der Vorgeschichte des Konflikts, der Auslotung des Kräfteverhältnisses zwischen &#8220;pro-Kreisky&#8221; und &#8220;pro-Androsch&#8221; Strömungen in der SPÖ und der Wahrnehmung des Konflikts durch verschiedenste Seiten. Die durch die Befragten als konfliktauslösend bzw. als wesentlich bezeichneten Punkte unterschieden sich in ihrer Gewichtung abhängig von deren politischer Verortung, deren Allianzzugehörigkeiten und deren Zugang zur Politik. Eine Lagerbildung innerhalb der SPÖ wurde von einem Großteil der Befragten nicht festgestellt, beide Politiker hatten BefürworterInnen aus sehr unterschiedlichen politischen Richtungen, wodurch die Allianzen beider Seiten sehr heterogen waren. Das Ausscheiden Androschs aus der Politik bezeichneten nur sehr wenige Interviewte als folgenlos für die Politik der SPÖ und der Regierung. Einige wenige Stimmen werteten sein Ausscheiden als positiv, da dadurch die weitere Bindung von linken Wählerschichten an die SPÖ ermöglicht worden sei. Großteils waren sich die Befragten einig, dass der SPÖ mit Androsch ein großes politisches Talent verloren gegangen sei und dass durch den Abgang des &#8220;Kronprinzen&#8221; die Kanzlernachfolge nicht reibungslos verlaufen konnte. Die pro-Androsch Seite sah durch den Abschied des Finanzministers aus der Politik eine verpasste Chance, Androschs wirtschaftspolitische Zukunftsvisionen zu nutzen und umzusetzen.</p>
</div>
		</div></div><div id="pgc-gb3048-69f23f8beb0af-0-2"  class="panel-grid-cell panel-grid-cell-empty" ></div></div></div>


<div style="color:#333" class="wp-block-genesis-blocks-gb-spacer gb-block-spacer gb-divider-solid gb-spacer-divider gb-divider-size-1"><hr style="height:100px"/></div>
</div></div></div>
