{"id":3019,"date":"2021-06-28T13:35:06","date_gmt":"2021-06-28T13:35:06","guid":{"rendered":"http:\/\/test-ikf.online\/?page_id=3019"},"modified":"2021-06-28T13:37:56","modified_gmt":"2021-06-28T13:37:56","slug":"2003-bezirksvorsteherinnen-und-bezirkspolitik","status":"publish","type":"page","link":"https:\/\/ikf.ac.at\/en\/schwerpunkte\/demokratie\/demokratieentwicklung\/2003-bezirksvorsteherinnen-und-bezirkspolitik","title":{"rendered":"2003: BezirksvorsteherInnen und Bezirkspolitik"},"content":{"rendered":"<div class=\"wp-block-atomic-blocks-ab-container alignfull ab-block-container\"><div class=\"ab-container-inside\"><div class=\"ab-container-content\"><div id=\"pl-gb3019-69f23fedb824e\"  class=\"panel-layout\" ><div id=\"pg-gb3019-69f23fedb824e-0\"  class=\"panel-grid panel-no-style\" ><div id=\"pgc-gb3019-69f23fedb824e-0-0\"  class=\"panel-grid-cell\" ><div id=\"panel-gb3019-69f23fedb824e-0-0-0\" class=\"so-panel widget widget_media_image panel-first-child panel-last-child\" data-index=\"0\" ><img loading=\"lazy\" decoding=\"async\" width=\"2554\" height=\"10\" src=\"https:\/\/ikf.ac.at\/wp-content\/uploads\/2021\/01\/linie_IKF.jpg\" class=\"image wp-image-754  attachment-full size-full\" alt=\"\" style=\"max-width: 100%; height: auto;\" srcset=\"https:\/\/ikf.ac.at\/wp-content\/uploads\/2021\/01\/linie_IKF.jpg 2554w, https:\/\/ikf.ac.at\/wp-content\/uploads\/2021\/01\/linie_IKF-300x1.jpg 300w, https:\/\/ikf.ac.at\/wp-content\/uploads\/2021\/01\/linie_IKF-1024x4.jpg 1024w, https:\/\/ikf.ac.at\/wp-content\/uploads\/2021\/01\/linie_IKF-768x3.jpg 768w, https:\/\/ikf.ac.at\/wp-content\/uploads\/2021\/01\/linie_IKF-1536x6.jpg 1536w, https:\/\/ikf.ac.at\/wp-content\/uploads\/2021\/01\/linie_IKF-2048x8.jpg 2048w\" sizes=\"auto, (max-width: 2554px) 100vw, 2554px\" \/><\/div><\/div><\/div><\/div>\n\n\n<div style=\"color:#ddd\" class=\"wp-block-genesis-blocks-gb-spacer gb-block-spacer gb-divider-solid gb-divider-size-1\"><hr style=\"height:30px\"\/><\/div>\n\n\n<div id=\"pl-gb3019-69f23fedb8a06\"  class=\"panel-layout\" ><div id=\"pg-gb3019-69f23fedb8a06-0\"  class=\"panel-grid panel-no-style\" ><div id=\"pgc-gb3019-69f23fedb8a06-0-0\"  class=\"panel-grid-cell panel-grid-cell-empty\" ><\/div><div id=\"pgc-gb3019-69f23fedb8a06-0-1\"  class=\"panel-grid-cell\" ><div id=\"panel-gb3019-69f23fedb8a06-0-1-0\" class=\"so-panel widget widget_sow-editor panel-first-child panel-last-child\" data-index=\"0\" ><div\n\t\t\t\n\t\t\tclass=\"so-widget-sow-editor so-widget-sow-editor-base\"\n\t\t\t\n\t\t>\n<div class=\"siteorigin-widget-tinymce textwidget\">\n\t<table style=\"height: 220px; width: 100%; border-collapse: collapse;\" border=\"1\" cellpadding=\"2\">\n<tbody>\n<tr style=\"height: 24px;\">\n<td style=\"width: 23.7219%; height: 24px;\">Projektleitung und Durchf\u00fchrung:<\/td>\n<td style=\"width: 76.278%; height: 24px;\" colspan=\"2\">DDr. Hubert Sickinger<\/td>\n<\/tr>\n<tr style=\"height: 24px;\">\n<td style=\"width: 23.7219%; height: 24px;\">\n<hr \/>\n<\/td>\n<td style=\"width: 40.4649%; height: 24px;\">\n<hr \/>\n<\/td>\n<td style=\"width: 35.8131%; height: 24px;\"><\/td>\n<\/tr>\n<tr style=\"height: 24px;\">\n<td style=\"width: 23.7219%; height: 24px;\">Funded by:<\/td>\n<td style=\"width: 76.278%; height: 24px;\" colspan=\"2\">Hochschuljubil\u00e4umsstiftung der Stadt Wien<\/td>\n<\/tr>\n<tr style=\"height: 24px;\">\n<td style=\"width: 23.7219%; height: 24px;\">\n<hr \/>\n<\/td>\n<td style=\"width: 40.4649%; height: 24px;\">\n<hr \/>\n<\/td>\n<td style=\"width: 35.8131%; height: 24px;\"><\/td>\n<\/tr>\n<tr style=\"height: 24px;\">\n<td style=\"width: 23.7219%; height: 24px;\">Completed in:<\/td>\n<td style=\"height: 24px; width: 76.278%;\" colspan=\"2\">Mai 2003<\/td>\n<\/tr>\n<tr style=\"height: 24px;\">\n<td style=\"width: 23.7219%; height: 24px;\">\n<hr \/>\n<\/td>\n<td style=\"width: 40.4649%; height: 24px;\">\n<hr \/>\n<\/td>\n<td style=\"width: 35.8131%; height: 24px;\"><\/td>\n<\/tr>\n<tr style=\"height: 28px;\">\n<td style=\"width: 23.7219%; height: 28px;\"><\/td>\n<td style=\"width: 40.4649%; height: 28px;\" valign=\"top\" width=\"80%\"><img loading=\"lazy\" decoding=\"async\" src=\"https:\/\/ikf.ac.at\/wp-content\/uploads\/2021\/03\/Document-Folder-e1615278415108.png\" width=\"28\" height=\"28\" align=\"left\" \/> <a href=\"https:\/\/ikf.ac.at\/wp-content\/uploads\/2021\/06\/Projektbericht_BezirksvorsteherInnen_Bezirkspolitik.pdf\" target=\"_blank\" rel=\"noopener\">Final Report (german)<\/a><\/td>\n<td style=\"width: 35.8131%; height: 28px;\"><\/td>\n<\/tr>\n<\/tbody>\n<\/table>\n<\/div>\n<\/div><\/div><\/div><\/div><\/div>\n\n\n<div style=\"color:#404168\" class=\"wp-block-genesis-blocks-gb-spacer gb-block-spacer gb-divider-solid gb-spacer-divider gb-divider-size-1\"><hr style=\"height:3px\"\/><\/div>\n\n\n\n<div style=\"color:#404168\" class=\"wp-block-genesis-blocks-gb-spacer gb-block-spacer gb-divider-solid gb-divider-size-1\"><hr style=\"height:10px\"\/><\/div>\n\n\n<div id=\"pl-gb3019-69f23fedb91c2\"  class=\"panel-layout\" ><div id=\"pg-gb3019-69f23fedb91c2-0\"  class=\"panel-grid panel-no-style\" ><div id=\"pgc-gb3019-69f23fedb91c2-0-0\"  class=\"panel-grid-cell panel-grid-cell-empty\" ><\/div><div id=\"pgc-gb3019-69f23fedb91c2-0-1\"  class=\"panel-grid-cell panel-grid-cell-mobile-last\" ><div id=\"panel-gb3019-69f23fedb91c2-0-1-0\" class=\"so-panel widget widget_text panel-first-child panel-last-child\" data-index=\"0\" >\t\t\t<div class=\"textwidget\"><p align=\"justify\">Das Projekt baut auf den Ergebnissen des mittlerweile auch als Buch publizierten Projekts &#8220;Demokratie in der kleinen Einheit: Politische Graswurzeln am Beispiel des Ersten Wiener Gemeindebezirks&#8221; auf: Da die Innere Stadt in mehrfacher Hinsicht f\u00fcr einen Wiener Bezirk sehr untypisch ist, werden diese fr\u00fcher gesammelten Ergebnisse durch eine vergleichende Studie aller 23 Bezirke erg\u00e4nzt.<\/p>\n<p align=\"justify\">Dabei wird die Perspektive der BezirksvorsteherInnen gew\u00e4hlt, weil diese die mit Abstand einflussreichsten und zugleich am Besten \u00fcber die jeweiligen Bezirksprobleme informierten BezirkspolitikerInnen darstellen. Kernst\u00fcck des Projekts bilden pers\u00f6nliche Interviews mit allen 23 BezirksvorsteherInnen, in denen Informationen zu folgenden Themenbereichen erhoben wurden:<\/p>\n<ul>\n<li>\n<p align=\"justify\">Die Wiener BezirksvorsteherInnen als politische Elite: In diesem Zusammenhang interessierte einerseits deren politisches und berufliches Profil (bisherige und aktuelle Funktionen in der Partei, in Interessenvertretungen u.\u00e4.). Andererseits wurde auch ihr Amtsverst\u00e4ndnis und tats\u00e4chliches T\u00e4tigkeitsprofil erhoben.<\/p>\n<\/li>\n<li>\n<p align=\"justify\">Die Arbeit der Organe der Bezirksautonomie (Bezirksvertretung\/Bezirksvorstehung, Aussch\u00fcsse und Kommissionen) und das Verh\u00e4ltnis der Parteien auf Bezirksebene.<\/p>\n<\/li>\n<li>\n<p align=\"justify\">Die wichtigsten sachpolitischen Themen\/Probleme im Bezirk und der Umgang des Bezirks bzw. der Parteien im Bezirk mit diesen Problemstellungen.<\/p>\n<\/li>\n<\/ul>\n<\/div>\n\t\t<\/div><\/div><div id=\"pgc-gb3019-69f23fedb91c2-0-2\"  class=\"panel-grid-cell panel-grid-cell-empty\" ><\/div><\/div><\/div>\n\n\n<div style=\"color:#333\" class=\"wp-block-genesis-blocks-gb-spacer gb-block-spacer gb-divider-solid gb-spacer-divider gb-divider-size-1\"><hr style=\"height:64px\"\/><\/div>\n<\/div><\/div><\/div>","protected":false},"excerpt":{"rendered":"","protected":false},"author":2,"featured_media":0,"parent":633,"menu_order":36,"comment_status":"closed","ping_status":"closed","template":"","meta":{"footnotes":""},"class_list":["post-3019","page","type-page","status-publish","hentry","post"],"featured_image_src":null,"featured_image_src_square":null,"_links":{"self":[{"href":"https:\/\/ikf.ac.at\/en\/wp-json\/wp\/v2\/pages\/3019","targetHints":{"allow":["GET"]}}],"collection":[{"href":"https:\/\/ikf.ac.at\/en\/wp-json\/wp\/v2\/pages"}],"about":[{"href":"https:\/\/ikf.ac.at\/en\/wp-json\/wp\/v2\/types\/page"}],"author":[{"embeddable":true,"href":"https:\/\/ikf.ac.at\/en\/wp-json\/wp\/v2\/users\/2"}],"replies":[{"embeddable":true,"href":"https:\/\/ikf.ac.at\/en\/wp-json\/wp\/v2\/comments?post=3019"}],"version-history":[{"count":13,"href":"https:\/\/ikf.ac.at\/en\/wp-json\/wp\/v2\/pages\/3019\/revisions"}],"predecessor-version":[{"id":3047,"href":"https:\/\/ikf.ac.at\/en\/wp-json\/wp\/v2\/pages\/3019\/revisions\/3047"}],"up":[{"embeddable":true,"href":"https:\/\/ikf.ac.at\/en\/wp-json\/wp\/v2\/pages\/633"}],"wp:attachment":[{"href":"https:\/\/ikf.ac.at\/en\/wp-json\/wp\/v2\/media?parent=3019"}],"curies":[{"name":"wp","href":"https:\/\/api.w.org\/{rel}","templated":true}]}}

<div class="wp-block-atomic-blocks-ab-container alignfull ab-block-container"><div class="ab-container-inside"><div class="ab-container-content"><div id="pl-gb3019-69f23fedb824e"  class="panel-layout" ><div id="pg-gb3019-69f23fedb824e-0"  class="panel-grid panel-no-style" ><div id="pgc-gb3019-69f23fedb824e-0-0"  class="panel-grid-cell" ><div id="panel-gb3019-69f23fedb824e-0-0-0" class="so-panel widget widget_media_image panel-first-child panel-last-child" data-index="0" ><img loading="lazy" decoding="async" width="2554" height="10" src="https://ikf.ac.at/wp-content/uploads/2021/01/linie_IKF.jpg" class="image wp-image-754  attachment-full size-full" alt="" style="max-width: 100%; height: auto;" srcset="https://ikf.ac.at/wp-content/uploads/2021/01/linie_IKF.jpg 2554w, https://ikf.ac.at/wp-content/uploads/2021/01/linie_IKF-300x1.jpg 300w, https://ikf.ac.at/wp-content/uploads/2021/01/linie_IKF-1024x4.jpg 1024w, https://ikf.ac.at/wp-content/uploads/2021/01/linie_IKF-768x3.jpg 768w, https://ikf.ac.at/wp-content/uploads/2021/01/linie_IKF-1536x6.jpg 1536w, https://ikf.ac.at/wp-content/uploads/2021/01/linie_IKF-2048x8.jpg 2048w" sizes="auto, (max-width: 2554px) 100vw, 2554px" /></div></div></div></div>


<div style="color:#ddd" class="wp-block-genesis-blocks-gb-spacer gb-block-spacer gb-divider-solid gb-divider-size-1"><hr style="height:30px"/></div>


<div id="pl-gb3019-69f23fedb8a06"  class="panel-layout" ><div id="pg-gb3019-69f23fedb8a06-0"  class="panel-grid panel-no-style" ><div id="pgc-gb3019-69f23fedb8a06-0-0"  class="panel-grid-cell panel-grid-cell-empty" ></div><div id="pgc-gb3019-69f23fedb8a06-0-1"  class="panel-grid-cell" ><div id="panel-gb3019-69f23fedb8a06-0-1-0" class="so-panel widget widget_sow-editor panel-first-child panel-last-child" data-index="0" ><div
			
			class="so-widget-sow-editor so-widget-sow-editor-base"
			
		>
<div class="siteorigin-widget-tinymce textwidget">
	<table style="height: 220px; width: 100%; border-collapse: collapse;" border="1" cellpadding="2">
<tbody>
<tr style="height: 24px;">
<td style="width: 23.7219%; height: 24px;">Projektleitung und Durchführung:</td>
<td style="width: 76.278%; height: 24px;" colspan="2">DDr. Hubert Sickinger</td>
</tr>
<tr style="height: 24px;">
<td style="width: 23.7219%; height: 24px;">
<hr />
</td>
<td style="width: 40.4649%; height: 24px;">
<hr />
</td>
<td style="width: 35.8131%; height: 24px;"></td>
</tr>
<tr style="height: 24px;">
<td style="width: 23.7219%; height: 24px;">Funded by:</td>
<td style="width: 76.278%; height: 24px;" colspan="2">Hochschuljubiläumsstiftung der Stadt Wien</td>
</tr>
<tr style="height: 24px;">
<td style="width: 23.7219%; height: 24px;">
<hr />
</td>
<td style="width: 40.4649%; height: 24px;">
<hr />
</td>
<td style="width: 35.8131%; height: 24px;"></td>
</tr>
<tr style="height: 24px;">
<td style="width: 23.7219%; height: 24px;">Completed in:</td>
<td style="height: 24px; width: 76.278%;" colspan="2">Mai 2003</td>
</tr>
<tr style="height: 24px;">
<td style="width: 23.7219%; height: 24px;">
<hr />
</td>
<td style="width: 40.4649%; height: 24px;">
<hr />
</td>
<td style="width: 35.8131%; height: 24px;"></td>
</tr>
<tr style="height: 28px;">
<td style="width: 23.7219%; height: 28px;"></td>
<td style="width: 40.4649%; height: 28px;" valign="top" width="80%"><img loading="lazy" decoding="async" src="https://ikf.ac.at/wp-content/uploads/2021/03/Document-Folder-e1615278415108.png" width="28" height="28" align="left" /> <a href="https://ikf.ac.at/wp-content/uploads/2021/06/Projektbericht_BezirksvorsteherInnen_Bezirkspolitik.pdf" target="_blank" rel="noopener">Final Report (german)</a></td>
<td style="width: 35.8131%; height: 28px;"></td>
</tr>
</tbody>
</table>
</div>
</div></div></div></div></div>


<div style="color:#404168" class="wp-block-genesis-blocks-gb-spacer gb-block-spacer gb-divider-solid gb-spacer-divider gb-divider-size-1"><hr style="height:3px"/></div>



<div style="color:#404168" class="wp-block-genesis-blocks-gb-spacer gb-block-spacer gb-divider-solid gb-divider-size-1"><hr style="height:10px"/></div>


<div id="pl-gb3019-69f23fedb91c2"  class="panel-layout" ><div id="pg-gb3019-69f23fedb91c2-0"  class="panel-grid panel-no-style" ><div id="pgc-gb3019-69f23fedb91c2-0-0"  class="panel-grid-cell panel-grid-cell-empty" ></div><div id="pgc-gb3019-69f23fedb91c2-0-1"  class="panel-grid-cell panel-grid-cell-mobile-last" ><div id="panel-gb3019-69f23fedb91c2-0-1-0" class="so-panel widget widget_text panel-first-child panel-last-child" data-index="0" >			<div class="textwidget"><p align="justify">Das Projekt baut auf den Ergebnissen des mittlerweile auch als Buch publizierten Projekts &#8220;Demokratie in der kleinen Einheit: Politische Graswurzeln am Beispiel des Ersten Wiener Gemeindebezirks&#8221; auf: Da die Innere Stadt in mehrfacher Hinsicht für einen Wiener Bezirk sehr untypisch ist, werden diese früher gesammelten Ergebnisse durch eine vergleichende Studie aller 23 Bezirke ergänzt.</p>
<p align="justify">Dabei wird die Perspektive der BezirksvorsteherInnen gewählt, weil diese die mit Abstand einflussreichsten und zugleich am Besten über die jeweiligen Bezirksprobleme informierten BezirkspolitikerInnen darstellen. Kernstück des Projekts bilden persönliche Interviews mit allen 23 BezirksvorsteherInnen, in denen Informationen zu folgenden Themenbereichen erhoben wurden:</p>
<ul>
<li>
<p align="justify">Die Wiener BezirksvorsteherInnen als politische Elite: In diesem Zusammenhang interessierte einerseits deren politisches und berufliches Profil (bisherige und aktuelle Funktionen in der Partei, in Interessenvertretungen u.ä.). Andererseits wurde auch ihr Amtsverständnis und tatsächliches Tätigkeitsprofil erhoben.</p>
</li>
<li>
<p align="justify">Die Arbeit der Organe der Bezirksautonomie (Bezirksvertretung/Bezirksvorstehung, Ausschüsse und Kommissionen) und das Verhältnis der Parteien auf Bezirksebene.</p>
</li>
<li>
<p align="justify">Die wichtigsten sachpolitischen Themen/Probleme im Bezirk und der Umgang des Bezirks bzw. der Parteien im Bezirk mit diesen Problemstellungen.</p>
</li>
</ul>
</div>
		</div></div><div id="pgc-gb3019-69f23fedb91c2-0-2"  class="panel-grid-cell panel-grid-cell-empty" ></div></div></div>


<div style="color:#333" class="wp-block-genesis-blocks-gb-spacer gb-block-spacer gb-divider-solid gb-spacer-divider gb-divider-size-1"><hr style="height:64px"/></div>
</div></div></div>
