{"id":3004,"date":"2021-06-28T10:06:50","date_gmt":"2021-06-28T10:06:50","guid":{"rendered":"http:\/\/test-ikf.online\/?page_id=3004"},"modified":"2021-06-28T10:07:34","modified_gmt":"2021-06-28T10:07:34","slug":"2006-zwischen-industrie-und-politik-100-geburtstag-von-karl-waldbrunner","status":"publish","type":"page","link":"https:\/\/ikf.ac.at\/en\/schwerpunkte\/demokratie\/demokratieentwicklung\/2006-zwischen-industrie-und-politik-100-geburtstag-von-karl-waldbrunner","title":{"rendered":"2006: &#8220;Zwischen Industrie und Politik&#8221; \u2013 100. Geburtstag von Karl Waldbrunner"},"content":{"rendered":"<div class=\"wp-block-atomic-blocks-ab-container alignfull ab-block-container\"><div class=\"ab-container-inside\"><div class=\"ab-container-content\"><div id=\"pl-gb3004-69f2550eacf9c\"  class=\"panel-layout\" ><div id=\"pg-gb3004-69f2550eacf9c-0\"  class=\"panel-grid panel-no-style\" ><div id=\"pgc-gb3004-69f2550eacf9c-0-0\"  class=\"panel-grid-cell\" ><div id=\"panel-gb3004-69f2550eacf9c-0-0-0\" class=\"so-panel widget widget_media_image panel-first-child panel-last-child\" data-index=\"0\" ><img loading=\"lazy\" decoding=\"async\" width=\"2554\" height=\"10\" src=\"https:\/\/ikf.ac.at\/wp-content\/uploads\/2021\/01\/linie_IKF.jpg\" class=\"image wp-image-754  attachment-full size-full\" alt=\"\" style=\"max-width: 100%; height: auto;\" srcset=\"https:\/\/ikf.ac.at\/wp-content\/uploads\/2021\/01\/linie_IKF.jpg 2554w, https:\/\/ikf.ac.at\/wp-content\/uploads\/2021\/01\/linie_IKF-300x1.jpg 300w, https:\/\/ikf.ac.at\/wp-content\/uploads\/2021\/01\/linie_IKF-1024x4.jpg 1024w, https:\/\/ikf.ac.at\/wp-content\/uploads\/2021\/01\/linie_IKF-768x3.jpg 768w, https:\/\/ikf.ac.at\/wp-content\/uploads\/2021\/01\/linie_IKF-1536x6.jpg 1536w, https:\/\/ikf.ac.at\/wp-content\/uploads\/2021\/01\/linie_IKF-2048x8.jpg 2048w\" sizes=\"auto, (max-width: 2554px) 100vw, 2554px\" \/><\/div><\/div><\/div><\/div>\n\n\n<div style=\"color:#ddd\" class=\"wp-block-genesis-blocks-gb-spacer gb-block-spacer gb-divider-solid gb-divider-size-1\"><hr style=\"height:30px\"\/><\/div>\n\n\n<div id=\"pl-gb3004-69f2550ead50c\"  class=\"panel-layout\" ><div id=\"pg-gb3004-69f2550ead50c-0\"  class=\"panel-grid panel-no-style\" ><div id=\"pgc-gb3004-69f2550ead50c-0-0\"  class=\"panel-grid-cell panel-grid-cell-empty\" ><\/div><div id=\"pgc-gb3004-69f2550ead50c-0-1\"  class=\"panel-grid-cell\" ><div id=\"panel-gb3004-69f2550ead50c-0-1-0\" class=\"so-panel widget widget_sow-editor panel-first-child panel-last-child\" data-index=\"0\" ><div\n\t\t\t\n\t\t\tclass=\"so-widget-sow-editor so-widget-sow-editor-base\"\n\t\t\t\n\t\t>\n<div class=\"siteorigin-widget-tinymce textwidget\">\n\t<table style=\"height: 244px; width: 100%; border-collapse: collapse;\" border=\"1\" cellpadding=\"2\">\n<tbody>\n<tr style=\"height: 24px;\">\n<td style=\"width: 15.8421%; height: 24px;\">Project management:<\/td>\n<td style=\"width: 84.1578%; height: 24px;\" colspan=\"2\">Univ.-Prof. Dr. Anton Pelinka<\/td>\n<\/tr>\n<tr style=\"height: 24px;\">\n<td style=\"width: 15.8421%; height: 24px;\">\n<hr \/>\n<\/td>\n<td style=\"width: 43.7143%; height: 24px;\">\n<hr \/>\n<\/td>\n<td style=\"width: 40.4435%; height: 24px;\"><\/td>\n<\/tr>\n<tr style=\"height: 48px;\">\n<td style=\"width: 15.8421%; height: 48px;\">Implementation:<\/td>\n<td style=\"width: 84.1578%; height: 48px;\" colspan=\"2\">Dr. Manfred Zollinger<br \/>\nMag. Walter Fend<\/td>\n<\/tr>\n<tr style=\"height: 24px;\">\n<td style=\"width: 15.8421%; height: 24px;\">\n<hr \/>\n<\/td>\n<td style=\"width: 43.7143%; height: 24px;\">\n<hr \/>\n<\/td>\n<td style=\"width: 40.4435%; height: 24px;\"><\/td>\n<\/tr>\n<tr style=\"height: 24px;\">\n<td style=\"width: 15.8421%; height: 24px;\">Funded by:<\/td>\n<td style=\"width: 84.1578%; height: 24px;\" colspan=\"2\">AIC Androsch International Management Consulting GmbH<\/td>\n<\/tr>\n<tr style=\"height: 24px;\">\n<td style=\"width: 15.8421%; height: 24px;\">\n<hr \/>\n<\/td>\n<td style=\"width: 43.7143%; height: 24px;\">\n<hr \/>\n<\/td>\n<td style=\"width: 40.4435%; height: 24px;\"><\/td>\n<\/tr>\n<tr style=\"height: 24px;\">\n<td style=\"width: 15.8421%; height: 24px;\">Completed in:<\/td>\n<td style=\"height: 24px; width: 84.1578%;\" colspan=\"2\">Dezember 2006<\/td>\n<\/tr>\n<\/tbody>\n<\/table>\n<\/div>\n<\/div><\/div><\/div><\/div><\/div>\n\n\n<div style=\"color:#404168\" class=\"wp-block-genesis-blocks-gb-spacer gb-block-spacer gb-divider-solid gb-spacer-divider gb-divider-size-1\"><hr style=\"height:3px\"\/><\/div>\n\n\n\n<div style=\"color:#404168\" class=\"wp-block-genesis-blocks-gb-spacer gb-block-spacer gb-divider-solid gb-divider-size-1\"><hr style=\"height:10px\"\/><\/div>\n\n\n<div id=\"pl-gb3004-69f2550ead9d8\"  class=\"panel-layout\" ><div id=\"pg-gb3004-69f2550ead9d8-0\"  class=\"panel-grid panel-no-style\" ><div id=\"pgc-gb3004-69f2550ead9d8-0-0\"  class=\"panel-grid-cell panel-grid-cell-empty\" ><\/div><div id=\"pgc-gb3004-69f2550ead9d8-0-1\"  class=\"panel-grid-cell panel-grid-cell-mobile-last\" ><div id=\"panel-gb3004-69f2550ead9d8-0-1-0\" class=\"so-panel widget widget_text panel-first-child panel-last-child\" data-index=\"0\" >\t\t\t<div class=\"textwidget\"><p align=\"justify\">Die T\u00e4tigkeit im Berichtszeitraum stand im Zeichen der Herausgabe des Buches &#8220;Karl Waldbrunner \u2013 Pragmatischer Vision\u00e4r f\u00fcr das neue \u00d6sterreich&#8221;. Die Ver\u00f6ffentlichung der Publikation war f\u00fcr den 22. November geplant; dieser Termin konnte eingehalten werden.<\/p>\n<\/div>\n\t\t<\/div><\/div><div id=\"pgc-gb3004-69f2550ead9d8-0-2\"  class=\"panel-grid-cell panel-grid-cell-empty\" ><\/div><\/div><\/div>\n\n\n<div style=\"color:#333\" class=\"wp-block-genesis-blocks-gb-spacer gb-block-spacer gb-divider-solid gb-spacer-divider gb-divider-size-1\"><hr style=\"height:100px\"\/><\/div>\n<\/div><\/div><\/div>","protected":false},"excerpt":{"rendered":"","protected":false},"author":2,"featured_media":0,"parent":633,"menu_order":31,"comment_status":"closed","ping_status":"closed","template":"","meta":{"footnotes":""},"class_list":["post-3004","page","type-page","status-publish","hentry","post"],"featured_image_src":null,"featured_image_src_square":null,"_links":{"self":[{"href":"https:\/\/ikf.ac.at\/en\/wp-json\/wp\/v2\/pages\/3004","targetHints":{"allow":["GET"]}}],"collection":[{"href":"https:\/\/ikf.ac.at\/en\/wp-json\/wp\/v2\/pages"}],"about":[{"href":"https:\/\/ikf.ac.at\/en\/wp-json\/wp\/v2\/types\/page"}],"author":[{"embeddable":true,"href":"https:\/\/ikf.ac.at\/en\/wp-json\/wp\/v2\/users\/2"}],"replies":[{"embeddable":true,"href":"https:\/\/ikf.ac.at\/en\/wp-json\/wp\/v2\/comments?post=3004"}],"version-history":[{"count":2,"href":"https:\/\/ikf.ac.at\/en\/wp-json\/wp\/v2\/pages\/3004\/revisions"}],"predecessor-version":[{"id":3006,"href":"https:\/\/ikf.ac.at\/en\/wp-json\/wp\/v2\/pages\/3004\/revisions\/3006"}],"up":[{"embeddable":true,"href":"https:\/\/ikf.ac.at\/en\/wp-json\/wp\/v2\/pages\/633"}],"wp:attachment":[{"href":"https:\/\/ikf.ac.at\/en\/wp-json\/wp\/v2\/media?parent=3004"}],"curies":[{"name":"wp","href":"https:\/\/api.w.org\/{rel}","templated":true}]}}

<div class="wp-block-atomic-blocks-ab-container alignfull ab-block-container"><div class="ab-container-inside"><div class="ab-container-content"><div id="pl-gb3004-69f2550eacf9c"  class="panel-layout" ><div id="pg-gb3004-69f2550eacf9c-0"  class="panel-grid panel-no-style" ><div id="pgc-gb3004-69f2550eacf9c-0-0"  class="panel-grid-cell" ><div id="panel-gb3004-69f2550eacf9c-0-0-0" class="so-panel widget widget_media_image panel-first-child panel-last-child" data-index="0" ><img loading="lazy" decoding="async" width="2554" height="10" src="https://ikf.ac.at/wp-content/uploads/2021/01/linie_IKF.jpg" class="image wp-image-754  attachment-full size-full" alt="" style="max-width: 100%; height: auto;" srcset="https://ikf.ac.at/wp-content/uploads/2021/01/linie_IKF.jpg 2554w, https://ikf.ac.at/wp-content/uploads/2021/01/linie_IKF-300x1.jpg 300w, https://ikf.ac.at/wp-content/uploads/2021/01/linie_IKF-1024x4.jpg 1024w, https://ikf.ac.at/wp-content/uploads/2021/01/linie_IKF-768x3.jpg 768w, https://ikf.ac.at/wp-content/uploads/2021/01/linie_IKF-1536x6.jpg 1536w, https://ikf.ac.at/wp-content/uploads/2021/01/linie_IKF-2048x8.jpg 2048w" sizes="auto, (max-width: 2554px) 100vw, 2554px" /></div></div></div></div>


<div style="color:#ddd" class="wp-block-genesis-blocks-gb-spacer gb-block-spacer gb-divider-solid gb-divider-size-1"><hr style="height:30px"/></div>


<div id="pl-gb3004-69f2550ead50c"  class="panel-layout" ><div id="pg-gb3004-69f2550ead50c-0"  class="panel-grid panel-no-style" ><div id="pgc-gb3004-69f2550ead50c-0-0"  class="panel-grid-cell panel-grid-cell-empty" ></div><div id="pgc-gb3004-69f2550ead50c-0-1"  class="panel-grid-cell" ><div id="panel-gb3004-69f2550ead50c-0-1-0" class="so-panel widget widget_sow-editor panel-first-child panel-last-child" data-index="0" ><div
			
			class="so-widget-sow-editor so-widget-sow-editor-base"
			
		>
<div class="siteorigin-widget-tinymce textwidget">
	<table style="height: 244px; width: 100%; border-collapse: collapse;" border="1" cellpadding="2">
<tbody>
<tr style="height: 24px;">
<td style="width: 15.8421%; height: 24px;">Project management:</td>
<td style="width: 84.1578%; height: 24px;" colspan="2">Univ.-Prof. Dr. Anton Pelinka</td>
</tr>
<tr style="height: 24px;">
<td style="width: 15.8421%; height: 24px;">
<hr />
</td>
<td style="width: 43.7143%; height: 24px;">
<hr />
</td>
<td style="width: 40.4435%; height: 24px;"></td>
</tr>
<tr style="height: 48px;">
<td style="width: 15.8421%; height: 48px;">Implementation:</td>
<td style="width: 84.1578%; height: 48px;" colspan="2">Dr. Manfred Zollinger<br />
Mag. Walter Fend</td>
</tr>
<tr style="height: 24px;">
<td style="width: 15.8421%; height: 24px;">
<hr />
</td>
<td style="width: 43.7143%; height: 24px;">
<hr />
</td>
<td style="width: 40.4435%; height: 24px;"></td>
</tr>
<tr style="height: 24px;">
<td style="width: 15.8421%; height: 24px;">Funded by:</td>
<td style="width: 84.1578%; height: 24px;" colspan="2">AIC Androsch International Management Consulting GmbH</td>
</tr>
<tr style="height: 24px;">
<td style="width: 15.8421%; height: 24px;">
<hr />
</td>
<td style="width: 43.7143%; height: 24px;">
<hr />
</td>
<td style="width: 40.4435%; height: 24px;"></td>
</tr>
<tr style="height: 24px;">
<td style="width: 15.8421%; height: 24px;">Completed in:</td>
<td style="height: 24px; width: 84.1578%;" colspan="2">Dezember 2006</td>
</tr>
</tbody>
</table>
</div>
</div></div></div></div></div>


<div style="color:#404168" class="wp-block-genesis-blocks-gb-spacer gb-block-spacer gb-divider-solid gb-spacer-divider gb-divider-size-1"><hr style="height:3px"/></div>



<div style="color:#404168" class="wp-block-genesis-blocks-gb-spacer gb-block-spacer gb-divider-solid gb-divider-size-1"><hr style="height:10px"/></div>


<div id="pl-gb3004-69f2550ead9d8"  class="panel-layout" ><div id="pg-gb3004-69f2550ead9d8-0"  class="panel-grid panel-no-style" ><div id="pgc-gb3004-69f2550ead9d8-0-0"  class="panel-grid-cell panel-grid-cell-empty" ></div><div id="pgc-gb3004-69f2550ead9d8-0-1"  class="panel-grid-cell panel-grid-cell-mobile-last" ><div id="panel-gb3004-69f2550ead9d8-0-1-0" class="so-panel widget widget_text panel-first-child panel-last-child" data-index="0" >			<div class="textwidget"><p align="justify">Die Tätigkeit im Berichtszeitraum stand im Zeichen der Herausgabe des Buches &#8220;Karl Waldbrunner – Pragmatischer Visionär für das neue Österreich&#8221;. Die Veröffentlichung der Publikation war für den 22. November geplant; dieser Termin konnte eingehalten werden.</p>
</div>
		</div></div><div id="pgc-gb3004-69f2550ead9d8-0-2"  class="panel-grid-cell panel-grid-cell-empty" ></div></div></div>


<div style="color:#333" class="wp-block-genesis-blocks-gb-spacer gb-block-spacer gb-divider-solid gb-spacer-divider gb-divider-size-1"><hr style="height:100px"/></div>
</div></div></div>
