{"id":2992,"date":"2021-05-12T13:24:38","date_gmt":"2021-05-12T13:24:38","guid":{"rendered":"http:\/\/test-ikf.online\/?page_id=2992"},"modified":"2021-05-12T13:25:02","modified_gmt":"2021-05-12T13:25:02","slug":"2009-indikatoren-fuer-demokratiequalitaet-reformdiskussionen-und-demokratiewahrnehmung-der-bevoelkerung","status":"publish","type":"page","link":"https:\/\/ikf.ac.at\/en\/schwerpunkte\/demokratie\/demokratieentwicklung\/2009-indikatoren-fuer-demokratiequalitaet-reformdiskussionen-und-demokratiewahrnehmung-der-bevoelkerung","title":{"rendered":"2009: Indikatoren f\u00fcr Demokratiequalit\u00e4t: Reformdiskussionen und Demokratiewahrnehmung der Bev\u00f6lkerung"},"content":{"rendered":"<div class=\"wp-block-atomic-blocks-ab-container alignfull ab-block-container\"><div class=\"ab-container-inside\"><div class=\"ab-container-content\"><div id=\"pl-gb2992-69f23f9dd2b2a\"  class=\"panel-layout\" ><div id=\"pg-gb2992-69f23f9dd2b2a-0\"  class=\"panel-grid panel-no-style\" ><div id=\"pgc-gb2992-69f23f9dd2b2a-0-0\"  class=\"panel-grid-cell\" ><div id=\"panel-gb2992-69f23f9dd2b2a-0-0-0\" class=\"so-panel widget widget_media_image panel-first-child panel-last-child\" data-index=\"0\" ><img loading=\"lazy\" decoding=\"async\" width=\"2554\" height=\"10\" src=\"https:\/\/ikf.ac.at\/wp-content\/uploads\/2021\/01\/linie_IKF.jpg\" class=\"image wp-image-754  attachment-full size-full\" alt=\"\" style=\"max-width: 100%; height: auto;\" srcset=\"https:\/\/ikf.ac.at\/wp-content\/uploads\/2021\/01\/linie_IKF.jpg 2554w, https:\/\/ikf.ac.at\/wp-content\/uploads\/2021\/01\/linie_IKF-300x1.jpg 300w, https:\/\/ikf.ac.at\/wp-content\/uploads\/2021\/01\/linie_IKF-1024x4.jpg 1024w, https:\/\/ikf.ac.at\/wp-content\/uploads\/2021\/01\/linie_IKF-768x3.jpg 768w, https:\/\/ikf.ac.at\/wp-content\/uploads\/2021\/01\/linie_IKF-1536x6.jpg 1536w, https:\/\/ikf.ac.at\/wp-content\/uploads\/2021\/01\/linie_IKF-2048x8.jpg 2048w\" sizes=\"auto, (max-width: 2554px) 100vw, 2554px\" \/><\/div><\/div><\/div><\/div>\n\n\n<div style=\"color:#ddd\" class=\"wp-block-genesis-blocks-gb-spacer gb-block-spacer gb-divider-solid gb-divider-size-1\"><hr style=\"height:30px\"\/><\/div>\n\n\n<div id=\"pl-gb2992-69f23f9dd3025\"  class=\"panel-layout\" ><div id=\"pg-gb2992-69f23f9dd3025-0\"  class=\"panel-grid panel-no-style\" ><div id=\"pgc-gb2992-69f23f9dd3025-0-0\"  class=\"panel-grid-cell panel-grid-cell-empty\" ><\/div><div id=\"pgc-gb2992-69f23f9dd3025-0-1\"  class=\"panel-grid-cell\" ><div id=\"panel-gb2992-69f23f9dd3025-0-1-0\" class=\"so-panel widget widget_sow-editor panel-first-child panel-last-child\" data-index=\"0\" ><div\n\t\t\t\n\t\t\tclass=\"so-widget-sow-editor so-widget-sow-editor-base\"\n\t\t\t\n\t\t>\n<div class=\"siteorigin-widget-tinymce textwidget\">\n\t<table style=\"height: 220px; width: 100%; border-collapse: collapse;\" border=\"1\" cellpadding=\"2\">\n<tbody>\n<tr style=\"height: 24px;\">\n<td style=\"width: 15.8421%; height: 24px;\">Project management:<\/td>\n<td style=\"width: 84.1578%; height: 24px;\" colspan=\"2\">Univ.-Prof. Dr. Anton Pelinka<\/td>\n<\/tr>\n<tr style=\"height: 24px;\">\n<td style=\"width: 15.8421%; height: 24px;\">\n<hr \/>\n<\/td>\n<td style=\"width: 24.8152%; height: 24px;\">\n<hr \/>\n<\/td>\n<td style=\"width: 59.3426%; height: 24px;\"><\/td>\n<\/tr>\n<tr style=\"height: 24px;\">\n<td style=\"width: 15.8421%; height: 24px;\">Implementation:<\/td>\n<td style=\"width: 84.1578%; height: 24px;\" colspan=\"2\">Dr.<sup>in<\/sup> Karin Liebhart<br \/>\nDDr. Hubert Sickinger<\/td>\n<\/tr>\n<tr style=\"height: 24px;\">\n<td style=\"width: 15.8421%; height: 24px;\">\n<hr \/>\n<\/td>\n<td style=\"width: 24.8152%; height: 24px;\">\n<hr \/>\n<\/td>\n<td style=\"width: 59.3426%; height: 24px;\"><\/td>\n<\/tr>\n<tr style=\"height: 24px;\">\n<td style=\"width: 15.8421%; height: 24px;\">Funded by:<\/td>\n<td style=\"width: 84.1578%; height: 24px;\" colspan=\"2\">Dr. Karl Renner-Institut<\/td>\n<\/tr>\n<tr style=\"height: 24px;\">\n<td style=\"width: 15.8421%; height: 24px;\">\n<hr \/>\n<\/td>\n<td style=\"width: 24.8152%; height: 24px;\">\n<hr \/>\n<\/td>\n<td style=\"width: 59.3426%; height: 24px;\"><\/td>\n<\/tr>\n<tr style=\"height: 24px;\">\n<td style=\"width: 15.8421%; height: 24px;\">Completed in:<\/td>\n<td style=\"height: 24px; width: 84.1578%;\" colspan=\"2\">Juni 2009<\/td>\n<\/tr>\n<\/tbody>\n<\/table>\n<\/div>\n<\/div><\/div><\/div><\/div><\/div>\n\n\n<div style=\"color:#404168\" class=\"wp-block-genesis-blocks-gb-spacer gb-block-spacer gb-divider-solid gb-spacer-divider gb-divider-size-1\"><hr style=\"height:3px\"\/><\/div>\n\n\n\n<div style=\"color:#404168\" class=\"wp-block-genesis-blocks-gb-spacer gb-block-spacer gb-divider-solid gb-divider-size-1\"><hr style=\"height:10px\"\/><\/div>\n\n\n<div id=\"pl-gb2992-69f23f9dd34a0\"  class=\"panel-layout\" ><div id=\"pg-gb2992-69f23f9dd34a0-0\"  class=\"panel-grid panel-no-style\" ><div id=\"pgc-gb2992-69f23f9dd34a0-0-0\"  class=\"panel-grid-cell panel-grid-cell-empty\" ><\/div><div id=\"pgc-gb2992-69f23f9dd34a0-0-1\"  class=\"panel-grid-cell panel-grid-cell-mobile-last\" ><div id=\"panel-gb2992-69f23f9dd34a0-0-1-0\" class=\"so-panel widget widget_text panel-first-child panel-last-child\" data-index=\"0\" >\t\t\t<div class=\"textwidget\"><p align=\"justify\">Das Projekt besteht aus zwei Teilen. Im ersten Teil werden, vor dem Hintergrund der fortschreitenden Europ\u00e4isierung politischer Systeme, Trends zur multi-level-governance und der zunehmenden Nutzung digitaler neuer Medien (Web 2.0) f\u00fcr mehrere Staaten ausgew\u00e4hlte Traditionen politischer Diskurse nachgezeichnet, der Status Quo der Diskussion um Demokratiequalit\u00e4t und Demokratiereform exemplarisch skizziert und vergleichend analysiert. In die Untersuchung einbezogen wurden \u00d6sterreich, Schweiz, die Niederlande, Schweden, Frankreich und Gro\u00dfbritannien. \u00dcbergreifende Fragestellungen richten sich dabei vor allem auf die Auswirkungen der genannten Entwicklungen auf die Demokratiequalit\u00e4t politischer Systeme sowie auf politisches Bewusstsein, Einstellungen und Handlungspotentiale der B\u00fcrgerInnen. Gender und Minority-issues und die Instrumentalisierung von demokratiepolitischen Instrumenten durch (rechts-)populistische Parteien stellen weitere Themen dar.<\/p>\n<p align=\"justify\">Im zweiten Teil wird unter Ber\u00fccksichtigung von international vergleichenden &#8220;political culture-&#8221; und Wertestudien ein Fragenprogramm entwickelt, mit dem k\u00fcnftig in \u00d6sterreich die kurz- wie langfristige Entwicklung des &#8220;Demokratieklimas&#8221; gemessen werden kann.<\/p>\n<\/div>\n\t\t<\/div><\/div><div id=\"pgc-gb2992-69f23f9dd34a0-0-2\"  class=\"panel-grid-cell panel-grid-cell-empty\" ><\/div><\/div><\/div>\n\n\n<div style=\"color:#333\" class=\"wp-block-genesis-blocks-gb-spacer gb-block-spacer gb-divider-solid gb-spacer-divider gb-divider-size-1\"><hr style=\"height:100px\"\/><\/div>\n<\/div><\/div><\/div>","protected":false},"excerpt":{"rendered":"","protected":false},"author":2,"featured_media":0,"parent":633,"menu_order":28,"comment_status":"closed","ping_status":"closed","template":"","meta":{"footnotes":""},"class_list":["post-2992","page","type-page","status-publish","hentry","post"],"featured_image_src":null,"featured_image_src_square":null,"_links":{"self":[{"href":"https:\/\/ikf.ac.at\/en\/wp-json\/wp\/v2\/pages\/2992","targetHints":{"allow":["GET"]}}],"collection":[{"href":"https:\/\/ikf.ac.at\/en\/wp-json\/wp\/v2\/pages"}],"about":[{"href":"https:\/\/ikf.ac.at\/en\/wp-json\/wp\/v2\/types\/page"}],"author":[{"embeddable":true,"href":"https:\/\/ikf.ac.at\/en\/wp-json\/wp\/v2\/users\/2"}],"replies":[{"embeddable":true,"href":"https:\/\/ikf.ac.at\/en\/wp-json\/wp\/v2\/comments?post=2992"}],"version-history":[{"count":3,"href":"https:\/\/ikf.ac.at\/en\/wp-json\/wp\/v2\/pages\/2992\/revisions"}],"predecessor-version":[{"id":2995,"href":"https:\/\/ikf.ac.at\/en\/wp-json\/wp\/v2\/pages\/2992\/revisions\/2995"}],"up":[{"embeddable":true,"href":"https:\/\/ikf.ac.at\/en\/wp-json\/wp\/v2\/pages\/633"}],"wp:attachment":[{"href":"https:\/\/ikf.ac.at\/en\/wp-json\/wp\/v2\/media?parent=2992"}],"curies":[{"name":"wp","href":"https:\/\/api.w.org\/{rel}","templated":true}]}}

2009: Indikatoren für Demokratiequalität: Reformdiskussionen und Demokratiewahrnehmung der Bevölkerung

<div class="wp-block-atomic-blocks-ab-container alignfull ab-block-container"><div class="ab-container-inside"><div class="ab-container-content"><div id="pl-gb2992-69f23f9dd2b2a"  class="panel-layout" ><div id="pg-gb2992-69f23f9dd2b2a-0"  class="panel-grid panel-no-style" ><div id="pgc-gb2992-69f23f9dd2b2a-0-0"  class="panel-grid-cell" ><div id="panel-gb2992-69f23f9dd2b2a-0-0-0" class="so-panel widget widget_media_image panel-first-child panel-last-child" data-index="0" ><img loading="lazy" decoding="async" width="2554" height="10" src="https://ikf.ac.at/wp-content/uploads/2021/01/linie_IKF.jpg" class="image wp-image-754  attachment-full size-full" alt="" style="max-width: 100%; height: auto;" srcset="https://ikf.ac.at/wp-content/uploads/2021/01/linie_IKF.jpg 2554w, https://ikf.ac.at/wp-content/uploads/2021/01/linie_IKF-300x1.jpg 300w, https://ikf.ac.at/wp-content/uploads/2021/01/linie_IKF-1024x4.jpg 1024w, https://ikf.ac.at/wp-content/uploads/2021/01/linie_IKF-768x3.jpg 768w, https://ikf.ac.at/wp-content/uploads/2021/01/linie_IKF-1536x6.jpg 1536w, https://ikf.ac.at/wp-content/uploads/2021/01/linie_IKF-2048x8.jpg 2048w" sizes="auto, (max-width: 2554px) 100vw, 2554px" /></div></div></div></div>


<div style="color:#ddd" class="wp-block-genesis-blocks-gb-spacer gb-block-spacer gb-divider-solid gb-divider-size-1"><hr style="height:30px"/></div>


<div id="pl-gb2992-69f23f9dd3025"  class="panel-layout" ><div id="pg-gb2992-69f23f9dd3025-0"  class="panel-grid panel-no-style" ><div id="pgc-gb2992-69f23f9dd3025-0-0"  class="panel-grid-cell panel-grid-cell-empty" ></div><div id="pgc-gb2992-69f23f9dd3025-0-1"  class="panel-grid-cell" ><div id="panel-gb2992-69f23f9dd3025-0-1-0" class="so-panel widget widget_sow-editor panel-first-child panel-last-child" data-index="0" ><div
			
			class="so-widget-sow-editor so-widget-sow-editor-base"
			
		>
<div class="siteorigin-widget-tinymce textwidget">
	<table style="height: 220px; width: 100%; border-collapse: collapse;" border="1" cellpadding="2">
<tbody>
<tr style="height: 24px;">
<td style="width: 15.8421%; height: 24px;">Project management:</td>
<td style="width: 84.1578%; height: 24px;" colspan="2">Univ.-Prof. Dr. Anton Pelinka</td>
</tr>
<tr style="height: 24px;">
<td style="width: 15.8421%; height: 24px;">
<hr />
</td>
<td style="width: 24.8152%; height: 24px;">
<hr />
</td>
<td style="width: 59.3426%; height: 24px;"></td>
</tr>
<tr style="height: 24px;">
<td style="width: 15.8421%; height: 24px;">Implementation:</td>
<td style="width: 84.1578%; height: 24px;" colspan="2">Dr.<sup>in</sup> Karin Liebhart<br />
DDr. Hubert Sickinger</td>
</tr>
<tr style="height: 24px;">
<td style="width: 15.8421%; height: 24px;">
<hr />
</td>
<td style="width: 24.8152%; height: 24px;">
<hr />
</td>
<td style="width: 59.3426%; height: 24px;"></td>
</tr>
<tr style="height: 24px;">
<td style="width: 15.8421%; height: 24px;">Funded by:</td>
<td style="width: 84.1578%; height: 24px;" colspan="2">Dr. Karl Renner-Institut</td>
</tr>
<tr style="height: 24px;">
<td style="width: 15.8421%; height: 24px;">
<hr />
</td>
<td style="width: 24.8152%; height: 24px;">
<hr />
</td>
<td style="width: 59.3426%; height: 24px;"></td>
</tr>
<tr style="height: 24px;">
<td style="width: 15.8421%; height: 24px;">Completed in:</td>
<td style="height: 24px; width: 84.1578%;" colspan="2">Juni 2009</td>
</tr>
</tbody>
</table>
</div>
</div></div></div></div></div>


<div style="color:#404168" class="wp-block-genesis-blocks-gb-spacer gb-block-spacer gb-divider-solid gb-spacer-divider gb-divider-size-1"><hr style="height:3px"/></div>



<div style="color:#404168" class="wp-block-genesis-blocks-gb-spacer gb-block-spacer gb-divider-solid gb-divider-size-1"><hr style="height:10px"/></div>


<div id="pl-gb2992-69f23f9dd34a0"  class="panel-layout" ><div id="pg-gb2992-69f23f9dd34a0-0"  class="panel-grid panel-no-style" ><div id="pgc-gb2992-69f23f9dd34a0-0-0"  class="panel-grid-cell panel-grid-cell-empty" ></div><div id="pgc-gb2992-69f23f9dd34a0-0-1"  class="panel-grid-cell panel-grid-cell-mobile-last" ><div id="panel-gb2992-69f23f9dd34a0-0-1-0" class="so-panel widget widget_text panel-first-child panel-last-child" data-index="0" >			<div class="textwidget"><p align="justify">Das Projekt besteht aus zwei Teilen. Im ersten Teil werden, vor dem Hintergrund der fortschreitenden Europäisierung politischer Systeme, Trends zur multi-level-governance und der zunehmenden Nutzung digitaler neuer Medien (Web 2.0) für mehrere Staaten ausgewählte Traditionen politischer Diskurse nachgezeichnet, der Status Quo der Diskussion um Demokratiequalität und Demokratiereform exemplarisch skizziert und vergleichend analysiert. In die Untersuchung einbezogen wurden Österreich, Schweiz, die Niederlande, Schweden, Frankreich und Großbritannien. Übergreifende Fragestellungen richten sich dabei vor allem auf die Auswirkungen der genannten Entwicklungen auf die Demokratiequalität politischer Systeme sowie auf politisches Bewusstsein, Einstellungen und Handlungspotentiale der BürgerInnen. Gender und Minority-issues und die Instrumentalisierung von demokratiepolitischen Instrumenten durch (rechts-)populistische Parteien stellen weitere Themen dar.</p>
<p align="justify">Im zweiten Teil wird unter Berücksichtigung von international vergleichenden &#8220;political culture-&#8221; und Wertestudien ein Fragenprogramm entwickelt, mit dem künftig in Österreich die kurz- wie langfristige Entwicklung des &#8220;Demokratieklimas&#8221; gemessen werden kann.</p>
</div>
		</div></div><div id="pgc-gb2992-69f23f9dd34a0-0-2"  class="panel-grid-cell panel-grid-cell-empty" ></div></div></div>


<div style="color:#333" class="wp-block-genesis-blocks-gb-spacer gb-block-spacer gb-divider-solid gb-spacer-divider gb-divider-size-1"><hr style="height:100px"/></div>
</div></div></div>
