{"id":2989,"date":"2021-05-12T13:20:13","date_gmt":"2021-05-12T13:20:13","guid":{"rendered":"http:\/\/test-ikf.online\/?page_id=2989"},"modified":"2021-05-12T13:20:42","modified_gmt":"2021-05-12T13:20:42","slug":"2010-international-civic-and-civic-education-study-iccs","status":"publish","type":"page","link":"https:\/\/ikf.ac.at\/en\/schwerpunkte\/demokratie\/demokratieentwicklung\/2010-international-civic-and-civic-education-study-iccs","title":{"rendered":"2010: International Civic and Civic Education Study (ICCS)"},"content":{"rendered":"<div class=\"wp-block-atomic-blocks-ab-container alignfull ab-block-container\"><div class=\"ab-container-inside\"><div class=\"ab-container-content\"><div id=\"pl-gb2989-69f23fd985bca\"  class=\"panel-layout\" ><div id=\"pg-gb2989-69f23fd985bca-0\"  class=\"panel-grid panel-no-style\" ><div id=\"pgc-gb2989-69f23fd985bca-0-0\"  class=\"panel-grid-cell\" ><div id=\"panel-gb2989-69f23fd985bca-0-0-0\" class=\"so-panel widget widget_media_image panel-first-child panel-last-child\" data-index=\"0\" ><img loading=\"lazy\" decoding=\"async\" width=\"2554\" height=\"10\" src=\"https:\/\/ikf.ac.at\/wp-content\/uploads\/2021\/01\/linie_IKF.jpg\" class=\"image wp-image-754  attachment-full size-full\" alt=\"\" style=\"max-width: 100%; height: auto;\" srcset=\"https:\/\/ikf.ac.at\/wp-content\/uploads\/2021\/01\/linie_IKF.jpg 2554w, https:\/\/ikf.ac.at\/wp-content\/uploads\/2021\/01\/linie_IKF-300x1.jpg 300w, https:\/\/ikf.ac.at\/wp-content\/uploads\/2021\/01\/linie_IKF-1024x4.jpg 1024w, https:\/\/ikf.ac.at\/wp-content\/uploads\/2021\/01\/linie_IKF-768x3.jpg 768w, https:\/\/ikf.ac.at\/wp-content\/uploads\/2021\/01\/linie_IKF-1536x6.jpg 1536w, https:\/\/ikf.ac.at\/wp-content\/uploads\/2021\/01\/linie_IKF-2048x8.jpg 2048w\" sizes=\"auto, (max-width: 2554px) 100vw, 2554px\" \/><\/div><\/div><\/div><\/div>\n\n\n<div style=\"color:#ddd\" class=\"wp-block-genesis-blocks-gb-spacer gb-block-spacer gb-divider-solid gb-divider-size-1\"><hr style=\"height:30px\"\/><\/div>\n\n\n<div id=\"pl-gb2989-69f23fd9861ab\"  class=\"panel-layout\" ><div id=\"pg-gb2989-69f23fd9861ab-0\"  class=\"panel-grid panel-no-style\" ><div id=\"pgc-gb2989-69f23fd9861ab-0-0\"  class=\"panel-grid-cell panel-grid-cell-empty\" ><\/div><div id=\"pgc-gb2989-69f23fd9861ab-0-1\"  class=\"panel-grid-cell\" ><div id=\"panel-gb2989-69f23fd9861ab-0-1-0\" class=\"so-panel widget widget_sow-editor panel-first-child panel-last-child\" data-index=\"0\" ><div\n\t\t\t\n\t\t\tclass=\"so-widget-sow-editor so-widget-sow-editor-base\"\n\t\t\t\n\t\t>\n<div class=\"siteorigin-widget-tinymce textwidget\">\n\t<table style=\"height: 240px; width: 100%; border-collapse: collapse;\" border=\"1\" cellpadding=\"2\">\n<tbody>\n<tr style=\"height: 24px;\">\n<td style=\"width: 27.0616%; height: 24px;\">Durchf\u00fchrungs-Konsortium:<\/td>\n<td style=\"width: 72.9383%; height: 24px;\" colspan=\"2\">SORA (Koordination)<br \/>\nInstitut f\u00fcr Erziehungswissenschaften, Universit\u00e4t Innsbruck<br \/>\nInstitut f\u00fcr Konfliktforschung<\/td>\n<\/tr>\n<tr style=\"height: 24px;\">\n<td style=\"width: 27.0616%; height: 24px;\">\n<hr \/>\n<\/td>\n<td style=\"width: 48.5957%; height: 24px;\">\n<hr \/>\n<\/td>\n<td style=\"width: 24.3426%; height: 24px;\"><\/td>\n<\/tr>\n<tr style=\"height: 24px;\">\n<td style=\"width: 27.0616%; height: 24px;\">Mitarbeit am IKF:<\/td>\n<td style=\"width: 72.9383%; height: 24px;\" colspan=\"2\">Mag. Walter J. Fend<\/td>\n<\/tr>\n<tr style=\"height: 24px;\">\n<td style=\"width: 27.0616%; height: 24px;\">\n<hr \/>\n<\/td>\n<td style=\"width: 48.5957%; height: 24px;\">\n<hr \/>\n<\/td>\n<td style=\"width: 24.3426%; height: 24px;\"><\/td>\n<\/tr>\n<tr style=\"height: 24px;\">\n<td style=\"width: 27.0616%; height: 24px;\">Funded by:<\/td>\n<td style=\"width: 72.9383%; height: 24px;\" colspan=\"2\">Bundesministerium f\u00fcr Unterricht, Kunst und Kultur<\/td>\n<\/tr>\n<tr style=\"height: 24px;\">\n<td style=\"width: 27.0616%; height: 24px;\">\n<hr \/>\n<\/td>\n<td style=\"width: 48.5957%; height: 24px;\">\n<hr \/>\n<\/td>\n<td style=\"width: 24.3426%; height: 24px;\"><\/td>\n<\/tr>\n<tr style=\"height: 24px;\">\n<td style=\"width: 27.0616%; height: 24px;\">Completed in:<\/td>\n<td style=\"height: 24px; width: 72.9383%;\" colspan=\"2\">Juni 2010<\/td>\n<\/tr>\n<\/tbody>\n<\/table>\n<\/div>\n<\/div><\/div><\/div><\/div><\/div>\n\n\n<div style=\"color:#404168\" class=\"wp-block-genesis-blocks-gb-spacer gb-block-spacer gb-divider-solid gb-spacer-divider gb-divider-size-1\"><hr style=\"height:3px\"\/><\/div>\n\n\n\n<div style=\"color:#404168\" class=\"wp-block-genesis-blocks-gb-spacer gb-block-spacer gb-divider-solid gb-divider-size-1\"><hr style=\"height:10px\"\/><\/div>\n\n\n<div id=\"pl-gb2989-69f23fd986664\"  class=\"panel-layout\" ><div id=\"pg-gb2989-69f23fd986664-0\"  class=\"panel-grid panel-no-style\" ><div id=\"pgc-gb2989-69f23fd986664-0-0\"  class=\"panel-grid-cell panel-grid-cell-empty\" ><\/div><div id=\"pgc-gb2989-69f23fd986664-0-1\"  class=\"panel-grid-cell panel-grid-cell-mobile-last\" ><div id=\"panel-gb2989-69f23fd986664-0-1-0\" class=\"so-panel widget widget_text panel-first-child panel-last-child\" data-index=\"0\" >\t\t\t<div class=\"textwidget\"><p align=\"justify\">ICCS ist eine Studie der International Association for the Evaluation of Educational Achievement (IEA), an welcher \u00fcber drei\u00dfig L\u00e4nder weltweit teilnehmen. Die Kernfrage der internationalen Studie ist, wie Jugendliche prim\u00e4r durch das Schulsystem auf ihre k\u00fcnftige Rolle als aktive B\u00fcrgerInnen vorbereitet werden. Mittels repr\u00e4sentativer empirischer Umfragen werden Sch\u00fclerInnen der achten Schulstufe einerseits zu ihrem Wissen und konzeptuellen Verst\u00e4ndnis, andererseits zu Einstellungen, Verhalten und Kompetenzen hinsichtlich demokratiepolitischer Themen befragt. Hierbei unterteilt sich die Studie in ein internationales, europ\u00e4isches und nationales Modul. Im Sinne eines ganzheitlichen Ansatzes werden zudem sowohl LehrerInnen als auch Schulleitungen befragt. Nach einem Feldtest um die Jahreswende 2007\/2008 wurden 2009 in der Hauptstudie 3.000 Sch\u00fclerInnen an \u00f6sterreichischen Haupt- und Allgemeinbildenden H\u00f6heren Schulen (Unterstufe) getestet. Anfang 2010 wird unter Einbeziehung von Vertretern des Ministeriums ein Workshop stattfinden, um die Analyseergebnisse vorzustellen und zu diskutieren.<\/p>\n<p align=\"justify\">Zwecks Durchf\u00fchrung der \u00f6sterreichischen Studie hat sich ein Konsortium gebildet, bestehend aus SORA als koordinierendem Partner sowie dem IKF und dem Institut f\u00fcr Erziehungswissenschaften an der Universit\u00e4t Innsbruck.<\/p>\n<p align=\"justify\">In Zusammenarbeit mit den Partnerinstituten entwickelte das IKF 2006 das \u00f6sterreichische (nationale) Modul f\u00fcr den internationalen Feldtest. Mittels des Models soll eruiert werden, welche politischen Themen in der Schule besprochen und mit wem Gespr\u00e4che \u00fcber solche Themen im sozialen Umfeld gef\u00fchrt werden. Des weiteren werden Fragen zur Schuldemokratie sowie zur Einsch\u00e4tzung von Politik und PolitikerInnen in \u00d6sterreich gestellt. Abschlie\u00dfend werden die Kompetenzen (beispielsweise Konfliktl\u00f6sung) der Sch\u00fclerInnen und die Kontexte (beispielsweise Schule oder Freundeskreis) durchleuchtet.<\/p>\n<p align=\"justify\">Die zweite Aufgabe des IKF in der Prim\u00e4rphase der Studie bestand 2006 und 2009 darin, den sogenannten\u00a0<em>National Context Survey<\/em>, einen Hintergrundbericht zum \u00f6sterreichischen Schulsystem unter Fokussierung auf die Politische Bildung, zu verfassen.<\/p>\n<\/div>\n\t\t<\/div><\/div><div id=\"pgc-gb2989-69f23fd986664-0-2\"  class=\"panel-grid-cell panel-grid-cell-empty\" ><\/div><\/div><\/div>\n\n\n<div style=\"color:#333\" class=\"wp-block-genesis-blocks-gb-spacer gb-block-spacer gb-divider-solid gb-spacer-divider gb-divider-size-1\"><hr style=\"height:100px\"\/><\/div>\n<\/div><\/div><\/div>","protected":false},"excerpt":{"rendered":"","protected":false},"author":2,"featured_media":0,"parent":633,"menu_order":27,"comment_status":"closed","ping_status":"closed","template":"","meta":{"footnotes":""},"class_list":["post-2989","page","type-page","status-publish","hentry","post"],"featured_image_src":null,"featured_image_src_square":null,"_links":{"self":[{"href":"https:\/\/ikf.ac.at\/en\/wp-json\/wp\/v2\/pages\/2989","targetHints":{"allow":["GET"]}}],"collection":[{"href":"https:\/\/ikf.ac.at\/en\/wp-json\/wp\/v2\/pages"}],"about":[{"href":"https:\/\/ikf.ac.at\/en\/wp-json\/wp\/v2\/types\/page"}],"author":[{"embeddable":true,"href":"https:\/\/ikf.ac.at\/en\/wp-json\/wp\/v2\/users\/2"}],"replies":[{"embeddable":true,"href":"https:\/\/ikf.ac.at\/en\/wp-json\/wp\/v2\/comments?post=2989"}],"version-history":[{"count":2,"href":"https:\/\/ikf.ac.at\/en\/wp-json\/wp\/v2\/pages\/2989\/revisions"}],"predecessor-version":[{"id":2991,"href":"https:\/\/ikf.ac.at\/en\/wp-json\/wp\/v2\/pages\/2989\/revisions\/2991"}],"up":[{"embeddable":true,"href":"https:\/\/ikf.ac.at\/en\/wp-json\/wp\/v2\/pages\/633"}],"wp:attachment":[{"href":"https:\/\/ikf.ac.at\/en\/wp-json\/wp\/v2\/media?parent=2989"}],"curies":[{"name":"wp","href":"https:\/\/api.w.org\/{rel}","templated":true}]}}

<div class="wp-block-atomic-blocks-ab-container alignfull ab-block-container"><div class="ab-container-inside"><div class="ab-container-content"><div id="pl-gb2989-69f23fd985bca"  class="panel-layout" ><div id="pg-gb2989-69f23fd985bca-0"  class="panel-grid panel-no-style" ><div id="pgc-gb2989-69f23fd985bca-0-0"  class="panel-grid-cell" ><div id="panel-gb2989-69f23fd985bca-0-0-0" class="so-panel widget widget_media_image panel-first-child panel-last-child" data-index="0" ><img loading="lazy" decoding="async" width="2554" height="10" src="https://ikf.ac.at/wp-content/uploads/2021/01/linie_IKF.jpg" class="image wp-image-754  attachment-full size-full" alt="" style="max-width: 100%; height: auto;" srcset="https://ikf.ac.at/wp-content/uploads/2021/01/linie_IKF.jpg 2554w, https://ikf.ac.at/wp-content/uploads/2021/01/linie_IKF-300x1.jpg 300w, https://ikf.ac.at/wp-content/uploads/2021/01/linie_IKF-1024x4.jpg 1024w, https://ikf.ac.at/wp-content/uploads/2021/01/linie_IKF-768x3.jpg 768w, https://ikf.ac.at/wp-content/uploads/2021/01/linie_IKF-1536x6.jpg 1536w, https://ikf.ac.at/wp-content/uploads/2021/01/linie_IKF-2048x8.jpg 2048w" sizes="auto, (max-width: 2554px) 100vw, 2554px" /></div></div></div></div>


<div style="color:#ddd" class="wp-block-genesis-blocks-gb-spacer gb-block-spacer gb-divider-solid gb-divider-size-1"><hr style="height:30px"/></div>


<div id="pl-gb2989-69f23fd9861ab"  class="panel-layout" ><div id="pg-gb2989-69f23fd9861ab-0"  class="panel-grid panel-no-style" ><div id="pgc-gb2989-69f23fd9861ab-0-0"  class="panel-grid-cell panel-grid-cell-empty" ></div><div id="pgc-gb2989-69f23fd9861ab-0-1"  class="panel-grid-cell" ><div id="panel-gb2989-69f23fd9861ab-0-1-0" class="so-panel widget widget_sow-editor panel-first-child panel-last-child" data-index="0" ><div
			
			class="so-widget-sow-editor so-widget-sow-editor-base"
			
		>
<div class="siteorigin-widget-tinymce textwidget">
	<table style="height: 240px; width: 100%; border-collapse: collapse;" border="1" cellpadding="2">
<tbody>
<tr style="height: 24px;">
<td style="width: 27.0616%; height: 24px;">Durchführungs-Konsortium:</td>
<td style="width: 72.9383%; height: 24px;" colspan="2">SORA (Koordination)<br />
Institut für Erziehungswissenschaften, Universität Innsbruck<br />
Institut für Konfliktforschung</td>
</tr>
<tr style="height: 24px;">
<td style="width: 27.0616%; height: 24px;">
<hr />
</td>
<td style="width: 48.5957%; height: 24px;">
<hr />
</td>
<td style="width: 24.3426%; height: 24px;"></td>
</tr>
<tr style="height: 24px;">
<td style="width: 27.0616%; height: 24px;">Mitarbeit am IKF:</td>
<td style="width: 72.9383%; height: 24px;" colspan="2">Mag. Walter J. Fend</td>
</tr>
<tr style="height: 24px;">
<td style="width: 27.0616%; height: 24px;">
<hr />
</td>
<td style="width: 48.5957%; height: 24px;">
<hr />
</td>
<td style="width: 24.3426%; height: 24px;"></td>
</tr>
<tr style="height: 24px;">
<td style="width: 27.0616%; height: 24px;">Funded by:</td>
<td style="width: 72.9383%; height: 24px;" colspan="2">Bundesministerium für Unterricht, Kunst und Kultur</td>
</tr>
<tr style="height: 24px;">
<td style="width: 27.0616%; height: 24px;">
<hr />
</td>
<td style="width: 48.5957%; height: 24px;">
<hr />
</td>
<td style="width: 24.3426%; height: 24px;"></td>
</tr>
<tr style="height: 24px;">
<td style="width: 27.0616%; height: 24px;">Completed in:</td>
<td style="height: 24px; width: 72.9383%;" colspan="2">Juni 2010</td>
</tr>
</tbody>
</table>
</div>
</div></div></div></div></div>


<div style="color:#404168" class="wp-block-genesis-blocks-gb-spacer gb-block-spacer gb-divider-solid gb-spacer-divider gb-divider-size-1"><hr style="height:3px"/></div>



<div style="color:#404168" class="wp-block-genesis-blocks-gb-spacer gb-block-spacer gb-divider-solid gb-divider-size-1"><hr style="height:10px"/></div>


<div id="pl-gb2989-69f23fd986664"  class="panel-layout" ><div id="pg-gb2989-69f23fd986664-0"  class="panel-grid panel-no-style" ><div id="pgc-gb2989-69f23fd986664-0-0"  class="panel-grid-cell panel-grid-cell-empty" ></div><div id="pgc-gb2989-69f23fd986664-0-1"  class="panel-grid-cell panel-grid-cell-mobile-last" ><div id="panel-gb2989-69f23fd986664-0-1-0" class="so-panel widget widget_text panel-first-child panel-last-child" data-index="0" >			<div class="textwidget"><p align="justify">ICCS ist eine Studie der International Association for the Evaluation of Educational Achievement (IEA), an welcher über dreißig Länder weltweit teilnehmen. Die Kernfrage der internationalen Studie ist, wie Jugendliche primär durch das Schulsystem auf ihre künftige Rolle als aktive BürgerInnen vorbereitet werden. Mittels repräsentativer empirischer Umfragen werden SchülerInnen der achten Schulstufe einerseits zu ihrem Wissen und konzeptuellen Verständnis, andererseits zu Einstellungen, Verhalten und Kompetenzen hinsichtlich demokratiepolitischer Themen befragt. Hierbei unterteilt sich die Studie in ein internationales, europäisches und nationales Modul. Im Sinne eines ganzheitlichen Ansatzes werden zudem sowohl LehrerInnen als auch Schulleitungen befragt. Nach einem Feldtest um die Jahreswende 2007/2008 wurden 2009 in der Hauptstudie 3.000 SchülerInnen an österreichischen Haupt- und Allgemeinbildenden Höheren Schulen (Unterstufe) getestet. Anfang 2010 wird unter Einbeziehung von Vertretern des Ministeriums ein Workshop stattfinden, um die Analyseergebnisse vorzustellen und zu diskutieren.</p>
<p align="justify">Zwecks Durchführung der österreichischen Studie hat sich ein Konsortium gebildet, bestehend aus SORA als koordinierendem Partner sowie dem IKF und dem Institut für Erziehungswissenschaften an der Universität Innsbruck.</p>
<p align="justify">In Zusammenarbeit mit den Partnerinstituten entwickelte das IKF 2006 das österreichische (nationale) Modul für den internationalen Feldtest. Mittels des Models soll eruiert werden, welche politischen Themen in der Schule besprochen und mit wem Gespräche über solche Themen im sozialen Umfeld geführt werden. Des weiteren werden Fragen zur Schuldemokratie sowie zur Einschätzung von Politik und PolitikerInnen in Österreich gestellt. Abschließend werden die Kompetenzen (beispielsweise Konfliktlösung) der SchülerInnen und die Kontexte (beispielsweise Schule oder Freundeskreis) durchleuchtet.</p>
<p align="justify">Die zweite Aufgabe des IKF in der Primärphase der Studie bestand 2006 und 2009 darin, den sogenannten <em>National Context Survey</em>, einen Hintergrundbericht zum österreichischen Schulsystem unter Fokussierung auf die Politische Bildung, zu verfassen.</p>
</div>
		</div></div><div id="pgc-gb2989-69f23fd986664-0-2"  class="panel-grid-cell panel-grid-cell-empty" ></div></div></div>


<div style="color:#333" class="wp-block-genesis-blocks-gb-spacer gb-block-spacer gb-divider-solid gb-spacer-divider gb-divider-size-1"><hr style="height:100px"/></div>
</div></div></div>
