{"id":2952,"date":"2021-05-06T09:05:36","date_gmt":"2021-05-06T09:05:36","guid":{"rendered":"http:\/\/test-ikf.online\/?page_id=2952"},"modified":"2021-05-06T09:06:05","modified_gmt":"2021-05-06T09:06:05","slug":"1996-100-jahre-illustrierte-neue-welt-geschichte-einer-zeitschrift","status":"publish","type":"page","link":"https:\/\/ikf.ac.at\/en\/schwerpunkte\/hist-sozialforschung\/oral-history\/1996-100-jahre-illustrierte-neue-welt-geschichte-einer-zeitschrift","title":{"rendered":"1996: 100 Jahre Illustrierte Neue Welt. Geschichte einer Zeitschrift"},"content":{"rendered":"<div class=\"wp-block-atomic-blocks-ab-container alignfull ab-block-container\"><div class=\"ab-container-inside\"><div class=\"ab-container-content\"><div id=\"pl-gb2952-69f250c7b18de\"  class=\"panel-layout\" ><div id=\"pg-gb2952-69f250c7b18de-0\"  class=\"panel-grid panel-no-style\" ><div id=\"pgc-gb2952-69f250c7b18de-0-0\"  class=\"panel-grid-cell\" ><div id=\"panel-gb2952-69f250c7b18de-0-0-0\" class=\"so-panel widget widget_media_image panel-first-child panel-last-child\" data-index=\"0\" ><img loading=\"lazy\" decoding=\"async\" width=\"2554\" height=\"10\" src=\"https:\/\/ikf.ac.at\/wp-content\/uploads\/2021\/01\/linie_IKF.jpg\" class=\"image wp-image-754  attachment-full size-full\" alt=\"\" style=\"max-width: 100%; height: auto;\" srcset=\"https:\/\/ikf.ac.at\/wp-content\/uploads\/2021\/01\/linie_IKF.jpg 2554w, https:\/\/ikf.ac.at\/wp-content\/uploads\/2021\/01\/linie_IKF-300x1.jpg 300w, https:\/\/ikf.ac.at\/wp-content\/uploads\/2021\/01\/linie_IKF-1024x4.jpg 1024w, https:\/\/ikf.ac.at\/wp-content\/uploads\/2021\/01\/linie_IKF-768x3.jpg 768w, https:\/\/ikf.ac.at\/wp-content\/uploads\/2021\/01\/linie_IKF-1536x6.jpg 1536w, https:\/\/ikf.ac.at\/wp-content\/uploads\/2021\/01\/linie_IKF-2048x8.jpg 2048w\" sizes=\"auto, (max-width: 2554px) 100vw, 2554px\" \/><\/div><\/div><\/div><\/div>\n\n\n<div style=\"color:#ddd\" class=\"wp-block-genesis-blocks-gb-spacer gb-block-spacer gb-divider-solid gb-divider-size-1\"><hr style=\"height:30px\"\/><\/div>\n\n\n<div id=\"pl-gb2952-69f250c7b1ce6\"  class=\"panel-layout\" ><div id=\"pg-gb2952-69f250c7b1ce6-0\"  class=\"panel-grid panel-no-style\" ><div id=\"pgc-gb2952-69f250c7b1ce6-0-0\"  class=\"panel-grid-cell panel-grid-cell-empty\" ><\/div><div id=\"pgc-gb2952-69f250c7b1ce6-0-1\"  class=\"panel-grid-cell\" ><div id=\"panel-gb2952-69f250c7b1ce6-0-1-0\" class=\"so-panel widget widget_sow-editor panel-first-child panel-last-child\" data-index=\"0\" ><div\n\t\t\t\n\t\t\tclass=\"so-widget-sow-editor so-widget-sow-editor-base\"\n\t\t\t\n\t\t>\n<div class=\"siteorigin-widget-tinymce textwidget\">\n\t<table style=\"height: 100px; width: 100%; border-collapse: collapse;\" border=\"1\" cellpadding=\"2\">\n<tbody>\n<tr style=\"height: 24px;\">\n<td style=\"width: 15.8421%; height: 24px;\">Project management:<\/td>\n<td style=\"width: 84.1578%; height: 24px;\" colspan=\"2\">Univ.-Prof. Dr. Anton Pelinka<\/td>\n<\/tr>\n<tr>\n<td style=\"width: 15.8421%;\">\n<hr \/>\n<\/td>\n<td style=\"width: 41.367%;\">\n<hr \/>\n<\/td>\n<td style=\"width: 42.7908%; height: 24px;\"><\/td>\n<\/tr>\n<tr>\n<td style=\"width: 15.8421%;\">Implementation:<\/td>\n<td style=\"width: 84.1578%;\" colspan=\"2\">Mag. Katharina Demel<br \/>\nMag. Brigitte Halbmayr<\/td>\n<\/tr>\n<tr>\n<td style=\"width: 15.8421%;\">\n<hr \/>\n<\/td>\n<td style=\"width: 41.367%;\">\n<hr \/>\n<\/td>\n<td style=\"width: 42.7908%;\"><\/td>\n<\/tr>\n<tr>\n<td style=\"width: 15.8421%;\">Funded by:<\/td>\n<td style=\"width: 84.1578%;\" colspan=\"2\">Illustrierte Neue Welt<br \/>\n(Bundesministerium f\u00fcr Wissenschaft, Forschung und Kunst)<\/td>\n<\/tr>\n<tr>\n<td style=\"width: 15.8421%;\">\n<hr \/>\n<\/td>\n<td style=\"width: 41.367%;\">\n<hr \/>\n<\/td>\n<td style=\"width: 42.7908%; height: 24px;\"><\/td>\n<\/tr>\n<tr style=\"height: 24px;\">\n<td style=\"width: 15.8421%; height: 24px;\">Completed in:<\/td>\n<td style=\"height: 24px; width: 84.1578%;\" colspan=\"2\">Oktober 1996<\/td>\n<\/tr>\n<\/tbody>\n<\/table>\n<\/div>\n<\/div><\/div><\/div><\/div><\/div>\n\n\n<div style=\"color:#404168\" class=\"wp-block-genesis-blocks-gb-spacer gb-block-spacer gb-divider-solid gb-spacer-divider gb-divider-size-1\"><hr style=\"height:3px\"\/><\/div>\n\n\n\n<div style=\"color:#404168\" class=\"wp-block-genesis-blocks-gb-spacer gb-block-spacer gb-divider-solid gb-divider-size-1\"><hr style=\"height:10px\"\/><\/div>\n\n\n<div id=\"pl-gb2952-69f250c7b20b2\"  class=\"panel-layout\" ><div id=\"pg-gb2952-69f250c7b20b2-0\"  class=\"panel-grid panel-no-style\" ><div id=\"pgc-gb2952-69f250c7b20b2-0-0\"  class=\"panel-grid-cell panel-grid-cell-empty\" ><\/div><div id=\"pgc-gb2952-69f250c7b20b2-0-1\"  class=\"panel-grid-cell panel-grid-cell-mobile-last\" ><div id=\"panel-gb2952-69f250c7b20b2-0-1-0\" class=\"so-panel widget widget_text panel-first-child panel-last-child\" data-index=\"0\" >\t\t\t<div class=\"textwidget\"><p align=\"justify\">Die Zeitschrift &#8220;Illustrierte Neue Welt&#8221; wurde 1897 von Theodor Herzl gegr\u00fcndet. Anl\u00e4\u00dflich des 100-j\u00e4hrigen Bestehens 1997 soll eine Publikation erscheinen, welche die Geschichte der Zeitschrift dokumentiert. Generalthema ist die j\u00fcdische Identit\u00e4t in \u00d6sterreich im Spiegel dieser traditionsreichen Zeitung. Anhand der Themenauswahl und -schwerpunktsetzung, der Aufmachung des Blattes, der AutorInnenschaft etc. soll die inhaltliche Ausrichtung und Entwicklung nachgezeichnet werden.<\/p>\n<p align=\"justify\">Die Sichtungsarbeit der Zeitschrift wurde in vier Zeitabschnitte geteilt, wobei das Institut f\u00fcr Konfliktforschung f\u00fcr die zwei Phasen nach dem Zweiten Weltkrieg verantwortlich zeichnet (also von der Wiedergr\u00fcndung nach dem Zweiten Weltkrieg im Jahre 1948 bis 1973, sowie den Zeitabschnitt von 1974 bis 1995, der von der Chefredaktion und Herausgeberfunktion von Joanna Nittenberg gepr\u00e4gt ist). Der inhaltlichen Analyse wurde ein Themenraster zugrunde gelegt, welcher die Kategorien Israel, Au\u00dfenpolitik Israels\/ Nachbarl\u00e4nder\/Friedensproze\u00df, \u00d6sterreich (und die Beziehungen zu Israel), Berichterstattung \u00fcber andere L\u00e4nder, Holocaust, Antisemitismus, Judentum, Zionismus, Kultur und Gesellschaft umfa\u00dft. Die Zuordnung der einzelnen Artikel zu diesen Themenbereichen l\u00e4\u00dft sowohl die generelle Blattlinie und die Schwerpunkte in der Berichterstattung, als auch gewisse \u00c4nderungen im Laufe der Jahre erkennen. Die einzelnen Themenbereiche durchlaufen unterschiedliche Konjunkturstadien, abh\u00e4ngig von geschichtlichen Ereignissen, seien sie sozialer, kultureller, wirtschaftlicher oder &#8211; wie zumeist &#8211; politischer Art. Bei aller Reflexion auf \u00e4u\u00dfere Entwicklungen wird die Linie des Blattes jedoch stets prim\u00e4r von der Pers\u00f6nlichkeit der verschiedenen HerausgeberInnen bzw. ChefredakteurInnen und deren jeweiligen Zielsetzungen gepr\u00e4gt. So beherrschen etwa Israel und der Zionismus sowie der Themenkomplex &#8220;Judentum und Tradition&#8221; die ersten Erscheinungsjahre der Zeitung. In den 50er und 60er Jahren, unter der Leitung von Georg K\u00fcnstlinger, wird neben Israel das j\u00fcdische Leben in \u00d6sterreich ein Schwerpunkt der Zeitschrift. K\u00fcnstlingers Anliegen ist es, zwischen Juden\/J\u00fcdinnen und Nichtjuden\/ Nichtj\u00fcdinnen zu vermitteln und gegenseitiges Verst\u00e4ndnis zu f\u00f6rdern. Imanuel Unger, der die Zeitschrift zwischen 1969 und 1974 leitet, konzentriert seine Berichterstattung wieder auf Israel, \u00d6sterreich ist in der &#8220;Illustrierten Neuen Welt&#8221; nahezu kein Thema. Joanna Nittenberg schlie\u00dflich, die 1974 gemeinsam mit Marta Halpert (bis 1991) die Leitung der Zeitschrift \u00fcbernimmt, ver\u00e4ndert die Zeitschrift in Richtung einer thematisch st\u00e4rker ausbalancierten Berichterstattung. Im Laufe der Jahre mehrt sich insbesondere die Bezugnahme auf \u00d6sterreich. Ein besonderes Anliegen wird die Erinnerung an eine gro\u00dfe j\u00fcdische Vergangenheit im Kultur- und Geistesleben. So pr\u00e4gen heute Portr\u00e4ts j\u00fcdischer K\u00fcnstlerInnen und Beitr\u00e4ge zum aktuellen kulturellen Geschehen das Erscheinungsbild der &#8220;Illustrierten Neuen Welt&#8221;, Vers\u00f6hnung und Verst\u00e4ndigung sind die gro\u00dfen Anliegen der Zeitschrift.<\/p>\n<\/div>\n\t\t<\/div><\/div><div id=\"pgc-gb2952-69f250c7b20b2-0-2\"  class=\"panel-grid-cell panel-grid-cell-empty\" ><\/div><\/div><\/div>\n\n\n<div style=\"color:#333\" class=\"wp-block-genesis-blocks-gb-spacer gb-block-spacer gb-divider-solid gb-spacer-divider gb-divider-size-1\"><hr style=\"height:100px\"\/><\/div>\n<\/div><\/div><\/div>","protected":false},"excerpt":{"rendered":"","protected":false},"author":2,"featured_media":0,"parent":982,"menu_order":37,"comment_status":"closed","ping_status":"closed","template":"","meta":{"footnotes":""},"class_list":["post-2952","page","type-page","status-publish","hentry","post"],"featured_image_src":null,"featured_image_src_square":null,"_links":{"self":[{"href":"https:\/\/ikf.ac.at\/en\/wp-json\/wp\/v2\/pages\/2952","targetHints":{"allow":["GET"]}}],"collection":[{"href":"https:\/\/ikf.ac.at\/en\/wp-json\/wp\/v2\/pages"}],"about":[{"href":"https:\/\/ikf.ac.at\/en\/wp-json\/wp\/v2\/types\/page"}],"author":[{"embeddable":true,"href":"https:\/\/ikf.ac.at\/en\/wp-json\/wp\/v2\/users\/2"}],"replies":[{"embeddable":true,"href":"https:\/\/ikf.ac.at\/en\/wp-json\/wp\/v2\/comments?post=2952"}],"version-history":[{"count":1,"href":"https:\/\/ikf.ac.at\/en\/wp-json\/wp\/v2\/pages\/2952\/revisions"}],"predecessor-version":[{"id":2953,"href":"https:\/\/ikf.ac.at\/en\/wp-json\/wp\/v2\/pages\/2952\/revisions\/2953"}],"up":[{"embeddable":true,"href":"https:\/\/ikf.ac.at\/en\/wp-json\/wp\/v2\/pages\/982"}],"wp:attachment":[{"href":"https:\/\/ikf.ac.at\/en\/wp-json\/wp\/v2\/media?parent=2952"}],"curies":[{"name":"wp","href":"https:\/\/api.w.org\/{rel}","templated":true}]}}

<div class="wp-block-atomic-blocks-ab-container alignfull ab-block-container"><div class="ab-container-inside"><div class="ab-container-content"><div id="pl-gb2952-69f250c7b18de"  class="panel-layout" ><div id="pg-gb2952-69f250c7b18de-0"  class="panel-grid panel-no-style" ><div id="pgc-gb2952-69f250c7b18de-0-0"  class="panel-grid-cell" ><div id="panel-gb2952-69f250c7b18de-0-0-0" class="so-panel widget widget_media_image panel-first-child panel-last-child" data-index="0" ><img loading="lazy" decoding="async" width="2554" height="10" src="https://ikf.ac.at/wp-content/uploads/2021/01/linie_IKF.jpg" class="image wp-image-754  attachment-full size-full" alt="" style="max-width: 100%; height: auto;" srcset="https://ikf.ac.at/wp-content/uploads/2021/01/linie_IKF.jpg 2554w, https://ikf.ac.at/wp-content/uploads/2021/01/linie_IKF-300x1.jpg 300w, https://ikf.ac.at/wp-content/uploads/2021/01/linie_IKF-1024x4.jpg 1024w, https://ikf.ac.at/wp-content/uploads/2021/01/linie_IKF-768x3.jpg 768w, https://ikf.ac.at/wp-content/uploads/2021/01/linie_IKF-1536x6.jpg 1536w, https://ikf.ac.at/wp-content/uploads/2021/01/linie_IKF-2048x8.jpg 2048w" sizes="auto, (max-width: 2554px) 100vw, 2554px" /></div></div></div></div>


<div style="color:#ddd" class="wp-block-genesis-blocks-gb-spacer gb-block-spacer gb-divider-solid gb-divider-size-1"><hr style="height:30px"/></div>


<div id="pl-gb2952-69f250c7b1ce6"  class="panel-layout" ><div id="pg-gb2952-69f250c7b1ce6-0"  class="panel-grid panel-no-style" ><div id="pgc-gb2952-69f250c7b1ce6-0-0"  class="panel-grid-cell panel-grid-cell-empty" ></div><div id="pgc-gb2952-69f250c7b1ce6-0-1"  class="panel-grid-cell" ><div id="panel-gb2952-69f250c7b1ce6-0-1-0" class="so-panel widget widget_sow-editor panel-first-child panel-last-child" data-index="0" ><div
			
			class="so-widget-sow-editor so-widget-sow-editor-base"
			
		>
<div class="siteorigin-widget-tinymce textwidget">
	<table style="height: 100px; width: 100%; border-collapse: collapse;" border="1" cellpadding="2">
<tbody>
<tr style="height: 24px;">
<td style="width: 15.8421%; height: 24px;">Project management:</td>
<td style="width: 84.1578%; height: 24px;" colspan="2">Univ.-Prof. Dr. Anton Pelinka</td>
</tr>
<tr>
<td style="width: 15.8421%;">
<hr />
</td>
<td style="width: 41.367%;">
<hr />
</td>
<td style="width: 42.7908%; height: 24px;"></td>
</tr>
<tr>
<td style="width: 15.8421%;">Implementation:</td>
<td style="width: 84.1578%;" colspan="2">Mag. Katharina Demel<br />
Mag. Brigitte Halbmayr</td>
</tr>
<tr>
<td style="width: 15.8421%;">
<hr />
</td>
<td style="width: 41.367%;">
<hr />
</td>
<td style="width: 42.7908%;"></td>
</tr>
<tr>
<td style="width: 15.8421%;">Funded by:</td>
<td style="width: 84.1578%;" colspan="2">Illustrierte Neue Welt<br />
(Bundesministerium für Wissenschaft, Forschung und Kunst)</td>
</tr>
<tr>
<td style="width: 15.8421%;">
<hr />
</td>
<td style="width: 41.367%;">
<hr />
</td>
<td style="width: 42.7908%; height: 24px;"></td>
</tr>
<tr style="height: 24px;">
<td style="width: 15.8421%; height: 24px;">Completed in:</td>
<td style="height: 24px; width: 84.1578%;" colspan="2">Oktober 1996</td>
</tr>
</tbody>
</table>
</div>
</div></div></div></div></div>


<div style="color:#404168" class="wp-block-genesis-blocks-gb-spacer gb-block-spacer gb-divider-solid gb-spacer-divider gb-divider-size-1"><hr style="height:3px"/></div>



<div style="color:#404168" class="wp-block-genesis-blocks-gb-spacer gb-block-spacer gb-divider-solid gb-divider-size-1"><hr style="height:10px"/></div>


<div id="pl-gb2952-69f250c7b20b2"  class="panel-layout" ><div id="pg-gb2952-69f250c7b20b2-0"  class="panel-grid panel-no-style" ><div id="pgc-gb2952-69f250c7b20b2-0-0"  class="panel-grid-cell panel-grid-cell-empty" ></div><div id="pgc-gb2952-69f250c7b20b2-0-1"  class="panel-grid-cell panel-grid-cell-mobile-last" ><div id="panel-gb2952-69f250c7b20b2-0-1-0" class="so-panel widget widget_text panel-first-child panel-last-child" data-index="0" >			<div class="textwidget"><p align="justify">Die Zeitschrift &#8220;Illustrierte Neue Welt&#8221; wurde 1897 von Theodor Herzl gegründet. Anläßlich des 100-jährigen Bestehens 1997 soll eine Publikation erscheinen, welche die Geschichte der Zeitschrift dokumentiert. Generalthema ist die jüdische Identität in Österreich im Spiegel dieser traditionsreichen Zeitung. Anhand der Themenauswahl und -schwerpunktsetzung, der Aufmachung des Blattes, der AutorInnenschaft etc. soll die inhaltliche Ausrichtung und Entwicklung nachgezeichnet werden.</p>
<p align="justify">Die Sichtungsarbeit der Zeitschrift wurde in vier Zeitabschnitte geteilt, wobei das Institut für Konfliktforschung für die zwei Phasen nach dem Zweiten Weltkrieg verantwortlich zeichnet (also von der Wiedergründung nach dem Zweiten Weltkrieg im Jahre 1948 bis 1973, sowie den Zeitabschnitt von 1974 bis 1995, der von der Chefredaktion und Herausgeberfunktion von Joanna Nittenberg geprägt ist). Der inhaltlichen Analyse wurde ein Themenraster zugrunde gelegt, welcher die Kategorien Israel, Außenpolitik Israels/ Nachbarländer/Friedensprozeß, Österreich (und die Beziehungen zu Israel), Berichterstattung über andere Länder, Holocaust, Antisemitismus, Judentum, Zionismus, Kultur und Gesellschaft umfaßt. Die Zuordnung der einzelnen Artikel zu diesen Themenbereichen läßt sowohl die generelle Blattlinie und die Schwerpunkte in der Berichterstattung, als auch gewisse Änderungen im Laufe der Jahre erkennen. Die einzelnen Themenbereiche durchlaufen unterschiedliche Konjunkturstadien, abhängig von geschichtlichen Ereignissen, seien sie sozialer, kultureller, wirtschaftlicher oder &#8211; wie zumeist &#8211; politischer Art. Bei aller Reflexion auf äußere Entwicklungen wird die Linie des Blattes jedoch stets primär von der Persönlichkeit der verschiedenen HerausgeberInnen bzw. ChefredakteurInnen und deren jeweiligen Zielsetzungen geprägt. So beherrschen etwa Israel und der Zionismus sowie der Themenkomplex &#8220;Judentum und Tradition&#8221; die ersten Erscheinungsjahre der Zeitung. In den 50er und 60er Jahren, unter der Leitung von Georg Künstlinger, wird neben Israel das jüdische Leben in Österreich ein Schwerpunkt der Zeitschrift. Künstlingers Anliegen ist es, zwischen Juden/Jüdinnen und Nichtjuden/ Nichtjüdinnen zu vermitteln und gegenseitiges Verständnis zu fördern. Imanuel Unger, der die Zeitschrift zwischen 1969 und 1974 leitet, konzentriert seine Berichterstattung wieder auf Israel, Österreich ist in der &#8220;Illustrierten Neuen Welt&#8221; nahezu kein Thema. Joanna Nittenberg schließlich, die 1974 gemeinsam mit Marta Halpert (bis 1991) die Leitung der Zeitschrift übernimmt, verändert die Zeitschrift in Richtung einer thematisch stärker ausbalancierten Berichterstattung. Im Laufe der Jahre mehrt sich insbesondere die Bezugnahme auf Österreich. Ein besonderes Anliegen wird die Erinnerung an eine große jüdische Vergangenheit im Kultur- und Geistesleben. So prägen heute Porträts jüdischer KünstlerInnen und Beiträge zum aktuellen kulturellen Geschehen das Erscheinungsbild der &#8220;Illustrierten Neuen Welt&#8221;, Versöhnung und Verständigung sind die großen Anliegen der Zeitschrift.</p>
</div>
		</div></div><div id="pgc-gb2952-69f250c7b20b2-0-2"  class="panel-grid-cell panel-grid-cell-empty" ></div></div></div>


<div style="color:#333" class="wp-block-genesis-blocks-gb-spacer gb-block-spacer gb-divider-solid gb-spacer-divider gb-divider-size-1"><hr style="height:100px"/></div>
</div></div></div>
