{"id":2948,"date":"2021-05-05T13:05:18","date_gmt":"2021-05-05T13:05:18","guid":{"rendered":"http:\/\/test-ikf.online\/?page_id=2948"},"modified":"2021-05-05T13:05:39","modified_gmt":"2021-05-05T13:05:39","slug":"1996-tausend-jahre-oesterreich-lebenswelten-kleiner-leute","status":"publish","type":"page","link":"https:\/\/ikf.ac.at\/en\/schwerpunkte\/hist-sozialforschung\/oral-history\/1996-tausend-jahre-oesterreich-lebenswelten-kleiner-leute","title":{"rendered":"1996: Tausend Jahre \u00d6sterreich &#8211; Lebenswelten kleiner Leute"},"content":{"rendered":"<div class=\"wp-block-atomic-blocks-ab-container alignfull ab-block-container\"><div class=\"ab-container-inside\"><div class=\"ab-container-content\"><div id=\"pl-gb2948-69f23f8bd0572\"  class=\"panel-layout\" ><div id=\"pg-gb2948-69f23f8bd0572-0\"  class=\"panel-grid panel-no-style\" ><div id=\"pgc-gb2948-69f23f8bd0572-0-0\"  class=\"panel-grid-cell\" ><div id=\"panel-gb2948-69f23f8bd0572-0-0-0\" class=\"so-panel widget widget_media_image panel-first-child panel-last-child\" data-index=\"0\" ><img loading=\"lazy\" decoding=\"async\" width=\"2554\" height=\"10\" src=\"https:\/\/ikf.ac.at\/wp-content\/uploads\/2021\/01\/linie_IKF.jpg\" class=\"image wp-image-754  attachment-full size-full\" alt=\"\" style=\"max-width: 100%; height: auto;\" srcset=\"https:\/\/ikf.ac.at\/wp-content\/uploads\/2021\/01\/linie_IKF.jpg 2554w, https:\/\/ikf.ac.at\/wp-content\/uploads\/2021\/01\/linie_IKF-300x1.jpg 300w, https:\/\/ikf.ac.at\/wp-content\/uploads\/2021\/01\/linie_IKF-1024x4.jpg 1024w, https:\/\/ikf.ac.at\/wp-content\/uploads\/2021\/01\/linie_IKF-768x3.jpg 768w, https:\/\/ikf.ac.at\/wp-content\/uploads\/2021\/01\/linie_IKF-1536x6.jpg 1536w, https:\/\/ikf.ac.at\/wp-content\/uploads\/2021\/01\/linie_IKF-2048x8.jpg 2048w\" sizes=\"auto, (max-width: 2554px) 100vw, 2554px\" \/><\/div><\/div><\/div><\/div>\n\n\n<div style=\"color:#ddd\" class=\"wp-block-genesis-blocks-gb-spacer gb-block-spacer gb-divider-solid gb-divider-size-1\"><hr style=\"height:30px\"\/><\/div>\n\n\n<div id=\"pl-gb2948-69f23f8bd0a32\"  class=\"panel-layout\" ><div id=\"pg-gb2948-69f23f8bd0a32-0\"  class=\"panel-grid panel-no-style\" ><div id=\"pgc-gb2948-69f23f8bd0a32-0-0\"  class=\"panel-grid-cell panel-grid-cell-empty\" ><\/div><div id=\"pgc-gb2948-69f23f8bd0a32-0-1\"  class=\"panel-grid-cell\" ><div id=\"panel-gb2948-69f23f8bd0a32-0-1-0\" class=\"so-panel widget widget_sow-editor panel-first-child panel-last-child\" data-index=\"0\" ><div\n\t\t\t\n\t\t\tclass=\"so-widget-sow-editor so-widget-sow-editor-base\"\n\t\t\t\n\t\t>\n<div class=\"siteorigin-widget-tinymce textwidget\">\n\t<table style=\"height: 100px; width: 100%; border-collapse: collapse;\" border=\"1\" cellpadding=\"2\">\n<tbody>\n<tr style=\"height: 24px;\">\n<td style=\"width: 15.8421%; height: 24px;\">Projektleitung und Durchf\u00fchrung:<\/td>\n<td style=\"width: 84.1578%; height: 24px;\" colspan=\"2\">Dr. Ilse K\u00f6nig<br \/>\nUniv.-Prof. Dr. Josef Ehmer (Universit\u00e4t Salzburg)<\/td>\n<\/tr>\n<tr>\n<td style=\"width: 15.8421%;\">\n<hr \/>\n<\/td>\n<td style=\"width: 34.8802%;\">\n<hr \/>\n<\/td>\n<td style=\"width: 49.2776%; height: 24px;\"><\/td>\n<\/tr>\n<tr>\n<td style=\"width: 15.8421%;\">Kooperation mit:<\/td>\n<td style=\"width: 84.1578%;\" colspan=\"2\">Institut f\u00fcr Geschichte der Universit\u00e4t Salzburg<\/td>\n<\/tr>\n<tr>\n<td style=\"width: 15.8421%;\">\n<hr \/>\n<\/td>\n<td style=\"width: 34.8802%;\">\n<hr \/>\n<\/td>\n<td style=\"width: 49.2776%;\"><\/td>\n<\/tr>\n<tr>\n<td style=\"width: 15.8421%;\">Funded by:<\/td>\n<td style=\"width: 84.1578%;\" colspan=\"2\">Bundesministerium f\u00fcr Arbeit und Soziales<\/td>\n<\/tr>\n<tr>\n<td style=\"width: 15.8421%;\">\n<hr \/>\n<\/td>\n<td style=\"width: 34.8802%;\">\n<hr \/>\n<\/td>\n<td style=\"width: 49.2776%; height: 24px;\"><\/td>\n<\/tr>\n<tr style=\"height: 24px;\">\n<td style=\"width: 15.8421%; height: 24px;\">Completed in:<\/td>\n<td style=\"height: 24px; width: 84.1578%;\" colspan=\"2\">Oktober 1996<\/td>\n<\/tr>\n<\/tbody>\n<\/table>\n<\/div>\n<\/div><\/div><\/div><\/div><\/div>\n\n\n<div style=\"color:#404168\" class=\"wp-block-genesis-blocks-gb-spacer gb-block-spacer gb-divider-solid gb-spacer-divider gb-divider-size-1\"><hr style=\"height:3px\"\/><\/div>\n\n\n\n<div style=\"color:#404168\" class=\"wp-block-genesis-blocks-gb-spacer gb-block-spacer gb-divider-solid gb-divider-size-1\"><hr style=\"height:10px\"\/><\/div>\n\n\n<div id=\"pl-gb2948-69f23f8bd0ece\"  class=\"panel-layout\" ><div id=\"pg-gb2948-69f23f8bd0ece-0\"  class=\"panel-grid panel-no-style\" ><div id=\"pgc-gb2948-69f23f8bd0ece-0-0\"  class=\"panel-grid-cell panel-grid-cell-empty\" ><\/div><div id=\"pgc-gb2948-69f23f8bd0ece-0-1\"  class=\"panel-grid-cell panel-grid-cell-mobile-last\" ><div id=\"panel-gb2948-69f23f8bd0ece-0-1-0\" class=\"so-panel widget widget_text panel-first-child panel-last-child\" data-index=\"0\" >\t\t\t<div class=\"textwidget\"><p align=\"justify\">Das Buch &#8220;vom nicht ganz einfachen Leben. Geschichte und Geschichten&#8221; umfa\u00dft das Leben von vierzig Generationen in &#8220;Tausend Jahren \u00d6sterreich&#8221;. Nicht die &#8220;gro\u00dfen M\u00e4nner&#8221; stehen im Mittelpunkt dieses Buchs, sondern das allt\u00e4gliche Leben der vielen &#8220;einfachen Leute&#8221;.<\/p>\n<p align=\"justify\">Das Buch verkn\u00fcpft &#8220;Geschichte&#8221; mit &#8220;Geschichten&#8221;. Knappe \u00dcberblickskapitel zu den einzelnen Epochen enthalten historisches Wissen in gedr\u00e4ngter und \u00fcbersichtlicher Form und bilden eine Leitlinie durch die \u00f6sterreichische Sozialgeschichte. Dazwischen stehen &#8220;Geschichten&#8221; von Bettelkindern der Barockzeit, Fabrikarbeitern des 19. Jahrhunderts, Bauern und B\u00fcrgern der Zwischenkriegszeit, Pendlern in die VOEST in den 1970er Jahren, und vielen anderen &#8220;einfachen Leuten&#8221; als selbst\u00e4ndig handelnde und f\u00fchlende Menschen. Nahe an den historischen Quellen verfa\u00dft, aber zugleich als anschauliche und freie Erz\u00e4hlungen gestaltet, geben diese historischen Miniaturen Einblicke in die M\u00fchen und Gefahren des Alltags in vergangenen Zeiten wie in der Gegenwart.<\/p>\n<p align=\"justify\">Durch die leicht verst\u00e4ndliche Textgestaltung, eine sorgf\u00e4ltige Bildauswahl sowie durch seine Anschaulichkeit ist der Band f\u00fcr ein breites Lesepublikum gedacht; zugleich er\u00f6ffnet er aber auch allen Lesern, die mit Geschichte und Gegenwart der \u00f6sterreichischen Gesellschaft gut vertraut sind, neue Einsichten und Perspektiven.<\/p>\n<\/div>\n\t\t<\/div><\/div><div id=\"pgc-gb2948-69f23f8bd0ece-0-2\"  class=\"panel-grid-cell panel-grid-cell-empty\" ><\/div><\/div><\/div>\n\n\n<div style=\"color:#333\" class=\"wp-block-genesis-blocks-gb-spacer gb-block-spacer gb-divider-solid gb-spacer-divider gb-divider-size-1\"><hr style=\"height:100px\"\/><\/div>\n<\/div><\/div><\/div>","protected":false},"excerpt":{"rendered":"","protected":false},"author":2,"featured_media":0,"parent":982,"menu_order":36,"comment_status":"closed","ping_status":"closed","template":"","meta":{"footnotes":""},"class_list":["post-2948","page","type-page","status-publish","hentry","post"],"featured_image_src":null,"featured_image_src_square":null,"_links":{"self":[{"href":"https:\/\/ikf.ac.at\/en\/wp-json\/wp\/v2\/pages\/2948","targetHints":{"allow":["GET"]}}],"collection":[{"href":"https:\/\/ikf.ac.at\/en\/wp-json\/wp\/v2\/pages"}],"about":[{"href":"https:\/\/ikf.ac.at\/en\/wp-json\/wp\/v2\/types\/page"}],"author":[{"embeddable":true,"href":"https:\/\/ikf.ac.at\/en\/wp-json\/wp\/v2\/users\/2"}],"replies":[{"embeddable":true,"href":"https:\/\/ikf.ac.at\/en\/wp-json\/wp\/v2\/comments?post=2948"}],"version-history":[{"count":3,"href":"https:\/\/ikf.ac.at\/en\/wp-json\/wp\/v2\/pages\/2948\/revisions"}],"predecessor-version":[{"id":2951,"href":"https:\/\/ikf.ac.at\/en\/wp-json\/wp\/v2\/pages\/2948\/revisions\/2951"}],"up":[{"embeddable":true,"href":"https:\/\/ikf.ac.at\/en\/wp-json\/wp\/v2\/pages\/982"}],"wp:attachment":[{"href":"https:\/\/ikf.ac.at\/en\/wp-json\/wp\/v2\/media?parent=2948"}],"curies":[{"name":"wp","href":"https:\/\/api.w.org\/{rel}","templated":true}]}}

1996: Tausend Jahre Österreich &#8211; Lebenswelten kleiner Leute

<div class="wp-block-atomic-blocks-ab-container alignfull ab-block-container"><div class="ab-container-inside"><div class="ab-container-content"><div id="pl-gb2948-69f23f8bd0572"  class="panel-layout" ><div id="pg-gb2948-69f23f8bd0572-0"  class="panel-grid panel-no-style" ><div id="pgc-gb2948-69f23f8bd0572-0-0"  class="panel-grid-cell" ><div id="panel-gb2948-69f23f8bd0572-0-0-0" class="so-panel widget widget_media_image panel-first-child panel-last-child" data-index="0" ><img loading="lazy" decoding="async" width="2554" height="10" src="https://ikf.ac.at/wp-content/uploads/2021/01/linie_IKF.jpg" class="image wp-image-754  attachment-full size-full" alt="" style="max-width: 100%; height: auto;" srcset="https://ikf.ac.at/wp-content/uploads/2021/01/linie_IKF.jpg 2554w, https://ikf.ac.at/wp-content/uploads/2021/01/linie_IKF-300x1.jpg 300w, https://ikf.ac.at/wp-content/uploads/2021/01/linie_IKF-1024x4.jpg 1024w, https://ikf.ac.at/wp-content/uploads/2021/01/linie_IKF-768x3.jpg 768w, https://ikf.ac.at/wp-content/uploads/2021/01/linie_IKF-1536x6.jpg 1536w, https://ikf.ac.at/wp-content/uploads/2021/01/linie_IKF-2048x8.jpg 2048w" sizes="auto, (max-width: 2554px) 100vw, 2554px" /></div></div></div></div>


<div style="color:#ddd" class="wp-block-genesis-blocks-gb-spacer gb-block-spacer gb-divider-solid gb-divider-size-1"><hr style="height:30px"/></div>


<div id="pl-gb2948-69f23f8bd0a32"  class="panel-layout" ><div id="pg-gb2948-69f23f8bd0a32-0"  class="panel-grid panel-no-style" ><div id="pgc-gb2948-69f23f8bd0a32-0-0"  class="panel-grid-cell panel-grid-cell-empty" ></div><div id="pgc-gb2948-69f23f8bd0a32-0-1"  class="panel-grid-cell" ><div id="panel-gb2948-69f23f8bd0a32-0-1-0" class="so-panel widget widget_sow-editor panel-first-child panel-last-child" data-index="0" ><div
			
			class="so-widget-sow-editor so-widget-sow-editor-base"
			
		>
<div class="siteorigin-widget-tinymce textwidget">
	<table style="height: 100px; width: 100%; border-collapse: collapse;" border="1" cellpadding="2">
<tbody>
<tr style="height: 24px;">
<td style="width: 15.8421%; height: 24px;">Projektleitung und Durchführung:</td>
<td style="width: 84.1578%; height: 24px;" colspan="2">Dr. Ilse König<br />
Univ.-Prof. Dr. Josef Ehmer (Universität Salzburg)</td>
</tr>
<tr>
<td style="width: 15.8421%;">
<hr />
</td>
<td style="width: 34.8802%;">
<hr />
</td>
<td style="width: 49.2776%; height: 24px;"></td>
</tr>
<tr>
<td style="width: 15.8421%;">Kooperation mit:</td>
<td style="width: 84.1578%;" colspan="2">Institut für Geschichte der Universität Salzburg</td>
</tr>
<tr>
<td style="width: 15.8421%;">
<hr />
</td>
<td style="width: 34.8802%;">
<hr />
</td>
<td style="width: 49.2776%;"></td>
</tr>
<tr>
<td style="width: 15.8421%;">Funded by:</td>
<td style="width: 84.1578%;" colspan="2">Bundesministerium für Arbeit und Soziales</td>
</tr>
<tr>
<td style="width: 15.8421%;">
<hr />
</td>
<td style="width: 34.8802%;">
<hr />
</td>
<td style="width: 49.2776%; height: 24px;"></td>
</tr>
<tr style="height: 24px;">
<td style="width: 15.8421%; height: 24px;">Completed in:</td>
<td style="height: 24px; width: 84.1578%;" colspan="2">Oktober 1996</td>
</tr>
</tbody>
</table>
</div>
</div></div></div></div></div>


<div style="color:#404168" class="wp-block-genesis-blocks-gb-spacer gb-block-spacer gb-divider-solid gb-spacer-divider gb-divider-size-1"><hr style="height:3px"/></div>



<div style="color:#404168" class="wp-block-genesis-blocks-gb-spacer gb-block-spacer gb-divider-solid gb-divider-size-1"><hr style="height:10px"/></div>


<div id="pl-gb2948-69f23f8bd0ece"  class="panel-layout" ><div id="pg-gb2948-69f23f8bd0ece-0"  class="panel-grid panel-no-style" ><div id="pgc-gb2948-69f23f8bd0ece-0-0"  class="panel-grid-cell panel-grid-cell-empty" ></div><div id="pgc-gb2948-69f23f8bd0ece-0-1"  class="panel-grid-cell panel-grid-cell-mobile-last" ><div id="panel-gb2948-69f23f8bd0ece-0-1-0" class="so-panel widget widget_text panel-first-child panel-last-child" data-index="0" >			<div class="textwidget"><p align="justify">Das Buch &#8220;vom nicht ganz einfachen Leben. Geschichte und Geschichten&#8221; umfaßt das Leben von vierzig Generationen in &#8220;Tausend Jahren Österreich&#8221;. Nicht die &#8220;großen Männer&#8221; stehen im Mittelpunkt dieses Buchs, sondern das alltägliche Leben der vielen &#8220;einfachen Leute&#8221;.</p>
<p align="justify">Das Buch verknüpft &#8220;Geschichte&#8221; mit &#8220;Geschichten&#8221;. Knappe Überblickskapitel zu den einzelnen Epochen enthalten historisches Wissen in gedrängter und übersichtlicher Form und bilden eine Leitlinie durch die österreichische Sozialgeschichte. Dazwischen stehen &#8220;Geschichten&#8221; von Bettelkindern der Barockzeit, Fabrikarbeitern des 19. Jahrhunderts, Bauern und Bürgern der Zwischenkriegszeit, Pendlern in die VOEST in den 1970er Jahren, und vielen anderen &#8220;einfachen Leuten&#8221; als selbständig handelnde und fühlende Menschen. Nahe an den historischen Quellen verfaßt, aber zugleich als anschauliche und freie Erzählungen gestaltet, geben diese historischen Miniaturen Einblicke in die Mühen und Gefahren des Alltags in vergangenen Zeiten wie in der Gegenwart.</p>
<p align="justify">Durch die leicht verständliche Textgestaltung, eine sorgfältige Bildauswahl sowie durch seine Anschaulichkeit ist der Band für ein breites Lesepublikum gedacht; zugleich eröffnet er aber auch allen Lesern, die mit Geschichte und Gegenwart der österreichischen Gesellschaft gut vertraut sind, neue Einsichten und Perspektiven.</p>
</div>
		</div></div><div id="pgc-gb2948-69f23f8bd0ece-0-2"  class="panel-grid-cell panel-grid-cell-empty" ></div></div></div>


<div style="color:#333" class="wp-block-genesis-blocks-gb-spacer gb-block-spacer gb-divider-solid gb-spacer-divider gb-divider-size-1"><hr style="height:100px"/></div>
</div></div></div>
