{"id":2946,"date":"2021-05-05T13:00:18","date_gmt":"2021-05-05T13:00:18","guid":{"rendered":"http:\/\/test-ikf.online\/?page_id=2946"},"modified":"2021-05-05T13:00:40","modified_gmt":"2021-05-05T13:00:40","slug":"1998-oesterreich-ist-nicht-gleich-oesterreich-ist-nicht-gleich-oesterreich","status":"publish","type":"page","link":"https:\/\/ikf.ac.at\/en\/schwerpunkte\/hist-sozialforschung\/oral-history\/1998-oesterreich-ist-nicht-gleich-oesterreich-ist-nicht-gleich-oesterreich","title":{"rendered":"1998: \u00d6sterreich ist nicht gleich \u00d6sterreich ist nicht gleich \u00d6sterreich"},"content":{"rendered":"<div class=\"wp-block-atomic-blocks-ab-container alignfull ab-block-container\"><div class=\"ab-container-inside\"><div class=\"ab-container-content\"><div id=\"pl-gb2946-69f25114d02d5\"  class=\"panel-layout\" ><div id=\"pg-gb2946-69f25114d02d5-0\"  class=\"panel-grid panel-no-style\" ><div id=\"pgc-gb2946-69f25114d02d5-0-0\"  class=\"panel-grid-cell\" ><div id=\"panel-gb2946-69f25114d02d5-0-0-0\" class=\"so-panel widget widget_media_image panel-first-child panel-last-child\" data-index=\"0\" ><img loading=\"lazy\" decoding=\"async\" width=\"2554\" height=\"10\" src=\"https:\/\/ikf.ac.at\/wp-content\/uploads\/2021\/01\/linie_IKF.jpg\" class=\"image wp-image-754  attachment-full size-full\" alt=\"\" style=\"max-width: 100%; height: auto;\" srcset=\"https:\/\/ikf.ac.at\/wp-content\/uploads\/2021\/01\/linie_IKF.jpg 2554w, https:\/\/ikf.ac.at\/wp-content\/uploads\/2021\/01\/linie_IKF-300x1.jpg 300w, https:\/\/ikf.ac.at\/wp-content\/uploads\/2021\/01\/linie_IKF-1024x4.jpg 1024w, https:\/\/ikf.ac.at\/wp-content\/uploads\/2021\/01\/linie_IKF-768x3.jpg 768w, https:\/\/ikf.ac.at\/wp-content\/uploads\/2021\/01\/linie_IKF-1536x6.jpg 1536w, https:\/\/ikf.ac.at\/wp-content\/uploads\/2021\/01\/linie_IKF-2048x8.jpg 2048w\" sizes=\"auto, (max-width: 2554px) 100vw, 2554px\" \/><\/div><\/div><\/div><\/div>\n\n\n<div style=\"color:#ddd\" class=\"wp-block-genesis-blocks-gb-spacer gb-block-spacer gb-divider-solid gb-divider-size-1\"><hr style=\"height:30px\"\/><\/div>\n\n\n<div id=\"pl-gb2946-69f25114d0798\"  class=\"panel-layout\" ><div id=\"pg-gb2946-69f25114d0798-0\"  class=\"panel-grid panel-no-style\" ><div id=\"pgc-gb2946-69f25114d0798-0-0\"  class=\"panel-grid-cell panel-grid-cell-empty\" ><\/div><div id=\"pgc-gb2946-69f25114d0798-0-1\"  class=\"panel-grid-cell\" ><div id=\"panel-gb2946-69f25114d0798-0-1-0\" class=\"so-panel widget widget_sow-editor panel-first-child panel-last-child\" data-index=\"0\" ><div\n\t\t\t\n\t\t\tclass=\"so-widget-sow-editor so-widget-sow-editor-base\"\n\t\t\t\n\t\t>\n<div class=\"siteorigin-widget-tinymce textwidget\">\n\t<table style=\"height: 270px; width: 100%; border-collapse: collapse;\" border=\"1\" cellpadding=\"2\">\n<tbody>\n<tr style=\"height: 24px;\">\n<td style=\"width: 15.8421%; height: 24px;\">Project management:<\/td>\n<td style=\"width: 84.1578%; height: 24px;\" colspan=\"2\">Univ.-Prof. Dr. Anton Pelinka<\/td>\n<\/tr>\n<tr style=\"height: 24px;\">\n<td style=\"width: 15.8421%; height: 24px;\">\n<hr \/>\n<\/td>\n<td style=\"width: 37.3974%; height: 24px;\">\n<hr \/>\n<\/td>\n<td style=\"width: 46.7604%; height: 24px;\"><\/td>\n<\/tr>\n<tr style=\"height: 74px;\">\n<td style=\"width: 15.8421%; height: 74px;\">Implementation:<\/td>\n<td style=\"width: 84.1578%; height: 74px;\" colspan=\"2\">Mag. Walter Fend<br \/>\nUniv.-Doz. Dr. Albert Reiterer<br \/>\nUniv.-Doz. Dr.<sup>in<\/sup> Erika Thurner<\/td>\n<\/tr>\n<tr style=\"height: 24px;\">\n<td style=\"width: 15.8421%; height: 24px;\">\n<hr \/>\n<\/td>\n<td style=\"width: 37.3974%; height: 24px;\">\n<hr \/>\n<\/td>\n<td style=\"width: 46.7604%; height: 24px;\"><\/td>\n<\/tr>\n<tr style=\"height: 24px;\">\n<td style=\"width: 15.8421%; height: 24px;\">Funded by:<\/td>\n<td style=\"width: 84.1578%; height: 24px;\" colspan=\"2\">Bundesministerium f\u00fcr Wissenschaft und Verkehr<\/td>\n<\/tr>\n<tr style=\"height: 24px;\">\n<td style=\"width: 15.8421%; height: 24px;\">\n<hr \/>\n<\/td>\n<td style=\"width: 37.3974%; height: 24px;\">\n<hr \/>\n<\/td>\n<td style=\"width: 46.7604%; height: 24px;\"><\/td>\n<\/tr>\n<tr style=\"height: 24px;\">\n<td style=\"width: 15.8421%; height: 24px;\">Completed in:<\/td>\n<td style=\"height: 24px; width: 84.1578%;\" colspan=\"2\">J\u00e4nner 1998<\/td>\n<\/tr>\n<\/tbody>\n<\/table>\n<\/div>\n<\/div><\/div><\/div><\/div><\/div>\n\n\n<div style=\"color:#404168\" class=\"wp-block-genesis-blocks-gb-spacer gb-block-spacer gb-divider-solid gb-spacer-divider gb-divider-size-1\"><hr style=\"height:3px\"\/><\/div>\n\n\n\n<div style=\"color:#404168\" class=\"wp-block-genesis-blocks-gb-spacer gb-block-spacer gb-divider-solid gb-divider-size-1\"><hr style=\"height:10px\"\/><\/div>\n\n\n<div id=\"pl-gb2946-69f25114d0c0e\"  class=\"panel-layout\" ><div id=\"pg-gb2946-69f25114d0c0e-0\"  class=\"panel-grid panel-no-style\" ><div id=\"pgc-gb2946-69f25114d0c0e-0-0\"  class=\"panel-grid-cell panel-grid-cell-empty\" ><\/div><div id=\"pgc-gb2946-69f25114d0c0e-0-1\"  class=\"panel-grid-cell panel-grid-cell-mobile-last\" ><div id=\"panel-gb2946-69f25114d0c0e-0-1-0\" class=\"so-panel widget widget_text panel-first-child panel-last-child\" data-index=\"0\" >\t\t\t<div class=\"textwidget\"><p align=\"justify\">Der Grundgedanke des sozialwissenschaftlich-historisch ausgerichteten Forschungsprojektes ist, an die Stelle eines fiktiven einheitlichen \u00d6sterreich-Begriffes und an die Stelle des Mythos von einer durchg\u00e4ngigen, monolithischen \u00f6sterreichischen Identit\u00e4t die Vielfalt und die Widerspr\u00fcchlichkeit des wirklichen \u00d6sterreich in Geschichte, Gegenwart und Zukunft zu betonen. Dabei wird einmal der Themenkomplex der spezifischen \u00f6sterreichischen Nationenwerdung seit dem sp\u00e4ten 19. Jahrhundert bearbeitet: Der mehrstufige Proze\u00df der Herausbildung einer nationalen Identit\u00e4t wird entlang den Schwerpunkten wirtschaftliche Struktur, Rolle der Intellektuellen, Weltanschauung\/religi\u00f6se Orientierung und regionale Repr\u00e4sentation untersucht. Erg\u00e4nzend wird die Frage nach pr\u00e4modernen sowie nach postmodernen Identit\u00e4ten (etwa Gender, Sprachzugeh\u00f6rigkeit), die das \u00d6sterreich-Bewu\u00dftsein beeinflussen, gestellt. Gerade in Zusammenhang mit den beiden Anniversarien &#8211; 1995: der f\u00fcnfzigste Jahrestag des Bestehens der Zweiten Republik, 1996: der tausendste Jahrestag der ersten urkundlichen Erw\u00e4hnung \u00d6sterreichs &#8211; ist es n\u00f6tig, das Selbstverst\u00e4ndnis \u00d6sterreichs zu hinterfragen. Das Aufzeigen und Bewu\u00dft-Machen der Br\u00fcche in der \u00f6sterreichischen Identit\u00e4t, das kritische Nachdenken \u00fcber die Vergangenheit ist f\u00fcr die Herausforderungen der Zukunft, die sich etwa auch durch den \u00f6sterreichischen EU-Beitritt ergeben haben, unerl\u00e4\u00dflich.<\/p>\n<\/div>\n\t\t<\/div><\/div><div id=\"pgc-gb2946-69f25114d0c0e-0-2\"  class=\"panel-grid-cell panel-grid-cell-empty\" ><\/div><\/div><\/div>\n\n\n<div style=\"color:#333\" class=\"wp-block-genesis-blocks-gb-spacer gb-block-spacer gb-divider-solid gb-spacer-divider gb-divider-size-1\"><hr style=\"height:100px\"\/><\/div>\n<\/div><\/div><\/div>","protected":false},"excerpt":{"rendered":"","protected":false},"author":2,"featured_media":0,"parent":982,"menu_order":35,"comment_status":"closed","ping_status":"closed","template":"","meta":{"footnotes":""},"class_list":["post-2946","page","type-page","status-publish","hentry","post"],"featured_image_src":null,"featured_image_src_square":null,"_links":{"self":[{"href":"https:\/\/ikf.ac.at\/en\/wp-json\/wp\/v2\/pages\/2946","targetHints":{"allow":["GET"]}}],"collection":[{"href":"https:\/\/ikf.ac.at\/en\/wp-json\/wp\/v2\/pages"}],"about":[{"href":"https:\/\/ikf.ac.at\/en\/wp-json\/wp\/v2\/types\/page"}],"author":[{"embeddable":true,"href":"https:\/\/ikf.ac.at\/en\/wp-json\/wp\/v2\/users\/2"}],"replies":[{"embeddable":true,"href":"https:\/\/ikf.ac.at\/en\/wp-json\/wp\/v2\/comments?post=2946"}],"version-history":[{"count":1,"href":"https:\/\/ikf.ac.at\/en\/wp-json\/wp\/v2\/pages\/2946\/revisions"}],"predecessor-version":[{"id":2947,"href":"https:\/\/ikf.ac.at\/en\/wp-json\/wp\/v2\/pages\/2946\/revisions\/2947"}],"up":[{"embeddable":true,"href":"https:\/\/ikf.ac.at\/en\/wp-json\/wp\/v2\/pages\/982"}],"wp:attachment":[{"href":"https:\/\/ikf.ac.at\/en\/wp-json\/wp\/v2\/media?parent=2946"}],"curies":[{"name":"wp","href":"https:\/\/api.w.org\/{rel}","templated":true}]}}

1998: Österreich ist nicht gleich Österreich ist nicht gleich Österreich

<div class="wp-block-atomic-blocks-ab-container alignfull ab-block-container"><div class="ab-container-inside"><div class="ab-container-content"><div id="pl-gb2946-69f25114d02d5"  class="panel-layout" ><div id="pg-gb2946-69f25114d02d5-0"  class="panel-grid panel-no-style" ><div id="pgc-gb2946-69f25114d02d5-0-0"  class="panel-grid-cell" ><div id="panel-gb2946-69f25114d02d5-0-0-0" class="so-panel widget widget_media_image panel-first-child panel-last-child" data-index="0" ><img loading="lazy" decoding="async" width="2554" height="10" src="https://ikf.ac.at/wp-content/uploads/2021/01/linie_IKF.jpg" class="image wp-image-754  attachment-full size-full" alt="" style="max-width: 100%; height: auto;" srcset="https://ikf.ac.at/wp-content/uploads/2021/01/linie_IKF.jpg 2554w, https://ikf.ac.at/wp-content/uploads/2021/01/linie_IKF-300x1.jpg 300w, https://ikf.ac.at/wp-content/uploads/2021/01/linie_IKF-1024x4.jpg 1024w, https://ikf.ac.at/wp-content/uploads/2021/01/linie_IKF-768x3.jpg 768w, https://ikf.ac.at/wp-content/uploads/2021/01/linie_IKF-1536x6.jpg 1536w, https://ikf.ac.at/wp-content/uploads/2021/01/linie_IKF-2048x8.jpg 2048w" sizes="auto, (max-width: 2554px) 100vw, 2554px" /></div></div></div></div>


<div style="color:#ddd" class="wp-block-genesis-blocks-gb-spacer gb-block-spacer gb-divider-solid gb-divider-size-1"><hr style="height:30px"/></div>


<div id="pl-gb2946-69f25114d0798"  class="panel-layout" ><div id="pg-gb2946-69f25114d0798-0"  class="panel-grid panel-no-style" ><div id="pgc-gb2946-69f25114d0798-0-0"  class="panel-grid-cell panel-grid-cell-empty" ></div><div id="pgc-gb2946-69f25114d0798-0-1"  class="panel-grid-cell" ><div id="panel-gb2946-69f25114d0798-0-1-0" class="so-panel widget widget_sow-editor panel-first-child panel-last-child" data-index="0" ><div
			
			class="so-widget-sow-editor so-widget-sow-editor-base"
			
		>
<div class="siteorigin-widget-tinymce textwidget">
	<table style="height: 270px; width: 100%; border-collapse: collapse;" border="1" cellpadding="2">
<tbody>
<tr style="height: 24px;">
<td style="width: 15.8421%; height: 24px;">Project management:</td>
<td style="width: 84.1578%; height: 24px;" colspan="2">Univ.-Prof. Dr. Anton Pelinka</td>
</tr>
<tr style="height: 24px;">
<td style="width: 15.8421%; height: 24px;">
<hr />
</td>
<td style="width: 37.3974%; height: 24px;">
<hr />
</td>
<td style="width: 46.7604%; height: 24px;"></td>
</tr>
<tr style="height: 74px;">
<td style="width: 15.8421%; height: 74px;">Implementation:</td>
<td style="width: 84.1578%; height: 74px;" colspan="2">Mag. Walter Fend<br />
Univ.-Doz. Dr. Albert Reiterer<br />
Univ.-Doz. Dr.<sup>in</sup> Erika Thurner</td>
</tr>
<tr style="height: 24px;">
<td style="width: 15.8421%; height: 24px;">
<hr />
</td>
<td style="width: 37.3974%; height: 24px;">
<hr />
</td>
<td style="width: 46.7604%; height: 24px;"></td>
</tr>
<tr style="height: 24px;">
<td style="width: 15.8421%; height: 24px;">Funded by:</td>
<td style="width: 84.1578%; height: 24px;" colspan="2">Bundesministerium für Wissenschaft und Verkehr</td>
</tr>
<tr style="height: 24px;">
<td style="width: 15.8421%; height: 24px;">
<hr />
</td>
<td style="width: 37.3974%; height: 24px;">
<hr />
</td>
<td style="width: 46.7604%; height: 24px;"></td>
</tr>
<tr style="height: 24px;">
<td style="width: 15.8421%; height: 24px;">Completed in:</td>
<td style="height: 24px; width: 84.1578%;" colspan="2">Jänner 1998</td>
</tr>
</tbody>
</table>
</div>
</div></div></div></div></div>


<div style="color:#404168" class="wp-block-genesis-blocks-gb-spacer gb-block-spacer gb-divider-solid gb-spacer-divider gb-divider-size-1"><hr style="height:3px"/></div>



<div style="color:#404168" class="wp-block-genesis-blocks-gb-spacer gb-block-spacer gb-divider-solid gb-divider-size-1"><hr style="height:10px"/></div>


<div id="pl-gb2946-69f25114d0c0e"  class="panel-layout" ><div id="pg-gb2946-69f25114d0c0e-0"  class="panel-grid panel-no-style" ><div id="pgc-gb2946-69f25114d0c0e-0-0"  class="panel-grid-cell panel-grid-cell-empty" ></div><div id="pgc-gb2946-69f25114d0c0e-0-1"  class="panel-grid-cell panel-grid-cell-mobile-last" ><div id="panel-gb2946-69f25114d0c0e-0-1-0" class="so-panel widget widget_text panel-first-child panel-last-child" data-index="0" >			<div class="textwidget"><p align="justify">Der Grundgedanke des sozialwissenschaftlich-historisch ausgerichteten Forschungsprojektes ist, an die Stelle eines fiktiven einheitlichen Österreich-Begriffes und an die Stelle des Mythos von einer durchgängigen, monolithischen österreichischen Identität die Vielfalt und die Widersprüchlichkeit des wirklichen Österreich in Geschichte, Gegenwart und Zukunft zu betonen. Dabei wird einmal der Themenkomplex der spezifischen österreichischen Nationenwerdung seit dem späten 19. Jahrhundert bearbeitet: Der mehrstufige Prozeß der Herausbildung einer nationalen Identität wird entlang den Schwerpunkten wirtschaftliche Struktur, Rolle der Intellektuellen, Weltanschauung/religiöse Orientierung und regionale Repräsentation untersucht. Ergänzend wird die Frage nach prämodernen sowie nach postmodernen Identitäten (etwa Gender, Sprachzugehörigkeit), die das Österreich-Bewußtsein beeinflussen, gestellt. Gerade in Zusammenhang mit den beiden Anniversarien &#8211; 1995: der fünfzigste Jahrestag des Bestehens der Zweiten Republik, 1996: der tausendste Jahrestag der ersten urkundlichen Erwähnung Österreichs &#8211; ist es nötig, das Selbstverständnis Österreichs zu hinterfragen. Das Aufzeigen und Bewußt-Machen der Brüche in der österreichischen Identität, das kritische Nachdenken über die Vergangenheit ist für die Herausforderungen der Zukunft, die sich etwa auch durch den österreichischen EU-Beitritt ergeben haben, unerläßlich.</p>
</div>
		</div></div><div id="pgc-gb2946-69f25114d0c0e-0-2"  class="panel-grid-cell panel-grid-cell-empty" ></div></div></div>


<div style="color:#333" class="wp-block-genesis-blocks-gb-spacer gb-block-spacer gb-divider-solid gb-spacer-divider gb-divider-size-1"><hr style="height:100px"/></div>
</div></div></div>
