{"id":2940,"date":"2021-05-05T12:52:54","date_gmt":"2021-05-05T12:52:54","guid":{"rendered":"http:\/\/test-ikf.online\/?page_id=2940"},"modified":"2021-07-01T10:50:02","modified_gmt":"2021-07-01T10:50:02","slug":"2003-zeitzeuginnenprojekt-kz-gedenkstaette-mauthausen-mauthausen-survivors-documentation-project","status":"publish","type":"page","link":"https:\/\/ikf.ac.at\/en\/schwerpunkte\/hist-sozialforschung\/oral-history\/2003-zeitzeuginnenprojekt-kz-gedenkstaette-mauthausen-mauthausen-survivors-documentation-project","title":{"rendered":"2003: ZeitzeugInnenprojekt KZ-Gedenkst\u00e4tte Mauthausen \/ Mauthausen Survivors Documentation Project"},"content":{"rendered":"<div class=\"wp-block-atomic-blocks-ab-container alignfull ab-block-container\"><div class=\"ab-container-inside\"><div class=\"ab-container-content\"><div id=\"pl-gb2940-69f23f9b9f65c\"  class=\"panel-layout\" ><div id=\"pg-gb2940-69f23f9b9f65c-0\"  class=\"panel-grid panel-no-style\" ><div id=\"pgc-gb2940-69f23f9b9f65c-0-0\"  class=\"panel-grid-cell\" ><div id=\"panel-gb2940-69f23f9b9f65c-0-0-0\" class=\"so-panel widget widget_media_image panel-first-child panel-last-child\" data-index=\"0\" ><img loading=\"lazy\" decoding=\"async\" width=\"2554\" height=\"10\" src=\"https:\/\/ikf.ac.at\/wp-content\/uploads\/2021\/01\/linie_IKF.jpg\" class=\"image wp-image-754  attachment-full size-full\" alt=\"\" style=\"max-width: 100%; height: auto;\" srcset=\"https:\/\/ikf.ac.at\/wp-content\/uploads\/2021\/01\/linie_IKF.jpg 2554w, https:\/\/ikf.ac.at\/wp-content\/uploads\/2021\/01\/linie_IKF-300x1.jpg 300w, https:\/\/ikf.ac.at\/wp-content\/uploads\/2021\/01\/linie_IKF-1024x4.jpg 1024w, https:\/\/ikf.ac.at\/wp-content\/uploads\/2021\/01\/linie_IKF-768x3.jpg 768w, https:\/\/ikf.ac.at\/wp-content\/uploads\/2021\/01\/linie_IKF-1536x6.jpg 1536w, https:\/\/ikf.ac.at\/wp-content\/uploads\/2021\/01\/linie_IKF-2048x8.jpg 2048w\" sizes=\"auto, (max-width: 2554px) 100vw, 2554px\" \/><\/div><\/div><\/div><\/div>\n\n\n<div style=\"color:#ddd\" class=\"wp-block-genesis-blocks-gb-spacer gb-block-spacer gb-divider-solid gb-divider-size-1\"><hr style=\"height:15px\"\/><\/div>\n\n\n<div id=\"pl-gb2940-69f23f9b9fbf5\"  class=\"panel-layout\" ><div id=\"pg-gb2940-69f23f9b9fbf5-0\"  class=\"panel-grid panel-no-style\" ><div id=\"pgc-gb2940-69f23f9b9fbf5-0-0\"  class=\"panel-grid-cell panel-grid-cell-empty\" ><\/div><div id=\"pgc-gb2940-69f23f9b9fbf5-0-1\"  class=\"panel-grid-cell\" ><div id=\"panel-gb2940-69f23f9b9fbf5-0-1-0\" class=\"so-panel widget widget_sow-editor panel-first-child panel-last-child\" data-index=\"0\" ><div\n\t\t\t\n\t\t\tclass=\"so-widget-sow-editor so-widget-sow-editor-base\"\n\t\t\t\n\t\t>\n<div class=\"siteorigin-widget-tinymce textwidget\">\n\t<table style=\"height: 100px; width: 100%; border-collapse: collapse;\" border=\"1\" cellpadding=\"2\">\n<tbody>\n<tr style=\"height: 24px;\">\n<td style=\"width: 15.8421%; height: 24px;\">Project management:<\/td>\n<td style=\"width: 84.1578%; height: 24px;\" colspan=\"2\">Univ.-Prof. Dr. Gerhard Botz<br \/>\n(Ludwig Boltzmann-Institut f\u00fcr Historische Sozialwissenschaft)<\/td>\n<\/tr>\n<tr>\n<td style=\"width: 15.8421%;\">\n<hr \/>\n<\/td>\n<td style=\"width: 57.077%;\">\n<hr \/>\n<\/td>\n<td style=\"width: 27.0808%; height: 24px;\"><\/td>\n<\/tr>\n<tr>\n<td style=\"width: 15.8421%;\">Implementation:<\/td>\n<td style=\"width: 84.1578%;\" colspan=\"2\">Mag. Dr. Stefanie Mayer<sup>a<\/sup> Helga Amesberger<br \/>\nMag. Dr. Stefanie Mayer<sup>a<\/sup> Katrin Auer<br \/>\nMag. Dr. Stefanie Mayer<sup>a<\/sup> Brigitte Halbmayr<br \/>\nMMag.<sub>a<\/sub> Karin St\u00f6gner<br \/>\nChristine Schindler (Dokumentationsarchiv des \u00d6sterreichischen Widerstands)<\/td>\n<\/tr>\n<tr>\n<td style=\"width: 15.8421%;\">\n<hr \/>\n<\/td>\n<td style=\"width: 57.077%;\">\n<hr \/>\n<\/td>\n<td style=\"width: 27.0808%;\"><\/td>\n<\/tr>\n<tr>\n<td style=\"width: 15.8421%;\">Funded by:<\/td>\n<td style=\"width: 84.1578%;\" colspan=\"2\">Federal Ministry of the Interior<\/td>\n<\/tr>\n<tr>\n<td style=\"width: 15.8421%;\">\n<hr \/>\n<\/td>\n<td style=\"width: 57.077%;\">\n<hr \/>\n<\/td>\n<td style=\"width: 27.0808%; height: 24px;\"><\/td>\n<\/tr>\n<tr style=\"height: 24px;\">\n<td style=\"width: 15.8421%; height: 24px;\">Completed in:<\/td>\n<td style=\"height: 24px; width: 84.1578%;\" colspan=\"2\">Juni 2003<\/td>\n<\/tr>\n<\/tbody>\n<\/table>\n<\/div>\n<\/div><\/div><\/div><\/div><\/div>\n\n\n<div style=\"color:#404168\" class=\"wp-block-genesis-blocks-gb-spacer gb-block-spacer gb-divider-solid gb-spacer-divider gb-divider-size-1\"><hr style=\"height:3px\"\/><\/div>\n\n\n\n<div style=\"color:#404168\" class=\"wp-block-genesis-blocks-gb-spacer gb-block-spacer gb-divider-solid gb-divider-size-1\"><hr style=\"height:10px\"\/><\/div>\n\n\n<div id=\"pl-gb2940-69f23f9ba0104\"  class=\"panel-layout\" ><div id=\"pg-gb2940-69f23f9ba0104-0\"  class=\"panel-grid panel-no-style\" ><div id=\"pgc-gb2940-69f23f9ba0104-0-0\"  class=\"panel-grid-cell panel-grid-cell-empty\" ><\/div><div id=\"pgc-gb2940-69f23f9ba0104-0-1\"  class=\"panel-grid-cell panel-grid-cell-mobile-last\" ><div id=\"panel-gb2940-69f23f9ba0104-0-1-0\" class=\"so-panel widget widget_text panel-first-child panel-last-child\" data-index=\"0\" >\t\t\t<div class=\"textwidget\"><p align=\"justify\">Ziel des ZeitzeugInnenprojekts KZ-Gedenkst\u00e4tte Mauthausen \/ Mauthausen Survivors Documentation Project (MSDP) war es, rund 800 Interviews mit bzw. Lebenserinnerungen von \u00dcberlebenden des NS-Konzentrationslagers Mauthausen und seiner rd. 60 Nebenlager aufzuzeichnen. Nach einer Laufzeit von rd. 16 Monaten wurden dem Bundesministerium f\u00fcr Inneres als Auftraggeber, im Konkreten dem Archiv der KZ-Gedenkst\u00e4tte Mauthausen, insgesamt 838 Audio-Interviews, gespeichert in digitalisierter Form (Mini-Discs) \u00fcbergeben, 91 davon wurden auch auf Video aufgezeichnet. Die Interviews wurden inhaltlich und geographisch beschlagwortet, s\u00e4mtliche gesammelten Daten wurden in einer Datenbank erfasst. Zu diesen Daten geh\u00f6ren auch aktuelle Fotos der InterviewpartnerInnen, schriftliche Dokumente, Briefe und Fotos aus der Verfolgungszeit, Tageb\u00fccher, Erinnerungsst\u00fccke und Artefakte aus der KZ-Haft.<\/p>\n<p align=\"justify\">Die internationale Durchf\u00fchrung des Projekts wurde vom Institut f\u00fcr Konfliktforschung organisiert und koordiniert sowie vom Dokumentationsarchiv des \u00f6sterreichischen Widerstands administriert. TeilprojektleiterInnen\/regional coordinators in 18 Regionen in Europa, Israel und den USA waren f\u00fcr die Realisierung des Projekts in den einzelnen L\u00e4ndern verantwortlich. Die Mitarbeiterinnen des IKF waren zus\u00e4tzlich zur zentralen Koordination des Projekts auch f\u00fcr die Durchf\u00fchrung der Interviews in \u00d6sterreich und Gro\u00dfbritannien zust\u00e4ndig.<\/p>\n<p align=\"justify\">Insgesamt waren rd. 60 Personen als regional coordinators bzw. InterviewerInnen t\u00e4tig, KonsulentInnen, VideographInnen und AdministratorInnen erh\u00f6hten die ProjektteilnehmerInnen auf weit \u00fcber 80 Personen. Zur Abstimmung der methodischen und inhaltlichen Vorstellungen wurde daher im M\u00e4rz 2002 mit den regional coordinators ein Auftakt-Workshop in Wien durchgef\u00fchrt, bei dem insbesondere Fragen zur Interviewmethode, der Zugang zu den \u00dcberlebenden, die Zusammensetzung des Interview-Samples und Form der Interview-Aufzeichnung (Audio und Video) diskutiert wurden. Dem Workshop folgte unmittelbar ein Trainingsseminar f\u00fcr die InterviewerInnen. Die Schulung konzentrierte sich in erster Linie auf die Interviewtechnik, die Problematisierung der Beziehung InterviewerIn &#8211; Interviewee sowie auf das Ausf\u00fcllen der Questionnaires und Beherrschen des neuen technischen Equipments (digitale Aufnahmetechnik). Den InterviewerInnen wurde ein umfangreiches Handbuch mitgegeben, in dem alle Arbeitsschritte nochmals erkl\u00e4rt und die Arbeitsunterlagen gesammelt wurden, sowie ein Reader mit ausgew\u00e4hlter Literatur zur Geschichte des Konzentrationslagers Mauthausen.<\/p>\n<p align=\"justify\">Die Auswahl der rd. 840 InterviewpartnerInnen orientierte sich an der Zusammensetzung der sogenannten H\u00e4ftlingsgesellschaft im KZ Mauthausen nach den Kriterien Verhaftungsgrund, Nationalit\u00e4t, Alter bei der Inhaftierung, Zeitpunkt der Verhaftung, Haftdauer und Geschlecht.<\/p>\n<p align=\"justify\">Mit den \u00dcberlebenden wurden lebensgeschichtliche Interviews gef\u00fchrt, in denen den Interviewees mit einer sehr allgemein gehaltenen Einstiegsaufforderung (&#8220;Erz\u00e4hlen Sie mir bitte Ihre Lebensgeschichte&#8221;) die M\u00f6glichkeit zur individuellen Gestaltung der eigenen biographischen Retrospektive gegeben wurde, erst in einem zweiten und dritten Schritt wurden Fragen zum Erz\u00e4hlten bzw. noch nicht Geh\u00f6rten gestellt. Ein themenzentrierter Leitfaden unterst\u00fctzte die Fragef\u00fchrung. Erg\u00e4nzt wurden die Interviews mit einem relativ detaillierten Fragebogen.<\/p>\n<p align=\"justify\">Insgesamt wurden in rund 20 L\u00e4ndern Europas, in Israel, in Nord- und S\u00fcdamerika lebensgeschichtliche Interviews in der jeweiligen Muttersprache der \u00dcberlebenden bzw. in der Nationalsprache durchgef\u00fchrt. Da die Inhaftierten des Konzentrationslagers Mauthausen zum \u00fcberwiegenden Teil (ca. 90%) aus nicht deutschsprachigen L\u00e4ndern gekommen waren, wird mit der Sammlung dieser Interviews erstmals die nationale, kulturelle und religi\u00f6se Vielfalt der &#8220;H\u00e4ftlingsgesellschaft&#8221; dokumentiert.<\/p>\n<p align=\"justify\">Unter den zeitlichen wie auch budget\u00e4ren Rahmenbedingungen von Seiten des Auftraggebers konnten keine Transkriptionen bzw. \u00dcbersetzungen der Interviews erfolgen. Ebenso sind weiterf\u00fchrende Forschungsprojekte, die das gesammelte Material sukzessive aufbereiten k\u00f6nnen, noch ausst\u00e4ndig.<\/p>\n<p align=\"justify\">Ein wichtiges erstes Ergebnis des MSDP stellt jedoch die Ausstellung &#8220;Mauthausen erz\u00e4hlen&#8221; (20 halbst\u00fcndige Video-Interviews) im neuen Besucherzentrum der KZ-Gedenkst\u00e4tte Mauthausen dar, welche am 11. Mai 2003 er\u00f6ffnet wurde.<\/p>\n<\/div>\n\t\t<\/div><\/div><div id=\"pgc-gb2940-69f23f9ba0104-0-2\"  class=\"panel-grid-cell panel-grid-cell-empty\" ><\/div><\/div><\/div>\n\n\n<div style=\"color:#333\" class=\"wp-block-genesis-blocks-gb-spacer gb-block-spacer gb-divider-solid gb-spacer-divider gb-divider-size-1\"><hr style=\"height:100px\"\/><\/div>\n<\/div><\/div><\/div>","protected":false},"excerpt":{"rendered":"","protected":false},"author":2,"featured_media":0,"parent":982,"menu_order":33,"comment_status":"closed","ping_status":"closed","template":"","meta":{"footnotes":""},"class_list":["post-2940","page","type-page","status-publish","hentry","post"],"featured_image_src":null,"featured_image_src_square":null,"_links":{"self":[{"href":"https:\/\/ikf.ac.at\/en\/wp-json\/wp\/v2\/pages\/2940","targetHints":{"allow":["GET"]}}],"collection":[{"href":"https:\/\/ikf.ac.at\/en\/wp-json\/wp\/v2\/pages"}],"about":[{"href":"https:\/\/ikf.ac.at\/en\/wp-json\/wp\/v2\/types\/page"}],"author":[{"embeddable":true,"href":"https:\/\/ikf.ac.at\/en\/wp-json\/wp\/v2\/users\/2"}],"replies":[{"embeddable":true,"href":"https:\/\/ikf.ac.at\/en\/wp-json\/wp\/v2\/comments?post=2940"}],"version-history":[{"count":3,"href":"https:\/\/ikf.ac.at\/en\/wp-json\/wp\/v2\/pages\/2940\/revisions"}],"predecessor-version":[{"id":3134,"href":"https:\/\/ikf.ac.at\/en\/wp-json\/wp\/v2\/pages\/2940\/revisions\/3134"}],"up":[{"embeddable":true,"href":"https:\/\/ikf.ac.at\/en\/wp-json\/wp\/v2\/pages\/982"}],"wp:attachment":[{"href":"https:\/\/ikf.ac.at\/en\/wp-json\/wp\/v2\/media?parent=2940"}],"curies":[{"name":"wp","href":"https:\/\/api.w.org\/{rel}","templated":true}]}}

2003: ZeitzeugInnenprojekt KZ-Gedenkstätte Mauthausen / Mauthausen Survivors Documentation Project

<div class="wp-block-atomic-blocks-ab-container alignfull ab-block-container"><div class="ab-container-inside"><div class="ab-container-content"><div id="pl-gb2940-69f23f9b9f65c"  class="panel-layout" ><div id="pg-gb2940-69f23f9b9f65c-0"  class="panel-grid panel-no-style" ><div id="pgc-gb2940-69f23f9b9f65c-0-0"  class="panel-grid-cell" ><div id="panel-gb2940-69f23f9b9f65c-0-0-0" class="so-panel widget widget_media_image panel-first-child panel-last-child" data-index="0" ><img loading="lazy" decoding="async" width="2554" height="10" src="https://ikf.ac.at/wp-content/uploads/2021/01/linie_IKF.jpg" class="image wp-image-754  attachment-full size-full" alt="" style="max-width: 100%; height: auto;" srcset="https://ikf.ac.at/wp-content/uploads/2021/01/linie_IKF.jpg 2554w, https://ikf.ac.at/wp-content/uploads/2021/01/linie_IKF-300x1.jpg 300w, https://ikf.ac.at/wp-content/uploads/2021/01/linie_IKF-1024x4.jpg 1024w, https://ikf.ac.at/wp-content/uploads/2021/01/linie_IKF-768x3.jpg 768w, https://ikf.ac.at/wp-content/uploads/2021/01/linie_IKF-1536x6.jpg 1536w, https://ikf.ac.at/wp-content/uploads/2021/01/linie_IKF-2048x8.jpg 2048w" sizes="auto, (max-width: 2554px) 100vw, 2554px" /></div></div></div></div>


<div style="color:#ddd" class="wp-block-genesis-blocks-gb-spacer gb-block-spacer gb-divider-solid gb-divider-size-1"><hr style="height:15px"/></div>


<div id="pl-gb2940-69f23f9b9fbf5"  class="panel-layout" ><div id="pg-gb2940-69f23f9b9fbf5-0"  class="panel-grid panel-no-style" ><div id="pgc-gb2940-69f23f9b9fbf5-0-0"  class="panel-grid-cell panel-grid-cell-empty" ></div><div id="pgc-gb2940-69f23f9b9fbf5-0-1"  class="panel-grid-cell" ><div id="panel-gb2940-69f23f9b9fbf5-0-1-0" class="so-panel widget widget_sow-editor panel-first-child panel-last-child" data-index="0" ><div
			
			class="so-widget-sow-editor so-widget-sow-editor-base"
			
		>
<div class="siteorigin-widget-tinymce textwidget">
	<table style="height: 100px; width: 100%; border-collapse: collapse;" border="1" cellpadding="2">
<tbody>
<tr style="height: 24px;">
<td style="width: 15.8421%; height: 24px;">Project management:</td>
<td style="width: 84.1578%; height: 24px;" colspan="2">Univ.-Prof. Dr. Gerhard Botz<br />
(Ludwig Boltzmann-Institut für Historische Sozialwissenschaft)</td>
</tr>
<tr>
<td style="width: 15.8421%;">
<hr />
</td>
<td style="width: 57.077%;">
<hr />
</td>
<td style="width: 27.0808%; height: 24px;"></td>
</tr>
<tr>
<td style="width: 15.8421%;">Implementation:</td>
<td style="width: 84.1578%;" colspan="2">Mag. Dr. Stefanie Mayer<sup>a</sup> Helga Amesberger<br />
Mag. Dr. Stefanie Mayer<sup>a</sup> Katrin Auer<br />
Mag. Dr. Stefanie Mayer<sup>a</sup> Brigitte Halbmayr<br />
MMag.<sub>a</sub> Karin Stögner<br />
Christine Schindler (Dokumentationsarchiv des Österreichischen Widerstands)</td>
</tr>
<tr>
<td style="width: 15.8421%;">
<hr />
</td>
<td style="width: 57.077%;">
<hr />
</td>
<td style="width: 27.0808%;"></td>
</tr>
<tr>
<td style="width: 15.8421%;">Funded by:</td>
<td style="width: 84.1578%;" colspan="2">Federal Ministry of the Interior</td>
</tr>
<tr>
<td style="width: 15.8421%;">
<hr />
</td>
<td style="width: 57.077%;">
<hr />
</td>
<td style="width: 27.0808%; height: 24px;"></td>
</tr>
<tr style="height: 24px;">
<td style="width: 15.8421%; height: 24px;">Completed in:</td>
<td style="height: 24px; width: 84.1578%;" colspan="2">Juni 2003</td>
</tr>
</tbody>
</table>
</div>
</div></div></div></div></div>


<div style="color:#404168" class="wp-block-genesis-blocks-gb-spacer gb-block-spacer gb-divider-solid gb-spacer-divider gb-divider-size-1"><hr style="height:3px"/></div>



<div style="color:#404168" class="wp-block-genesis-blocks-gb-spacer gb-block-spacer gb-divider-solid gb-divider-size-1"><hr style="height:10px"/></div>


<div id="pl-gb2940-69f23f9ba0104"  class="panel-layout" ><div id="pg-gb2940-69f23f9ba0104-0"  class="panel-grid panel-no-style" ><div id="pgc-gb2940-69f23f9ba0104-0-0"  class="panel-grid-cell panel-grid-cell-empty" ></div><div id="pgc-gb2940-69f23f9ba0104-0-1"  class="panel-grid-cell panel-grid-cell-mobile-last" ><div id="panel-gb2940-69f23f9ba0104-0-1-0" class="so-panel widget widget_text panel-first-child panel-last-child" data-index="0" >			<div class="textwidget"><p align="justify">Ziel des ZeitzeugInnenprojekts KZ-Gedenkstätte Mauthausen / Mauthausen Survivors Documentation Project (MSDP) war es, rund 800 Interviews mit bzw. Lebenserinnerungen von Überlebenden des NS-Konzentrationslagers Mauthausen und seiner rd. 60 Nebenlager aufzuzeichnen. Nach einer Laufzeit von rd. 16 Monaten wurden dem Bundesministerium für Inneres als Auftraggeber, im Konkreten dem Archiv der KZ-Gedenkstätte Mauthausen, insgesamt 838 Audio-Interviews, gespeichert in digitalisierter Form (Mini-Discs) übergeben, 91 davon wurden auch auf Video aufgezeichnet. Die Interviews wurden inhaltlich und geographisch beschlagwortet, sämtliche gesammelten Daten wurden in einer Datenbank erfasst. Zu diesen Daten gehören auch aktuelle Fotos der InterviewpartnerInnen, schriftliche Dokumente, Briefe und Fotos aus der Verfolgungszeit, Tagebücher, Erinnerungsstücke und Artefakte aus der KZ-Haft.</p>
<p align="justify">Die internationale Durchführung des Projekts wurde vom Institut für Konfliktforschung organisiert und koordiniert sowie vom Dokumentationsarchiv des österreichischen Widerstands administriert. TeilprojektleiterInnen/regional coordinators in 18 Regionen in Europa, Israel und den USA waren für die Realisierung des Projekts in den einzelnen Ländern verantwortlich. Die Mitarbeiterinnen des IKF waren zusätzlich zur zentralen Koordination des Projekts auch für die Durchführung der Interviews in Österreich und Großbritannien zuständig.</p>
<p align="justify">Insgesamt waren rd. 60 Personen als regional coordinators bzw. InterviewerInnen tätig, KonsulentInnen, VideographInnen und AdministratorInnen erhöhten die ProjektteilnehmerInnen auf weit über 80 Personen. Zur Abstimmung der methodischen und inhaltlichen Vorstellungen wurde daher im März 2002 mit den regional coordinators ein Auftakt-Workshop in Wien durchgeführt, bei dem insbesondere Fragen zur Interviewmethode, der Zugang zu den Überlebenden, die Zusammensetzung des Interview-Samples und Form der Interview-Aufzeichnung (Audio und Video) diskutiert wurden. Dem Workshop folgte unmittelbar ein Trainingsseminar für die InterviewerInnen. Die Schulung konzentrierte sich in erster Linie auf die Interviewtechnik, die Problematisierung der Beziehung InterviewerIn &#8211; Interviewee sowie auf das Ausfüllen der Questionnaires und Beherrschen des neuen technischen Equipments (digitale Aufnahmetechnik). Den InterviewerInnen wurde ein umfangreiches Handbuch mitgegeben, in dem alle Arbeitsschritte nochmals erklärt und die Arbeitsunterlagen gesammelt wurden, sowie ein Reader mit ausgewählter Literatur zur Geschichte des Konzentrationslagers Mauthausen.</p>
<p align="justify">Die Auswahl der rd. 840 InterviewpartnerInnen orientierte sich an der Zusammensetzung der sogenannten Häftlingsgesellschaft im KZ Mauthausen nach den Kriterien Verhaftungsgrund, Nationalität, Alter bei der Inhaftierung, Zeitpunkt der Verhaftung, Haftdauer und Geschlecht.</p>
<p align="justify">Mit den Überlebenden wurden lebensgeschichtliche Interviews geführt, in denen den Interviewees mit einer sehr allgemein gehaltenen Einstiegsaufforderung (&#8220;Erzählen Sie mir bitte Ihre Lebensgeschichte&#8221;) die Möglichkeit zur individuellen Gestaltung der eigenen biographischen Retrospektive gegeben wurde, erst in einem zweiten und dritten Schritt wurden Fragen zum Erzählten bzw. noch nicht Gehörten gestellt. Ein themenzentrierter Leitfaden unterstützte die Frageführung. Ergänzt wurden die Interviews mit einem relativ detaillierten Fragebogen.</p>
<p align="justify">Insgesamt wurden in rund 20 Ländern Europas, in Israel, in Nord- und Südamerika lebensgeschichtliche Interviews in der jeweiligen Muttersprache der Überlebenden bzw. in der Nationalsprache durchgeführt. Da die Inhaftierten des Konzentrationslagers Mauthausen zum überwiegenden Teil (ca. 90%) aus nicht deutschsprachigen Ländern gekommen waren, wird mit der Sammlung dieser Interviews erstmals die nationale, kulturelle und religiöse Vielfalt der &#8220;Häftlingsgesellschaft&#8221; dokumentiert.</p>
<p align="justify">Unter den zeitlichen wie auch budgetären Rahmenbedingungen von Seiten des Auftraggebers konnten keine Transkriptionen bzw. Übersetzungen der Interviews erfolgen. Ebenso sind weiterführende Forschungsprojekte, die das gesammelte Material sukzessive aufbereiten können, noch ausständig.</p>
<p align="justify">Ein wichtiges erstes Ergebnis des MSDP stellt jedoch die Ausstellung &#8220;Mauthausen erzählen&#8221; (20 halbstündige Video-Interviews) im neuen Besucherzentrum der KZ-Gedenkstätte Mauthausen dar, welche am 11. Mai 2003 eröffnet wurde.</p>
</div>
		</div></div><div id="pgc-gb2940-69f23f9ba0104-0-2"  class="panel-grid-cell panel-grid-cell-empty" ></div></div></div>


<div style="color:#333" class="wp-block-genesis-blocks-gb-spacer gb-block-spacer gb-divider-solid gb-spacer-divider gb-divider-size-1"><hr style="height:100px"/></div>
</div></div></div>
