{"id":2937,"date":"2021-05-05T12:47:14","date_gmt":"2021-05-05T12:47:14","guid":{"rendered":"http:\/\/test-ikf.online\/?page_id=2937"},"modified":"2021-05-05T12:47:35","modified_gmt":"2021-05-05T12:47:35","slug":"2004-emigration-flucht-vertreibung-migrationsbewegungen-oesterreichischer-juedinnen-und-juden-nach-palaestina-1934-1948","status":"publish","type":"page","link":"https:\/\/ikf.ac.at\/en\/schwerpunkte\/hist-sozialforschung\/oral-history\/2004-emigration-flucht-vertreibung-migrationsbewegungen-oesterreichischer-juedinnen-und-juden-nach-palaestina-1934-1948","title":{"rendered":"2004: Emigration \u2013 Flucht \u2013 Vertreibung. Migrationsbewegungen \u00f6sterreichischer J\u00fcdinnen und Juden nach Pal\u00e4stina 1934-1948"},"content":{"rendered":"<div class=\"wp-block-atomic-blocks-ab-container alignfull ab-block-container\"><div class=\"ab-container-inside\"><div class=\"ab-container-content\"><div id=\"pl-gb2937-69f23f9d25b81\"  class=\"panel-layout\" ><div id=\"pg-gb2937-69f23f9d25b81-0\"  class=\"panel-grid panel-no-style\" ><div id=\"pgc-gb2937-69f23f9d25b81-0-0\"  class=\"panel-grid-cell\" ><div id=\"panel-gb2937-69f23f9d25b81-0-0-0\" class=\"so-panel widget widget_media_image panel-first-child panel-last-child\" data-index=\"0\" ><img loading=\"lazy\" decoding=\"async\" width=\"2554\" height=\"10\" src=\"https:\/\/ikf.ac.at\/wp-content\/uploads\/2021\/01\/linie_IKF.jpg\" class=\"image wp-image-754  attachment-full size-full\" alt=\"\" style=\"max-width: 100%; height: auto;\" srcset=\"https:\/\/ikf.ac.at\/wp-content\/uploads\/2021\/01\/linie_IKF.jpg 2554w, https:\/\/ikf.ac.at\/wp-content\/uploads\/2021\/01\/linie_IKF-300x1.jpg 300w, https:\/\/ikf.ac.at\/wp-content\/uploads\/2021\/01\/linie_IKF-1024x4.jpg 1024w, https:\/\/ikf.ac.at\/wp-content\/uploads\/2021\/01\/linie_IKF-768x3.jpg 768w, https:\/\/ikf.ac.at\/wp-content\/uploads\/2021\/01\/linie_IKF-1536x6.jpg 1536w, https:\/\/ikf.ac.at\/wp-content\/uploads\/2021\/01\/linie_IKF-2048x8.jpg 2048w\" sizes=\"auto, (max-width: 2554px) 100vw, 2554px\" \/><\/div><\/div><\/div><\/div>\n\n\n<div style=\"color:#ddd\" class=\"wp-block-genesis-blocks-gb-spacer gb-block-spacer gb-divider-solid gb-divider-size-1\"><hr style=\"height:30px\"\/><\/div>\n\n\n<div id=\"pl-gb2937-69f23f9d2608b\"  class=\"panel-layout\" ><div id=\"pg-gb2937-69f23f9d2608b-0\"  class=\"panel-grid panel-no-style\" ><div id=\"pgc-gb2937-69f23f9d2608b-0-0\"  class=\"panel-grid-cell panel-grid-cell-empty\" ><\/div><div id=\"pgc-gb2937-69f23f9d2608b-0-1\"  class=\"panel-grid-cell\" ><div id=\"panel-gb2937-69f23f9d2608b-0-1-0\" class=\"so-panel widget widget_sow-editor panel-first-child panel-last-child\" data-index=\"0\" ><div\n\t\t\t\n\t\t\tclass=\"so-widget-sow-editor so-widget-sow-editor-base\"\n\t\t\t\n\t\t>\n<div class=\"siteorigin-widget-tinymce textwidget\">\n\t<table style=\"height: 100px; width: 100%; border-collapse: collapse;\" border=\"1\" cellpadding=\"2\">\n<tbody>\n<tr style=\"height: 24px;\">\n<td style=\"width: 15.8421%; height: 24px;\">Project management:<\/td>\n<td style=\"width: 84.1578%; height: 24px;\" colspan=\"2\">Univ.-Prof. Dr. Anton Pelinka<\/td>\n<\/tr>\n<tr>\n<td style=\"width: 15.8421%;\">\n<hr \/>\n<\/td>\n<td style=\"width: 34.0793%;\">\n<hr \/>\n<\/td>\n<td style=\"width: 50.0785%; height: 24px;\"><\/td>\n<\/tr>\n<tr>\n<td style=\"width: 15.8421%;\">Implementation:<\/td>\n<td style=\"width: 84.1578%;\" colspan=\"2\">Mag. Dr. Stefanie Mayer<sup>a<\/sup> Brigitte Halbmayr<\/td>\n<\/tr>\n<tr>\n<td style=\"width: 15.8421%;\">\n<hr \/>\n<\/td>\n<td style=\"width: 34.0793%;\">\n<hr \/>\n<\/td>\n<td style=\"width: 50.0785%;\"><\/td>\n<\/tr>\n<tr>\n<td style=\"width: 15.8421%;\">Funded by:<\/td>\n<td style=\"width: 84.1578%;\" colspan=\"2\">Dr.<sup>in<\/sup> Joanna Nittenberg (Illustrierte Neue Welt)<\/td>\n<\/tr>\n<tr>\n<td style=\"width: 15.8421%;\">\n<hr \/>\n<\/td>\n<td style=\"width: 34.0793%;\">\n<hr \/>\n<\/td>\n<td style=\"width: 50.0785%; height: 24px;\"><\/td>\n<\/tr>\n<tr style=\"height: 24px;\">\n<td style=\"width: 15.8421%; height: 24px;\">Completed in:<\/td>\n<td style=\"height: 24px; width: 84.1578%;\" colspan=\"2\">April 2004<\/td>\n<\/tr>\n<\/tbody>\n<\/table>\n<\/div>\n<\/div><\/div><\/div><\/div><\/div>\n\n\n<div style=\"color:#404168\" class=\"wp-block-genesis-blocks-gb-spacer gb-block-spacer gb-divider-solid gb-spacer-divider gb-divider-size-1\"><hr style=\"height:3px\"\/><\/div>\n\n\n\n<div style=\"color:#404168\" class=\"wp-block-genesis-blocks-gb-spacer gb-block-spacer gb-divider-solid gb-divider-size-1\"><hr style=\"height:10px\"\/><\/div>\n\n\n<div id=\"pl-gb2937-69f23f9d2653c\"  class=\"panel-layout\" ><div id=\"pg-gb2937-69f23f9d2653c-0\"  class=\"panel-grid panel-no-style\" ><div id=\"pgc-gb2937-69f23f9d2653c-0-0\"  class=\"panel-grid-cell panel-grid-cell-empty\" ><\/div><div id=\"pgc-gb2937-69f23f9d2653c-0-1\"  class=\"panel-grid-cell panel-grid-cell-mobile-last\" ><div id=\"panel-gb2937-69f23f9d2653c-0-1-0\" class=\"so-panel widget widget_text panel-first-child panel-last-child\" data-index=\"0\" >\t\t\t<div class=\"textwidget\"><p align=\"justify\">Das Projekt &#8220;Emigration \u2013 Flucht \u2013 Vertreibung. Migrationsbewegungen \u00f6sterreichischer J\u00fcdinnen und Juden nach Pal\u00e4stina 1934-1948&#8221; ist Teil eines breiter angelegten Publikationsprojekts (unter Leitung von Joanna Nittenberg und Angelika Hagen), welches sich unter dem Titel &#8220;Flucht und Neubeginn&#8221; insbesondere den \u00f6sterreichischen J\u00fcdinnen und Juden in Israel widmet. In einem methodischen Mix aus wissenschaftlicher Aufbereitung historischer Daten und Entwicklungen im genannten Zeitraum in \u00d6sterreich sowie der Situation in Pal\u00e4stina (Israel), welche die Gefl\u00fcchteten vorgefunden haben, einerseits, und der Auswertung von lebensgeschichtlichen Interviews mit rund 40 \u00f6sterreichischen Juden und J\u00fcdinnen in Israel andererseits sollen vor allem die Bedingungen multipler Identit\u00e4tsentwicklung erhoben und analysiert werden.<\/p>\n<p align=\"justify\">Der vom Institut f\u00fcr Konfliktforschung durchgef\u00fchrte Projektteil besch\u00e4ftigt sich mit den Migrationsbewegungen von J\u00fcdinnen und Juden nach Pal\u00e4stina im Zeitraum 1934-1948, welcher drei gro\u00dfe Zeitspannen umfasst: die Zeit zwischen 1934 bis zum &#8220;Anschluss&#8221; \u00d6sterreichs an das nationalsozialistische Deutschland, die Jahre der NS-Diktatur 1938 bis 1945 und schlie\u00dflich die ersten drei Jahre nach Kriegsende. Die drei Zeitspannen stellten f\u00fcr die Migration nach Pal\u00e4stina vollkommen unterschiedliche Rahmenbedingungen und M\u00f6glichkeiten der Durchf\u00fchrung dar \u2013 eine Tatsache, welche auch in der Neuformulierung des urspr\u00fcnglich schlicht &#8220;Flucht aus \u00d6sterreich&#8221; lautenden Titels des Projektteils auf &#8220;Migration \u2013 Flucht \u2013 Vertreibung&#8221; zum Ausdruck kommt.<\/p>\n<p align=\"justify\">Der Bericht beginnt mit einem \u00dcberblick zu Zahlen und Daten f\u00fcr den gesamten Untersuchungszeitraum, unterteilt auf die drei genannten Zeitspannen. Anschlie\u00dfend erl\u00e4utert er die politischen Entwicklungen bis 1938 und damit die Situation f\u00fcr die j\u00fcdische Bev\u00f6lkerung in \u00d6sterreich. Der Hauptteil der Arbeit handelt von den Schicksalsjahren 1938 bis 1945, in welchen innerhalb weniger Monate die Flucht vor Verfolgung und schlie\u00dflich Vernichtung mit staatlicher Vertreibung (und vorheriger Ausbeutung und Enteignung) Hand in Hand ging. Die politischen Entwicklungen, wesentliche Ereignisse wie der Novemberpogrom 1938 sowie einflussreiche Beh\u00f6rden wie die &#8220;Zentralstelle f\u00fcr j\u00fcdische Auswanderung&#8221; werden beleuchtet, schlie\u00dflich auf die unterschiedlichen Fluchtbewegungen nach Pal\u00e4stina und auf deren ungeheure Erschwernisse genauer eingegangen. Der dritte Abschnitt der Literaturstudie versucht eine Einsch\u00e4tzung des Ausma\u00dfes an Emigration nach wie auch Remigration aus Pal\u00e4stina bis zum Zeitpunkt der Staatsgr\u00fcndung Israels 1948.<\/p>\n<\/div>\n\t\t<\/div><\/div><div id=\"pgc-gb2937-69f23f9d2653c-0-2\"  class=\"panel-grid-cell panel-grid-cell-empty\" ><\/div><\/div><\/div>\n\n\n<div style=\"color:#333\" class=\"wp-block-genesis-blocks-gb-spacer gb-block-spacer gb-divider-solid gb-spacer-divider gb-divider-size-1\"><hr style=\"height:100px\"\/><\/div>\n<\/div><\/div><\/div>","protected":false},"excerpt":{"rendered":"","protected":false},"author":2,"featured_media":0,"parent":982,"menu_order":32,"comment_status":"closed","ping_status":"closed","template":"","meta":{"footnotes":""},"class_list":["post-2937","page","type-page","status-publish","hentry","post"],"featured_image_src":null,"featured_image_src_square":null,"_links":{"self":[{"href":"https:\/\/ikf.ac.at\/en\/wp-json\/wp\/v2\/pages\/2937","targetHints":{"allow":["GET"]}}],"collection":[{"href":"https:\/\/ikf.ac.at\/en\/wp-json\/wp\/v2\/pages"}],"about":[{"href":"https:\/\/ikf.ac.at\/en\/wp-json\/wp\/v2\/types\/page"}],"author":[{"embeddable":true,"href":"https:\/\/ikf.ac.at\/en\/wp-json\/wp\/v2\/users\/2"}],"replies":[{"embeddable":true,"href":"https:\/\/ikf.ac.at\/en\/wp-json\/wp\/v2\/comments?post=2937"}],"version-history":[{"count":2,"href":"https:\/\/ikf.ac.at\/en\/wp-json\/wp\/v2\/pages\/2937\/revisions"}],"predecessor-version":[{"id":2939,"href":"https:\/\/ikf.ac.at\/en\/wp-json\/wp\/v2\/pages\/2937\/revisions\/2939"}],"up":[{"embeddable":true,"href":"https:\/\/ikf.ac.at\/en\/wp-json\/wp\/v2\/pages\/982"}],"wp:attachment":[{"href":"https:\/\/ikf.ac.at\/en\/wp-json\/wp\/v2\/media?parent=2937"}],"curies":[{"name":"wp","href":"https:\/\/api.w.org\/{rel}","templated":true}]}}

2004: Emigration – Flucht – Vertreibung. Migrationsbewegungen österreichischer Jüdinnen und Juden nach Palästina 1934-1948

<div class="wp-block-atomic-blocks-ab-container alignfull ab-block-container"><div class="ab-container-inside"><div class="ab-container-content"><div id="pl-gb2937-69f23f9d25b81"  class="panel-layout" ><div id="pg-gb2937-69f23f9d25b81-0"  class="panel-grid panel-no-style" ><div id="pgc-gb2937-69f23f9d25b81-0-0"  class="panel-grid-cell" ><div id="panel-gb2937-69f23f9d25b81-0-0-0" class="so-panel widget widget_media_image panel-first-child panel-last-child" data-index="0" ><img loading="lazy" decoding="async" width="2554" height="10" src="https://ikf.ac.at/wp-content/uploads/2021/01/linie_IKF.jpg" class="image wp-image-754  attachment-full size-full" alt="" style="max-width: 100%; height: auto;" srcset="https://ikf.ac.at/wp-content/uploads/2021/01/linie_IKF.jpg 2554w, https://ikf.ac.at/wp-content/uploads/2021/01/linie_IKF-300x1.jpg 300w, https://ikf.ac.at/wp-content/uploads/2021/01/linie_IKF-1024x4.jpg 1024w, https://ikf.ac.at/wp-content/uploads/2021/01/linie_IKF-768x3.jpg 768w, https://ikf.ac.at/wp-content/uploads/2021/01/linie_IKF-1536x6.jpg 1536w, https://ikf.ac.at/wp-content/uploads/2021/01/linie_IKF-2048x8.jpg 2048w" sizes="auto, (max-width: 2554px) 100vw, 2554px" /></div></div></div></div>


<div style="color:#ddd" class="wp-block-genesis-blocks-gb-spacer gb-block-spacer gb-divider-solid gb-divider-size-1"><hr style="height:30px"/></div>


<div id="pl-gb2937-69f23f9d2608b"  class="panel-layout" ><div id="pg-gb2937-69f23f9d2608b-0"  class="panel-grid panel-no-style" ><div id="pgc-gb2937-69f23f9d2608b-0-0"  class="panel-grid-cell panel-grid-cell-empty" ></div><div id="pgc-gb2937-69f23f9d2608b-0-1"  class="panel-grid-cell" ><div id="panel-gb2937-69f23f9d2608b-0-1-0" class="so-panel widget widget_sow-editor panel-first-child panel-last-child" data-index="0" ><div
			
			class="so-widget-sow-editor so-widget-sow-editor-base"
			
		>
<div class="siteorigin-widget-tinymce textwidget">
	<table style="height: 100px; width: 100%; border-collapse: collapse;" border="1" cellpadding="2">
<tbody>
<tr style="height: 24px;">
<td style="width: 15.8421%; height: 24px;">Project management:</td>
<td style="width: 84.1578%; height: 24px;" colspan="2">Univ.-Prof. Dr. Anton Pelinka</td>
</tr>
<tr>
<td style="width: 15.8421%;">
<hr />
</td>
<td style="width: 34.0793%;">
<hr />
</td>
<td style="width: 50.0785%; height: 24px;"></td>
</tr>
<tr>
<td style="width: 15.8421%;">Implementation:</td>
<td style="width: 84.1578%;" colspan="2">Mag. Dr. Stefanie Mayer<sup>a</sup> Brigitte Halbmayr</td>
</tr>
<tr>
<td style="width: 15.8421%;">
<hr />
</td>
<td style="width: 34.0793%;">
<hr />
</td>
<td style="width: 50.0785%;"></td>
</tr>
<tr>
<td style="width: 15.8421%;">Funded by:</td>
<td style="width: 84.1578%;" colspan="2">Dr.<sup>in</sup> Joanna Nittenberg (Illustrierte Neue Welt)</td>
</tr>
<tr>
<td style="width: 15.8421%;">
<hr />
</td>
<td style="width: 34.0793%;">
<hr />
</td>
<td style="width: 50.0785%; height: 24px;"></td>
</tr>
<tr style="height: 24px;">
<td style="width: 15.8421%; height: 24px;">Completed in:</td>
<td style="height: 24px; width: 84.1578%;" colspan="2">April 2004</td>
</tr>
</tbody>
</table>
</div>
</div></div></div></div></div>


<div style="color:#404168" class="wp-block-genesis-blocks-gb-spacer gb-block-spacer gb-divider-solid gb-spacer-divider gb-divider-size-1"><hr style="height:3px"/></div>



<div style="color:#404168" class="wp-block-genesis-blocks-gb-spacer gb-block-spacer gb-divider-solid gb-divider-size-1"><hr style="height:10px"/></div>


<div id="pl-gb2937-69f23f9d2653c"  class="panel-layout" ><div id="pg-gb2937-69f23f9d2653c-0"  class="panel-grid panel-no-style" ><div id="pgc-gb2937-69f23f9d2653c-0-0"  class="panel-grid-cell panel-grid-cell-empty" ></div><div id="pgc-gb2937-69f23f9d2653c-0-1"  class="panel-grid-cell panel-grid-cell-mobile-last" ><div id="panel-gb2937-69f23f9d2653c-0-1-0" class="so-panel widget widget_text panel-first-child panel-last-child" data-index="0" >			<div class="textwidget"><p align="justify">Das Projekt &#8220;Emigration – Flucht – Vertreibung. Migrationsbewegungen österreichischer Jüdinnen und Juden nach Palästina 1934-1948&#8221; ist Teil eines breiter angelegten Publikationsprojekts (unter Leitung von Joanna Nittenberg und Angelika Hagen), welches sich unter dem Titel &#8220;Flucht und Neubeginn&#8221; insbesondere den österreichischen Jüdinnen und Juden in Israel widmet. In einem methodischen Mix aus wissenschaftlicher Aufbereitung historischer Daten und Entwicklungen im genannten Zeitraum in Österreich sowie der Situation in Palästina (Israel), welche die Geflüchteten vorgefunden haben, einerseits, und der Auswertung von lebensgeschichtlichen Interviews mit rund 40 österreichischen Juden und Jüdinnen in Israel andererseits sollen vor allem die Bedingungen multipler Identitätsentwicklung erhoben und analysiert werden.</p>
<p align="justify">Der vom Institut für Konfliktforschung durchgeführte Projektteil beschäftigt sich mit den Migrationsbewegungen von Jüdinnen und Juden nach Palästina im Zeitraum 1934-1948, welcher drei große Zeitspannen umfasst: die Zeit zwischen 1934 bis zum &#8220;Anschluss&#8221; Österreichs an das nationalsozialistische Deutschland, die Jahre der NS-Diktatur 1938 bis 1945 und schließlich die ersten drei Jahre nach Kriegsende. Die drei Zeitspannen stellten für die Migration nach Palästina vollkommen unterschiedliche Rahmenbedingungen und Möglichkeiten der Durchführung dar – eine Tatsache, welche auch in der Neuformulierung des ursprünglich schlicht &#8220;Flucht aus Österreich&#8221; lautenden Titels des Projektteils auf &#8220;Migration – Flucht – Vertreibung&#8221; zum Ausdruck kommt.</p>
<p align="justify">Der Bericht beginnt mit einem Überblick zu Zahlen und Daten für den gesamten Untersuchungszeitraum, unterteilt auf die drei genannten Zeitspannen. Anschließend erläutert er die politischen Entwicklungen bis 1938 und damit die Situation für die jüdische Bevölkerung in Österreich. Der Hauptteil der Arbeit handelt von den Schicksalsjahren 1938 bis 1945, in welchen innerhalb weniger Monate die Flucht vor Verfolgung und schließlich Vernichtung mit staatlicher Vertreibung (und vorheriger Ausbeutung und Enteignung) Hand in Hand ging. Die politischen Entwicklungen, wesentliche Ereignisse wie der Novemberpogrom 1938 sowie einflussreiche Behörden wie die &#8220;Zentralstelle für jüdische Auswanderung&#8221; werden beleuchtet, schließlich auf die unterschiedlichen Fluchtbewegungen nach Palästina und auf deren ungeheure Erschwernisse genauer eingegangen. Der dritte Abschnitt der Literaturstudie versucht eine Einschätzung des Ausmaßes an Emigration nach wie auch Remigration aus Palästina bis zum Zeitpunkt der Staatsgründung Israels 1948.</p>
</div>
		</div></div><div id="pgc-gb2937-69f23f9d2653c-0-2"  class="panel-grid-cell panel-grid-cell-empty" ></div></div></div>


<div style="color:#333" class="wp-block-genesis-blocks-gb-spacer gb-block-spacer gb-divider-solid gb-spacer-divider gb-divider-size-1"><hr style="height:100px"/></div>
</div></div></div>
