{"id":2934,"date":"2021-05-05T08:18:03","date_gmt":"2021-05-05T08:18:03","guid":{"rendered":"http:\/\/test-ikf.online\/?page_id=2934"},"modified":"2021-07-01T10:28:39","modified_gmt":"2021-07-01T10:28:39","slug":"2011-zeitlebens-konsequent-hermann-langbein-1912-1995-eine-politische-biographie","status":"publish","type":"page","link":"https:\/\/ikf.ac.at\/en\/schwerpunkte\/hist-sozialforschung\/oral-history\/2011-zeitlebens-konsequent-hermann-langbein-1912-1995-eine-politische-biographie","title":{"rendered":"2011: Zeitlebens konsequent. Hermann Langbein (1912-1995). Eine politische Biographie"},"content":{"rendered":"<div class=\"wp-block-atomic-blocks-ab-container alignfull ab-block-container\"><div class=\"ab-container-inside\"><div class=\"ab-container-content\"><div id=\"pl-gb2934-69f23f9b88f58\"  class=\"panel-layout\" ><div id=\"pg-gb2934-69f23f9b88f58-0\"  class=\"panel-grid panel-no-style\" ><div id=\"pgc-gb2934-69f23f9b88f58-0-0\"  class=\"panel-grid-cell\" ><div id=\"panel-gb2934-69f23f9b88f58-0-0-0\" class=\"so-panel widget widget_media_image panel-first-child panel-last-child\" data-index=\"0\" ><img loading=\"lazy\" decoding=\"async\" width=\"2554\" height=\"10\" src=\"https:\/\/ikf.ac.at\/wp-content\/uploads\/2021\/01\/linie_IKF.jpg\" class=\"image wp-image-754  attachment-full size-full\" alt=\"\" style=\"max-width: 100%; height: auto;\" srcset=\"https:\/\/ikf.ac.at\/wp-content\/uploads\/2021\/01\/linie_IKF.jpg 2554w, https:\/\/ikf.ac.at\/wp-content\/uploads\/2021\/01\/linie_IKF-300x1.jpg 300w, https:\/\/ikf.ac.at\/wp-content\/uploads\/2021\/01\/linie_IKF-1024x4.jpg 1024w, https:\/\/ikf.ac.at\/wp-content\/uploads\/2021\/01\/linie_IKF-768x3.jpg 768w, https:\/\/ikf.ac.at\/wp-content\/uploads\/2021\/01\/linie_IKF-1536x6.jpg 1536w, https:\/\/ikf.ac.at\/wp-content\/uploads\/2021\/01\/linie_IKF-2048x8.jpg 2048w\" sizes=\"auto, (max-width: 2554px) 100vw, 2554px\" \/><\/div><\/div><\/div><\/div>\n\n\n<div style=\"color:#ddd\" class=\"wp-block-genesis-blocks-gb-spacer gb-block-spacer gb-divider-solid gb-divider-size-1\"><hr style=\"height:21px\"\/><\/div>\n\n\n<div id=\"pl-gb2934-69f23f9b894ad\"  class=\"panel-layout\" ><div id=\"pg-gb2934-69f23f9b894ad-0\"  class=\"panel-grid panel-no-style\" ><div id=\"pgc-gb2934-69f23f9b894ad-0-0\"  class=\"panel-grid-cell panel-grid-cell-empty\" ><\/div><div id=\"pgc-gb2934-69f23f9b894ad-0-1\"  class=\"panel-grid-cell\" ><div id=\"panel-gb2934-69f23f9b894ad-0-1-0\" class=\"so-panel widget widget_sow-editor panel-first-child panel-last-child\" data-index=\"0\" ><div\n\t\t\t\n\t\t\tclass=\"so-widget-sow-editor so-widget-sow-editor-base\"\n\t\t\t\n\t\t>\n<div class=\"siteorigin-widget-tinymce textwidget\">\n\t<table style=\"height: 100px; width: 100%; border-collapse: collapse;\" border=\"1\" cellpadding=\"2\">\n<tbody>\n<tr style=\"height: 24px;\">\n<td style=\"width: 15.8421%; height: 24px;\">Project management:<\/td>\n<td style=\"width: 84.1578%; height: 24px;\" colspan=\"2\">Univ.-Prof. Dr. Anton Pelinka<br \/>\nUniv.-Prof. Dr.<sup>in<\/sup> Erika Thurner<\/td>\n<\/tr>\n<tr>\n<td style=\"width: 15.8421%;\">\n<hr \/>\n<\/td>\n<td style=\"width: 45.6794%;\">\n<hr \/>\n<\/td>\n<td style=\"width: 38.4784%; height: 24px;\"><\/td>\n<\/tr>\n<tr>\n<td style=\"width: 15.8421%;\">Implementation:<\/td>\n<td style=\"width: 84.1578%;\" colspan=\"2\">Mag. Dr. Stefanie Mayer<sup>a<\/sup> Katharina Demel<br \/>\nMag. Dr. Stefanie Mayer<sup>a<\/sup> Dr.<sup>in<\/sup> Brigitte Halbmayr<\/td>\n<\/tr>\n<tr>\n<td style=\"width: 15.8421%;\">\n<hr \/>\n<\/td>\n<td style=\"width: 45.6794%;\">\n<hr \/>\n<\/td>\n<td style=\"width: 38.4784%;\"><\/td>\n<\/tr>\n<tr>\n<td style=\"width: 15.8421%;\">Funded by:<\/td>\n<td style=\"width: 84.1578%;\" colspan=\"2\">Bundesministerium f\u00fcr Wissenschaft und Forschung<br \/>\nFuture Fund of the Republic of Austria<br \/>\nNational Fund of the Republic of Austria for Victims of National Socialism<\/td>\n<\/tr>\n<tr>\n<td style=\"width: 15.8421%;\">\n<hr \/>\n<\/td>\n<td style=\"width: 45.6794%;\">\n<hr \/>\n<\/td>\n<td style=\"width: 38.4784%; height: 24px;\"><\/td>\n<\/tr>\n<tr style=\"height: 24px;\">\n<td style=\"width: 15.8421%; height: 24px;\">Completed in:<\/td>\n<td style=\"height: 24px; width: 84.1578%;\" colspan=\"2\">Dezember 2011<\/td>\n<\/tr>\n<\/tbody>\n<\/table>\n<\/div>\n<\/div><\/div><\/div><\/div><\/div>\n\n\n<div style=\"color:#404168\" class=\"wp-block-genesis-blocks-gb-spacer gb-block-spacer gb-divider-solid gb-spacer-divider gb-divider-size-1\"><hr style=\"height:3px\"\/><\/div>\n\n\n\n<div style=\"color:#404168\" class=\"wp-block-genesis-blocks-gb-spacer gb-block-spacer gb-divider-solid gb-divider-size-1\"><hr style=\"height:10px\"\/><\/div>\n\n\n<div id=\"pl-gb2934-69f23f9b89957\"  class=\"panel-layout\" ><div id=\"pg-gb2934-69f23f9b89957-0\"  class=\"panel-grid panel-no-style\" ><div id=\"pgc-gb2934-69f23f9b89957-0-0\"  class=\"panel-grid-cell panel-grid-cell-empty\" ><\/div><div id=\"pgc-gb2934-69f23f9b89957-0-1\"  class=\"panel-grid-cell panel-grid-cell-mobile-last\" ><div id=\"panel-gb2934-69f23f9b89957-0-1-0\" class=\"so-panel widget widget_text panel-first-child panel-last-child\" data-index=\"0\" >\t\t\t<div class=\"textwidget\"><p align=\"justify\">Das Leben und Wirken Hermann Langbeins war auf das engste mit Auschwitz verbunden und wird es im kulturellen Ged\u00e4chtnis auch bleiben. Zwei Jahre war Hermann Langbein im Konzentrations- und Vernichtungslager Auschwitz-Birkenau interniert; sein sp\u00e4teres Leben widmete er vorrangig der Erforschung dieses Schreckensortes. Und wann immer er seine Stimme zu anderen gesellschaftspolitischen Themen erhob, argumentierte er auf der Grundlage dessen, was er in Auschwitz erlebt und gesehen hatte.<\/p>\n<p align=\"justify\">Sp\u00e4testens mit seinem Werk \u201eMenschen in Auschwitz\u201c ordnete sich Hermann Langbein in die Reihe jener ein, die \u2013 wie er selbst Verfolgte des NS-Regimes \u2013 bis heute f\u00fcr eine wissenschaftliche Aufarbeitung oder literarische Reflexion der nationalsozialistischen Vernichtungspolitik stehen: Margarete Buber-Neumann, St\u00e9phane Hessel, Imre Kert\u00e9sz, Ruth Kl\u00fcger, Eugen Kogon, Primo Levi, Hans Mar\u0161\u00e1lek, Nico Rost, Germaine Tillion, Jorge Semprun, Elie Wiesel, Simon Wiesenthal \u2013 ehemalige Gefangene der Konzentrationslager Auschwitz, Buchenwald, Dachau, Gro\u00df-Rosen, Mauthausen und Ravensbr\u00fcck.<\/p>\n<p align=\"justify\">Aber Hermann Langbein wurde nicht allein durch Auschwitz gepr\u00e4gt. Der geb\u00fcrtige Wiener war auch jahrelanger \u00fcberzeugter Kommunist, er war einsatzfreudiger Spanienk\u00e4mpfer, unerbittlicher Lehrmeister, nimmerm\u00fcder Streiter f\u00fcr Demokratie, politischer Aufkl\u00e4rer, moralische Autorit\u00e4t und liebevoller Familienvater. All diese Facetten eines ungew\u00f6hnlichen Lebens kommen in der Biographie \u00fcber Hermann Langbein zur Sprache.<\/p>\n<p align=\"justify\">Zentrale Quelle f\u00fcr die Biographie war neben zahlreichen Interviews der Nachlass Hermann Langbeins. Die umfangreiche Dokumentation seiner Arbeit, die im \u00d6sterreichischen Staatsarchiv gelagert ist, umfasst \u00fcber dreihundert Ordner bzw. Kartons und zeugt von seinem immensen Flei\u00df: In erster Linie handelt es sich um Korrespondenzen (129 Ordner), aber auch um pers\u00f6nliche Notizen, Druck- und Zeitschriften, Zeitzeugenberichte, Prozessunterlagen, Adresskarteien, Manuskripte, Korrekturfahnen und Materialsammlungen zu seinen Publikationen. Bereits diese Aufz\u00e4hlung verdeutlicht, dass eine rigorose Auswahl schon bei der Materialsichtung notwendig war.<\/p>\n<p align=\"justify\">Die intensive Besch\u00e4ftigung mit Hermann Langbein zeigt, dass er in und f\u00fcr \u00d6sterreich \u2013 und dar\u00fcber hinaus \u2013 vielen ein Vorbild war. Er war eine moralische Instanz, die \u00d6sterreichs Umgang mit der Vergangenheit wichtige Impulse verliehen und Ma\u00dfst\u00e4be gesetzt hat, die auch in ferner Zukunft noch gelten werden.<\/p>\n<p align=\"justify\">Die Biographie ist im April 2012 im <a href=\"https:\/\/www.braumueller.at\/t?isbn=9783991000655\" target=\"_blank\" rel=\"noopener\">Verlag Braum\u00fcller<\/a> in October 2019.<\/p>\n<\/div>\n\t\t<\/div><\/div><div id=\"pgc-gb2934-69f23f9b89957-0-2\"  class=\"panel-grid-cell panel-grid-cell-empty\" ><\/div><\/div><\/div>\n\n\n<div style=\"color:#333\" class=\"wp-block-genesis-blocks-gb-spacer gb-block-spacer gb-divider-solid gb-spacer-divider gb-divider-size-1\"><hr style=\"height:100px\"\/><\/div>\n<\/div><\/div><\/div>","protected":false},"excerpt":{"rendered":"","protected":false},"author":2,"featured_media":0,"parent":982,"menu_order":31,"comment_status":"closed","ping_status":"closed","template":"","meta":{"footnotes":""},"class_list":["post-2934","page","type-page","status-publish","hentry","post"],"featured_image_src":null,"featured_image_src_square":null,"_links":{"self":[{"href":"https:\/\/ikf.ac.at\/en\/wp-json\/wp\/v2\/pages\/2934","targetHints":{"allow":["GET"]}}],"collection":[{"href":"https:\/\/ikf.ac.at\/en\/wp-json\/wp\/v2\/pages"}],"about":[{"href":"https:\/\/ikf.ac.at\/en\/wp-json\/wp\/v2\/types\/page"}],"author":[{"embeddable":true,"href":"https:\/\/ikf.ac.at\/en\/wp-json\/wp\/v2\/users\/2"}],"replies":[{"embeddable":true,"href":"https:\/\/ikf.ac.at\/en\/wp-json\/wp\/v2\/comments?post=2934"}],"version-history":[{"count":4,"href":"https:\/\/ikf.ac.at\/en\/wp-json\/wp\/v2\/pages\/2934\/revisions"}],"predecessor-version":[{"id":3120,"href":"https:\/\/ikf.ac.at\/en\/wp-json\/wp\/v2\/pages\/2934\/revisions\/3120"}],"up":[{"embeddable":true,"href":"https:\/\/ikf.ac.at\/en\/wp-json\/wp\/v2\/pages\/982"}],"wp:attachment":[{"href":"https:\/\/ikf.ac.at\/en\/wp-json\/wp\/v2\/media?parent=2934"}],"curies":[{"name":"wp","href":"https:\/\/api.w.org\/{rel}","templated":true}]}}

<div class="wp-block-atomic-blocks-ab-container alignfull ab-block-container"><div class="ab-container-inside"><div class="ab-container-content"><div id="pl-gb2934-69f23f9b88f58"  class="panel-layout" ><div id="pg-gb2934-69f23f9b88f58-0"  class="panel-grid panel-no-style" ><div id="pgc-gb2934-69f23f9b88f58-0-0"  class="panel-grid-cell" ><div id="panel-gb2934-69f23f9b88f58-0-0-0" class="so-panel widget widget_media_image panel-first-child panel-last-child" data-index="0" ><img loading="lazy" decoding="async" width="2554" height="10" src="https://ikf.ac.at/wp-content/uploads/2021/01/linie_IKF.jpg" class="image wp-image-754  attachment-full size-full" alt="" style="max-width: 100%; height: auto;" srcset="https://ikf.ac.at/wp-content/uploads/2021/01/linie_IKF.jpg 2554w, https://ikf.ac.at/wp-content/uploads/2021/01/linie_IKF-300x1.jpg 300w, https://ikf.ac.at/wp-content/uploads/2021/01/linie_IKF-1024x4.jpg 1024w, https://ikf.ac.at/wp-content/uploads/2021/01/linie_IKF-768x3.jpg 768w, https://ikf.ac.at/wp-content/uploads/2021/01/linie_IKF-1536x6.jpg 1536w, https://ikf.ac.at/wp-content/uploads/2021/01/linie_IKF-2048x8.jpg 2048w" sizes="auto, (max-width: 2554px) 100vw, 2554px" /></div></div></div></div>


<div style="color:#ddd" class="wp-block-genesis-blocks-gb-spacer gb-block-spacer gb-divider-solid gb-divider-size-1"><hr style="height:21px"/></div>


<div id="pl-gb2934-69f23f9b894ad"  class="panel-layout" ><div id="pg-gb2934-69f23f9b894ad-0"  class="panel-grid panel-no-style" ><div id="pgc-gb2934-69f23f9b894ad-0-0"  class="panel-grid-cell panel-grid-cell-empty" ></div><div id="pgc-gb2934-69f23f9b894ad-0-1"  class="panel-grid-cell" ><div id="panel-gb2934-69f23f9b894ad-0-1-0" class="so-panel widget widget_sow-editor panel-first-child panel-last-child" data-index="0" ><div
			
			class="so-widget-sow-editor so-widget-sow-editor-base"
			
		>
<div class="siteorigin-widget-tinymce textwidget">
	<table style="height: 100px; width: 100%; border-collapse: collapse;" border="1" cellpadding="2">
<tbody>
<tr style="height: 24px;">
<td style="width: 15.8421%; height: 24px;">Project management:</td>
<td style="width: 84.1578%; height: 24px;" colspan="2">Univ.-Prof. Dr. Anton Pelinka<br />
Univ.-Prof. Dr.<sup>in</sup> Erika Thurner</td>
</tr>
<tr>
<td style="width: 15.8421%;">
<hr />
</td>
<td style="width: 45.6794%;">
<hr />
</td>
<td style="width: 38.4784%; height: 24px;"></td>
</tr>
<tr>
<td style="width: 15.8421%;">Implementation:</td>
<td style="width: 84.1578%;" colspan="2">Mag. Dr. Stefanie Mayer<sup>a</sup> Katharina Demel<br />
Mag. Dr. Stefanie Mayer<sup>a</sup> Dr.<sup>in</sup> Brigitte Halbmayr</td>
</tr>
<tr>
<td style="width: 15.8421%;">
<hr />
</td>
<td style="width: 45.6794%;">
<hr />
</td>
<td style="width: 38.4784%;"></td>
</tr>
<tr>
<td style="width: 15.8421%;">Funded by:</td>
<td style="width: 84.1578%;" colspan="2">Bundesministerium für Wissenschaft und Forschung<br />
Future Fund of the Republic of Austria<br />
National Fund of the Republic of Austria for Victims of National Socialism</td>
</tr>
<tr>
<td style="width: 15.8421%;">
<hr />
</td>
<td style="width: 45.6794%;">
<hr />
</td>
<td style="width: 38.4784%; height: 24px;"></td>
</tr>
<tr style="height: 24px;">
<td style="width: 15.8421%; height: 24px;">Completed in:</td>
<td style="height: 24px; width: 84.1578%;" colspan="2">Dezember 2011</td>
</tr>
</tbody>
</table>
</div>
</div></div></div></div></div>


<div style="color:#404168" class="wp-block-genesis-blocks-gb-spacer gb-block-spacer gb-divider-solid gb-spacer-divider gb-divider-size-1"><hr style="height:3px"/></div>



<div style="color:#404168" class="wp-block-genesis-blocks-gb-spacer gb-block-spacer gb-divider-solid gb-divider-size-1"><hr style="height:10px"/></div>


<div id="pl-gb2934-69f23f9b89957"  class="panel-layout" ><div id="pg-gb2934-69f23f9b89957-0"  class="panel-grid panel-no-style" ><div id="pgc-gb2934-69f23f9b89957-0-0"  class="panel-grid-cell panel-grid-cell-empty" ></div><div id="pgc-gb2934-69f23f9b89957-0-1"  class="panel-grid-cell panel-grid-cell-mobile-last" ><div id="panel-gb2934-69f23f9b89957-0-1-0" class="so-panel widget widget_text panel-first-child panel-last-child" data-index="0" >			<div class="textwidget"><p align="justify">Das Leben und Wirken Hermann Langbeins war auf das engste mit Auschwitz verbunden und wird es im kulturellen Gedächtnis auch bleiben. Zwei Jahre war Hermann Langbein im Konzentrations- und Vernichtungslager Auschwitz-Birkenau interniert; sein späteres Leben widmete er vorrangig der Erforschung dieses Schreckensortes. Und wann immer er seine Stimme zu anderen gesellschaftspolitischen Themen erhob, argumentierte er auf der Grundlage dessen, was er in Auschwitz erlebt und gesehen hatte.</p>
<p align="justify">Spätestens mit seinem Werk „Menschen in Auschwitz“ ordnete sich Hermann Langbein in die Reihe jener ein, die – wie er selbst Verfolgte des NS-Regimes – bis heute für eine wissenschaftliche Aufarbeitung oder literarische Reflexion der nationalsozialistischen Vernichtungspolitik stehen: Margarete Buber-Neumann, Stéphane Hessel, Imre Kertész, Ruth Klüger, Eugen Kogon, Primo Levi, Hans Maršálek, Nico Rost, Germaine Tillion, Jorge Semprun, Elie Wiesel, Simon Wiesenthal – ehemalige Gefangene der Konzentrationslager Auschwitz, Buchenwald, Dachau, Groß-Rosen, Mauthausen und Ravensbrück.</p>
<p align="justify">Aber Hermann Langbein wurde nicht allein durch Auschwitz geprägt. Der gebürtige Wiener war auch jahrelanger überzeugter Kommunist, er war einsatzfreudiger Spanienkämpfer, unerbittlicher Lehrmeister, nimmermüder Streiter für Demokratie, politischer Aufklärer, moralische Autorität und liebevoller Familienvater. All diese Facetten eines ungewöhnlichen Lebens kommen in der Biographie über Hermann Langbein zur Sprache.</p>
<p align="justify">Zentrale Quelle für die Biographie war neben zahlreichen Interviews der Nachlass Hermann Langbeins. Die umfangreiche Dokumentation seiner Arbeit, die im Österreichischen Staatsarchiv gelagert ist, umfasst über dreihundert Ordner bzw. Kartons und zeugt von seinem immensen Fleiß: In erster Linie handelt es sich um Korrespondenzen (129 Ordner), aber auch um persönliche Notizen, Druck- und Zeitschriften, Zeitzeugenberichte, Prozessunterlagen, Adresskarteien, Manuskripte, Korrekturfahnen und Materialsammlungen zu seinen Publikationen. Bereits diese Aufzählung verdeutlicht, dass eine rigorose Auswahl schon bei der Materialsichtung notwendig war.</p>
<p align="justify">Die intensive Beschäftigung mit Hermann Langbein zeigt, dass er in und für Österreich – und darüber hinaus – vielen ein Vorbild war. Er war eine moralische Instanz, die Österreichs Umgang mit der Vergangenheit wichtige Impulse verliehen und Maßstäbe gesetzt hat, die auch in ferner Zukunft noch gelten werden.</p>
<p align="justify">Die Biographie ist im April 2012 im <a href="https://www.braumueller.at/t?isbn=9783991000655" target="_blank" rel="noopener">Verlag Braumüller</a> in October 2019.</p>
</div>
		</div></div><div id="pgc-gb2934-69f23f9b89957-0-2"  class="panel-grid-cell panel-grid-cell-empty" ></div></div></div>


<div style="color:#333" class="wp-block-genesis-blocks-gb-spacer gb-block-spacer gb-divider-solid gb-spacer-divider gb-divider-size-1"><hr style="height:100px"/></div>
</div></div></div>
