{"id":2927,"date":"2021-05-05T07:37:03","date_gmt":"2021-05-05T07:37:03","guid":{"rendered":"http:\/\/test-ikf.online\/?page_id=2927"},"modified":"2021-05-05T07:37:34","modified_gmt":"2021-05-05T07:37:34","slug":"2012-ehemaliges-konzentrationslager-gusen-st-georgen-denkmale-und-standortentwicklung","status":"publish","type":"page","link":"https:\/\/ikf.ac.at\/en\/schwerpunkte\/hist-sozialforschung\/oral-history\/2012-ehemaliges-konzentrationslager-gusen-st-georgen-denkmale-und-standortentwicklung","title":{"rendered":"2012: Ehemaliges Konzentrationslager Gusen\/St. Georgen, Denkmale und Standortentwicklung"},"content":{"rendered":"<div class=\"wp-block-atomic-blocks-ab-container alignfull ab-block-container\"><div class=\"ab-container-inside\"><div class=\"ab-container-content\"><div id=\"pl-gb2927-69f23fed0eaa2\"  class=\"panel-layout\" ><div id=\"pg-gb2927-69f23fed0eaa2-0\"  class=\"panel-grid panel-no-style\" ><div id=\"pgc-gb2927-69f23fed0eaa2-0-0\"  class=\"panel-grid-cell\" ><div id=\"panel-gb2927-69f23fed0eaa2-0-0-0\" class=\"so-panel widget widget_media_image panel-first-child panel-last-child\" data-index=\"0\" ><img loading=\"lazy\" decoding=\"async\" width=\"2554\" height=\"10\" src=\"https:\/\/ikf.ac.at\/wp-content\/uploads\/2021\/01\/linie_IKF.jpg\" class=\"image wp-image-754  attachment-full size-full\" alt=\"\" style=\"max-width: 100%; height: auto;\" srcset=\"https:\/\/ikf.ac.at\/wp-content\/uploads\/2021\/01\/linie_IKF.jpg 2554w, https:\/\/ikf.ac.at\/wp-content\/uploads\/2021\/01\/linie_IKF-300x1.jpg 300w, https:\/\/ikf.ac.at\/wp-content\/uploads\/2021\/01\/linie_IKF-1024x4.jpg 1024w, https:\/\/ikf.ac.at\/wp-content\/uploads\/2021\/01\/linie_IKF-768x3.jpg 768w, https:\/\/ikf.ac.at\/wp-content\/uploads\/2021\/01\/linie_IKF-1536x6.jpg 1536w, https:\/\/ikf.ac.at\/wp-content\/uploads\/2021\/01\/linie_IKF-2048x8.jpg 2048w\" sizes=\"auto, (max-width: 2554px) 100vw, 2554px\" \/><\/div><\/div><\/div><\/div>\n\n\n<div style=\"color:#ddd\" class=\"wp-block-genesis-blocks-gb-spacer gb-block-spacer gb-divider-solid gb-divider-size-1\"><hr style=\"height:30px\"\/><\/div>\n\n\n<div id=\"pl-gb2927-69f23fed0f00c\"  class=\"panel-layout\" ><div id=\"pg-gb2927-69f23fed0f00c-0\"  class=\"panel-grid panel-no-style\" ><div id=\"pgc-gb2927-69f23fed0f00c-0-0\"  class=\"panel-grid-cell panel-grid-cell-empty\" ><\/div><div id=\"pgc-gb2927-69f23fed0f00c-0-1\"  class=\"panel-grid-cell\" ><div id=\"panel-gb2927-69f23fed0f00c-0-1-0\" class=\"so-panel widget widget_sow-editor panel-first-child panel-last-child\" data-index=\"0\" ><div\n\t\t\t\n\t\t\tclass=\"so-widget-sow-editor so-widget-sow-editor-base\"\n\t\t\t\n\t\t>\n<div class=\"siteorigin-widget-tinymce textwidget\">\n\t<table style=\"height: 100px; width: 100%; border-collapse: collapse;\" border=\"1\" cellpadding=\"2\">\n<tbody>\n<tr>\n<td style=\"width: 15.8421%;\">Implementation:<\/td>\n<td style=\"width: 84.1578%;\" colspan=\"2\" class=\"translation-block\"><span style=\"font-size: x-large\">Mag. Dr. Brigitte Halbmayr<\/span><\/td>\n<\/tr>\n<tr>\n<td style=\"width: 15.8421%;\">\n<hr \/>\n<\/td>\n<td style=\"width: 22.9809%;\">\n<hr \/>\n<\/td>\n<td style=\"width: 61.1769%;\"><\/td>\n<\/tr>\n<tr>\n<td style=\"width: 15.8421%;\">Funded by:<\/td>\n<td style=\"width: 84.1578%;\" colspan=\"2\">Bundesdenkmalamt<\/td>\n<\/tr>\n<tr>\n<td style=\"width: 15.8421%;\">\n<hr \/>\n<\/td>\n<td style=\"width: 22.9809%;\">\n<hr \/>\n<\/td>\n<td style=\"width: 61.1769%; height: 24px;\"><\/td>\n<\/tr>\n<tr style=\"height: 24px;\">\n<td style=\"width: 15.8421%; height: 24px;\">Completed in:<\/td>\n<td style=\"height: 24px; width: 84.1578%;\" colspan=\"2\">Mai 2012<\/td>\n<\/tr>\n<\/tbody>\n<\/table>\n<\/div>\n<\/div><\/div><\/div><\/div><\/div>\n\n\n<div style=\"color:#404168\" class=\"wp-block-genesis-blocks-gb-spacer gb-block-spacer gb-divider-solid gb-spacer-divider gb-divider-size-1\"><hr style=\"height:3px\"\/><\/div>\n\n\n\n<div style=\"color:#404168\" class=\"wp-block-genesis-blocks-gb-spacer gb-block-spacer gb-divider-solid gb-divider-size-1\"><hr style=\"height:10px\"\/><\/div>\n\n\n<div id=\"pl-gb2927-69f23fed0f626\"  class=\"panel-layout\" ><div id=\"pg-gb2927-69f23fed0f626-0\"  class=\"panel-grid panel-no-style\" ><div id=\"pgc-gb2927-69f23fed0f626-0-0\"  class=\"panel-grid-cell panel-grid-cell-empty\" ><\/div><div id=\"pgc-gb2927-69f23fed0f626-0-1\"  class=\"panel-grid-cell panel-grid-cell-mobile-last\" ><div id=\"panel-gb2927-69f23fed0f626-0-1-0\" class=\"so-panel widget widget_text panel-first-child panel-last-child\" data-index=\"0\" >\t\t\t<div class=\"textwidget\"><p align=\"justify\">Das Bundesdenkmalamt plant, auf dem Territorium der ehemaligen Konzentrationslager Gusen (Gusen I, II, III) mehrere Objekte, die noch aus der NS-Zeit stammen, unter Denkmalschutz zu stellen. Dieses Vorhaben soll in einem gemeinsamen Prozess mit der Bev\u00f6lkerung der involvierten Gemeinden und unter Einbeziehung von ExpertInnen verschiedener Wissenschaftsbereiche sowie von VertreterInnen von Opferverb\u00e4nden erarbeitet werden. Ziel ist in erster Linie, das Einverst\u00e4ndnis f\u00fcr die Bewahrung historisch bedeutender Objekte zu erlangen \u2013 dies eingebettet in ein regionales Projekt des Gedenkens und der historisch-politischen Bildung mit einem schl\u00fcssigen Gegenwarts- und Zukunftsbezug.<\/p>\n<p align=\"justify\">Das IKF war in dieser Projektphase (Vorprojekt) durch fachliche Beratung und Mitarbeit im operativen Projektmanagement eingebunden. Aufgabe des Projektteams (unter der Leitung von Dr. Bernd Euler, Bundesdenkmalamt, und PD Dr. Alfred Zauner) war es, einen Beteiligungs- und Vermittlungsprozess zu planen, der sich unter Einbeziehung der Bev\u00f6kerung vor Ort den Zeugnissen der Vergangenheit stellt und dabei zukunftsweisende Strukturen des Gedenkens und Erinnerns entwickelt.<\/p>\n<p align=\"justify\">Die Vorhaben im Projekt &#8220;Bewusstseinsregion Mauthausen \u2013 Gusen \u2013 St. Georgen. Raum des Gedenkens und des Lernens&#8221; sind auf der Website <a href=\"http:\/\/www.bewusstseinsregion.at\/\" target=\"_blank\" rel=\"noopener\">www.bewusstseinsregion.at<\/a> nachzulesen. (siehe auch Nachfolgeprojekt 2013)<\/p>\n<\/div>\n\t\t<\/div><\/div><div id=\"pgc-gb2927-69f23fed0f626-0-2\"  class=\"panel-grid-cell panel-grid-cell-empty\" ><\/div><\/div><\/div>\n\n\n<div style=\"color:#333\" class=\"wp-block-genesis-blocks-gb-spacer gb-block-spacer gb-divider-solid gb-spacer-divider gb-divider-size-1\"><hr style=\"height:100px\"\/><\/div>\n<\/div><\/div><\/div>","protected":false},"excerpt":{"rendered":"","protected":false},"author":2,"featured_media":0,"parent":982,"menu_order":29,"comment_status":"closed","ping_status":"closed","template":"","meta":{"footnotes":""},"class_list":["post-2927","page","type-page","status-publish","hentry","post"],"featured_image_src":null,"featured_image_src_square":null,"_links":{"self":[{"href":"https:\/\/ikf.ac.at\/en\/wp-json\/wp\/v2\/pages\/2927","targetHints":{"allow":["GET"]}}],"collection":[{"href":"https:\/\/ikf.ac.at\/en\/wp-json\/wp\/v2\/pages"}],"about":[{"href":"https:\/\/ikf.ac.at\/en\/wp-json\/wp\/v2\/types\/page"}],"author":[{"embeddable":true,"href":"https:\/\/ikf.ac.at\/en\/wp-json\/wp\/v2\/users\/2"}],"replies":[{"embeddable":true,"href":"https:\/\/ikf.ac.at\/en\/wp-json\/wp\/v2\/comments?post=2927"}],"version-history":[{"count":2,"href":"https:\/\/ikf.ac.at\/en\/wp-json\/wp\/v2\/pages\/2927\/revisions"}],"predecessor-version":[{"id":2929,"href":"https:\/\/ikf.ac.at\/en\/wp-json\/wp\/v2\/pages\/2927\/revisions\/2929"}],"up":[{"embeddable":true,"href":"https:\/\/ikf.ac.at\/en\/wp-json\/wp\/v2\/pages\/982"}],"wp:attachment":[{"href":"https:\/\/ikf.ac.at\/en\/wp-json\/wp\/v2\/media?parent=2927"}],"curies":[{"name":"wp","href":"https:\/\/api.w.org\/{rel}","templated":true}]}}

<div class="wp-block-atomic-blocks-ab-container alignfull ab-block-container"><div class="ab-container-inside"><div class="ab-container-content"><div id="pl-gb2927-69f23fed0eaa2"  class="panel-layout" ><div id="pg-gb2927-69f23fed0eaa2-0"  class="panel-grid panel-no-style" ><div id="pgc-gb2927-69f23fed0eaa2-0-0"  class="panel-grid-cell" ><div id="panel-gb2927-69f23fed0eaa2-0-0-0" class="so-panel widget widget_media_image panel-first-child panel-last-child" data-index="0" ><img loading="lazy" decoding="async" width="2554" height="10" src="https://ikf.ac.at/wp-content/uploads/2021/01/linie_IKF.jpg" class="image wp-image-754  attachment-full size-full" alt="" style="max-width: 100%; height: auto;" srcset="https://ikf.ac.at/wp-content/uploads/2021/01/linie_IKF.jpg 2554w, https://ikf.ac.at/wp-content/uploads/2021/01/linie_IKF-300x1.jpg 300w, https://ikf.ac.at/wp-content/uploads/2021/01/linie_IKF-1024x4.jpg 1024w, https://ikf.ac.at/wp-content/uploads/2021/01/linie_IKF-768x3.jpg 768w, https://ikf.ac.at/wp-content/uploads/2021/01/linie_IKF-1536x6.jpg 1536w, https://ikf.ac.at/wp-content/uploads/2021/01/linie_IKF-2048x8.jpg 2048w" sizes="auto, (max-width: 2554px) 100vw, 2554px" /></div></div></div></div>


<div style="color:#ddd" class="wp-block-genesis-blocks-gb-spacer gb-block-spacer gb-divider-solid gb-divider-size-1"><hr style="height:30px"/></div>


<div id="pl-gb2927-69f23fed0f00c"  class="panel-layout" ><div id="pg-gb2927-69f23fed0f00c-0"  class="panel-grid panel-no-style" ><div id="pgc-gb2927-69f23fed0f00c-0-0"  class="panel-grid-cell panel-grid-cell-empty" ></div><div id="pgc-gb2927-69f23fed0f00c-0-1"  class="panel-grid-cell" ><div id="panel-gb2927-69f23fed0f00c-0-1-0" class="so-panel widget widget_sow-editor panel-first-child panel-last-child" data-index="0" ><div
			
			class="so-widget-sow-editor so-widget-sow-editor-base"
			
		>
<div class="siteorigin-widget-tinymce textwidget">
	<table style="height: 100px; width: 100%; border-collapse: collapse;" border="1" cellpadding="2">
<tbody>
<tr>
<td style="width: 15.8421%;">Implementation:</td>
<td style="width: 84.1578%;" colspan="2" class="translation-block"><span style="font-size: x-large">Mag. Dr. Brigitte Halbmayr</span></td>
</tr>
<tr>
<td style="width: 15.8421%;">
<hr />
</td>
<td style="width: 22.9809%;">
<hr />
</td>
<td style="width: 61.1769%;"></td>
</tr>
<tr>
<td style="width: 15.8421%;">Funded by:</td>
<td style="width: 84.1578%;" colspan="2">Bundesdenkmalamt</td>
</tr>
<tr>
<td style="width: 15.8421%;">
<hr />
</td>
<td style="width: 22.9809%;">
<hr />
</td>
<td style="width: 61.1769%; height: 24px;"></td>
</tr>
<tr style="height: 24px;">
<td style="width: 15.8421%; height: 24px;">Completed in:</td>
<td style="height: 24px; width: 84.1578%;" colspan="2">Mai 2012</td>
</tr>
</tbody>
</table>
</div>
</div></div></div></div></div>


<div style="color:#404168" class="wp-block-genesis-blocks-gb-spacer gb-block-spacer gb-divider-solid gb-spacer-divider gb-divider-size-1"><hr style="height:3px"/></div>



<div style="color:#404168" class="wp-block-genesis-blocks-gb-spacer gb-block-spacer gb-divider-solid gb-divider-size-1"><hr style="height:10px"/></div>


<div id="pl-gb2927-69f23fed0f626"  class="panel-layout" ><div id="pg-gb2927-69f23fed0f626-0"  class="panel-grid panel-no-style" ><div id="pgc-gb2927-69f23fed0f626-0-0"  class="panel-grid-cell panel-grid-cell-empty" ></div><div id="pgc-gb2927-69f23fed0f626-0-1"  class="panel-grid-cell panel-grid-cell-mobile-last" ><div id="panel-gb2927-69f23fed0f626-0-1-0" class="so-panel widget widget_text panel-first-child panel-last-child" data-index="0" >			<div class="textwidget"><p align="justify">Das Bundesdenkmalamt plant, auf dem Territorium der ehemaligen Konzentrationslager Gusen (Gusen I, II, III) mehrere Objekte, die noch aus der NS-Zeit stammen, unter Denkmalschutz zu stellen. Dieses Vorhaben soll in einem gemeinsamen Prozess mit der Bevölkerung der involvierten Gemeinden und unter Einbeziehung von ExpertInnen verschiedener Wissenschaftsbereiche sowie von VertreterInnen von Opferverbänden erarbeitet werden. Ziel ist in erster Linie, das Einverständnis für die Bewahrung historisch bedeutender Objekte zu erlangen – dies eingebettet in ein regionales Projekt des Gedenkens und der historisch-politischen Bildung mit einem schlüssigen Gegenwarts- und Zukunftsbezug.</p>
<p align="justify">Das IKF war in dieser Projektphase (Vorprojekt) durch fachliche Beratung und Mitarbeit im operativen Projektmanagement eingebunden. Aufgabe des Projektteams (unter der Leitung von Dr. Bernd Euler, Bundesdenkmalamt, und PD Dr. Alfred Zauner) war es, einen Beteiligungs- und Vermittlungsprozess zu planen, der sich unter Einbeziehung der Bevökerung vor Ort den Zeugnissen der Vergangenheit stellt und dabei zukunftsweisende Strukturen des Gedenkens und Erinnerns entwickelt.</p>
<p align="justify">Die Vorhaben im Projekt &#8220;Bewusstseinsregion Mauthausen – Gusen – St. Georgen. Raum des Gedenkens und des Lernens&#8221; sind auf der Website <a href="http://www.bewusstseinsregion.at/" target="_blank" rel="noopener">www.bewusstseinsregion.at</a> nachzulesen. (siehe auch Nachfolgeprojekt 2013)</p>
</div>
		</div></div><div id="pgc-gb2927-69f23fed0f626-0-2"  class="panel-grid-cell panel-grid-cell-empty" ></div></div></div>


<div style="color:#333" class="wp-block-genesis-blocks-gb-spacer gb-block-spacer gb-divider-solid gb-spacer-divider gb-divider-size-1"><hr style="height:100px"/></div>
</div></div></div>
