{"id":2910,"date":"2021-05-04T13:04:54","date_gmt":"2021-05-04T13:04:54","guid":{"rendered":"http:\/\/test-ikf.online\/?page_id=2910"},"modified":"2021-05-04T13:08:16","modified_gmt":"2021-05-04T13:08:16","slug":"2000-lebenserinnerungen-dokumentation-ueber-inhaftierte-oesterreicherinnen-frauenkonzentrationslager-ravensbrueck","status":"publish","type":"page","link":"https:\/\/ikf.ac.at\/en\/schwerpunkte\/hist-sozialforschung\/frauen-ns-verfolgung-2\/2000-lebenserinnerungen-dokumentation-ueber-inhaftierte-oesterreicherinnen-frauenkonzentrationslager-ravensbrueck","title":{"rendered":"2000: Lebenserinnerungen. Eine Dokumentation \u00fcber die inhaftierten \u00d6sterreicherinnen im Frauenkonzentrationslager Ravensbr\u00fcck"},"content":{"rendered":"<div class=\"wp-block-atomic-blocks-ab-container alignfull ab-block-container\"><div class=\"ab-container-inside\"><div class=\"ab-container-content\"><div id=\"pl-gb2910-69f23fd9873dd\"  class=\"panel-layout\" ><div id=\"pg-gb2910-69f23fd9873dd-0\"  class=\"panel-grid panel-no-style\" ><div id=\"pgc-gb2910-69f23fd9873dd-0-0\"  class=\"panel-grid-cell\" ><div id=\"panel-gb2910-69f23fd9873dd-0-0-0\" class=\"so-panel widget widget_media_image panel-first-child panel-last-child\" data-index=\"0\" ><img loading=\"lazy\" decoding=\"async\" width=\"2554\" height=\"10\" src=\"https:\/\/ikf.ac.at\/wp-content\/uploads\/2021\/01\/linie_IKF.jpg\" class=\"image wp-image-754  attachment-full size-full\" alt=\"\" style=\"max-width: 100%; height: auto;\" srcset=\"https:\/\/ikf.ac.at\/wp-content\/uploads\/2021\/01\/linie_IKF.jpg 2554w, https:\/\/ikf.ac.at\/wp-content\/uploads\/2021\/01\/linie_IKF-300x1.jpg 300w, https:\/\/ikf.ac.at\/wp-content\/uploads\/2021\/01\/linie_IKF-1024x4.jpg 1024w, https:\/\/ikf.ac.at\/wp-content\/uploads\/2021\/01\/linie_IKF-768x3.jpg 768w, https:\/\/ikf.ac.at\/wp-content\/uploads\/2021\/01\/linie_IKF-1536x6.jpg 1536w, https:\/\/ikf.ac.at\/wp-content\/uploads\/2021\/01\/linie_IKF-2048x8.jpg 2048w\" sizes=\"auto, (max-width: 2554px) 100vw, 2554px\" \/><\/div><\/div><\/div><\/div>\n\n\n<div style=\"color:#ddd\" class=\"wp-block-genesis-blocks-gb-spacer gb-block-spacer gb-divider-solid gb-divider-size-1\"><hr style=\"height:30px\"\/><\/div>\n\n\n<div id=\"pl-gb2910-69f23fd9878a2\"  class=\"panel-layout\" ><div id=\"pg-gb2910-69f23fd9878a2-0\"  class=\"panel-grid panel-no-style\" ><div id=\"pgc-gb2910-69f23fd9878a2-0-0\"  class=\"panel-grid-cell panel-grid-cell-empty\" ><\/div><div id=\"pgc-gb2910-69f23fd9878a2-0-1\"  class=\"panel-grid-cell\" ><div id=\"panel-gb2910-69f23fd9878a2-0-1-0\" class=\"so-panel widget widget_sow-editor panel-first-child panel-last-child\" data-index=\"0\" ><div\n\t\t\t\n\t\t\tclass=\"so-widget-sow-editor so-widget-sow-editor-base\"\n\t\t\t\n\t\t>\n<div class=\"siteorigin-widget-tinymce textwidget\">\n\t<table style=\"height: 100px; width: 100%; border-collapse: collapse;\" border=\"1\" cellpadding=\"2\">\n<tbody>\n<tr style=\"height: 24px;\">\n<td style=\"width: 15.8421%; height: 24px;\">Project management:<\/td>\n<td style=\"width: 84.1578%; height: 24px;\" colspan=\"2\">Univ.-Prof. Dr. Anton Pelinka<br \/>\nUniv.-Doz. Dr.<sup>in<\/sup> Erika Thurner<\/td>\n<\/tr>\n<tr>\n<td style=\"width: 15.8421%;\">\n<hr \/>\n<\/td>\n<td style=\"width: 39.5713%;\">\n<hr \/>\n<\/td>\n<td style=\"width: 44.5865%; height: 24px;\"><\/td>\n<\/tr>\n<tr>\n<td style=\"width: 15.8421%;\">Implementation:<\/td>\n<td style=\"width: 84.1578%;\" colspan=\"2\">Mag. Dr. Stefanie Mayer<sup>a<\/sup> Helga Amesberger<br \/>\nMag. Dr. Stefanie Mayer<sup>a<\/sup> Brigitte Halbmayr<\/td>\n<\/tr>\n<tr>\n<td style=\"width: 15.8421%;\">\n<hr \/>\n<\/td>\n<td style=\"width: 39.5713%;\">\n<hr \/>\n<\/td>\n<td style=\"width: 44.5865%;\"><\/td>\n<\/tr>\n<tr>\n<td style=\"width: 15.8421%;\">Funded by:<\/td>\n<td style=\"width: 84.1578%;\" colspan=\"2\">Bundesministerium f\u00fcr Wissenschaft und Forschung<br \/>\nJubil\u00e4umsfonds der Oesterreichischen Nationalbank<\/td>\n<\/tr>\n<tr>\n<td style=\"width: 15.8421%;\">\n<hr \/>\n<\/td>\n<td style=\"width: 39.5713%;\">\n<hr \/>\n<\/td>\n<td style=\"width: 44.5865%; height: 24px;\"><\/td>\n<\/tr>\n<tr style=\"height: 24px;\">\n<td style=\"width: 15.8421%; height: 24px;\">Completed in:<\/td>\n<td style=\"height: 24px; width: 84.1578%;\" colspan=\"2\">Mai 2000<\/td>\n<\/tr>\n<\/tbody>\n<\/table>\n<\/div>\n<\/div><\/div><\/div><\/div><\/div>\n\n\n<div style=\"color:#404168\" class=\"wp-block-genesis-blocks-gb-spacer gb-block-spacer gb-divider-solid gb-spacer-divider gb-divider-size-1\"><hr style=\"height:3px\"\/><\/div>\n\n\n\n<div style=\"color:#404168\" class=\"wp-block-genesis-blocks-gb-spacer gb-block-spacer gb-divider-solid gb-divider-size-1\"><hr style=\"height:10px\"\/><\/div>\n\n\n<div id=\"pl-gb2910-69f23fd987d77\"  class=\"panel-layout\" ><div id=\"pg-gb2910-69f23fd987d77-0\"  class=\"panel-grid panel-no-style\" ><div id=\"pgc-gb2910-69f23fd987d77-0-0\"  class=\"panel-grid-cell panel-grid-cell-empty\" ><\/div><div id=\"pgc-gb2910-69f23fd987d77-0-1\"  class=\"panel-grid-cell panel-grid-cell-mobile-last\" ><div id=\"panel-gb2910-69f23fd987d77-0-1-0\" class=\"so-panel widget widget_text panel-first-child panel-last-child\" data-index=\"0\" >\t\t\t<div class=\"textwidget\"><p align=\"justify\">Die umfangreichen Recherchen f\u00fcr dieses Projekt haben gezeigt, dass noch rund 100 Frauen in \u00d6sterreich leben, die w\u00e4hrend des NS-Regimes in das Konzentrationslager Ravensbr\u00fcck, etwa 80 km n\u00f6rdlich von Berlin gelegen, deportiert worden waren. Knapp die H\u00e4lfte, n\u00e4mlich 42 Frauen, waren bereit und gesundheitlich noch in der Lage, in mehrst\u00fcndigen biographischen Interviews ihre Lebensgeschichte zu erz\u00e4hlen. Gro\u00dfteils wurden die Interviews auch auf Video aufgezeichnet.<\/p>\n<p align=\"justify\">Die Studie verfolgte sowohl dokumentarische als auch wissenschaftliche Ziele. Die Dokumentation soll die Erfahrungen auch weniger bekannter Frauen, deren bewegte Geschichte und oft unfa\u00dfbares Leid vor dem Vergessen bewahren und f\u00fcr die Nachwelt erhalten. Mit Hilfe von lebensgeschichtlichen Interviews gelang es, historische Zeugnisse \u00fcber Kindheit, Jugend, Zeit der Verfolgung und Leben nach der Befreiung zu gewinnen. Die aufgezeichneten Lebensgeschichten sind somit auch eine Dokumentation \u00fcber das 20. Jahrhundert. Weiters ist im Bewusstsein (junger) Menschen nach wie vor kaum verankert, dass auch Frauen und Kinder Betroffene und Leidtragende des NS-Vernichtungsapparates waren \u2013 das Projekt ist somit auch ein Beitrag zur Geschichte der Frauen.<\/p>\n<p align=\"justify\">Die Lebensgeschichten der ehemaligen Inhaftierten des Frauenkonzentrationslagers Ravensbr\u00fcck sind denkbar unterschiedlich. Von besonderem wissenschaftlichen Interesse war daher, diese Unterschiede in der Sozialisation, in der Verfolgungsgeschichte und in den &#8220;Verarbeitungsstrategien&#8221; herauszuarbeiten. Die oftmalig in Forschung und Literatur anzutreffende Beschr\u00e4nkung auf den relativ kurzen, wenn auch pr\u00e4genden Lebensabschnitt, n\u00e4mlich die Leidensgeschichte im Konzentrationslager, wurde dadurch umgangen, dass zum einen die Bedeutung gewisser Sozialisationserfahrungen f\u00fcr den Weg in den Widerstand und f\u00fcr die Verhaltensweisen im KZ und zum anderen die Verarbeitung der traumatischen Erfahrungen der KZ-Haft im Alltag \u2013 eingebettet in den sozio\u00f6konomischen und gesellschaftspolitischen Kontext \u2013 wesentliche Themenbereiche waren.<\/p>\n<p align=\"justify\">Weitere zentrale Fragestellungen kreisten um die unterschiedlichen Formen des Widerstands und die Motivation der Frauen f\u00fcr widerst\u00e4ndiges Handeln. Im Zentrum des Themenbereichs &#8220;KZ-Haft&#8221; standen, neben der Darstellung der strukturellen Rahmenbedingungen im KZ Ravensbr\u00fcck, die unterschiedlichen Ausgangsbedingungen zum \u00dcberleben f\u00fcr die verschiedenen H\u00e4ftlingsgruppen sowie die Auswirkungen der von der SS geschaffenen Hierarchisierung der H\u00e4ftlinge auf Solidarit\u00e4t, Widerstand und Ausgrenzung. F\u00fcr die Zeit nach 1945 waren v.a. die &#8220;Verarbeitungsstrategien&#8221; von Interesse, insbesondere die Thematisierung der Vergangenheit innerhalb der Familie und m\u00f6gliche Auswirkungen des gesellschaftlichen Umfelds auf die pers\u00f6nliche Verarbeitung.<\/p>\n<p align=\"justify\">Die Studie ist in zwei Teile gegliedert. Teil 1 behandelt die oben angef\u00fchrten Fragestellungen, Teil 2 setzt sich aus den Kurzbiographien der befragten Frauen zusammen. In diesen gerafften Lebensgeschichten kommen die Frauen in zahlreichen Interviewausschnitten nach M\u00f6glichkeit selbst zu Wort.<\/p>\n<p align=\"justify\">Im April 2001 erschien die zweib\u00e4ndige Publikation: Amesberger, Helga\/ Halbmayr, Brigitte: &#8220;Vom Leben und \u00dcberleben \u2013 Wege nach Ravensbr\u00fcck. Das Frauenkonzentrationslager in der Erinnerung.&#8221; Band 1: Dokumentation und Analyse, Band 2: Lebensgeschichten. Wien: Verlag Promedia 2001<\/p>\n<p align=\"justify\">\n<\/div>\n\t\t<\/div><\/div><div id=\"pgc-gb2910-69f23fd987d77-0-2\"  class=\"panel-grid-cell panel-grid-cell-empty\" ><\/div><\/div><\/div>\n\n\n<div style=\"color:#333\" class=\"wp-block-genesis-blocks-gb-spacer gb-block-spacer gb-divider-solid gb-spacer-divider gb-divider-size-1\"><hr style=\"height:100px\"\/><\/div>\n<\/div><\/div><\/div>","protected":false},"excerpt":{"rendered":"","protected":false},"author":2,"featured_media":0,"parent":1320,"menu_order":37,"comment_status":"closed","ping_status":"closed","template":"","meta":{"footnotes":""},"class_list":["post-2910","page","type-page","status-publish","hentry","post"],"featured_image_src":null,"featured_image_src_square":null,"_links":{"self":[{"href":"https:\/\/ikf.ac.at\/en\/wp-json\/wp\/v2\/pages\/2910","targetHints":{"allow":["GET"]}}],"collection":[{"href":"https:\/\/ikf.ac.at\/en\/wp-json\/wp\/v2\/pages"}],"about":[{"href":"https:\/\/ikf.ac.at\/en\/wp-json\/wp\/v2\/types\/page"}],"author":[{"embeddable":true,"href":"https:\/\/ikf.ac.at\/en\/wp-json\/wp\/v2\/users\/2"}],"replies":[{"embeddable":true,"href":"https:\/\/ikf.ac.at\/en\/wp-json\/wp\/v2\/comments?post=2910"}],"version-history":[{"count":2,"href":"https:\/\/ikf.ac.at\/en\/wp-json\/wp\/v2\/pages\/2910\/revisions"}],"predecessor-version":[{"id":2913,"href":"https:\/\/ikf.ac.at\/en\/wp-json\/wp\/v2\/pages\/2910\/revisions\/2913"}],"up":[{"embeddable":true,"href":"https:\/\/ikf.ac.at\/en\/wp-json\/wp\/v2\/pages\/1320"}],"wp:attachment":[{"href":"https:\/\/ikf.ac.at\/en\/wp-json\/wp\/v2\/media?parent=2910"}],"curies":[{"name":"wp","href":"https:\/\/api.w.org\/{rel}","templated":true}]}}

2000: Lebenserinnerungen. Eine Dokumentation über die inhaftierten Österreicherinnen im Frauenkonzentrationslager Ravensbrück

<div class="wp-block-atomic-blocks-ab-container alignfull ab-block-container"><div class="ab-container-inside"><div class="ab-container-content"><div id="pl-gb2910-69f23fd9873dd"  class="panel-layout" ><div id="pg-gb2910-69f23fd9873dd-0"  class="panel-grid panel-no-style" ><div id="pgc-gb2910-69f23fd9873dd-0-0"  class="panel-grid-cell" ><div id="panel-gb2910-69f23fd9873dd-0-0-0" class="so-panel widget widget_media_image panel-first-child panel-last-child" data-index="0" ><img loading="lazy" decoding="async" width="2554" height="10" src="https://ikf.ac.at/wp-content/uploads/2021/01/linie_IKF.jpg" class="image wp-image-754  attachment-full size-full" alt="" style="max-width: 100%; height: auto;" srcset="https://ikf.ac.at/wp-content/uploads/2021/01/linie_IKF.jpg 2554w, https://ikf.ac.at/wp-content/uploads/2021/01/linie_IKF-300x1.jpg 300w, https://ikf.ac.at/wp-content/uploads/2021/01/linie_IKF-1024x4.jpg 1024w, https://ikf.ac.at/wp-content/uploads/2021/01/linie_IKF-768x3.jpg 768w, https://ikf.ac.at/wp-content/uploads/2021/01/linie_IKF-1536x6.jpg 1536w, https://ikf.ac.at/wp-content/uploads/2021/01/linie_IKF-2048x8.jpg 2048w" sizes="auto, (max-width: 2554px) 100vw, 2554px" /></div></div></div></div>


<div style="color:#ddd" class="wp-block-genesis-blocks-gb-spacer gb-block-spacer gb-divider-solid gb-divider-size-1"><hr style="height:30px"/></div>


<div id="pl-gb2910-69f23fd9878a2"  class="panel-layout" ><div id="pg-gb2910-69f23fd9878a2-0"  class="panel-grid panel-no-style" ><div id="pgc-gb2910-69f23fd9878a2-0-0"  class="panel-grid-cell panel-grid-cell-empty" ></div><div id="pgc-gb2910-69f23fd9878a2-0-1"  class="panel-grid-cell" ><div id="panel-gb2910-69f23fd9878a2-0-1-0" class="so-panel widget widget_sow-editor panel-first-child panel-last-child" data-index="0" ><div
			
			class="so-widget-sow-editor so-widget-sow-editor-base"
			
		>
<div class="siteorigin-widget-tinymce textwidget">
	<table style="height: 100px; width: 100%; border-collapse: collapse;" border="1" cellpadding="2">
<tbody>
<tr style="height: 24px;">
<td style="width: 15.8421%; height: 24px;">Project management:</td>
<td style="width: 84.1578%; height: 24px;" colspan="2">Univ.-Prof. Dr. Anton Pelinka<br />
Univ.-Doz. Dr.<sup>in</sup> Erika Thurner</td>
</tr>
<tr>
<td style="width: 15.8421%;">
<hr />
</td>
<td style="width: 39.5713%;">
<hr />
</td>
<td style="width: 44.5865%; height: 24px;"></td>
</tr>
<tr>
<td style="width: 15.8421%;">Implementation:</td>
<td style="width: 84.1578%;" colspan="2">Mag. Dr. Stefanie Mayer<sup>a</sup> Helga Amesberger<br />
Mag. Dr. Stefanie Mayer<sup>a</sup> Brigitte Halbmayr</td>
</tr>
<tr>
<td style="width: 15.8421%;">
<hr />
</td>
<td style="width: 39.5713%;">
<hr />
</td>
<td style="width: 44.5865%;"></td>
</tr>
<tr>
<td style="width: 15.8421%;">Funded by:</td>
<td style="width: 84.1578%;" colspan="2">Bundesministerium für Wissenschaft und Forschung<br />
Jubiläumsfonds der Oesterreichischen Nationalbank</td>
</tr>
<tr>
<td style="width: 15.8421%;">
<hr />
</td>
<td style="width: 39.5713%;">
<hr />
</td>
<td style="width: 44.5865%; height: 24px;"></td>
</tr>
<tr style="height: 24px;">
<td style="width: 15.8421%; height: 24px;">Completed in:</td>
<td style="height: 24px; width: 84.1578%;" colspan="2">Mai 2000</td>
</tr>
</tbody>
</table>
</div>
</div></div></div></div></div>


<div style="color:#404168" class="wp-block-genesis-blocks-gb-spacer gb-block-spacer gb-divider-solid gb-spacer-divider gb-divider-size-1"><hr style="height:3px"/></div>



<div style="color:#404168" class="wp-block-genesis-blocks-gb-spacer gb-block-spacer gb-divider-solid gb-divider-size-1"><hr style="height:10px"/></div>


<div id="pl-gb2910-69f23fd987d77"  class="panel-layout" ><div id="pg-gb2910-69f23fd987d77-0"  class="panel-grid panel-no-style" ><div id="pgc-gb2910-69f23fd987d77-0-0"  class="panel-grid-cell panel-grid-cell-empty" ></div><div id="pgc-gb2910-69f23fd987d77-0-1"  class="panel-grid-cell panel-grid-cell-mobile-last" ><div id="panel-gb2910-69f23fd987d77-0-1-0" class="so-panel widget widget_text panel-first-child panel-last-child" data-index="0" >			<div class="textwidget"><p align="justify">Die umfangreichen Recherchen für dieses Projekt haben gezeigt, dass noch rund 100 Frauen in Österreich leben, die während des NS-Regimes in das Konzentrationslager Ravensbrück, etwa 80 km nördlich von Berlin gelegen, deportiert worden waren. Knapp die Hälfte, nämlich 42 Frauen, waren bereit und gesundheitlich noch in der Lage, in mehrstündigen biographischen Interviews ihre Lebensgeschichte zu erzählen. Großteils wurden die Interviews auch auf Video aufgezeichnet.</p>
<p align="justify">Die Studie verfolgte sowohl dokumentarische als auch wissenschaftliche Ziele. Die Dokumentation soll die Erfahrungen auch weniger bekannter Frauen, deren bewegte Geschichte und oft unfaßbares Leid vor dem Vergessen bewahren und für die Nachwelt erhalten. Mit Hilfe von lebensgeschichtlichen Interviews gelang es, historische Zeugnisse über Kindheit, Jugend, Zeit der Verfolgung und Leben nach der Befreiung zu gewinnen. Die aufgezeichneten Lebensgeschichten sind somit auch eine Dokumentation über das 20. Jahrhundert. Weiters ist im Bewusstsein (junger) Menschen nach wie vor kaum verankert, dass auch Frauen und Kinder Betroffene und Leidtragende des NS-Vernichtungsapparates waren – das Projekt ist somit auch ein Beitrag zur Geschichte der Frauen.</p>
<p align="justify">Die Lebensgeschichten der ehemaligen Inhaftierten des Frauenkonzentrationslagers Ravensbrück sind denkbar unterschiedlich. Von besonderem wissenschaftlichen Interesse war daher, diese Unterschiede in der Sozialisation, in der Verfolgungsgeschichte und in den &#8220;Verarbeitungsstrategien&#8221; herauszuarbeiten. Die oftmalig in Forschung und Literatur anzutreffende Beschränkung auf den relativ kurzen, wenn auch prägenden Lebensabschnitt, nämlich die Leidensgeschichte im Konzentrationslager, wurde dadurch umgangen, dass zum einen die Bedeutung gewisser Sozialisationserfahrungen für den Weg in den Widerstand und für die Verhaltensweisen im KZ und zum anderen die Verarbeitung der traumatischen Erfahrungen der KZ-Haft im Alltag – eingebettet in den sozioökonomischen und gesellschaftspolitischen Kontext – wesentliche Themenbereiche waren.</p>
<p align="justify">Weitere zentrale Fragestellungen kreisten um die unterschiedlichen Formen des Widerstands und die Motivation der Frauen für widerständiges Handeln. Im Zentrum des Themenbereichs &#8220;KZ-Haft&#8221; standen, neben der Darstellung der strukturellen Rahmenbedingungen im KZ Ravensbrück, die unterschiedlichen Ausgangsbedingungen zum Überleben für die verschiedenen Häftlingsgruppen sowie die Auswirkungen der von der SS geschaffenen Hierarchisierung der Häftlinge auf Solidarität, Widerstand und Ausgrenzung. Für die Zeit nach 1945 waren v.a. die &#8220;Verarbeitungsstrategien&#8221; von Interesse, insbesondere die Thematisierung der Vergangenheit innerhalb der Familie und mögliche Auswirkungen des gesellschaftlichen Umfelds auf die persönliche Verarbeitung.</p>
<p align="justify">Die Studie ist in zwei Teile gegliedert. Teil 1 behandelt die oben angeführten Fragestellungen, Teil 2 setzt sich aus den Kurzbiographien der befragten Frauen zusammen. In diesen gerafften Lebensgeschichten kommen die Frauen in zahlreichen Interviewausschnitten nach Möglichkeit selbst zu Wort.</p>
<p align="justify">Im April 2001 erschien die zweibändige Publikation: Amesberger, Helga/ Halbmayr, Brigitte: &#8220;Vom Leben und Überleben – Wege nach Ravensbrück. Das Frauenkonzentrationslager in der Erinnerung.&#8221; Band 1: Dokumentation und Analyse, Band 2: Lebensgeschichten. Wien: Verlag Promedia 2001</p>
<p align="justify">
</div>
		</div></div><div id="pgc-gb2910-69f23fd987d77-0-2"  class="panel-grid-cell panel-grid-cell-empty" ></div></div></div>


<div style="color:#333" class="wp-block-genesis-blocks-gb-spacer gb-block-spacer gb-divider-solid gb-spacer-divider gb-divider-size-1"><hr style="height:100px"/></div>
</div></div></div>
