{"id":2901,"date":"2021-05-04T12:50:31","date_gmt":"2021-05-04T12:50:31","guid":{"rendered":"http:\/\/test-ikf.online\/?page_id=2901"},"modified":"2021-05-04T12:50:57","modified_gmt":"2021-05-04T12:50:57","slug":"2007-dokumentation-der-geschichte-der-oesterreichischen-lagergemeinschaft-ravensbrueck","status":"publish","type":"page","link":"https:\/\/ikf.ac.at\/en\/schwerpunkte\/hist-sozialforschung\/frauen-ns-verfolgung-2\/2007-dokumentation-der-geschichte-der-oesterreichischen-lagergemeinschaft-ravensbrueck","title":{"rendered":"2007: Dokumentation der Geschichte der \u00d6sterreichischen Lagergemeinschaft Ravensbr\u00fcck"},"content":{"rendered":"<div class=\"wp-block-atomic-blocks-ab-container alignfull ab-block-container\"><div class=\"ab-container-inside\"><div class=\"ab-container-content\"><div id=\"pl-gb2901-69f23f9e711fa\"  class=\"panel-layout\" ><div id=\"pg-gb2901-69f23f9e711fa-0\"  class=\"panel-grid panel-no-style\" ><div id=\"pgc-gb2901-69f23f9e711fa-0-0\"  class=\"panel-grid-cell\" ><div id=\"panel-gb2901-69f23f9e711fa-0-0-0\" class=\"so-panel widget widget_media_image panel-first-child panel-last-child\" data-index=\"0\" ><img loading=\"lazy\" decoding=\"async\" width=\"2554\" height=\"10\" src=\"https:\/\/ikf.ac.at\/wp-content\/uploads\/2021\/01\/linie_IKF.jpg\" class=\"image wp-image-754  attachment-full size-full\" alt=\"\" style=\"max-width: 100%; height: auto;\" srcset=\"https:\/\/ikf.ac.at\/wp-content\/uploads\/2021\/01\/linie_IKF.jpg 2554w, https:\/\/ikf.ac.at\/wp-content\/uploads\/2021\/01\/linie_IKF-300x1.jpg 300w, https:\/\/ikf.ac.at\/wp-content\/uploads\/2021\/01\/linie_IKF-1024x4.jpg 1024w, https:\/\/ikf.ac.at\/wp-content\/uploads\/2021\/01\/linie_IKF-768x3.jpg 768w, https:\/\/ikf.ac.at\/wp-content\/uploads\/2021\/01\/linie_IKF-1536x6.jpg 1536w, https:\/\/ikf.ac.at\/wp-content\/uploads\/2021\/01\/linie_IKF-2048x8.jpg 2048w\" sizes=\"auto, (max-width: 2554px) 100vw, 2554px\" \/><\/div><\/div><\/div><\/div>\n\n\n<div style=\"color:#ddd\" class=\"wp-block-genesis-blocks-gb-spacer gb-block-spacer gb-divider-solid gb-divider-size-1\"><hr style=\"height:30px\"\/><\/div>\n\n\n<div id=\"pl-gb2901-69f23f9e71702\"  class=\"panel-layout\" ><div id=\"pg-gb2901-69f23f9e71702-0\"  class=\"panel-grid panel-no-style\" ><div id=\"pgc-gb2901-69f23f9e71702-0-0\"  class=\"panel-grid-cell panel-grid-cell-empty\" ><\/div><div id=\"pgc-gb2901-69f23f9e71702-0-1\"  class=\"panel-grid-cell\" ><div id=\"panel-gb2901-69f23f9e71702-0-1-0\" class=\"so-panel widget widget_sow-editor panel-first-child panel-last-child\" data-index=\"0\" ><div\n\t\t\t\n\t\t\tclass=\"so-widget-sow-editor so-widget-sow-editor-base\"\n\t\t\t\n\t\t>\n<div class=\"siteorigin-widget-tinymce textwidget\">\n\t<table style=\"height: 100px; width: 100%; border-collapse: collapse;\" border=\"1\" cellpadding=\"2\">\n<tbody>\n<tr style=\"height: 24px;\">\n<td style=\"width: 15.8421%; height: 24px;\">Project management:<\/td>\n<td style=\"width: 84.1578%; height: 24px;\" colspan=\"2\">Univ.-Prof. Dr. Anton Pelinka<\/td>\n<\/tr>\n<tr>\n<td style=\"width: 15.8421%;\">\n<hr \/>\n<\/td>\n<td style=\"width: 62.7021%;\">\n<hr \/>\n<\/td>\n<td style=\"width: 21.4557%; height: 24px;\"><\/td>\n<\/tr>\n<tr>\n<td style=\"width: 15.8421%;\">Implementation:<\/td>\n<td style=\"width: 84.1578%;\" colspan=\"2\">Mag. Dr. Stefanie Mayer<sup>a<\/sup> Dr.<sup>in<\/sup> Helga Amesberger<br \/>\nMag. Dr. Stefanie Mayer<sup>a<\/sup> Dr.<sup>in<\/sup> Brigitte Halbmayr<br \/>\nMag. Dr. Stefanie Mayer<sup>a<\/sup> Kerstin Lercher<\/td>\n<\/tr>\n<tr>\n<td style=\"width: 15.8421%;\">\n<hr \/>\n<\/td>\n<td style=\"width: 62.7021%;\">\n<hr \/>\n<\/td>\n<td style=\"width: 21.4557%;\"><\/td>\n<\/tr>\n<tr>\n<td style=\"width: 15.8421%;\">Funded by:<\/td>\n<td style=\"width: 84.1578%;\" colspan=\"2\">Future Fund of the Republic of Austria<br \/>\nKR Rudolfine Steindling<br \/>\nNational Fund of the Republic of Austria for Victims of National Socialism<br \/>\nRenner Institut<br \/>\nAmt der Steierm\u00e4rkischen Landesregierung<br \/>\nFederal Ministry of Health and Women's Affairs<br \/>\nBundesministerium f\u00fcr Soziale Sicherheit, Generationen und Konsumentenschutz<br \/>\nRenner Institut Tirol<br \/>\nKommunistische Partei \u00d6sterreichs<br \/>\nSP\u00d6 Bundesfrauenorganisation<\/td>\n<\/tr>\n<tr>\n<td style=\"width: 15.8421%;\">\n<hr \/>\n<\/td>\n<td style=\"width: 62.7021%;\">\n<hr \/>\n<\/td>\n<td style=\"width: 21.4557%; height: 24px;\"><\/td>\n<\/tr>\n<tr style=\"height: 24px;\">\n<td style=\"width: 15.8421%; height: 24px;\">Completed in:<\/td>\n<td style=\"height: 24px; width: 84.1578%;\" colspan=\"2\">Februar 2007<\/td>\n<\/tr>\n<\/tbody>\n<\/table>\n<\/div>\n<\/div><\/div><\/div><\/div><\/div>\n\n\n<div style=\"color:#404168\" class=\"wp-block-genesis-blocks-gb-spacer gb-block-spacer gb-divider-solid gb-spacer-divider gb-divider-size-1\"><hr style=\"height:3px\"\/><\/div>\n\n\n\n<div style=\"color:#404168\" class=\"wp-block-genesis-blocks-gb-spacer gb-block-spacer gb-divider-solid gb-divider-size-1\"><hr style=\"height:10px\"\/><\/div>\n\n\n<div id=\"pl-gb2901-69f23f9e71b7e\"  class=\"panel-layout\" ><div id=\"pg-gb2901-69f23f9e71b7e-0\"  class=\"panel-grid panel-no-style\" ><div id=\"pgc-gb2901-69f23f9e71b7e-0-0\"  class=\"panel-grid-cell panel-grid-cell-empty\" ><\/div><div id=\"pgc-gb2901-69f23f9e71b7e-0-1\"  class=\"panel-grid-cell panel-grid-cell-mobile-last\" ><div id=\"panel-gb2901-69f23f9e71b7e-0-1-0\" class=\"so-panel widget widget_text panel-first-child panel-last-child\" data-index=\"0\" >\t\t\t<div class=\"textwidget\"><p align=\"justify\">Die wissenschaftliche Arbeit \u00fcber das Frauenkonzentrationslager Ravensbr\u00fcck im Zusammenhang mit der Verfolgung von \u00d6sterreicherInnen w\u00e4hrend des Nationalsozialismus entwickelte sich in den vergangenen Jahren zu einem bedeutenden Forschungsschwerpunkt am IKF. Die Dokumentation der Geschichte der \u00d6LGR ist Teil dieses Schwerpunktes und des umfassend angelegten Projektes der &#8220;Namentlichen Erfassung der ehemaligen \u00f6sterreichischen Inhaftierten im Frauenkonzentrationslager Ravensbr\u00fcck&#8221;.<\/p>\n<p align=\"justify\">Die \u00d6sterreichische Lagergemeinschaft Ravensbr\u00fcck (\u00d6LGR), gegr\u00fcndet im Mai 1947, ist ein Zusammenschluss von \u00dcberlebenden des Frauenkonzentrationslagers Ravensbr\u00fcck. In seinen Anf\u00e4ngen z\u00e4hlte der Verein rund 350 Mitglieder; heute hat er nur noch etwa 50 Mitglieder, die das KZ Ravensbr\u00fcck \u00fcberlebten. Rund 20 neue Mitglieder der n\u00e4chsten und \u00fcbern\u00e4chsten Generation engagieren sich seit l\u00e4ngerem ebenfalls ehrenamtlich.<\/p>\n<p align=\"justify\">Im Mittelpunkt der Dokumentation stehen die Aktivit\u00e4ten und Aufgaben der Lagergemeinschaft, sowohl in ihrer Funktion als Versammlungs- und St\u00fctzpunkt f\u00fcr ihre Mitglieder als auch hinsichtlich ihres Beitrages zur politischen und historischen Bildung bzw. Aufkl\u00e4rung in \u00d6sterreich. Eine kritische Analyse der ann\u00e4hernd 60-j\u00e4hrigen Geschichte soll auch erm\u00f6glichen, die Anforderungen an die zuk\u00fcnftige Arbeit bei der Fortf\u00fchrung der Lagergemeinschaft genauer zu bestimmen.<\/p>\n<\/div>\n\t\t<\/div><\/div><div id=\"pgc-gb2901-69f23f9e71b7e-0-2\"  class=\"panel-grid-cell panel-grid-cell-empty\" ><\/div><\/div><\/div>\n\n\n<div style=\"color:#333\" class=\"wp-block-genesis-blocks-gb-spacer gb-block-spacer gb-divider-solid gb-spacer-divider gb-divider-size-1\"><hr style=\"height:100px\"\/><\/div>\n<\/div><\/div><\/div>","protected":false},"excerpt":{"rendered":"","protected":false},"author":2,"featured_media":0,"parent":1320,"menu_order":34,"comment_status":"closed","ping_status":"closed","template":"","meta":{"footnotes":""},"class_list":["post-2901","page","type-page","status-publish","hentry","post"],"featured_image_src":null,"featured_image_src_square":null,"_links":{"self":[{"href":"https:\/\/ikf.ac.at\/en\/wp-json\/wp\/v2\/pages\/2901","targetHints":{"allow":["GET"]}}],"collection":[{"href":"https:\/\/ikf.ac.at\/en\/wp-json\/wp\/v2\/pages"}],"about":[{"href":"https:\/\/ikf.ac.at\/en\/wp-json\/wp\/v2\/types\/page"}],"author":[{"embeddable":true,"href":"https:\/\/ikf.ac.at\/en\/wp-json\/wp\/v2\/users\/2"}],"replies":[{"embeddable":true,"href":"https:\/\/ikf.ac.at\/en\/wp-json\/wp\/v2\/comments?post=2901"}],"version-history":[{"count":2,"href":"https:\/\/ikf.ac.at\/en\/wp-json\/wp\/v2\/pages\/2901\/revisions"}],"predecessor-version":[{"id":2903,"href":"https:\/\/ikf.ac.at\/en\/wp-json\/wp\/v2\/pages\/2901\/revisions\/2903"}],"up":[{"embeddable":true,"href":"https:\/\/ikf.ac.at\/en\/wp-json\/wp\/v2\/pages\/1320"}],"wp:attachment":[{"href":"https:\/\/ikf.ac.at\/en\/wp-json\/wp\/v2\/media?parent=2901"}],"curies":[{"name":"wp","href":"https:\/\/api.w.org\/{rel}","templated":true}]}}

2007: Dokumentation der Geschichte der Österreichischen Lagergemeinschaft Ravensbrück

<div class="wp-block-atomic-blocks-ab-container alignfull ab-block-container"><div class="ab-container-inside"><div class="ab-container-content"><div id="pl-gb2901-69f23f9e711fa"  class="panel-layout" ><div id="pg-gb2901-69f23f9e711fa-0"  class="panel-grid panel-no-style" ><div id="pgc-gb2901-69f23f9e711fa-0-0"  class="panel-grid-cell" ><div id="panel-gb2901-69f23f9e711fa-0-0-0" class="so-panel widget widget_media_image panel-first-child panel-last-child" data-index="0" ><img loading="lazy" decoding="async" width="2554" height="10" src="https://ikf.ac.at/wp-content/uploads/2021/01/linie_IKF.jpg" class="image wp-image-754  attachment-full size-full" alt="" style="max-width: 100%; height: auto;" srcset="https://ikf.ac.at/wp-content/uploads/2021/01/linie_IKF.jpg 2554w, https://ikf.ac.at/wp-content/uploads/2021/01/linie_IKF-300x1.jpg 300w, https://ikf.ac.at/wp-content/uploads/2021/01/linie_IKF-1024x4.jpg 1024w, https://ikf.ac.at/wp-content/uploads/2021/01/linie_IKF-768x3.jpg 768w, https://ikf.ac.at/wp-content/uploads/2021/01/linie_IKF-1536x6.jpg 1536w, https://ikf.ac.at/wp-content/uploads/2021/01/linie_IKF-2048x8.jpg 2048w" sizes="auto, (max-width: 2554px) 100vw, 2554px" /></div></div></div></div>


<div style="color:#ddd" class="wp-block-genesis-blocks-gb-spacer gb-block-spacer gb-divider-solid gb-divider-size-1"><hr style="height:30px"/></div>


<div id="pl-gb2901-69f23f9e71702"  class="panel-layout" ><div id="pg-gb2901-69f23f9e71702-0"  class="panel-grid panel-no-style" ><div id="pgc-gb2901-69f23f9e71702-0-0"  class="panel-grid-cell panel-grid-cell-empty" ></div><div id="pgc-gb2901-69f23f9e71702-0-1"  class="panel-grid-cell" ><div id="panel-gb2901-69f23f9e71702-0-1-0" class="so-panel widget widget_sow-editor panel-first-child panel-last-child" data-index="0" ><div
			
			class="so-widget-sow-editor so-widget-sow-editor-base"
			
		>
<div class="siteorigin-widget-tinymce textwidget">
	<table style="height: 100px; width: 100%; border-collapse: collapse;" border="1" cellpadding="2">
<tbody>
<tr style="height: 24px;">
<td style="width: 15.8421%; height: 24px;">Project management:</td>
<td style="width: 84.1578%; height: 24px;" colspan="2">Univ.-Prof. Dr. Anton Pelinka</td>
</tr>
<tr>
<td style="width: 15.8421%;">
<hr />
</td>
<td style="width: 62.7021%;">
<hr />
</td>
<td style="width: 21.4557%; height: 24px;"></td>
</tr>
<tr>
<td style="width: 15.8421%;">Implementation:</td>
<td style="width: 84.1578%;" colspan="2">Mag. Dr. Stefanie Mayer<sup>a</sup> Dr.<sup>in</sup> Helga Amesberger<br />
Mag. Dr. Stefanie Mayer<sup>a</sup> Dr.<sup>in</sup> Brigitte Halbmayr<br />
Mag. Dr. Stefanie Mayer<sup>a</sup> Kerstin Lercher</td>
</tr>
<tr>
<td style="width: 15.8421%;">
<hr />
</td>
<td style="width: 62.7021%;">
<hr />
</td>
<td style="width: 21.4557%;"></td>
</tr>
<tr>
<td style="width: 15.8421%;">Funded by:</td>
<td style="width: 84.1578%;" colspan="2">Future Fund of the Republic of Austria<br />
KR Rudolfine Steindling<br />
National Fund of the Republic of Austria for Victims of National Socialism<br />
Renner Institut<br />
Amt der Steiermärkischen Landesregierung<br />
Federal Ministry of Health and Women's Affairs<br />
Bundesministerium für Soziale Sicherheit, Generationen und Konsumentenschutz<br />
Renner Institut Tirol<br />
Kommunistische Partei Österreichs<br />
SPÖ Bundesfrauenorganisation</td>
</tr>
<tr>
<td style="width: 15.8421%;">
<hr />
</td>
<td style="width: 62.7021%;">
<hr />
</td>
<td style="width: 21.4557%; height: 24px;"></td>
</tr>
<tr style="height: 24px;">
<td style="width: 15.8421%; height: 24px;">Completed in:</td>
<td style="height: 24px; width: 84.1578%;" colspan="2">Februar 2007</td>
</tr>
</tbody>
</table>
</div>
</div></div></div></div></div>


<div style="color:#404168" class="wp-block-genesis-blocks-gb-spacer gb-block-spacer gb-divider-solid gb-spacer-divider gb-divider-size-1"><hr style="height:3px"/></div>



<div style="color:#404168" class="wp-block-genesis-blocks-gb-spacer gb-block-spacer gb-divider-solid gb-divider-size-1"><hr style="height:10px"/></div>


<div id="pl-gb2901-69f23f9e71b7e"  class="panel-layout" ><div id="pg-gb2901-69f23f9e71b7e-0"  class="panel-grid panel-no-style" ><div id="pgc-gb2901-69f23f9e71b7e-0-0"  class="panel-grid-cell panel-grid-cell-empty" ></div><div id="pgc-gb2901-69f23f9e71b7e-0-1"  class="panel-grid-cell panel-grid-cell-mobile-last" ><div id="panel-gb2901-69f23f9e71b7e-0-1-0" class="so-panel widget widget_text panel-first-child panel-last-child" data-index="0" >			<div class="textwidget"><p align="justify">Die wissenschaftliche Arbeit über das Frauenkonzentrationslager Ravensbrück im Zusammenhang mit der Verfolgung von ÖsterreicherInnen während des Nationalsozialismus entwickelte sich in den vergangenen Jahren zu einem bedeutenden Forschungsschwerpunkt am IKF. Die Dokumentation der Geschichte der ÖLGR ist Teil dieses Schwerpunktes und des umfassend angelegten Projektes der &#8220;Namentlichen Erfassung der ehemaligen österreichischen Inhaftierten im Frauenkonzentrationslager Ravensbrück&#8221;.</p>
<p align="justify">Die Österreichische Lagergemeinschaft Ravensbrück (ÖLGR), gegründet im Mai 1947, ist ein Zusammenschluss von Überlebenden des Frauenkonzentrationslagers Ravensbrück. In seinen Anfängen zählte der Verein rund 350 Mitglieder; heute hat er nur noch etwa 50 Mitglieder, die das KZ Ravensbrück überlebten. Rund 20 neue Mitglieder der nächsten und übernächsten Generation engagieren sich seit längerem ebenfalls ehrenamtlich.</p>
<p align="justify">Im Mittelpunkt der Dokumentation stehen die Aktivitäten und Aufgaben der Lagergemeinschaft, sowohl in ihrer Funktion als Versammlungs- und Stützpunkt für ihre Mitglieder als auch hinsichtlich ihres Beitrages zur politischen und historischen Bildung bzw. Aufklärung in Österreich. Eine kritische Analyse der annähernd 60-jährigen Geschichte soll auch ermöglichen, die Anforderungen an die zukünftige Arbeit bei der Fortführung der Lagergemeinschaft genauer zu bestimmen.</p>
</div>
		</div></div><div id="pgc-gb2901-69f23f9e71b7e-0-2"  class="panel-grid-cell panel-grid-cell-empty" ></div></div></div>


<div style="color:#333" class="wp-block-genesis-blocks-gb-spacer gb-block-spacer gb-divider-solid gb-spacer-divider gb-divider-size-1"><hr style="height:100px"/></div>
</div></div></div>
