{"id":2896,"date":"2021-05-04T12:28:35","date_gmt":"2021-05-04T12:28:35","guid":{"rendered":"http:\/\/test-ikf.online\/?page_id=2896"},"modified":"2021-07-01T10:46:34","modified_gmt":"2021-07-01T10:46:34","slug":"2008-ehemalige-weibliche-haeftlinge-in-nebenlagern-des-kz-mauthausen-pilotstudie","status":"publish","type":"page","link":"https:\/\/ikf.ac.at\/en\/schwerpunkte\/hist-sozialforschung\/frauen-ns-verfolgung-2\/2008-ehemalige-weibliche-haeftlinge-in-nebenlagern-des-kz-mauthausen-pilotstudie","title":{"rendered":"2008: Ehemalige weibliche H\u00e4ftlinge (in Nebenlagern) des KZ Mauthausen (Pilotstudie)"},"content":{"rendered":"<div class=\"wp-block-atomic-blocks-ab-container alignfull ab-block-container\"><div class=\"ab-container-inside\"><div class=\"ab-container-content\"><div id=\"pl-gb2896-69f23f9d87e3c\"  class=\"panel-layout\" ><div id=\"pg-gb2896-69f23f9d87e3c-0\"  class=\"panel-grid panel-no-style\" ><div id=\"pgc-gb2896-69f23f9d87e3c-0-0\"  class=\"panel-grid-cell\" ><div id=\"panel-gb2896-69f23f9d87e3c-0-0-0\" class=\"so-panel widget widget_media_image panel-first-child panel-last-child\" data-index=\"0\" ><img loading=\"lazy\" decoding=\"async\" width=\"2554\" height=\"10\" src=\"https:\/\/ikf.ac.at\/wp-content\/uploads\/2021\/01\/linie_IKF.jpg\" class=\"image wp-image-754  attachment-full size-full\" alt=\"\" style=\"max-width: 100%; height: auto;\" srcset=\"https:\/\/ikf.ac.at\/wp-content\/uploads\/2021\/01\/linie_IKF.jpg 2554w, https:\/\/ikf.ac.at\/wp-content\/uploads\/2021\/01\/linie_IKF-300x1.jpg 300w, https:\/\/ikf.ac.at\/wp-content\/uploads\/2021\/01\/linie_IKF-1024x4.jpg 1024w, https:\/\/ikf.ac.at\/wp-content\/uploads\/2021\/01\/linie_IKF-768x3.jpg 768w, https:\/\/ikf.ac.at\/wp-content\/uploads\/2021\/01\/linie_IKF-1536x6.jpg 1536w, https:\/\/ikf.ac.at\/wp-content\/uploads\/2021\/01\/linie_IKF-2048x8.jpg 2048w\" sizes=\"auto, (max-width: 2554px) 100vw, 2554px\" \/><\/div><\/div><\/div><\/div>\n\n\n<div style=\"color:#ddd\" class=\"wp-block-genesis-blocks-gb-spacer gb-block-spacer gb-divider-solid gb-divider-size-1\"><hr style=\"height:18px\"\/><\/div>\n\n\n<div id=\"pl-gb2896-69f23f9d88312\"  class=\"panel-layout\" ><div id=\"pg-gb2896-69f23f9d88312-0\"  class=\"panel-grid panel-no-style\" ><div id=\"pgc-gb2896-69f23f9d88312-0-0\"  class=\"panel-grid-cell panel-grid-cell-empty\" ><\/div><div id=\"pgc-gb2896-69f23f9d88312-0-1\"  class=\"panel-grid-cell\" ><div id=\"panel-gb2896-69f23f9d88312-0-1-0\" class=\"so-panel widget widget_sow-editor panel-first-child panel-last-child\" data-index=\"0\" ><div\n\t\t\t\n\t\t\tclass=\"so-widget-sow-editor so-widget-sow-editor-base\"\n\t\t\t\n\t\t>\n<div class=\"siteorigin-widget-tinymce textwidget\">\n\t<table style=\"height: 100px; width: 100%; border-collapse: collapse;\" border=\"1\" cellpadding=\"2\">\n<tbody>\n<tr style=\"height: 24px;\">\n<td style=\"width: 15.8421%; height: 24px;\">Project management:<\/td>\n<td style=\"width: 84.1578%; height: 24px;\" colspan=\"2\">Mag. Dr. Stefanie Mayer<sup>a<\/sup> Dr.<sup>in<\/sup> Helga Amesberger<br \/>\nMag. Dr. Stefanie Mayer<sup>a<\/sup> Dr.<sup>in<\/sup> Brigitte Halbmayr<\/td>\n<\/tr>\n<tr>\n<td style=\"width: 15.8421%;\">\n<hr \/>\n<\/td>\n<td style=\"width: 39.5713%;\">\n<hr \/>\n<\/td>\n<td style=\"width: 44.5865%; height: 24px;\"><\/td>\n<\/tr>\n<tr>\n<td style=\"width: 15.8421%;\">Implementation:<\/td>\n<td style=\"width: 84.1578%;\" colspan=\"2\">Mag. Dr. Stefanie Mayer<sup>a<\/sup> Dr.<sup>in<\/sup> Helga Amesberger<br \/>\nMag. Dr. Stefanie Mayer<sup>a<\/sup> Dr.<sup>in<\/sup> Brigitte Halbmayr<br \/>\nMag. Dr. Stefanie Mayer<sup>a<\/sup> Kerstin Lercher<br \/>\nMag. Andreas Baumgartner (Soziales Forschungsb\u00fcro)<\/td>\n<\/tr>\n<tr>\n<td style=\"width: 15.8421%;\">\n<hr \/>\n<\/td>\n<td style=\"width: 39.5713%;\">\n<hr \/>\n<\/td>\n<td style=\"width: 44.5865%;\"><\/td>\n<\/tr>\n<tr>\n<td style=\"width: 15.8421%;\">Funded by:<\/td>\n<td style=\"width: 84.1578%;\" colspan=\"2\">Federal Ministry of the Interior<\/td>\n<\/tr>\n<tr>\n<td style=\"width: 15.8421%;\">\n<hr \/>\n<\/td>\n<td style=\"width: 39.5713%;\">\n<hr \/>\n<\/td>\n<td style=\"width: 44.5865%; height: 24px;\"><\/td>\n<\/tr>\n<tr style=\"height: 24px;\">\n<td style=\"width: 15.8421%; height: 24px;\">Completed in:<\/td>\n<td style=\"height: 24px; width: 84.1578%;\" colspan=\"2\">Februar 2008<\/td>\n<\/tr>\n<\/tbody>\n<\/table>\n<\/div>\n<\/div><\/div><\/div><\/div><\/div>\n\n\n<div style=\"color:#404168\" class=\"wp-block-genesis-blocks-gb-spacer gb-block-spacer gb-divider-solid gb-spacer-divider gb-divider-size-1\"><hr style=\"height:3px\"\/><\/div>\n\n\n\n<div style=\"color:#404168\" class=\"wp-block-genesis-blocks-gb-spacer gb-block-spacer gb-divider-solid gb-divider-size-1\"><hr style=\"height:10px\"\/><\/div>\n\n\n<div id=\"pl-gb2896-69f23f9d88783\"  class=\"panel-layout\" ><div id=\"pg-gb2896-69f23f9d88783-0\"  class=\"panel-grid panel-no-style\" ><div id=\"pgc-gb2896-69f23f9d88783-0-0\"  class=\"panel-grid-cell panel-grid-cell-empty\" ><\/div><div id=\"pgc-gb2896-69f23f9d88783-0-1\"  class=\"panel-grid-cell panel-grid-cell-mobile-last\" ><div id=\"panel-gb2896-69f23f9d88783-0-1-0\" class=\"so-panel widget widget_text panel-first-child panel-last-child\" data-index=\"0\" >\t\t\t<div class=\"textwidget\"><p align=\"justify\">Die Pilotstudie zu den ehemaligen weiblichen H\u00e4ftlingen im KZ Mauthausen und seinen Au\u00dfenlagern hatte das Bestreben, in vier miteinander verflochtenen Modulen die Basis f\u00fcr eine tiefergehende Forschung zu den Frauen in Mauthausen zu schaffen. Im Modul 1, Namentliche Erfassung, wurde eine Access-Datenbank kreiert, in welcher Daten unterschiedlicher Herkunft (Gedenkst\u00e4tten, andere Forschungsprojekte, Publikationen etc.) zu rund 4.300 Frauen gesammelt wurden. Der Aufbau einer regionalen Vernetzung (Modul 2) hatte zum Ziel, KooperationspartnerInnen in jenen Orten bzw. Regionen zu finden, in welchen Nebenlager bzw. Arbeitskommandos f\u00fcr Frauen existierten, um gemeinsam die Forschung zu den Nebenlagern zu vertiefen. Ein weiterer wichtiger Arbeitsbereich war die Aufbereitung und erste Analyse der Interviews, welche im Rahmen des Mauthausen Survivors Documentation Projects (MSDP, 2001\/02) gef\u00fchrt wurden (Modul 3). Schlie\u00dflich wurde f\u00fcr die im Hauptprojekt zu erbringende Analyse der gesammelten Informationen ein internationales Kooperationsnetzwerk mit ExpertInnen zur Erforschung der spezifischen historisch-politischen Rahmenbedingungen, wie sie sich f\u00fcr weibliche Mauthausenh\u00e4ftlinge aus verschiedenen Herkunftsl\u00e4ndern dargestellt haben, aufgebaut (Modul 4).<\/p>\n<p align=\"justify\">Ziel war also v.a., die Rahmenbedingungen f\u00fcr die Durchf\u00fchrung einer umfassenden qualitativen und quantitativen Untersuchung zu den weiblichen Mauthausenh\u00e4ftlingen zu schaffen bzw. zu optimieren, d.h. die Arbeitsschritte zu definieren, die (weiteren) zu erschlie\u00dfenden Quellen zu eruieren und aufzubereiten sowie mit nationalen wie internationalen KooperationspartnerInnen zentrale Fragestellungen abzukl\u00e4ren, um so im Hauptprojekt eine umfangreiche Erhebung und Analyse zum gesamten Themenfeld durchf\u00fchren zu k\u00f6nnen.<\/p>\n<\/div>\n\t\t<\/div><\/div><div id=\"pgc-gb2896-69f23f9d88783-0-2\"  class=\"panel-grid-cell panel-grid-cell-empty\" ><\/div><\/div><\/div>\n\n\n<div style=\"color:#333\" class=\"wp-block-genesis-blocks-gb-spacer gb-block-spacer gb-divider-solid gb-spacer-divider gb-divider-size-1\"><hr style=\"height:100px\"\/><\/div>\n<\/div><\/div><\/div>","protected":false},"excerpt":{"rendered":"","protected":false},"author":2,"featured_media":0,"parent":1320,"menu_order":32,"comment_status":"closed","ping_status":"closed","template":"","meta":{"footnotes":""},"class_list":["post-2896","page","type-page","status-publish","hentry","post"],"featured_image_src":null,"featured_image_src_square":null,"_links":{"self":[{"href":"https:\/\/ikf.ac.at\/en\/wp-json\/wp\/v2\/pages\/2896","targetHints":{"allow":["GET"]}}],"collection":[{"href":"https:\/\/ikf.ac.at\/en\/wp-json\/wp\/v2\/pages"}],"about":[{"href":"https:\/\/ikf.ac.at\/en\/wp-json\/wp\/v2\/types\/page"}],"author":[{"embeddable":true,"href":"https:\/\/ikf.ac.at\/en\/wp-json\/wp\/v2\/users\/2"}],"replies":[{"embeddable":true,"href":"https:\/\/ikf.ac.at\/en\/wp-json\/wp\/v2\/comments?post=2896"}],"version-history":[{"count":2,"href":"https:\/\/ikf.ac.at\/en\/wp-json\/wp\/v2\/pages\/2896\/revisions"}],"predecessor-version":[{"id":3129,"href":"https:\/\/ikf.ac.at\/en\/wp-json\/wp\/v2\/pages\/2896\/revisions\/3129"}],"up":[{"embeddable":true,"href":"https:\/\/ikf.ac.at\/en\/wp-json\/wp\/v2\/pages\/1320"}],"wp:attachment":[{"href":"https:\/\/ikf.ac.at\/en\/wp-json\/wp\/v2\/media?parent=2896"}],"curies":[{"name":"wp","href":"https:\/\/api.w.org\/{rel}","templated":true}]}}

2008: Ehemalige weibliche Häftlinge (in Nebenlagern) des KZ Mauthausen (Pilotstudie)

<div class="wp-block-atomic-blocks-ab-container alignfull ab-block-container"><div class="ab-container-inside"><div class="ab-container-content"><div id="pl-gb2896-69f23f9d87e3c"  class="panel-layout" ><div id="pg-gb2896-69f23f9d87e3c-0"  class="panel-grid panel-no-style" ><div id="pgc-gb2896-69f23f9d87e3c-0-0"  class="panel-grid-cell" ><div id="panel-gb2896-69f23f9d87e3c-0-0-0" class="so-panel widget widget_media_image panel-first-child panel-last-child" data-index="0" ><img loading="lazy" decoding="async" width="2554" height="10" src="https://ikf.ac.at/wp-content/uploads/2021/01/linie_IKF.jpg" class="image wp-image-754  attachment-full size-full" alt="" style="max-width: 100%; height: auto;" srcset="https://ikf.ac.at/wp-content/uploads/2021/01/linie_IKF.jpg 2554w, https://ikf.ac.at/wp-content/uploads/2021/01/linie_IKF-300x1.jpg 300w, https://ikf.ac.at/wp-content/uploads/2021/01/linie_IKF-1024x4.jpg 1024w, https://ikf.ac.at/wp-content/uploads/2021/01/linie_IKF-768x3.jpg 768w, https://ikf.ac.at/wp-content/uploads/2021/01/linie_IKF-1536x6.jpg 1536w, https://ikf.ac.at/wp-content/uploads/2021/01/linie_IKF-2048x8.jpg 2048w" sizes="auto, (max-width: 2554px) 100vw, 2554px" /></div></div></div></div>


<div style="color:#ddd" class="wp-block-genesis-blocks-gb-spacer gb-block-spacer gb-divider-solid gb-divider-size-1"><hr style="height:18px"/></div>


<div id="pl-gb2896-69f23f9d88312"  class="panel-layout" ><div id="pg-gb2896-69f23f9d88312-0"  class="panel-grid panel-no-style" ><div id="pgc-gb2896-69f23f9d88312-0-0"  class="panel-grid-cell panel-grid-cell-empty" ></div><div id="pgc-gb2896-69f23f9d88312-0-1"  class="panel-grid-cell" ><div id="panel-gb2896-69f23f9d88312-0-1-0" class="so-panel widget widget_sow-editor panel-first-child panel-last-child" data-index="0" ><div
			
			class="so-widget-sow-editor so-widget-sow-editor-base"
			
		>
<div class="siteorigin-widget-tinymce textwidget">
	<table style="height: 100px; width: 100%; border-collapse: collapse;" border="1" cellpadding="2">
<tbody>
<tr style="height: 24px;">
<td style="width: 15.8421%; height: 24px;">Project management:</td>
<td style="width: 84.1578%; height: 24px;" colspan="2">Mag. Dr. Stefanie Mayer<sup>a</sup> Dr.<sup>in</sup> Helga Amesberger<br />
Mag. Dr. Stefanie Mayer<sup>a</sup> Dr.<sup>in</sup> Brigitte Halbmayr</td>
</tr>
<tr>
<td style="width: 15.8421%;">
<hr />
</td>
<td style="width: 39.5713%;">
<hr />
</td>
<td style="width: 44.5865%; height: 24px;"></td>
</tr>
<tr>
<td style="width: 15.8421%;">Implementation:</td>
<td style="width: 84.1578%;" colspan="2">Mag. Dr. Stefanie Mayer<sup>a</sup> Dr.<sup>in</sup> Helga Amesberger<br />
Mag. Dr. Stefanie Mayer<sup>a</sup> Dr.<sup>in</sup> Brigitte Halbmayr<br />
Mag. Dr. Stefanie Mayer<sup>a</sup> Kerstin Lercher<br />
Mag. Andreas Baumgartner (Soziales Forschungsbüro)</td>
</tr>
<tr>
<td style="width: 15.8421%;">
<hr />
</td>
<td style="width: 39.5713%;">
<hr />
</td>
<td style="width: 44.5865%;"></td>
</tr>
<tr>
<td style="width: 15.8421%;">Funded by:</td>
<td style="width: 84.1578%;" colspan="2">Federal Ministry of the Interior</td>
</tr>
<tr>
<td style="width: 15.8421%;">
<hr />
</td>
<td style="width: 39.5713%;">
<hr />
</td>
<td style="width: 44.5865%; height: 24px;"></td>
</tr>
<tr style="height: 24px;">
<td style="width: 15.8421%; height: 24px;">Completed in:</td>
<td style="height: 24px; width: 84.1578%;" colspan="2">Februar 2008</td>
</tr>
</tbody>
</table>
</div>
</div></div></div></div></div>


<div style="color:#404168" class="wp-block-genesis-blocks-gb-spacer gb-block-spacer gb-divider-solid gb-spacer-divider gb-divider-size-1"><hr style="height:3px"/></div>



<div style="color:#404168" class="wp-block-genesis-blocks-gb-spacer gb-block-spacer gb-divider-solid gb-divider-size-1"><hr style="height:10px"/></div>


<div id="pl-gb2896-69f23f9d88783"  class="panel-layout" ><div id="pg-gb2896-69f23f9d88783-0"  class="panel-grid panel-no-style" ><div id="pgc-gb2896-69f23f9d88783-0-0"  class="panel-grid-cell panel-grid-cell-empty" ></div><div id="pgc-gb2896-69f23f9d88783-0-1"  class="panel-grid-cell panel-grid-cell-mobile-last" ><div id="panel-gb2896-69f23f9d88783-0-1-0" class="so-panel widget widget_text panel-first-child panel-last-child" data-index="0" >			<div class="textwidget"><p align="justify">Die Pilotstudie zu den ehemaligen weiblichen Häftlingen im KZ Mauthausen und seinen Außenlagern hatte das Bestreben, in vier miteinander verflochtenen Modulen die Basis für eine tiefergehende Forschung zu den Frauen in Mauthausen zu schaffen. Im Modul 1, Namentliche Erfassung, wurde eine Access-Datenbank kreiert, in welcher Daten unterschiedlicher Herkunft (Gedenkstätten, andere Forschungsprojekte, Publikationen etc.) zu rund 4.300 Frauen gesammelt wurden. Der Aufbau einer regionalen Vernetzung (Modul 2) hatte zum Ziel, KooperationspartnerInnen in jenen Orten bzw. Regionen zu finden, in welchen Nebenlager bzw. Arbeitskommandos für Frauen existierten, um gemeinsam die Forschung zu den Nebenlagern zu vertiefen. Ein weiterer wichtiger Arbeitsbereich war die Aufbereitung und erste Analyse der Interviews, welche im Rahmen des Mauthausen Survivors Documentation Projects (MSDP, 2001/02) geführt wurden (Modul 3). Schließlich wurde für die im Hauptprojekt zu erbringende Analyse der gesammelten Informationen ein internationales Kooperationsnetzwerk mit ExpertInnen zur Erforschung der spezifischen historisch-politischen Rahmenbedingungen, wie sie sich für weibliche Mauthausenhäftlinge aus verschiedenen Herkunftsländern dargestellt haben, aufgebaut (Modul 4).</p>
<p align="justify">Ziel war also v.a., die Rahmenbedingungen für die Durchführung einer umfassenden qualitativen und quantitativen Untersuchung zu den weiblichen Mauthausenhäftlingen zu schaffen bzw. zu optimieren, d.h. die Arbeitsschritte zu definieren, die (weiteren) zu erschließenden Quellen zu eruieren und aufzubereiten sowie mit nationalen wie internationalen KooperationspartnerInnen zentrale Fragestellungen abzuklären, um so im Hauptprojekt eine umfangreiche Erhebung und Analyse zum gesamten Themenfeld durchführen zu können.</p>
</div>
		</div></div><div id="pgc-gb2896-69f23f9d88783-0-2"  class="panel-grid-cell panel-grid-cell-empty" ></div></div></div>


<div style="color:#333" class="wp-block-genesis-blocks-gb-spacer gb-block-spacer gb-divider-solid gb-spacer-divider gb-divider-size-1"><hr style="height:100px"/></div>
</div></div></div>
