{"id":2889,"date":"2021-05-04T11:41:40","date_gmt":"2021-05-04T11:41:40","guid":{"rendered":"http:\/\/test-ikf.online\/?page_id=2889"},"modified":"2021-05-04T11:42:42","modified_gmt":"2021-05-04T11:42:42","slug":"2011-namentliche-erfassung-ehemals-inhaftierte-oesterreicherinnen-kz-ravensbrueck-quantitative-auswertung-datenbank","status":"publish","type":"page","link":"https:\/\/ikf.ac.at\/en\/schwerpunkte\/hist-sozialforschung\/frauen-ns-verfolgung-2\/2011-namentliche-erfassung-ehemals-inhaftierte-oesterreicherinnen-kz-ravensbrueck-quantitative-auswertung-datenbank","title":{"rendered":"2011: Namentliche Erfassung der ehemals inhaftierten \u00d6sterreicherInnen im KZ Ravensbr\u00fcck \u2013 quantitative Auswertung der Datenbank"},"content":{"rendered":"<div class=\"wp-block-atomic-blocks-ab-container alignfull ab-block-container\"><div class=\"ab-container-inside\"><div class=\"ab-container-content\"><div id=\"pl-gb2889-69f23ffbd024e\"  class=\"panel-layout\" ><div id=\"pg-gb2889-69f23ffbd024e-0\"  class=\"panel-grid panel-no-style\" ><div id=\"pgc-gb2889-69f23ffbd024e-0-0\"  class=\"panel-grid-cell\" ><div id=\"panel-gb2889-69f23ffbd024e-0-0-0\" class=\"so-panel widget widget_media_image panel-first-child panel-last-child\" data-index=\"0\" ><img loading=\"lazy\" decoding=\"async\" width=\"2554\" height=\"10\" src=\"https:\/\/ikf.ac.at\/wp-content\/uploads\/2021\/01\/linie_IKF.jpg\" class=\"image wp-image-754  attachment-full size-full\" alt=\"\" style=\"max-width: 100%; height: auto;\" srcset=\"https:\/\/ikf.ac.at\/wp-content\/uploads\/2021\/01\/linie_IKF.jpg 2554w, https:\/\/ikf.ac.at\/wp-content\/uploads\/2021\/01\/linie_IKF-300x1.jpg 300w, https:\/\/ikf.ac.at\/wp-content\/uploads\/2021\/01\/linie_IKF-1024x4.jpg 1024w, https:\/\/ikf.ac.at\/wp-content\/uploads\/2021\/01\/linie_IKF-768x3.jpg 768w, https:\/\/ikf.ac.at\/wp-content\/uploads\/2021\/01\/linie_IKF-1536x6.jpg 1536w, https:\/\/ikf.ac.at\/wp-content\/uploads\/2021\/01\/linie_IKF-2048x8.jpg 2048w\" sizes=\"auto, (max-width: 2554px) 100vw, 2554px\" \/><\/div><\/div><\/div><\/div>\n\n\n<div style=\"color:#ddd\" class=\"wp-block-genesis-blocks-gb-spacer gb-block-spacer gb-divider-solid gb-divider-size-1\"><hr style=\"height:30px\"\/><\/div>\n\n\n<div id=\"pl-gb2889-69f23ffbd0921\"  class=\"panel-layout\" ><div id=\"pg-gb2889-69f23ffbd0921-0\"  class=\"panel-grid panel-no-style\" ><div id=\"pgc-gb2889-69f23ffbd0921-0-0\"  class=\"panel-grid-cell panel-grid-cell-empty\" ><\/div><div id=\"pgc-gb2889-69f23ffbd0921-0-1\"  class=\"panel-grid-cell\" ><div id=\"panel-gb2889-69f23ffbd0921-0-1-0\" class=\"so-panel widget widget_sow-editor panel-first-child panel-last-child\" data-index=\"0\" ><div\n\t\t\t\n\t\t\tclass=\"so-widget-sow-editor so-widget-sow-editor-base\"\n\t\t\t\n\t\t>\n<div class=\"siteorigin-widget-tinymce textwidget\">\n\t<table style=\"height: 100px; width: 100%; border-collapse: collapse;\" border=\"1\" cellpadding=\"2\">\n<tbody>\n<tr style=\"height: 24px;\">\n<td style=\"width: 15.8421%; height: 24px;\">Project management:<\/td>\n<td style=\"width: 84.1578%; height: 24px;\" colspan=\"2\" class=\"translation-block\"><span style=\"font-size: x-large\">Mag. Dr. Helga Amesberger<\/span><\/td>\n<\/tr>\n<tr>\n<td style=\"width: 15.8421%;\">\n<hr \/>\n<\/td>\n<td style=\"width: 39.5713%;\">\n<hr \/>\n<\/td>\n<td style=\"width: 44.5865%; height: 24px;\"><\/td>\n<\/tr>\n<tr>\n<td style=\"width: 15.8421%;\">Implementation:<\/td>\n<td style=\"width: 84.1578%;\" colspan=\"2\">Mag. Dr. Stefanie Mayer<sup>a<\/sup> Dr.<sup>in<\/sup> Helga Amesberger<br \/>\nMag. Dr. Stefanie Mayer<sup>a<\/sup> Kerstin Lercher<\/td>\n<\/tr>\n<tr>\n<td style=\"width: 15.8421%;\">\n<hr \/>\n<\/td>\n<td style=\"width: 39.5713%;\">\n<hr \/>\n<\/td>\n<td style=\"width: 44.5865%;\"><\/td>\n<\/tr>\n<tr>\n<td style=\"width: 15.8421%;\">Funded by:<\/td>\n<td style=\"width: 84.1578%;\" colspan=\"2\">Magistratsabteilung 57 (Frauenb\u00fcro der Stadt Wien)<\/td>\n<\/tr>\n<tr>\n<td style=\"width: 15.8421%;\">\n<hr \/>\n<\/td>\n<td style=\"width: 39.5713%;\">\n<hr \/>\n<\/td>\n<td style=\"width: 44.5865%; height: 24px;\"><\/td>\n<\/tr>\n<tr style=\"height: 24px;\">\n<td style=\"width: 15.8421%; height: 24px;\">Completed in:<\/td>\n<td style=\"height: 24px; width: 84.1578%;\" colspan=\"2\">Dezember 2011<\/td>\n<\/tr>\n<\/tbody>\n<\/table>\n<\/div>\n<\/div><\/div><\/div><\/div><\/div>\n\n\n<div style=\"color:#404168\" class=\"wp-block-genesis-blocks-gb-spacer gb-block-spacer gb-divider-solid gb-spacer-divider gb-divider-size-1\"><hr style=\"height:3px\"\/><\/div>\n\n\n\n<div style=\"color:#404168\" class=\"wp-block-genesis-blocks-gb-spacer gb-block-spacer gb-divider-solid gb-divider-size-1\"><hr style=\"height:10px\"\/><\/div>\n\n\n<div id=\"pl-gb2889-69f23ffbd0f8c\"  class=\"panel-layout\" ><div id=\"pg-gb2889-69f23ffbd0f8c-0\"  class=\"panel-grid panel-no-style\" ><div id=\"pgc-gb2889-69f23ffbd0f8c-0-0\"  class=\"panel-grid-cell panel-grid-cell-empty\" ><\/div><div id=\"pgc-gb2889-69f23ffbd0f8c-0-1\"  class=\"panel-grid-cell panel-grid-cell-mobile-last\" ><div id=\"panel-gb2889-69f23ffbd0f8c-0-1-0\" class=\"so-panel widget widget_text panel-first-child panel-last-child\" data-index=\"0\" >\t\t\t<div class=\"textwidget\"><p align=\"justify\">Seit 2005 wird am Institut f\u00fcr Konfliktforschung an der namentlichen Erfassung der ehemals inhaftierten \u00d6sterreicherInnen im KZ Ravensbr\u00fcck gearbeitet. Nach umfangreichen Recherchen im In- und Ausland konnten die Namen von 2.700 \u00f6sterreichischen Frauen und M\u00e4nnern eruiert werden, die im Konzentrationslager Ravensbr\u00fcck in Haft waren, sowie zudem viele Informationen zu deren Leben vor und \u2013 falls sie \u00fcberlebten \u2013 nach der NS-Verfolgung.<\/p>\n<p align=\"justify\">Das aktuelle Projekt hat zum Ziel, die gesammelten Informationen quantitativ wie qualitativ auszuwerten und in Form einer interaktiven Website einer breiten \u00d6ffentlichkeit zug\u00e4nglich zu machen. Modul 1 des Projekts betrifft die quantitative Auswertung, welche von September bis Dezember 2011 durchgef\u00fchrt wurde.<\/p>\n<p align=\"justify\">Einige Ergebnisse seien hier exemplarisch angef\u00fchrt: Roma und Sinti geh\u00f6ren neben politisch Verfolgten zu der gr\u00f6\u00dften H\u00e4ftlingsgruppe, wurden \u00fcberdurchschnittlich fr\u00fch verhaftet und direkt nach Ravensbr\u00fcck deportiert und waren somit, sofern sie die Befreiung erlebten, besonders lange inhaftiert. Erstaunlich ist auch die hohe Anzahl jener Frauen, die wegen des Vorwurfs &#8220;asozial&#8221; zu sein, in Haft kamen und nach Ravensbr\u00fcck verschleppt wurden. Darunter finden sich auch viele jugendliche M\u00e4dchen, denen ein unsittlicher Lebenswandel vorgeworfen wurde bzw. die mit den damals herrschenden Sitten nicht konform gingen. Da auch zu dieser Verfolgtengruppe bislang keine \u00f6sterreichspezifischen Daten vorlagen, best\u00e4tigte sich bereits jetzt, dass durch das Projekt neue wissenschaftliche Erkenntnisse gewonnen werden. Zu erwarten sind weitere interessante Ergebnisse zum sozialen Background der Verfolgten, zum Leben nach der Befreiung sowie Details zur Haft in Ravensbr\u00fcck.<\/p>\n<p align=\"justify\">Geplant ist eine Ver\u00f6ffentlichung der Ergebnisse in Form eines wissenschaftlichen Artikels und vor allem die ad\u00e4quate Aufbereitung der Ergebnisse f\u00fcr die geplante &#8220;Ravensbr\u00fcck-Website&#8221;, die besonders f\u00fcr Sch\u00fclerInnen konzipiert wird.<\/p>\n<\/div>\n\t\t<\/div><\/div><div id=\"pgc-gb2889-69f23ffbd0f8c-0-2\"  class=\"panel-grid-cell panel-grid-cell-empty\" ><\/div><\/div><\/div>\n\n\n<div style=\"color:#333\" class=\"wp-block-genesis-blocks-gb-spacer gb-block-spacer gb-divider-solid gb-spacer-divider gb-divider-size-1\"><hr style=\"height:100px\"\/><\/div>\n<\/div><\/div><\/div>","protected":false},"excerpt":{"rendered":"","protected":false},"author":2,"featured_media":0,"parent":1320,"menu_order":29,"comment_status":"closed","ping_status":"closed","template":"","meta":{"footnotes":""},"class_list":["post-2889","page","type-page","status-publish","hentry","post"],"featured_image_src":null,"featured_image_src_square":null,"_links":{"self":[{"href":"https:\/\/ikf.ac.at\/en\/wp-json\/wp\/v2\/pages\/2889","targetHints":{"allow":["GET"]}}],"collection":[{"href":"https:\/\/ikf.ac.at\/en\/wp-json\/wp\/v2\/pages"}],"about":[{"href":"https:\/\/ikf.ac.at\/en\/wp-json\/wp\/v2\/types\/page"}],"author":[{"embeddable":true,"href":"https:\/\/ikf.ac.at\/en\/wp-json\/wp\/v2\/users\/2"}],"replies":[{"embeddable":true,"href":"https:\/\/ikf.ac.at\/en\/wp-json\/wp\/v2\/comments?post=2889"}],"version-history":[{"count":1,"href":"https:\/\/ikf.ac.at\/en\/wp-json\/wp\/v2\/pages\/2889\/revisions"}],"predecessor-version":[{"id":2890,"href":"https:\/\/ikf.ac.at\/en\/wp-json\/wp\/v2\/pages\/2889\/revisions\/2890"}],"up":[{"embeddable":true,"href":"https:\/\/ikf.ac.at\/en\/wp-json\/wp\/v2\/pages\/1320"}],"wp:attachment":[{"href":"https:\/\/ikf.ac.at\/en\/wp-json\/wp\/v2\/media?parent=2889"}],"curies":[{"name":"wp","href":"https:\/\/api.w.org\/{rel}","templated":true}]}}

2011: Namentliche Erfassung der ehemals inhaftierten ÖsterreicherInnen im KZ Ravensbrück – quantitative Auswertung der Datenbank

<div class="wp-block-atomic-blocks-ab-container alignfull ab-block-container"><div class="ab-container-inside"><div class="ab-container-content"><div id="pl-gb2889-69f23ffbd024e"  class="panel-layout" ><div id="pg-gb2889-69f23ffbd024e-0"  class="panel-grid panel-no-style" ><div id="pgc-gb2889-69f23ffbd024e-0-0"  class="panel-grid-cell" ><div id="panel-gb2889-69f23ffbd024e-0-0-0" class="so-panel widget widget_media_image panel-first-child panel-last-child" data-index="0" ><img loading="lazy" decoding="async" width="2554" height="10" src="https://ikf.ac.at/wp-content/uploads/2021/01/linie_IKF.jpg" class="image wp-image-754  attachment-full size-full" alt="" style="max-width: 100%; height: auto;" srcset="https://ikf.ac.at/wp-content/uploads/2021/01/linie_IKF.jpg 2554w, https://ikf.ac.at/wp-content/uploads/2021/01/linie_IKF-300x1.jpg 300w, https://ikf.ac.at/wp-content/uploads/2021/01/linie_IKF-1024x4.jpg 1024w, https://ikf.ac.at/wp-content/uploads/2021/01/linie_IKF-768x3.jpg 768w, https://ikf.ac.at/wp-content/uploads/2021/01/linie_IKF-1536x6.jpg 1536w, https://ikf.ac.at/wp-content/uploads/2021/01/linie_IKF-2048x8.jpg 2048w" sizes="auto, (max-width: 2554px) 100vw, 2554px" /></div></div></div></div>


<div style="color:#ddd" class="wp-block-genesis-blocks-gb-spacer gb-block-spacer gb-divider-solid gb-divider-size-1"><hr style="height:30px"/></div>


<div id="pl-gb2889-69f23ffbd0921"  class="panel-layout" ><div id="pg-gb2889-69f23ffbd0921-0"  class="panel-grid panel-no-style" ><div id="pgc-gb2889-69f23ffbd0921-0-0"  class="panel-grid-cell panel-grid-cell-empty" ></div><div id="pgc-gb2889-69f23ffbd0921-0-1"  class="panel-grid-cell" ><div id="panel-gb2889-69f23ffbd0921-0-1-0" class="so-panel widget widget_sow-editor panel-first-child panel-last-child" data-index="0" ><div
			
			class="so-widget-sow-editor so-widget-sow-editor-base"
			
		>
<div class="siteorigin-widget-tinymce textwidget">
	<table style="height: 100px; width: 100%; border-collapse: collapse;" border="1" cellpadding="2">
<tbody>
<tr style="height: 24px;">
<td style="width: 15.8421%; height: 24px;">Project management:</td>
<td style="width: 84.1578%; height: 24px;" colspan="2" class="translation-block"><span style="font-size: x-large">Mag. Dr. Helga Amesberger</span></td>
</tr>
<tr>
<td style="width: 15.8421%;">
<hr />
</td>
<td style="width: 39.5713%;">
<hr />
</td>
<td style="width: 44.5865%; height: 24px;"></td>
</tr>
<tr>
<td style="width: 15.8421%;">Implementation:</td>
<td style="width: 84.1578%;" colspan="2">Mag. Dr. Stefanie Mayer<sup>a</sup> Dr.<sup>in</sup> Helga Amesberger<br />
Mag. Dr. Stefanie Mayer<sup>a</sup> Kerstin Lercher</td>
</tr>
<tr>
<td style="width: 15.8421%;">
<hr />
</td>
<td style="width: 39.5713%;">
<hr />
</td>
<td style="width: 44.5865%;"></td>
</tr>
<tr>
<td style="width: 15.8421%;">Funded by:</td>
<td style="width: 84.1578%;" colspan="2">Magistratsabteilung 57 (Frauenbüro der Stadt Wien)</td>
</tr>
<tr>
<td style="width: 15.8421%;">
<hr />
</td>
<td style="width: 39.5713%;">
<hr />
</td>
<td style="width: 44.5865%; height: 24px;"></td>
</tr>
<tr style="height: 24px;">
<td style="width: 15.8421%; height: 24px;">Completed in:</td>
<td style="height: 24px; width: 84.1578%;" colspan="2">Dezember 2011</td>
</tr>
</tbody>
</table>
</div>
</div></div></div></div></div>


<div style="color:#404168" class="wp-block-genesis-blocks-gb-spacer gb-block-spacer gb-divider-solid gb-spacer-divider gb-divider-size-1"><hr style="height:3px"/></div>



<div style="color:#404168" class="wp-block-genesis-blocks-gb-spacer gb-block-spacer gb-divider-solid gb-divider-size-1"><hr style="height:10px"/></div>


<div id="pl-gb2889-69f23ffbd0f8c"  class="panel-layout" ><div id="pg-gb2889-69f23ffbd0f8c-0"  class="panel-grid panel-no-style" ><div id="pgc-gb2889-69f23ffbd0f8c-0-0"  class="panel-grid-cell panel-grid-cell-empty" ></div><div id="pgc-gb2889-69f23ffbd0f8c-0-1"  class="panel-grid-cell panel-grid-cell-mobile-last" ><div id="panel-gb2889-69f23ffbd0f8c-0-1-0" class="so-panel widget widget_text panel-first-child panel-last-child" data-index="0" >			<div class="textwidget"><p align="justify">Seit 2005 wird am Institut für Konfliktforschung an der namentlichen Erfassung der ehemals inhaftierten ÖsterreicherInnen im KZ Ravensbrück gearbeitet. Nach umfangreichen Recherchen im In- und Ausland konnten die Namen von 2.700 österreichischen Frauen und Männern eruiert werden, die im Konzentrationslager Ravensbrück in Haft waren, sowie zudem viele Informationen zu deren Leben vor und – falls sie überlebten – nach der NS-Verfolgung.</p>
<p align="justify">Das aktuelle Projekt hat zum Ziel, die gesammelten Informationen quantitativ wie qualitativ auszuwerten und in Form einer interaktiven Website einer breiten Öffentlichkeit zugänglich zu machen. Modul 1 des Projekts betrifft die quantitative Auswertung, welche von September bis Dezember 2011 durchgeführt wurde.</p>
<p align="justify">Einige Ergebnisse seien hier exemplarisch angeführt: Roma und Sinti gehören neben politisch Verfolgten zu der größten Häftlingsgruppe, wurden überdurchschnittlich früh verhaftet und direkt nach Ravensbrück deportiert und waren somit, sofern sie die Befreiung erlebten, besonders lange inhaftiert. Erstaunlich ist auch die hohe Anzahl jener Frauen, die wegen des Vorwurfs &#8220;asozial&#8221; zu sein, in Haft kamen und nach Ravensbrück verschleppt wurden. Darunter finden sich auch viele jugendliche Mädchen, denen ein unsittlicher Lebenswandel vorgeworfen wurde bzw. die mit den damals herrschenden Sitten nicht konform gingen. Da auch zu dieser Verfolgtengruppe bislang keine österreichspezifischen Daten vorlagen, bestätigte sich bereits jetzt, dass durch das Projekt neue wissenschaftliche Erkenntnisse gewonnen werden. Zu erwarten sind weitere interessante Ergebnisse zum sozialen Background der Verfolgten, zum Leben nach der Befreiung sowie Details zur Haft in Ravensbrück.</p>
<p align="justify">Geplant ist eine Veröffentlichung der Ergebnisse in Form eines wissenschaftlichen Artikels und vor allem die adäquate Aufbereitung der Ergebnisse für die geplante &#8220;Ravensbrück-Website&#8221;, die besonders für SchülerInnen konzipiert wird.</p>
</div>
		</div></div><div id="pgc-gb2889-69f23ffbd0f8c-0-2"  class="panel-grid-cell panel-grid-cell-empty" ></div></div></div>


<div style="color:#333" class="wp-block-genesis-blocks-gb-spacer gb-block-spacer gb-divider-solid gb-spacer-divider gb-divider-size-1"><hr style="height:100px"/></div>
</div></div></div>
