{"id":2880,"date":"2021-05-04T10:43:52","date_gmt":"2021-05-04T10:43:52","guid":{"rendered":"http:\/\/test-ikf.online\/?page_id=2880"},"modified":"2023-03-30T10:09:20","modified_gmt":"2023-03-30T10:09:20","slug":"2018-aktualisierung-webseite-ravensbrueckerinnen","status":"publish","type":"page","link":"https:\/\/ikf.ac.at\/en\/schwerpunkte\/hist-sozialforschung\/frauen-ns-verfolgung-2\/2018-aktualisierung-webseite-ravensbrueckerinnen","title":{"rendered":"2018: Update of the website \"www.ravensbrueckerinnen.at\""},"content":{"rendered":"<div class=\"wp-block-atomic-blocks-ab-container alignfull ab-block-container\"><div class=\"ab-container-inside\"><div class=\"ab-container-content\"><div id=\"pl-gb2880-69f23fdc6de39\"  class=\"panel-layout\" ><div id=\"pg-gb2880-69f23fdc6de39-0\"  class=\"panel-grid panel-no-style\" ><div id=\"pgc-gb2880-69f23fdc6de39-0-0\"  class=\"panel-grid-cell\" ><div id=\"panel-gb2880-69f23fdc6de39-0-0-0\" class=\"so-panel widget widget_media_image panel-first-child panel-last-child\" data-index=\"0\" ><img loading=\"lazy\" decoding=\"async\" width=\"2554\" height=\"10\" src=\"https:\/\/ikf.ac.at\/wp-content\/uploads\/2021\/01\/linie_IKF.jpg\" class=\"image wp-image-754  attachment-full size-full\" alt=\"\" style=\"max-width: 100%; height: auto;\" srcset=\"https:\/\/ikf.ac.at\/wp-content\/uploads\/2021\/01\/linie_IKF.jpg 2554w, https:\/\/ikf.ac.at\/wp-content\/uploads\/2021\/01\/linie_IKF-300x1.jpg 300w, https:\/\/ikf.ac.at\/wp-content\/uploads\/2021\/01\/linie_IKF-1024x4.jpg 1024w, https:\/\/ikf.ac.at\/wp-content\/uploads\/2021\/01\/linie_IKF-768x3.jpg 768w, https:\/\/ikf.ac.at\/wp-content\/uploads\/2021\/01\/linie_IKF-1536x6.jpg 1536w, https:\/\/ikf.ac.at\/wp-content\/uploads\/2021\/01\/linie_IKF-2048x8.jpg 2048w\" sizes=\"auto, (max-width: 2554px) 100vw, 2554px\" \/><\/div><\/div><\/div><\/div>\n\n\n<div style=\"color:#ddd\" class=\"wp-block-genesis-blocks-gb-spacer gb-block-spacer gb-divider-solid gb-divider-size-1\"><hr style=\"height:30px\"\/><\/div>\n\n\n<div id=\"pl-gb2880-69f23fdc6e611\"  class=\"panel-layout\" ><div id=\"pg-gb2880-69f23fdc6e611-0\"  class=\"panel-grid panel-no-style\" ><div id=\"pgc-gb2880-69f23fdc6e611-0-0\"  class=\"panel-grid-cell panel-grid-cell-empty\" ><\/div><div id=\"pgc-gb2880-69f23fdc6e611-0-1\"  class=\"panel-grid-cell\" ><div id=\"panel-gb2880-69f23fdc6e611-0-1-0\" class=\"so-panel widget widget_sow-editor panel-first-child panel-last-child\" data-index=\"0\" ><div\n\t\t\t\n\t\t\tclass=\"so-widget-sow-editor so-widget-sow-editor-base\"\n\t\t\t\n\t\t>\n<div class=\"siteorigin-widget-tinymce textwidget\">\n\t<table style=\"height: 100px; width: 100%; border-collapse: collapse;\" border=\"1\" cellpadding=\"2\">\n<tbody>\n<tr style=\"height: 24px;\">\n<td style=\"width: 15.8421%; height: 24px;\">Project management:<\/td>\n<td style=\"width: 84.1578%; height: 24px;\" colspan=\"2\" class=\"translation-block\"><span style=\"font-size: x-large\">Mag. Dr. Helga Amesberger<\/span><\/td>\n<\/tr>\n<tr>\n<td style=\"width: 15.8421%;\">\n<hr \/>\n<\/td>\n<td style=\"width: 39.5713%;\">\n<hr \/>\n<\/td>\n<td style=\"width: 44.5865%; height: 24px;\"><\/td>\n<\/tr>\n<tr>\n<td style=\"width: 15.8421%;\">Implementation:<\/td>\n<td style=\"width: 84.1578%;\" colspan=\"2\">Mag. Dr. Helga Amesberger<br \/>\nMag. Dr. Brigitte Halbmayr<br \/>\nMag. Elke Rajal<\/td>\n<\/tr>\n<tr>\n<td style=\"width: 15.8421%;\">\n<hr \/>\n<\/td>\n<td style=\"width: 39.5713%;\">\n<hr \/>\n<\/td>\n<td style=\"width: 44.5865%;\"><\/td>\n<\/tr>\n<tr>\n<td style=\"width: 15.8421%;\">Funded by:<\/td>\n<td style=\"width: 84.1578%;\" colspan=\"2\">Future Fund of the Republic of Austria<br \/>\nVienna City Administration, Municipal Department 57, Vienna Women\u00b4s Affairs<\/td>\n<\/tr>\n<tr>\n<td style=\"width: 15.8421%;\">\n<hr \/>\n<\/td>\n<td style=\"width: 39.5713%;\">\n<hr \/>\n<\/td>\n<td style=\"width: 44.5865%; height: 24px;\"><\/td>\n<\/tr>\n<tr style=\"height: 24px;\">\n<td style=\"width: 15.8421%; height: 24px;\">Completed in:<\/td>\n<td style=\"height: 24px; width: 84.1578%;\" colspan=\"2\">June 2018<\/td>\n<\/tr>\n<\/tbody>\n<\/table>\n<\/div>\n<\/div><\/div><\/div><\/div><\/div>\n\n\n<div style=\"color:#404168\" class=\"wp-block-genesis-blocks-gb-spacer gb-block-spacer gb-divider-solid gb-spacer-divider gb-divider-size-1\"><hr style=\"height:3px\"\/><\/div>\n\n\n\n<div style=\"color:#404168\" class=\"wp-block-genesis-blocks-gb-spacer gb-block-spacer gb-divider-solid gb-divider-size-1\"><hr style=\"height:10px\"\/><\/div>\n\n\n<div id=\"pl-gb2880-69f23fdc6ec97\"  class=\"panel-layout\" ><div id=\"pg-gb2880-69f23fdc6ec97-0\"  class=\"panel-grid panel-no-style\" ><div id=\"pgc-gb2880-69f23fdc6ec97-0-0\"  class=\"panel-grid-cell panel-grid-cell-empty\" ><\/div><div id=\"pgc-gb2880-69f23fdc6ec97-0-1\"  class=\"panel-grid-cell panel-grid-cell-mobile-last\" ><div id=\"panel-gb2880-69f23fdc6ec97-0-1-0\" class=\"so-panel widget widget_text panel-first-child panel-last-child\" data-index=\"0\" >\t\t\t<div class=\"textwidget\"><p align=\"justify\">The Internet site\u00a0<a href=\"http:\/\/www.ravensbrueckerinnen.at\/\">www.ravensbrueckerinnen.at<\/a>\u00a0offers the possibility to research female and male Austrian prisoners in the Ravensbr\u00fcck concentration camp. In addition to biographical data, information about the reasons for persecution and regional specifics as well as background knowledge about the concentration camp and the conditions of survival are available. The website also provides information about the lives of these former inmates after imprisonment in the concentration camp. A search mask supports the search for persons or groups of people such as Roma and Sinti, Jews, politically persecuted persons or Carinthian Slovenes, to name just a few. Film portraits, documents, photos and question modules in a virtual \"learning space\" complete the offer, which is especially aimed at school-age children and young people.<\/p>\n<p align=\"justify\" class=\"translation-block\">For an interactive website like <a href=\"http:\/\/www.ravensbrueckerinnen.at\/\" target=\"_self\">www.ravensbrueckerinnen.at<\/a>, which has been operating since spring 2013, it is vital that its contents are up-to-date and reflect the latest state of research. During the project period from 1 August 2016 to 30 June 2018, the following content updates were made:<\/p>\n<ul>\n<li>\n<p align=\"justify\">The 31 portraits of women and men imprisoned in Ravensbr\u00fcck were supplemented by three more comprehensive life stories: Barbara Eibensteiner, C\u00f6lestine H\u00fcbner and Vilma Steindling. For this purpose, the team not only carried out extensive archival research but also interviewed descendants of the three women. In addition, already existing life stories were updated.<\/p>\n<p>\n<\/li>\n<li>\n<p align=\"justify\">In the \"research\" section, visitors of the website can download photos of the portrayed women as well as documents and letters. These come almost exclusively from private archives. In the course of the project, numerous other photos of \"Ravensbr\u00fcckerinnen\", letters and documents were added.<\/p>\n<p>\n<\/li>\n<li>\n<p align=\"justify\">The most comprehensive update in terms of time and content concerned the database of the Austrians imprisoned at Ravensbr\u00fcck. This update concerns the heart of the website because in \"research\" area, it is possible to search for individuals, groups of persecuted persons, regional groups, etc. individually, according to one\u00b4s own interests. During the project period, numerous additions and corrections were made to around 350 datasets. In addition, we were able to identify a total of 71 more women as \"Ravensbr\u00fcck women\" through archival research for the parallel research project on Austrians imprisoned in the Ravensbr\u00fcck concentration camp as \"asocial detainees\".<\/p>\n<\/li>\n<\/ul>\n<p align=\"justify\">Currently 1,949 out of 2,740 records on imprisoned Austrians in the women\u00b4s concentration camp of Ravensbr\u00fcck are accessible online (exclusively those who have passed away, who were more than 100 years old in 2018, or who have consented to publication).<\/p>\n<\/div>\n\t\t<\/div><\/div><div id=\"pgc-gb2880-69f23fdc6ec97-0-2\"  class=\"panel-grid-cell panel-grid-cell-empty\" ><\/div><\/div><\/div>\n\n\n<div style=\"color:#333\" class=\"wp-block-genesis-blocks-gb-spacer gb-block-spacer gb-divider-solid gb-spacer-divider gb-divider-size-1\"><hr style=\"height:100px\"\/><\/div>\n<\/div><\/div><\/div>","protected":false},"excerpt":{"rendered":"","protected":false},"author":2,"featured_media":0,"parent":1320,"menu_order":26,"comment_status":"closed","ping_status":"closed","template":"","meta":{"footnotes":""},"class_list":["post-2880","page","type-page","status-publish","hentry","post"],"featured_image_src":null,"featured_image_src_square":null,"_links":{"self":[{"href":"https:\/\/ikf.ac.at\/en\/wp-json\/wp\/v2\/pages\/2880","targetHints":{"allow":["GET"]}}],"collection":[{"href":"https:\/\/ikf.ac.at\/en\/wp-json\/wp\/v2\/pages"}],"about":[{"href":"https:\/\/ikf.ac.at\/en\/wp-json\/wp\/v2\/types\/page"}],"author":[{"embeddable":true,"href":"https:\/\/ikf.ac.at\/en\/wp-json\/wp\/v2\/users\/2"}],"replies":[{"embeddable":true,"href":"https:\/\/ikf.ac.at\/en\/wp-json\/wp\/v2\/comments?post=2880"}],"version-history":[{"count":4,"href":"https:\/\/ikf.ac.at\/en\/wp-json\/wp\/v2\/pages\/2880\/revisions"}],"predecessor-version":[{"id":5720,"href":"https:\/\/ikf.ac.at\/en\/wp-json\/wp\/v2\/pages\/2880\/revisions\/5720"}],"up":[{"embeddable":true,"href":"https:\/\/ikf.ac.at\/en\/wp-json\/wp\/v2\/pages\/1320"}],"wp:attachment":[{"href":"https:\/\/ikf.ac.at\/en\/wp-json\/wp\/v2\/media?parent=2880"}],"curies":[{"name":"wp","href":"https:\/\/api.w.org\/{rel}","templated":true}]}}

<div class="wp-block-atomic-blocks-ab-container alignfull ab-block-container"><div class="ab-container-inside"><div class="ab-container-content"><div id="pl-gb2880-69f23fdc6de39"  class="panel-layout" ><div id="pg-gb2880-69f23fdc6de39-0"  class="panel-grid panel-no-style" ><div id="pgc-gb2880-69f23fdc6de39-0-0"  class="panel-grid-cell" ><div id="panel-gb2880-69f23fdc6de39-0-0-0" class="so-panel widget widget_media_image panel-first-child panel-last-child" data-index="0" ><img loading="lazy" decoding="async" width="2554" height="10" src="https://ikf.ac.at/wp-content/uploads/2021/01/linie_IKF.jpg" class="image wp-image-754  attachment-full size-full" alt="" style="max-width: 100%; height: auto;" srcset="https://ikf.ac.at/wp-content/uploads/2021/01/linie_IKF.jpg 2554w, https://ikf.ac.at/wp-content/uploads/2021/01/linie_IKF-300x1.jpg 300w, https://ikf.ac.at/wp-content/uploads/2021/01/linie_IKF-1024x4.jpg 1024w, https://ikf.ac.at/wp-content/uploads/2021/01/linie_IKF-768x3.jpg 768w, https://ikf.ac.at/wp-content/uploads/2021/01/linie_IKF-1536x6.jpg 1536w, https://ikf.ac.at/wp-content/uploads/2021/01/linie_IKF-2048x8.jpg 2048w" sizes="auto, (max-width: 2554px) 100vw, 2554px" /></div></div></div></div>


<div style="color:#ddd" class="wp-block-genesis-blocks-gb-spacer gb-block-spacer gb-divider-solid gb-divider-size-1"><hr style="height:30px"/></div>


<div id="pl-gb2880-69f23fdc6e611"  class="panel-layout" ><div id="pg-gb2880-69f23fdc6e611-0"  class="panel-grid panel-no-style" ><div id="pgc-gb2880-69f23fdc6e611-0-0"  class="panel-grid-cell panel-grid-cell-empty" ></div><div id="pgc-gb2880-69f23fdc6e611-0-1"  class="panel-grid-cell" ><div id="panel-gb2880-69f23fdc6e611-0-1-0" class="so-panel widget widget_sow-editor panel-first-child panel-last-child" data-index="0" ><div
			
			class="so-widget-sow-editor so-widget-sow-editor-base"
			
		>
<div class="siteorigin-widget-tinymce textwidget">
	<table style="height: 100px; width: 100%; border-collapse: collapse;" border="1" cellpadding="2">
<tbody>
<tr style="height: 24px;">
<td style="width: 15.8421%; height: 24px;">Project management:</td>
<td style="width: 84.1578%; height: 24px;" colspan="2" class="translation-block"><span style="font-size: x-large">Mag. Dr. Helga Amesberger</span></td>
</tr>
<tr>
<td style="width: 15.8421%;">
<hr />
</td>
<td style="width: 39.5713%;">
<hr />
</td>
<td style="width: 44.5865%; height: 24px;"></td>
</tr>
<tr>
<td style="width: 15.8421%;">Implementation:</td>
<td style="width: 84.1578%;" colspan="2">Mag. Dr. Helga Amesberger<br />
Mag. Dr. Brigitte Halbmayr<br />
Mag. Elke Rajal</td>
</tr>
<tr>
<td style="width: 15.8421%;">
<hr />
</td>
<td style="width: 39.5713%;">
<hr />
</td>
<td style="width: 44.5865%;"></td>
</tr>
<tr>
<td style="width: 15.8421%;">Funded by:</td>
<td style="width: 84.1578%;" colspan="2">Future Fund of the Republic of Austria<br />
Vienna City Administration, Municipal Department 57, Vienna Women´s Affairs</td>
</tr>
<tr>
<td style="width: 15.8421%;">
<hr />
</td>
<td style="width: 39.5713%;">
<hr />
</td>
<td style="width: 44.5865%; height: 24px;"></td>
</tr>
<tr style="height: 24px;">
<td style="width: 15.8421%; height: 24px;">Completed in:</td>
<td style="height: 24px; width: 84.1578%;" colspan="2">June 2018</td>
</tr>
</tbody>
</table>
</div>
</div></div></div></div></div>


<div style="color:#404168" class="wp-block-genesis-blocks-gb-spacer gb-block-spacer gb-divider-solid gb-spacer-divider gb-divider-size-1"><hr style="height:3px"/></div>



<div style="color:#404168" class="wp-block-genesis-blocks-gb-spacer gb-block-spacer gb-divider-solid gb-divider-size-1"><hr style="height:10px"/></div>


<div id="pl-gb2880-69f23fdc6ec97"  class="panel-layout" ><div id="pg-gb2880-69f23fdc6ec97-0"  class="panel-grid panel-no-style" ><div id="pgc-gb2880-69f23fdc6ec97-0-0"  class="panel-grid-cell panel-grid-cell-empty" ></div><div id="pgc-gb2880-69f23fdc6ec97-0-1"  class="panel-grid-cell panel-grid-cell-mobile-last" ><div id="panel-gb2880-69f23fdc6ec97-0-1-0" class="so-panel widget widget_text panel-first-child panel-last-child" data-index="0" >			<div class="textwidget"><p align="justify">The Internet site <a href="http://www.ravensbrueckerinnen.at/">www.ravensbrueckerinnen.at</a> offers the possibility to research female and male Austrian prisoners in the Ravensbrück concentration camp. In addition to biographical data, information about the reasons for persecution and regional specifics as well as background knowledge about the concentration camp and the conditions of survival are available. The website also provides information about the lives of these former inmates after imprisonment in the concentration camp. A search mask supports the search for persons or groups of people such as Roma and Sinti, Jews, politically persecuted persons or Carinthian Slovenes, to name just a few. Film portraits, documents, photos and question modules in a virtual "learning space" complete the offer, which is especially aimed at school-age children and young people.</p>
<p align="justify" class="translation-block">For an interactive website like <a href="http://www.ravensbrueckerinnen.at/" target="_self">www.ravensbrueckerinnen.at</a>, which has been operating since spring 2013, it is vital that its contents are up-to-date and reflect the latest state of research. During the project period from 1 August 2016 to 30 June 2018, the following content updates were made:</p>
<ul>
<li>
<p align="justify">The 31 portraits of women and men imprisoned in Ravensbrück were supplemented by three more comprehensive life stories: Barbara Eibensteiner, Cölestine Hübner and Vilma Steindling. For this purpose, the team not only carried out extensive archival research but also interviewed descendants of the three women. In addition, already existing life stories were updated.</p>
<p>
</li>
<li>
<p align="justify">In the "research" section, visitors of the website can download photos of the portrayed women as well as documents and letters. These come almost exclusively from private archives. In the course of the project, numerous other photos of "Ravensbrückerinnen", letters and documents were added.</p>
<p>
</li>
<li>
<p align="justify">The most comprehensive update in terms of time and content concerned the database of the Austrians imprisoned at Ravensbrück. This update concerns the heart of the website because in "research" area, it is possible to search for individuals, groups of persecuted persons, regional groups, etc. individually, according to one´s own interests. During the project period, numerous additions and corrections were made to around 350 datasets. In addition, we were able to identify a total of 71 more women as "Ravensbrück women" through archival research for the parallel research project on Austrians imprisoned in the Ravensbrück concentration camp as "asocial detainees".</p>
</li>
</ul>
<p align="justify">Currently 1,949 out of 2,740 records on imprisoned Austrians in the women´s concentration camp of Ravensbrück are accessible online (exclusively those who have passed away, who were more than 100 years old in 2018, or who have consented to publication).</p>
</div>
		</div></div><div id="pgc-gb2880-69f23fdc6ec97-0-2"  class="panel-grid-cell panel-grid-cell-empty" ></div></div></div>


<div style="color:#333" class="wp-block-genesis-blocks-gb-spacer gb-block-spacer gb-divider-solid gb-spacer-divider gb-divider-size-1"><hr style="height:100px"/></div>
</div></div></div>
