{"id":2840,"date":"2021-04-29T13:18:06","date_gmt":"2021-04-29T13:18:06","guid":{"rendered":"http:\/\/test-ikf.online\/?page_id=2840"},"modified":"2021-07-01T11:44:58","modified_gmt":"2021-07-01T11:44:58","slug":"1997-beduerfnisstrukturen-und-wohnrealitaet","status":"publish","type":"page","link":"https:\/\/ikf.ac.at\/en\/schwerpunkte\/sicherheit\/sozialstaat\/1997-beduerfnisstrukturen-und-wohnrealitaet","title":{"rendered":"1997: Bed\u00fcrfnisstrukturen und Wohnrealit\u00e4t"},"content":{"rendered":"<div class=\"wp-block-atomic-blocks-ab-container alignfull ab-block-container\"><div class=\"ab-container-inside\"><div class=\"ab-container-content\"><div id=\"pl-gb2840-69f23ffc5a9b9\"  class=\"panel-layout\" ><div id=\"pg-gb2840-69f23ffc5a9b9-0\"  class=\"panel-grid panel-no-style\" ><div id=\"pgc-gb2840-69f23ffc5a9b9-0-0\"  class=\"panel-grid-cell\" ><div id=\"panel-gb2840-69f23ffc5a9b9-0-0-0\" class=\"so-panel widget widget_media_image panel-first-child panel-last-child\" data-index=\"0\" ><img loading=\"lazy\" decoding=\"async\" width=\"2554\" height=\"10\" src=\"https:\/\/ikf.ac.at\/wp-content\/uploads\/2021\/01\/linie_IKF.jpg\" class=\"image wp-image-754  attachment-full size-full\" alt=\"\" style=\"max-width: 100%; height: auto;\" srcset=\"https:\/\/ikf.ac.at\/wp-content\/uploads\/2021\/01\/linie_IKF.jpg 2554w, https:\/\/ikf.ac.at\/wp-content\/uploads\/2021\/01\/linie_IKF-300x1.jpg 300w, https:\/\/ikf.ac.at\/wp-content\/uploads\/2021\/01\/linie_IKF-1024x4.jpg 1024w, https:\/\/ikf.ac.at\/wp-content\/uploads\/2021\/01\/linie_IKF-768x3.jpg 768w, https:\/\/ikf.ac.at\/wp-content\/uploads\/2021\/01\/linie_IKF-1536x6.jpg 1536w, https:\/\/ikf.ac.at\/wp-content\/uploads\/2021\/01\/linie_IKF-2048x8.jpg 2048w\" sizes=\"auto, (max-width: 2554px) 100vw, 2554px\" \/><\/div><\/div><\/div><\/div>\n\n\n<div style=\"color:#ddd\" class=\"wp-block-genesis-blocks-gb-spacer gb-block-spacer gb-divider-solid gb-divider-size-1\"><hr style=\"height:17px\"\/><\/div>\n\n\n<div id=\"pl-gb2840-69f23ffc5aed4\"  class=\"panel-layout\" ><div id=\"pg-gb2840-69f23ffc5aed4-0\"  class=\"panel-grid panel-no-style\" ><div id=\"pgc-gb2840-69f23ffc5aed4-0-0\"  class=\"panel-grid-cell panel-grid-cell-empty\" ><\/div><div id=\"pgc-gb2840-69f23ffc5aed4-0-1\"  class=\"panel-grid-cell\" ><div id=\"panel-gb2840-69f23ffc5aed4-0-1-0\" class=\"so-panel widget widget_sow-editor panel-first-child panel-last-child\" data-index=\"0\" ><div\n\t\t\t\n\t\t\tclass=\"so-widget-sow-editor so-widget-sow-editor-base\"\n\t\t\t\n\t\t>\n<div class=\"siteorigin-widget-tinymce textwidget\">\n\t<table style=\"height: 267px; width: 100%; border-collapse: collapse;\" border=\"1\" cellpadding=\"2\">\n<tbody>\n<tr style=\"height: 24px;\">\n<td style=\"width: 15.8421%; height: 24px;\">Project management:<\/td>\n<td style=\"width: 84.1578%; height: 24px;\" colspan=\"2\">Dr. Ilse K\u00f6nig<\/td>\n<\/tr>\n<tr style=\"height: 24px;\">\n<td style=\"width: 15.8421%; height: 24px;\">\n<hr \/>\n<\/td>\n<td style=\"width: 26.5498%; height: 24px;\">\n<hr \/>\n<\/td>\n<td style=\"width: 57.608%; height: 24px;\"><\/td>\n<\/tr>\n<tr style=\"height: 72px;\">\n<td style=\"width: 15.8421%; height: 72px;\">Implementation:<\/td>\n<td style=\"width: 84.1578%; height: 72px;\" colspan=\"2\">Mag. Helga Amesberger<br \/>\nMag. Katharina Demel<br \/>\nMag. Brigitte Halbmayr<\/td>\n<\/tr>\n<tr style=\"height: 24px;\">\n<td style=\"width: 15.8421%; height: 24px;\">\n<hr \/>\n<\/td>\n<td style=\"width: 26.5498%; height: 24px;\">\n<hr \/>\n<\/td>\n<td style=\"width: 57.608%; height: 24px;\"><\/td>\n<\/tr>\n<tr style=\"height: 23px;\">\n<td style=\"width: 15.8421%; height: 23px;\">Funded by:<\/td>\n<td style=\"width: 84.1578%; height: 23px;\" colspan=\"2\">Magistrat der Stadt Wien &#8211; MA 18<\/td>\n<\/tr>\n<tr style=\"height: 24px;\">\n<td style=\"width: 15.8421%; height: 24px;\">\n<hr \/>\n<\/td>\n<td style=\"width: 26.5498%; height: 24px;\">\n<hr \/>\n<\/td>\n<td style=\"width: 57.608%; height: 24px;\"><\/td>\n<\/tr>\n<tr style=\"height: 24px;\">\n<td style=\"width: 15.8421%; height: 24px;\">Completed in:<\/td>\n<td style=\"height: 24px; width: 84.1578%;\" colspan=\"2\">J\u00e4nner 1997<\/td>\n<\/tr>\n<\/tbody>\n<\/table>\n<\/div>\n<\/div><\/div><\/div><\/div><\/div>\n\n\n<div style=\"color:#404168\" class=\"wp-block-genesis-blocks-gb-spacer gb-block-spacer gb-divider-solid gb-spacer-divider gb-divider-size-1\"><hr style=\"height:3px\"\/><\/div>\n\n\n\n<div style=\"color:#404168\" class=\"wp-block-genesis-blocks-gb-spacer gb-block-spacer gb-divider-solid gb-divider-size-1\"><hr style=\"height:10px\"\/><\/div>\n\n\n<div id=\"pl-gb2840-69f23ffc5b382\"  class=\"panel-layout\" ><div id=\"pg-gb2840-69f23ffc5b382-0\"  class=\"panel-grid panel-no-style\" ><div id=\"pgc-gb2840-69f23ffc5b382-0-0\"  class=\"panel-grid-cell panel-grid-cell-empty\" ><\/div><div id=\"pgc-gb2840-69f23ffc5b382-0-1\"  class=\"panel-grid-cell panel-grid-cell-mobile-last\" ><div id=\"panel-gb2840-69f23ffc5b382-0-1-0\" class=\"so-panel widget widget_text panel-first-child panel-last-child\" data-index=\"0\" >\t\t\t<div class=\"textwidget\"><p align=\"justify\">Die sekund\u00e4ranalytische Auswertung von Fachpublikationen, Forschungsergebnissen, Meinungsumfragen und statistischen Unterlagen umfa\u00dft folgende Themenbereiche:<\/p>\n<ul>\n<li>\n<p align=\"justify\"><strong>Diversit\u00e4t von Wohnformen.\u00a0<\/strong>Die gesellschaftlichen Ver\u00e4nderungen bringen auch eine Vielfalt von neuen Wohnformen und vor allem eine Vielfalt an neuen Anforderungen an das Wohnen mit sich.<\/p>\n<p><\/li>\n<li>\n<p align=\"justify\"><strong>Bed\u00fcrfnisver\u00e4nderungen in bezug auf Wohnen.\u00a0<\/strong>Die verschiedenen und sich ver\u00e4ndernden Anforderungen an eine Wohnung &#8211; etwa bedingt durch den Lebenszyklus &#8211; wurden bisher zu wenig in die Planung einbezogen. Im Mittelpunkt dieses Themenkomplexes steht daher die Frage, wie am besten zuk\u00fcnftigen Ver\u00e4nderungen bereits in der Wohnungsplanung Rechnung getragen werden kann.<\/p>\n<p><\/li>\n<li>\n<p align=\"justify\"><strong>Auswirkungen von Partizipationsm\u00f6glichkeiten.\u00a0<\/strong>Das Begreifen von Wohnen als einen sozialen Proze\u00df ist heute weitgehend verloren gegangen. Um die soziale Integration eines Wohnviertels zu erleichtern, bed\u00fcrfte es planerischer Ma\u00dfnahmen, die sich an den (zuk\u00fcnftigen) BewohnerInnen, ihren Problemen und Handlungsm\u00f6glichkeiten orientieren.<\/p>\n<p><\/li>\n<li>\n<p align=\"justify\"><strong>Wohnmodelle f\u00fcr spezifische Gruppen.\u00a0<\/strong>Der verst\u00e4rkten Tendenz, benachteiligte Gruppen gesellschaftlich auszugrenzen, k\u00f6nnte im Bereich der Wohnungspolitik entgegengewirkt werden. Von diesen Ausgrenzungen sind u.a. Haushalte mit einem niedrigen Einkommen, \u00c4ltere, Alleinerzieherinnen, Behinderte und Ausl\u00e4nderInnen betroffen. Vor dem Hintergrund, da\u00df diese Gruppen verst\u00e4rkt auf ihre sozialen Netze angewiesen sind, stellt das Thema &#8220;integriertes Wohnen&#8221; einen weiteren Schwerpunkt dar.<\/p>\n<p><\/li>\n<li>\n<p align=\"justify\"><strong>W\u00fcnsche und Anforderungen an die Wohnumgebung.\u00a0<\/strong>Die st\u00e4dtische Infrastruktur ist am jungen, leistungsf\u00e4higen und (Kfz-)mobilen Mann ausgerichtet. Die materielle und soziale Infrastruktur vieler Stadtviertel wird meist nicht der &#8220;Zwischendurchfreizeit&#8221; von Hausfrauen und schon gar nicht den berufst\u00e4tigen &#8220;Haus&#8221;frauen gerecht. Dies gilt auch f\u00fcr andere Bev\u00f6lkerungsgruppen, wie etwa alte Menschen. Zu fragen ist daher, welche Kriterien erf\u00fcllt sein m\u00fcssen, um den besonderen Bed\u00fcrfnissen verschiedener gesellschaftlicher Gruppen an ihre Wohnumgebung gerecht zu werden.<\/p>\n<\/li>\n<\/ul>\n<p align=\"justify\">F\u00fcr diese Themenbereiche wurden Leitlinien herausgearbeitet und anhand verschiedener &#8211; mehr oder weniger vorbildlicher &#8211; internationaler Modellprojekte illustriert. Abschlie\u00dfend wurde ein Indikatorenkatalog f\u00fcr &#8220;alltagstaugliches&#8221; und &#8220;zukunftstaugliches&#8221; Wohnen\/ Bauen erstellt und versucht, die internationalen Trends im Wohnungs- und St\u00e4dtebau den entsprechenden Entwicklungen in Wien gegen\u00fcberzustellen.<\/p>\n<\/div>\n\t\t<\/div><\/div><div id=\"pgc-gb2840-69f23ffc5b382-0-2\"  class=\"panel-grid-cell panel-grid-cell-empty\" ><\/div><\/div><\/div>\n\n\n<div style=\"color:#333\" class=\"wp-block-genesis-blocks-gb-spacer gb-block-spacer gb-divider-solid gb-spacer-divider gb-divider-size-1\"><hr style=\"height:100px\"\/><\/div>\n<\/div><\/div><\/div>","protected":false},"excerpt":{"rendered":"","protected":false},"author":2,"featured_media":0,"parent":961,"menu_order":45,"comment_status":"closed","ping_status":"closed","template":"","meta":{"footnotes":""},"class_list":["post-2840","page","type-page","status-publish","hentry","post"],"featured_image_src":null,"featured_image_src_square":null,"_links":{"self":[{"href":"https:\/\/ikf.ac.at\/en\/wp-json\/wp\/v2\/pages\/2840","targetHints":{"allow":["GET"]}}],"collection":[{"href":"https:\/\/ikf.ac.at\/en\/wp-json\/wp\/v2\/pages"}],"about":[{"href":"https:\/\/ikf.ac.at\/en\/wp-json\/wp\/v2\/types\/page"}],"author":[{"embeddable":true,"href":"https:\/\/ikf.ac.at\/en\/wp-json\/wp\/v2\/users\/2"}],"replies":[{"embeddable":true,"href":"https:\/\/ikf.ac.at\/en\/wp-json\/wp\/v2\/comments?post=2840"}],"version-history":[{"count":4,"href":"https:\/\/ikf.ac.at\/en\/wp-json\/wp\/v2\/pages\/2840\/revisions"}],"predecessor-version":[{"id":3151,"href":"https:\/\/ikf.ac.at\/en\/wp-json\/wp\/v2\/pages\/2840\/revisions\/3151"}],"up":[{"embeddable":true,"href":"https:\/\/ikf.ac.at\/en\/wp-json\/wp\/v2\/pages\/961"}],"wp:attachment":[{"href":"https:\/\/ikf.ac.at\/en\/wp-json\/wp\/v2\/media?parent=2840"}],"curies":[{"name":"wp","href":"https:\/\/api.w.org\/{rel}","templated":true}]}}

1997: Bedürfnisstrukturen und Wohnrealität

<div class="wp-block-atomic-blocks-ab-container alignfull ab-block-container"><div class="ab-container-inside"><div class="ab-container-content"><div id="pl-gb2840-69f23ffc5a9b9"  class="panel-layout" ><div id="pg-gb2840-69f23ffc5a9b9-0"  class="panel-grid panel-no-style" ><div id="pgc-gb2840-69f23ffc5a9b9-0-0"  class="panel-grid-cell" ><div id="panel-gb2840-69f23ffc5a9b9-0-0-0" class="so-panel widget widget_media_image panel-first-child panel-last-child" data-index="0" ><img loading="lazy" decoding="async" width="2554" height="10" src="https://ikf.ac.at/wp-content/uploads/2021/01/linie_IKF.jpg" class="image wp-image-754  attachment-full size-full" alt="" style="max-width: 100%; height: auto;" srcset="https://ikf.ac.at/wp-content/uploads/2021/01/linie_IKF.jpg 2554w, https://ikf.ac.at/wp-content/uploads/2021/01/linie_IKF-300x1.jpg 300w, https://ikf.ac.at/wp-content/uploads/2021/01/linie_IKF-1024x4.jpg 1024w, https://ikf.ac.at/wp-content/uploads/2021/01/linie_IKF-768x3.jpg 768w, https://ikf.ac.at/wp-content/uploads/2021/01/linie_IKF-1536x6.jpg 1536w, https://ikf.ac.at/wp-content/uploads/2021/01/linie_IKF-2048x8.jpg 2048w" sizes="auto, (max-width: 2554px) 100vw, 2554px" /></div></div></div></div>


<div style="color:#ddd" class="wp-block-genesis-blocks-gb-spacer gb-block-spacer gb-divider-solid gb-divider-size-1"><hr style="height:17px"/></div>


<div id="pl-gb2840-69f23ffc5aed4"  class="panel-layout" ><div id="pg-gb2840-69f23ffc5aed4-0"  class="panel-grid panel-no-style" ><div id="pgc-gb2840-69f23ffc5aed4-0-0"  class="panel-grid-cell panel-grid-cell-empty" ></div><div id="pgc-gb2840-69f23ffc5aed4-0-1"  class="panel-grid-cell" ><div id="panel-gb2840-69f23ffc5aed4-0-1-0" class="so-panel widget widget_sow-editor panel-first-child panel-last-child" data-index="0" ><div
			
			class="so-widget-sow-editor so-widget-sow-editor-base"
			
		>
<div class="siteorigin-widget-tinymce textwidget">
	<table style="height: 267px; width: 100%; border-collapse: collapse;" border="1" cellpadding="2">
<tbody>
<tr style="height: 24px;">
<td style="width: 15.8421%; height: 24px;">Project management:</td>
<td style="width: 84.1578%; height: 24px;" colspan="2">Dr. Ilse König</td>
</tr>
<tr style="height: 24px;">
<td style="width: 15.8421%; height: 24px;">
<hr />
</td>
<td style="width: 26.5498%; height: 24px;">
<hr />
</td>
<td style="width: 57.608%; height: 24px;"></td>
</tr>
<tr style="height: 72px;">
<td style="width: 15.8421%; height: 72px;">Implementation:</td>
<td style="width: 84.1578%; height: 72px;" colspan="2">Mag. Helga Amesberger<br />
Mag. Katharina Demel<br />
Mag. Brigitte Halbmayr</td>
</tr>
<tr style="height: 24px;">
<td style="width: 15.8421%; height: 24px;">
<hr />
</td>
<td style="width: 26.5498%; height: 24px;">
<hr />
</td>
<td style="width: 57.608%; height: 24px;"></td>
</tr>
<tr style="height: 23px;">
<td style="width: 15.8421%; height: 23px;">Funded by:</td>
<td style="width: 84.1578%; height: 23px;" colspan="2">Magistrat der Stadt Wien &#8211; MA 18</td>
</tr>
<tr style="height: 24px;">
<td style="width: 15.8421%; height: 24px;">
<hr />
</td>
<td style="width: 26.5498%; height: 24px;">
<hr />
</td>
<td style="width: 57.608%; height: 24px;"></td>
</tr>
<tr style="height: 24px;">
<td style="width: 15.8421%; height: 24px;">Completed in:</td>
<td style="height: 24px; width: 84.1578%;" colspan="2">Jänner 1997</td>
</tr>
</tbody>
</table>
</div>
</div></div></div></div></div>


<div style="color:#404168" class="wp-block-genesis-blocks-gb-spacer gb-block-spacer gb-divider-solid gb-spacer-divider gb-divider-size-1"><hr style="height:3px"/></div>



<div style="color:#404168" class="wp-block-genesis-blocks-gb-spacer gb-block-spacer gb-divider-solid gb-divider-size-1"><hr style="height:10px"/></div>


<div id="pl-gb2840-69f23ffc5b382"  class="panel-layout" ><div id="pg-gb2840-69f23ffc5b382-0"  class="panel-grid panel-no-style" ><div id="pgc-gb2840-69f23ffc5b382-0-0"  class="panel-grid-cell panel-grid-cell-empty" ></div><div id="pgc-gb2840-69f23ffc5b382-0-1"  class="panel-grid-cell panel-grid-cell-mobile-last" ><div id="panel-gb2840-69f23ffc5b382-0-1-0" class="so-panel widget widget_text panel-first-child panel-last-child" data-index="0" >			<div class="textwidget"><p align="justify">Die sekundäranalytische Auswertung von Fachpublikationen, Forschungsergebnissen, Meinungsumfragen und statistischen Unterlagen umfaßt folgende Themenbereiche:</p>
<ul>
<li>
<p align="justify"><strong>Diversität von Wohnformen. </strong>Die gesellschaftlichen Veränderungen bringen auch eine Vielfalt von neuen Wohnformen und vor allem eine Vielfalt an neuen Anforderungen an das Wohnen mit sich.</p>
<p></li>
<li>
<p align="justify"><strong>Bedürfnisveränderungen in bezug auf Wohnen. </strong>Die verschiedenen und sich verändernden Anforderungen an eine Wohnung &#8211; etwa bedingt durch den Lebenszyklus &#8211; wurden bisher zu wenig in die Planung einbezogen. Im Mittelpunkt dieses Themenkomplexes steht daher die Frage, wie am besten zukünftigen Veränderungen bereits in der Wohnungsplanung Rechnung getragen werden kann.</p>
<p></li>
<li>
<p align="justify"><strong>Auswirkungen von Partizipationsmöglichkeiten. </strong>Das Begreifen von Wohnen als einen sozialen Prozeß ist heute weitgehend verloren gegangen. Um die soziale Integration eines Wohnviertels zu erleichtern, bedürfte es planerischer Maßnahmen, die sich an den (zukünftigen) BewohnerInnen, ihren Problemen und Handlungsmöglichkeiten orientieren.</p>
<p></li>
<li>
<p align="justify"><strong>Wohnmodelle für spezifische Gruppen. </strong>Der verstärkten Tendenz, benachteiligte Gruppen gesellschaftlich auszugrenzen, könnte im Bereich der Wohnungspolitik entgegengewirkt werden. Von diesen Ausgrenzungen sind u.a. Haushalte mit einem niedrigen Einkommen, Ältere, Alleinerzieherinnen, Behinderte und AusländerInnen betroffen. Vor dem Hintergrund, daß diese Gruppen verstärkt auf ihre sozialen Netze angewiesen sind, stellt das Thema &#8220;integriertes Wohnen&#8221; einen weiteren Schwerpunkt dar.</p>
<p></li>
<li>
<p align="justify"><strong>Wünsche und Anforderungen an die Wohnumgebung. </strong>Die städtische Infrastruktur ist am jungen, leistungsfähigen und (Kfz-)mobilen Mann ausgerichtet. Die materielle und soziale Infrastruktur vieler Stadtviertel wird meist nicht der &#8220;Zwischendurchfreizeit&#8221; von Hausfrauen und schon gar nicht den berufstätigen &#8220;Haus&#8221;frauen gerecht. Dies gilt auch für andere Bevölkerungsgruppen, wie etwa alte Menschen. Zu fragen ist daher, welche Kriterien erfüllt sein müssen, um den besonderen Bedürfnissen verschiedener gesellschaftlicher Gruppen an ihre Wohnumgebung gerecht zu werden.</p>
</li>
</ul>
<p align="justify">Für diese Themenbereiche wurden Leitlinien herausgearbeitet und anhand verschiedener &#8211; mehr oder weniger vorbildlicher &#8211; internationaler Modellprojekte illustriert. Abschließend wurde ein Indikatorenkatalog für &#8220;alltagstaugliches&#8221; und &#8220;zukunftstaugliches&#8221; Wohnen/ Bauen erstellt und versucht, die internationalen Trends im Wohnungs- und Städtebau den entsprechenden Entwicklungen in Wien gegenüberzustellen.</p>
</div>
		</div></div><div id="pgc-gb2840-69f23ffc5b382-0-2"  class="panel-grid-cell panel-grid-cell-empty" ></div></div></div>


<div style="color:#333" class="wp-block-genesis-blocks-gb-spacer gb-block-spacer gb-divider-solid gb-spacer-divider gb-divider-size-1"><hr style="height:100px"/></div>
</div></div></div>
