{"id":2831,"date":"2021-04-29T13:02:20","date_gmt":"2021-04-29T13:02:20","guid":{"rendered":"http:\/\/test-ikf.online\/?page_id=2831"},"modified":"2021-05-04T08:40:15","modified_gmt":"2021-05-04T08:40:15","slug":"2001-alleinerzieherinnen-in-wien","status":"publish","type":"page","link":"https:\/\/ikf.ac.at\/en\/schwerpunkte\/sicherheit\/sozialstaat\/2001-alleinerzieherinnen-in-wien","title":{"rendered":"2001: Alleinerzieherinnen in Wien"},"content":{"rendered":"<div class=\"wp-block-atomic-blocks-ab-container alignfull ab-block-container\"><div class=\"ab-container-inside\"><div class=\"ab-container-content\"><div id=\"pl-gb2831-69f23ff92804d\"  class=\"panel-layout\" ><div id=\"pg-gb2831-69f23ff92804d-0\"  class=\"panel-grid panel-no-style\" ><div id=\"pgc-gb2831-69f23ff92804d-0-0\"  class=\"panel-grid-cell\" ><div id=\"panel-gb2831-69f23ff92804d-0-0-0\" class=\"so-panel widget widget_media_image panel-first-child panel-last-child\" data-index=\"0\" ><img loading=\"lazy\" decoding=\"async\" width=\"2554\" height=\"10\" src=\"https:\/\/ikf.ac.at\/wp-content\/uploads\/2021\/01\/linie_IKF.jpg\" class=\"image wp-image-754  attachment-full size-full\" alt=\"\" style=\"max-width: 100%; height: auto;\" srcset=\"https:\/\/ikf.ac.at\/wp-content\/uploads\/2021\/01\/linie_IKF.jpg 2554w, https:\/\/ikf.ac.at\/wp-content\/uploads\/2021\/01\/linie_IKF-300x1.jpg 300w, https:\/\/ikf.ac.at\/wp-content\/uploads\/2021\/01\/linie_IKF-1024x4.jpg 1024w, https:\/\/ikf.ac.at\/wp-content\/uploads\/2021\/01\/linie_IKF-768x3.jpg 768w, https:\/\/ikf.ac.at\/wp-content\/uploads\/2021\/01\/linie_IKF-1536x6.jpg 1536w, https:\/\/ikf.ac.at\/wp-content\/uploads\/2021\/01\/linie_IKF-2048x8.jpg 2048w\" sizes=\"auto, (max-width: 2554px) 100vw, 2554px\" \/><\/div><\/div><\/div><\/div>\n\n\n<div style=\"color:#ddd\" class=\"wp-block-genesis-blocks-gb-spacer gb-block-spacer gb-divider-solid gb-divider-size-1\"><hr style=\"height:30px\"\/><\/div>\n\n\n<div id=\"pl-gb2831-69f23ff928520\"  class=\"panel-layout\" ><div id=\"pg-gb2831-69f23ff928520-0\"  class=\"panel-grid panel-no-style\" ><div id=\"pgc-gb2831-69f23ff928520-0-0\"  class=\"panel-grid-cell panel-grid-cell-empty\" ><\/div><div id=\"pgc-gb2831-69f23ff928520-0-1\"  class=\"panel-grid-cell\" ><div id=\"panel-gb2831-69f23ff928520-0-1-0\" class=\"so-panel widget widget_sow-editor panel-first-child panel-last-child\" data-index=\"0\" ><div\n\t\t\t\n\t\t\tclass=\"so-widget-sow-editor so-widget-sow-editor-base\"\n\t\t\t\n\t\t>\n<div class=\"siteorigin-widget-tinymce textwidget\">\n\t<table style=\"height: 100px; width: 100%; border-collapse: collapse;\" border=\"1\" cellpadding=\"2\">\n<tbody>\n<tr style=\"height: 24px;\">\n<td style=\"width: 15.8421%; height: 24px;\">Project management:<\/td>\n<td style=\"width: 84.1578%; height: 24px;\" colspan=\"2\">Univ.-Prof. Dr. Anton Pelinka<\/td>\n<\/tr>\n<tr>\n<td style=\"width: 15.8421%;\">\n<hr \/>\n<\/td>\n<td style=\"width: 35.0201%;\">\n<hr \/>\n<\/td>\n<td style=\"width: 49.1377%; height: 24px;\"><\/td>\n<\/tr>\n<tr>\n<td style=\"width: 15.8421%;\">Implementation:<\/td>\n<td style=\"width: 84.1578%;\" colspan=\"2\">Mag. Dr. Stefanie Mayer<sup>a<\/sup> Helga Amesberger<br \/>\nMag. Dr. Stefanie Mayer<sup>a<\/sup> Brigitte Halbmayr<\/td>\n<\/tr>\n<tr>\n<td style=\"width: 15.8421%;\">\n<hr \/>\n<\/td>\n<td style=\"width: 35.0201%;\">\n<hr \/>\n<\/td>\n<td style=\"width: 49.1377%;\"><\/td>\n<\/tr>\n<tr>\n<td style=\"width: 15.8421%;\">Funded by:<\/td>\n<td style=\"width: 84.1578%;\" colspan=\"2\">Kammer f\u00fcr Arbeiter und Angestellte Wien<\/td>\n<\/tr>\n<tr>\n<td style=\"width: 15.8421%;\">\n<hr \/>\n<\/td>\n<td style=\"width: 35.0201%;\">\n<hr \/>\n<\/td>\n<td style=\"width: 49.1377%; height: 24px;\"><\/td>\n<\/tr>\n<tr style=\"height: 24px;\">\n<td style=\"width: 15.8421%; height: 24px;\">Completed in:<\/td>\n<td style=\"height: 24px; width: 84.1578%;\" colspan=\"2\">M\u00e4rz 2001<\/td>\n<\/tr>\n<\/tbody>\n<\/table>\n<\/div>\n<\/div><\/div><\/div><\/div><\/div>\n\n\n<div style=\"color:#404168\" class=\"wp-block-genesis-blocks-gb-spacer gb-block-spacer gb-divider-solid gb-spacer-divider gb-divider-size-1\"><hr style=\"height:3px\"\/><\/div>\n\n\n\n<div style=\"color:#404168\" class=\"wp-block-genesis-blocks-gb-spacer gb-block-spacer gb-divider-solid gb-divider-size-1\"><hr style=\"height:10px\"\/><\/div>\n\n\n<div id=\"pl-gb2831-69f23ff928980\"  class=\"panel-layout\" ><div id=\"pg-gb2831-69f23ff928980-0\"  class=\"panel-grid panel-no-style\" ><div id=\"pgc-gb2831-69f23ff928980-0-0\"  class=\"panel-grid-cell panel-grid-cell-empty\" ><\/div><div id=\"pgc-gb2831-69f23ff928980-0-1\"  class=\"panel-grid-cell panel-grid-cell-mobile-last\" ><div id=\"panel-gb2831-69f23ff928980-0-1-0\" class=\"so-panel widget widget_text panel-first-child panel-last-child\" data-index=\"0\" >\t\t\t<div class=\"textwidget\"><p align=\"justify\">Neben der in westlichen Gesellschaften \u00fcberwiegenden Familienform der klassischen Kernfamilien \u2013 bestehend aus Vater, Mutter und Kind\/er \u2013 entstehen vermehrt neue Lebensformen. Zum einen ist eine Zunahme kinderloser Ehepaare\/ Lebensgemeinschaften, zum anderen ein Anstieg der bewusst ledigen Mutterschaft zu verzeichnen. Der Werte- und Einstellungswandel f\u00fchrte auch zu h\u00f6heren Scheidungsraten und somit zu einer Zunahme von Ein-Eltern-Familien. Die Ursachen f\u00fcr &#8220;Alleinelternschaft&#8221; sind also unterschiedlich, die sozio\u00f6konomische Situation von Alleinerzieherinnen ist aber vielfach gleich. So ist etwa die Armutsgef\u00e4hrdungsquote von Alleinerzieherinnen (trotz hoher Erwerbsquoten) dreimal so hoch wie in Haushalten mit zwei Elternteilen. Die schwierige Vereinbarkeit von Beruf und Familie, die unterschiedlichen Anforderungen von Kindern\/ Kindesvater\/ Familie an die Alleinerziehenden, finanzieller Druck, Wohnungsprobleme, Arbeitsbelastung, gesellschaftliche Stigmatisierungen u.v.m. f\u00fchren vielfach zu Isolation und starker psychosozialer Belastung.<\/p>\n<p align=\"justify\">Die in Kooperation mit W.A.S.\/ Mag. Ruth Finder und dem IFA durchgef\u00fchrte Untersuchung setzt sich aus drei Schwerpunkten zusammen. Neben einer allgemeinen Darstellung des statistischen Hintergrunds (W.A.S.) erfolgte eine quantitative Erhebung unter Wiener Alleinerzieherinnen (IFA), bei der die sozio\u00f6konomische Situation dieser Bev\u00f6lkerungsgruppe n\u00e4her beleuchtet wurde. Aufgabe des IKF war es, in qualitativen Interviews mit Alleinerzieherinnen und Expertinnen staatlicher und privater Einrichtungen die psychosoziale Situation zu erheben. Hierbei gingen wir den Aspekten der finanziellen Situation, der Erwerbst\u00e4tigkeit, der Kinderbetreuung, der sozialen Kontakte und der Freizeitgestaltung ebenso nach wie der Frage, welche Aspekte des Alleinerziehens psychisch und\/ oder k\u00f6rperlich belastend, aber auch befreiend sind. Weiters er\u00f6rterten wir die Frage, welchen konkreten Unterst\u00fctzungsbedarf Alleinerziehende f\u00fcr sich pers\u00f6nlich und f\u00fcr Alleinerzieherinnen im Allgemeinen sehen. Eine wesentliche Fragestellung ist schlie\u00dflich auch, in welchem Ausma\u00df und auf welche Weise Familien-, Frauen- und Rollenbilder sowie die Umst\u00e4nde, die zur alleinigen Zust\u00e4ndigkeit f\u00fcr Kinder f\u00fchrten, die Bew\u00e4ltigung des Alltags beeinflussen.<\/p>\n<p align=\"justify\">Die Studienergebnisse verdeutlichten neuerlich, dass Alleinerzieherin nicht gleich Alleinerzieherin ist. Die Situation von Alleinerzieherinnen ist wesentlich durch verschiedenste Faktoren determiniert: Einkommen, Ausma\u00df der Berufst\u00e4tigkeit, Beziehung zum Kindesvater, soziales Umfeld, Entstehungsgeschichte der Einelternschaft usw. Es konnten vier &#8220;Typen&#8221; von Alleinerzieherinnen herausgearbeitet werden. Beim Typus &#8220;Erwerbst\u00e4tige&#8221; steht die gelungene Vereinbarkeit von Betreuungspflichten und Berufsleben im Vordergrund, w\u00e4hrend sich der Typus &#8220;Netzwerkerin&#8221; durch ein dichtes Netz sozialer Kontakte auszeichnet. Jenen, die den Typen &#8220;junge Erwerbst\u00e4tige&#8221; und &#8220;\u00dcberbelastete&#8221; zugeordnet wurden, gelingt die Vereinbarkeit kaum. Die &#8220;jungen Erwerbst\u00e4tigen&#8221; bewerkstelligen Berufst\u00e4tigkeit auf Kosten der verf\u00fcgbaren Zeit f\u00fcr Kinder, FreundInnen und sich selbst. Bei den &#8220;\u00fcberbelasteten&#8221; Alleinerzieherinnen handelt es sich meist um junge, ledige, vergleichsweise niedrig qualifizierte Frauen, die in einem hohen Ausma\u00df von Transferleistungen (Karenzgeld, Notstands- bzw. Sozialhilfe) ihren Lebensunterhalt bestreiten.<\/p>\n<\/div>\n\t\t<\/div><\/div><div id=\"pgc-gb2831-69f23ff928980-0-2\"  class=\"panel-grid-cell panel-grid-cell-empty\" ><\/div><\/div><\/div>\n\n\n<div style=\"color:#333\" class=\"wp-block-genesis-blocks-gb-spacer gb-block-spacer gb-divider-solid gb-spacer-divider gb-divider-size-1\"><hr style=\"height:100px\"\/><\/div>\n<\/div><\/div><\/div>","protected":false},"excerpt":{"rendered":"","protected":false},"author":2,"featured_media":0,"parent":961,"menu_order":41,"comment_status":"closed","ping_status":"closed","template":"","meta":{"footnotes":""},"class_list":["post-2831","page","type-page","status-publish","hentry","post"],"featured_image_src":null,"featured_image_src_square":null,"_links":{"self":[{"href":"https:\/\/ikf.ac.at\/en\/wp-json\/wp\/v2\/pages\/2831","targetHints":{"allow":["GET"]}}],"collection":[{"href":"https:\/\/ikf.ac.at\/en\/wp-json\/wp\/v2\/pages"}],"about":[{"href":"https:\/\/ikf.ac.at\/en\/wp-json\/wp\/v2\/types\/page"}],"author":[{"embeddable":true,"href":"https:\/\/ikf.ac.at\/en\/wp-json\/wp\/v2\/users\/2"}],"replies":[{"embeddable":true,"href":"https:\/\/ikf.ac.at\/en\/wp-json\/wp\/v2\/comments?post=2831"}],"version-history":[{"count":3,"href":"https:\/\/ikf.ac.at\/en\/wp-json\/wp\/v2\/pages\/2831\/revisions"}],"predecessor-version":[{"id":2853,"href":"https:\/\/ikf.ac.at\/en\/wp-json\/wp\/v2\/pages\/2831\/revisions\/2853"}],"up":[{"embeddable":true,"href":"https:\/\/ikf.ac.at\/en\/wp-json\/wp\/v2\/pages\/961"}],"wp:attachment":[{"href":"https:\/\/ikf.ac.at\/en\/wp-json\/wp\/v2\/media?parent=2831"}],"curies":[{"name":"wp","href":"https:\/\/api.w.org\/{rel}","templated":true}]}}

<div class="wp-block-atomic-blocks-ab-container alignfull ab-block-container"><div class="ab-container-inside"><div class="ab-container-content"><div id="pl-gb2831-69f23ff92804d"  class="panel-layout" ><div id="pg-gb2831-69f23ff92804d-0"  class="panel-grid panel-no-style" ><div id="pgc-gb2831-69f23ff92804d-0-0"  class="panel-grid-cell" ><div id="panel-gb2831-69f23ff92804d-0-0-0" class="so-panel widget widget_media_image panel-first-child panel-last-child" data-index="0" ><img loading="lazy" decoding="async" width="2554" height="10" src="https://ikf.ac.at/wp-content/uploads/2021/01/linie_IKF.jpg" class="image wp-image-754  attachment-full size-full" alt="" style="max-width: 100%; height: auto;" srcset="https://ikf.ac.at/wp-content/uploads/2021/01/linie_IKF.jpg 2554w, https://ikf.ac.at/wp-content/uploads/2021/01/linie_IKF-300x1.jpg 300w, https://ikf.ac.at/wp-content/uploads/2021/01/linie_IKF-1024x4.jpg 1024w, https://ikf.ac.at/wp-content/uploads/2021/01/linie_IKF-768x3.jpg 768w, https://ikf.ac.at/wp-content/uploads/2021/01/linie_IKF-1536x6.jpg 1536w, https://ikf.ac.at/wp-content/uploads/2021/01/linie_IKF-2048x8.jpg 2048w" sizes="auto, (max-width: 2554px) 100vw, 2554px" /></div></div></div></div>


<div style="color:#ddd" class="wp-block-genesis-blocks-gb-spacer gb-block-spacer gb-divider-solid gb-divider-size-1"><hr style="height:30px"/></div>


<div id="pl-gb2831-69f23ff928520"  class="panel-layout" ><div id="pg-gb2831-69f23ff928520-0"  class="panel-grid panel-no-style" ><div id="pgc-gb2831-69f23ff928520-0-0"  class="panel-grid-cell panel-grid-cell-empty" ></div><div id="pgc-gb2831-69f23ff928520-0-1"  class="panel-grid-cell" ><div id="panel-gb2831-69f23ff928520-0-1-0" class="so-panel widget widget_sow-editor panel-first-child panel-last-child" data-index="0" ><div
			
			class="so-widget-sow-editor so-widget-sow-editor-base"
			
		>
<div class="siteorigin-widget-tinymce textwidget">
	<table style="height: 100px; width: 100%; border-collapse: collapse;" border="1" cellpadding="2">
<tbody>
<tr style="height: 24px;">
<td style="width: 15.8421%; height: 24px;">Project management:</td>
<td style="width: 84.1578%; height: 24px;" colspan="2">Univ.-Prof. Dr. Anton Pelinka</td>
</tr>
<tr>
<td style="width: 15.8421%;">
<hr />
</td>
<td style="width: 35.0201%;">
<hr />
</td>
<td style="width: 49.1377%; height: 24px;"></td>
</tr>
<tr>
<td style="width: 15.8421%;">Implementation:</td>
<td style="width: 84.1578%;" colspan="2">Mag. Dr. Stefanie Mayer<sup>a</sup> Helga Amesberger<br />
Mag. Dr. Stefanie Mayer<sup>a</sup> Brigitte Halbmayr</td>
</tr>
<tr>
<td style="width: 15.8421%;">
<hr />
</td>
<td style="width: 35.0201%;">
<hr />
</td>
<td style="width: 49.1377%;"></td>
</tr>
<tr>
<td style="width: 15.8421%;">Funded by:</td>
<td style="width: 84.1578%;" colspan="2">Kammer für Arbeiter und Angestellte Wien</td>
</tr>
<tr>
<td style="width: 15.8421%;">
<hr />
</td>
<td style="width: 35.0201%;">
<hr />
</td>
<td style="width: 49.1377%; height: 24px;"></td>
</tr>
<tr style="height: 24px;">
<td style="width: 15.8421%; height: 24px;">Completed in:</td>
<td style="height: 24px; width: 84.1578%;" colspan="2">März 2001</td>
</tr>
</tbody>
</table>
</div>
</div></div></div></div></div>


<div style="color:#404168" class="wp-block-genesis-blocks-gb-spacer gb-block-spacer gb-divider-solid gb-spacer-divider gb-divider-size-1"><hr style="height:3px"/></div>



<div style="color:#404168" class="wp-block-genesis-blocks-gb-spacer gb-block-spacer gb-divider-solid gb-divider-size-1"><hr style="height:10px"/></div>


<div id="pl-gb2831-69f23ff928980"  class="panel-layout" ><div id="pg-gb2831-69f23ff928980-0"  class="panel-grid panel-no-style" ><div id="pgc-gb2831-69f23ff928980-0-0"  class="panel-grid-cell panel-grid-cell-empty" ></div><div id="pgc-gb2831-69f23ff928980-0-1"  class="panel-grid-cell panel-grid-cell-mobile-last" ><div id="panel-gb2831-69f23ff928980-0-1-0" class="so-panel widget widget_text panel-first-child panel-last-child" data-index="0" >			<div class="textwidget"><p align="justify">Neben der in westlichen Gesellschaften überwiegenden Familienform der klassischen Kernfamilien – bestehend aus Vater, Mutter und Kind/er – entstehen vermehrt neue Lebensformen. Zum einen ist eine Zunahme kinderloser Ehepaare/ Lebensgemeinschaften, zum anderen ein Anstieg der bewusst ledigen Mutterschaft zu verzeichnen. Der Werte- und Einstellungswandel führte auch zu höheren Scheidungsraten und somit zu einer Zunahme von Ein-Eltern-Familien. Die Ursachen für &#8220;Alleinelternschaft&#8221; sind also unterschiedlich, die sozioökonomische Situation von Alleinerzieherinnen ist aber vielfach gleich. So ist etwa die Armutsgefährdungsquote von Alleinerzieherinnen (trotz hoher Erwerbsquoten) dreimal so hoch wie in Haushalten mit zwei Elternteilen. Die schwierige Vereinbarkeit von Beruf und Familie, die unterschiedlichen Anforderungen von Kindern/ Kindesvater/ Familie an die Alleinerziehenden, finanzieller Druck, Wohnungsprobleme, Arbeitsbelastung, gesellschaftliche Stigmatisierungen u.v.m. führen vielfach zu Isolation und starker psychosozialer Belastung.</p>
<p align="justify">Die in Kooperation mit W.A.S./ Mag. Ruth Finder und dem IFA durchgeführte Untersuchung setzt sich aus drei Schwerpunkten zusammen. Neben einer allgemeinen Darstellung des statistischen Hintergrunds (W.A.S.) erfolgte eine quantitative Erhebung unter Wiener Alleinerzieherinnen (IFA), bei der die sozioökonomische Situation dieser Bevölkerungsgruppe näher beleuchtet wurde. Aufgabe des IKF war es, in qualitativen Interviews mit Alleinerzieherinnen und Expertinnen staatlicher und privater Einrichtungen die psychosoziale Situation zu erheben. Hierbei gingen wir den Aspekten der finanziellen Situation, der Erwerbstätigkeit, der Kinderbetreuung, der sozialen Kontakte und der Freizeitgestaltung ebenso nach wie der Frage, welche Aspekte des Alleinerziehens psychisch und/ oder körperlich belastend, aber auch befreiend sind. Weiters erörterten wir die Frage, welchen konkreten Unterstützungsbedarf Alleinerziehende für sich persönlich und für Alleinerzieherinnen im Allgemeinen sehen. Eine wesentliche Fragestellung ist schließlich auch, in welchem Ausmaß und auf welche Weise Familien-, Frauen- und Rollenbilder sowie die Umstände, die zur alleinigen Zuständigkeit für Kinder führten, die Bewältigung des Alltags beeinflussen.</p>
<p align="justify">Die Studienergebnisse verdeutlichten neuerlich, dass Alleinerzieherin nicht gleich Alleinerzieherin ist. Die Situation von Alleinerzieherinnen ist wesentlich durch verschiedenste Faktoren determiniert: Einkommen, Ausmaß der Berufstätigkeit, Beziehung zum Kindesvater, soziales Umfeld, Entstehungsgeschichte der Einelternschaft usw. Es konnten vier &#8220;Typen&#8221; von Alleinerzieherinnen herausgearbeitet werden. Beim Typus &#8220;Erwerbstätige&#8221; steht die gelungene Vereinbarkeit von Betreuungspflichten und Berufsleben im Vordergrund, während sich der Typus &#8220;Netzwerkerin&#8221; durch ein dichtes Netz sozialer Kontakte auszeichnet. Jenen, die den Typen &#8220;junge Erwerbstätige&#8221; und &#8220;Überbelastete&#8221; zugeordnet wurden, gelingt die Vereinbarkeit kaum. Die &#8220;jungen Erwerbstätigen&#8221; bewerkstelligen Berufstätigkeit auf Kosten der verfügbaren Zeit für Kinder, FreundInnen und sich selbst. Bei den &#8220;überbelasteten&#8221; Alleinerzieherinnen handelt es sich meist um junge, ledige, vergleichsweise niedrig qualifizierte Frauen, die in einem hohen Ausmaß von Transferleistungen (Karenzgeld, Notstands- bzw. Sozialhilfe) ihren Lebensunterhalt bestreiten.</p>
</div>
		</div></div><div id="pgc-gb2831-69f23ff928980-0-2"  class="panel-grid-cell panel-grid-cell-empty" ></div></div></div>


<div style="color:#333" class="wp-block-genesis-blocks-gb-spacer gb-block-spacer gb-divider-solid gb-spacer-divider gb-divider-size-1"><hr style="height:100px"/></div>
</div></div></div>
