{"id":2825,"date":"2021-04-29T12:55:27","date_gmt":"2021-04-29T12:55:27","guid":{"rendered":"http:\/\/test-ikf.online\/?page_id=2825"},"modified":"2021-04-29T12:55:50","modified_gmt":"2021-04-29T12:55:50","slug":"2004-evaluation-der-gebietsbetreuung-neu","status":"publish","type":"page","link":"https:\/\/ikf.ac.at\/en\/schwerpunkte\/sicherheit\/sozialstaat\/2004-evaluation-der-gebietsbetreuung-neu","title":{"rendered":"2004: Evaluation der Gebietsbetreuung neu"},"content":{"rendered":"<div class=\"wp-block-atomic-blocks-ab-container alignfull ab-block-container\"><div class=\"ab-container-inside\"><div class=\"ab-container-content\"><div id=\"pl-gb2825-69f23ff8b8ddf\"  class=\"panel-layout\" ><div id=\"pg-gb2825-69f23ff8b8ddf-0\"  class=\"panel-grid panel-no-style\" ><div id=\"pgc-gb2825-69f23ff8b8ddf-0-0\"  class=\"panel-grid-cell\" ><div id=\"panel-gb2825-69f23ff8b8ddf-0-0-0\" class=\"so-panel widget widget_media_image panel-first-child panel-last-child\" data-index=\"0\" ><img loading=\"lazy\" decoding=\"async\" width=\"2554\" height=\"10\" src=\"https:\/\/ikf.ac.at\/wp-content\/uploads\/2021\/01\/linie_IKF.jpg\" class=\"image wp-image-754  attachment-full size-full\" alt=\"\" style=\"max-width: 100%; height: auto;\" srcset=\"https:\/\/ikf.ac.at\/wp-content\/uploads\/2021\/01\/linie_IKF.jpg 2554w, https:\/\/ikf.ac.at\/wp-content\/uploads\/2021\/01\/linie_IKF-300x1.jpg 300w, https:\/\/ikf.ac.at\/wp-content\/uploads\/2021\/01\/linie_IKF-1024x4.jpg 1024w, https:\/\/ikf.ac.at\/wp-content\/uploads\/2021\/01\/linie_IKF-768x3.jpg 768w, https:\/\/ikf.ac.at\/wp-content\/uploads\/2021\/01\/linie_IKF-1536x6.jpg 1536w, https:\/\/ikf.ac.at\/wp-content\/uploads\/2021\/01\/linie_IKF-2048x8.jpg 2048w\" sizes=\"auto, (max-width: 2554px) 100vw, 2554px\" \/><\/div><\/div><\/div><\/div>\n\n\n<div style=\"color:#ddd\" class=\"wp-block-genesis-blocks-gb-spacer gb-block-spacer gb-divider-solid gb-divider-size-1\"><hr style=\"height:30px\"\/><\/div>\n\n\n<div id=\"pl-gb2825-69f23ff8b9513\"  class=\"panel-layout\" ><div id=\"pg-gb2825-69f23ff8b9513-0\"  class=\"panel-grid panel-no-style\" ><div id=\"pgc-gb2825-69f23ff8b9513-0-0\"  class=\"panel-grid-cell panel-grid-cell-empty\" ><\/div><div id=\"pgc-gb2825-69f23ff8b9513-0-1\"  class=\"panel-grid-cell\" ><div id=\"panel-gb2825-69f23ff8b9513-0-1-0\" class=\"so-panel widget widget_sow-editor panel-first-child panel-last-child\" data-index=\"0\" ><div\n\t\t\t\n\t\t\tclass=\"so-widget-sow-editor so-widget-sow-editor-base\"\n\t\t\t\n\t\t>\n<div class=\"siteorigin-widget-tinymce textwidget\">\n\t<table style=\"height: 100px; width: 100%; border-collapse: collapse;\" border=\"1\" cellpadding=\"2\">\n<tbody>\n<tr style=\"height: 24px;\">\n<td style=\"width: 15.8421%; height: 24px;\">Project management:<\/td>\n<td style=\"width: 84.1578%; height: 24px;\" colspan=\"2\" class=\"translation-block\"><span style=\"font-size: x-large\">Dr. Birgitt Haller<\/span><\/td>\n<\/tr>\n<tr>\n<td style=\"width: 15.8421%;\">\n<hr \/>\n<\/td>\n<td style=\"width: 18.7116%;\">\n<hr \/>\n<\/td>\n<td style=\"width: 65.4462%; height: 24px;\"><\/td>\n<\/tr>\n<tr>\n<td style=\"width: 15.8421%;\">Implementation:<\/td>\n<td style=\"width: 84.1578%;\" colspan=\"2\">Dr.<sup>in<\/sup> Birgitt Haller<br \/>\nMag. Dr. Stefanie Mayer<sup>a<\/sup> Karin St\u00f6gner<\/td>\n<\/tr>\n<tr>\n<td style=\"width: 15.8421%;\">\n<hr \/>\n<\/td>\n<td style=\"width: 18.7116%;\">\n<hr \/>\n<\/td>\n<td style=\"width: 65.4462%;\"><\/td>\n<\/tr>\n<tr>\n<td style=\"width: 15.8421%;\">Funded by:<\/td>\n<td style=\"width: 84.1578%;\" colspan=\"2\">MA 50<\/td>\n<\/tr>\n<tr>\n<td style=\"width: 15.8421%;\">\n<hr \/>\n<\/td>\n<td style=\"width: 18.7116%;\">\n<hr \/>\n<\/td>\n<td style=\"width: 65.4462%; height: 24px;\"><\/td>\n<\/tr>\n<tr style=\"height: 24px;\">\n<td style=\"width: 15.8421%; height: 24px;\">Completed in:<\/td>\n<td style=\"height: 24px; width: 84.1578%;\" colspan=\"2\">Dezember 2004<\/td>\n<\/tr>\n<\/tbody>\n<\/table>\n<\/div>\n<\/div><\/div><\/div><\/div><\/div>\n\n\n<div style=\"color:#404168\" class=\"wp-block-genesis-blocks-gb-spacer gb-block-spacer gb-divider-solid gb-spacer-divider gb-divider-size-1\"><hr style=\"height:3px\"\/><\/div>\n\n\n\n<div style=\"color:#404168\" class=\"wp-block-genesis-blocks-gb-spacer gb-block-spacer gb-divider-solid gb-divider-size-1\"><hr style=\"height:10px\"\/><\/div>\n\n\n<div id=\"pl-gb2825-69f23ff8b9bde\"  class=\"panel-layout\" ><div id=\"pg-gb2825-69f23ff8b9bde-0\"  class=\"panel-grid panel-no-style\" ><div id=\"pgc-gb2825-69f23ff8b9bde-0-0\"  class=\"panel-grid-cell panel-grid-cell-empty\" ><\/div><div id=\"pgc-gb2825-69f23ff8b9bde-0-1\"  class=\"panel-grid-cell panel-grid-cell-mobile-last\" ><div id=\"panel-gb2825-69f23ff8b9bde-0-1-0\" class=\"so-panel widget widget_text panel-first-child panel-last-child\" data-index=\"0\" >\t\t\t<div class=\"textwidget\"><p align=\"justify\">Ziel der Untersuchung war es, einerseits die bisherige Aufgabenerf\u00fcllung durch die GB neu gemessen an den Vorgaben von Seiten der Stadt Wien zu evaluieren, und andererseits Probleme bzw. Defizite aus der Sicht der GB neu zu erheben.<\/p>\n<p align=\"justify\">Dazu wurden insgesamt 37 Interviews mit Tr\u00e4gerInnen und MitarbeiterInnen der 17 GB neu durchgef\u00fchrt, die gr\u00f6\u00dftenteils zwischen Juni und August 2004 erfolgten. Themen der leitfadenorientierten Interviews waren die Struktur und das Aufgabenprofil der GB neu, das Verh\u00e4ltnis zu den Auftraggebern, Erfahrungen in der Zusammenarbeit mit verschiedenen Kooperationspartnern, die zentralen T\u00e4tigkeitsbereiche sowie die Arbeitssituation der MitarbeiterInnen in den einzelnen Einrichtungen. Der Bericht ist diesen Schwerpunktsetzungen entlang strukturiert, abgeschlossen wird er mit einem Res\u00fcmee, in dem auch versucht wird, Verbesserungsma\u00dfnahmen auf verschiedenen Ebenen herauszuarbeiten.<\/p>\n<p align=\"justify\">Bei den 17 Einrichtungen, die Wien-weit die Betreuung der st\u00e4dtischen Wohnanlagen durchf\u00fchren, sind zun\u00e4chst einmal die\u00a0<em>gro\u00dfen Unterschiede<\/em>\u00a0auff\u00e4llig. Auf der\u00a0<em>Strukturebene<\/em>\u00a0bestehen diese darin, dass die GB neu zwar mehrheitlich bei einer klassischen Gebietsbetreuung angesiedelt sind (zw\u00f6lf von ihnen), in manchen Bezirken aber ausschlie\u00dflich eine GB neu eingerichtet wurde; dass als Tr\u00e4ger sowohl Architekturb\u00fcros (neun) als auch Wohnbautr\u00e4ger (sieben) und in einem Fall die Stadt Wien selbst fungieren; dass die Zahl der von ihnen betreuten Gemeindewohnungen zwischen rund 2.000 und fast 29.000 variiert; dass ihnen je betreuter Wohnung j\u00e4hrlich zwischen 5,2 Euro und 26,7 Euro zur Verf\u00fcgung stehen.<\/p>\n<p align=\"justify\">Der umfangreiche Arbeitsauftrag f\u00fchrt dazu, dass die Einrichtungen selbst Schwerpunkte setzen, die von Erfordernissen und M\u00f6glichkeiten im Bezirk abh\u00e4ngen, und es\u00a0<em>kein einheitliches T\u00e4tigkeitsprofil<\/em>\u00a0gibt. In allen GB neu ist zwar die zentrale Aufgabe die Schlichtung von Mieterkonflikten, verbunden mit der Betreuung von MieterInnen und der in Zusammenhang damit erforderlichen Vernetzung mit anderen sozialen Institutionen, aber w\u00e4hrend manche Einrichtungen nur rund die H\u00e4lfte der personellen Ressourcen daf\u00fcr aufwenden, sind bei anderen die MitarbeiterInnen fast ausschlie\u00dflich damit besch\u00e4ftigt. Die verbleibenden Kapazit\u00e4ten etwa f\u00fcr die Durchf\u00fchrung von Projekten oder von Veranstaltungen sind daher unterschiedlich gro\u00df.<\/p>\n<p align=\"justify\">Dar\u00fcber hinaus werden von den Stellen, mit denen sie prim\u00e4r zusammenarbeiten,\u00a0<em>unterschiedliche Anforderungen\u00a0<\/em>an die GB\u2019s herangetragen. Es gibt einzelne GB neu, die mit von Wiener Wohnen (teilweise f\u00e4lschlich) \u00fcbermittelten F\u00e4llen &#8220;zugesch\u00fcttet&#8221; werden, und andere, die anscheinend von WW immer wieder boykottiert werden. Die Bezirkspolitik, der zweite wichtige Kooperationspartner, sucht in manchen F\u00e4llen die Zusammenarbeit mit der GB neu und bindet diese stark ein, in einzelnen anderen Bezirken sei die GB neu dagegen kaum akzeptiert.<\/p>\n<p align=\"justify\">Neben diesen Unterschieden bestehen allerdings auch viele\u00a0<em>Gemeinsamkeiten<\/em>. Alle Einrichtungen sind mit denselben Problemen befasst, n\u00e4mlich vorwiegend mit Nachbarschaftskonflikten, die um L\u00e4rmbel\u00e4stigung kreisen und die mehrheitlich entlang den (sich teilweise \u00fcberschneidenden) Linien \u00d6sterreicherInnen vs. MigrantInnen und Alt vs. Jung verlaufen. Das zentrale Arbeitsfeld ist die Konfliktbearbeitung, bei der h\u00e4ufig Techniken der Mediation angewendet werden.<\/p>\n<p align=\"justify\">Was die GB neu bzw. deren MitarbeiterInnen dar\u00fcber hinaus stark eint, ist das ausgepr\u00e4gte Gef\u00fchl einer ihnen entgegengebrachten\u00a0<em>Geringsch\u00e4tzung<\/em>. Dies bezieht sich im Au&amp;szlgi;enverh\u00e4ltnis v.a. auf die MA 25, Wiener Wohnen und die Bezirkspolitik, im Innenverh\u00e4ltnis auf den Dienstgeber. Den Tr\u00e4gern wird in erster Linie vorgeworfen, die klassische Gebietsbetreuung zu bevorzugen, weil sie selbst aus dem planerisch-technischen Bereich k\u00e4men.<\/p>\n<p align=\"justify\">Wenn man die zentrale Aufgabe der GB neu in der Betreuung der st\u00e4dtischen Wohnhausanlagen durch eine niederschwellige Anlaufstelle f\u00fcr die vielf\u00e4ltigen Anliegen der MieterInnen sieht, dann wird diese Anforderung von den bestehenden Einrichtungen trotz aller angesprochenen Probleme auch erf\u00fcllt. Die Wahrnehmung von dar\u00fcber hinausgehenden Aufgaben erfolgt allerdings in sehr unterschiedlicher Intensit\u00e4t und mit unterschiedlichen Schwerpunktsetzungen.<\/p>\n<\/div>\n\t\t<\/div><\/div><div id=\"pgc-gb2825-69f23ff8b9bde-0-2\"  class=\"panel-grid-cell panel-grid-cell-empty\" ><\/div><\/div><\/div>\n\n\n<div style=\"color:#333\" class=\"wp-block-genesis-blocks-gb-spacer gb-block-spacer gb-divider-solid gb-spacer-divider gb-divider-size-1\"><hr style=\"height:100px\"\/><\/div>\n<\/div><\/div><\/div>","protected":false},"excerpt":{"rendered":"","protected":false},"author":2,"featured_media":0,"parent":961,"menu_order":39,"comment_status":"closed","ping_status":"closed","template":"","meta":{"footnotes":""},"class_list":["post-2825","page","type-page","status-publish","hentry","post"],"featured_image_src":null,"featured_image_src_square":null,"_links":{"self":[{"href":"https:\/\/ikf.ac.at\/en\/wp-json\/wp\/v2\/pages\/2825","targetHints":{"allow":["GET"]}}],"collection":[{"href":"https:\/\/ikf.ac.at\/en\/wp-json\/wp\/v2\/pages"}],"about":[{"href":"https:\/\/ikf.ac.at\/en\/wp-json\/wp\/v2\/types\/page"}],"author":[{"embeddable":true,"href":"https:\/\/ikf.ac.at\/en\/wp-json\/wp\/v2\/users\/2"}],"replies":[{"embeddable":true,"href":"https:\/\/ikf.ac.at\/en\/wp-json\/wp\/v2\/comments?post=2825"}],"version-history":[{"count":2,"href":"https:\/\/ikf.ac.at\/en\/wp-json\/wp\/v2\/pages\/2825\/revisions"}],"predecessor-version":[{"id":2827,"href":"https:\/\/ikf.ac.at\/en\/wp-json\/wp\/v2\/pages\/2825\/revisions\/2827"}],"up":[{"embeddable":true,"href":"https:\/\/ikf.ac.at\/en\/wp-json\/wp\/v2\/pages\/961"}],"wp:attachment":[{"href":"https:\/\/ikf.ac.at\/en\/wp-json\/wp\/v2\/media?parent=2825"}],"curies":[{"name":"wp","href":"https:\/\/api.w.org\/{rel}","templated":true}]}}

<div class="wp-block-atomic-blocks-ab-container alignfull ab-block-container"><div class="ab-container-inside"><div class="ab-container-content"><div id="pl-gb2825-69f23ff8b8ddf"  class="panel-layout" ><div id="pg-gb2825-69f23ff8b8ddf-0"  class="panel-grid panel-no-style" ><div id="pgc-gb2825-69f23ff8b8ddf-0-0"  class="panel-grid-cell" ><div id="panel-gb2825-69f23ff8b8ddf-0-0-0" class="so-panel widget widget_media_image panel-first-child panel-last-child" data-index="0" ><img loading="lazy" decoding="async" width="2554" height="10" src="https://ikf.ac.at/wp-content/uploads/2021/01/linie_IKF.jpg" class="image wp-image-754  attachment-full size-full" alt="" style="max-width: 100%; height: auto;" srcset="https://ikf.ac.at/wp-content/uploads/2021/01/linie_IKF.jpg 2554w, https://ikf.ac.at/wp-content/uploads/2021/01/linie_IKF-300x1.jpg 300w, https://ikf.ac.at/wp-content/uploads/2021/01/linie_IKF-1024x4.jpg 1024w, https://ikf.ac.at/wp-content/uploads/2021/01/linie_IKF-768x3.jpg 768w, https://ikf.ac.at/wp-content/uploads/2021/01/linie_IKF-1536x6.jpg 1536w, https://ikf.ac.at/wp-content/uploads/2021/01/linie_IKF-2048x8.jpg 2048w" sizes="auto, (max-width: 2554px) 100vw, 2554px" /></div></div></div></div>


<div style="color:#ddd" class="wp-block-genesis-blocks-gb-spacer gb-block-spacer gb-divider-solid gb-divider-size-1"><hr style="height:30px"/></div>


<div id="pl-gb2825-69f23ff8b9513"  class="panel-layout" ><div id="pg-gb2825-69f23ff8b9513-0"  class="panel-grid panel-no-style" ><div id="pgc-gb2825-69f23ff8b9513-0-0"  class="panel-grid-cell panel-grid-cell-empty" ></div><div id="pgc-gb2825-69f23ff8b9513-0-1"  class="panel-grid-cell" ><div id="panel-gb2825-69f23ff8b9513-0-1-0" class="so-panel widget widget_sow-editor panel-first-child panel-last-child" data-index="0" ><div
			
			class="so-widget-sow-editor so-widget-sow-editor-base"
			
		>
<div class="siteorigin-widget-tinymce textwidget">
	<table style="height: 100px; width: 100%; border-collapse: collapse;" border="1" cellpadding="2">
<tbody>
<tr style="height: 24px;">
<td style="width: 15.8421%; height: 24px;">Project management:</td>
<td style="width: 84.1578%; height: 24px;" colspan="2" class="translation-block"><span style="font-size: x-large">Dr. Birgitt Haller</span></td>
</tr>
<tr>
<td style="width: 15.8421%;">
<hr />
</td>
<td style="width: 18.7116%;">
<hr />
</td>
<td style="width: 65.4462%; height: 24px;"></td>
</tr>
<tr>
<td style="width: 15.8421%;">Implementation:</td>
<td style="width: 84.1578%;" colspan="2">Dr.<sup>in</sup> Birgitt Haller<br />
Mag. Dr. Stefanie Mayer<sup>a</sup> Karin Stögner</td>
</tr>
<tr>
<td style="width: 15.8421%;">
<hr />
</td>
<td style="width: 18.7116%;">
<hr />
</td>
<td style="width: 65.4462%;"></td>
</tr>
<tr>
<td style="width: 15.8421%;">Funded by:</td>
<td style="width: 84.1578%;" colspan="2">MA 50</td>
</tr>
<tr>
<td style="width: 15.8421%;">
<hr />
</td>
<td style="width: 18.7116%;">
<hr />
</td>
<td style="width: 65.4462%; height: 24px;"></td>
</tr>
<tr style="height: 24px;">
<td style="width: 15.8421%; height: 24px;">Completed in:</td>
<td style="height: 24px; width: 84.1578%;" colspan="2">Dezember 2004</td>
</tr>
</tbody>
</table>
</div>
</div></div></div></div></div>


<div style="color:#404168" class="wp-block-genesis-blocks-gb-spacer gb-block-spacer gb-divider-solid gb-spacer-divider gb-divider-size-1"><hr style="height:3px"/></div>



<div style="color:#404168" class="wp-block-genesis-blocks-gb-spacer gb-block-spacer gb-divider-solid gb-divider-size-1"><hr style="height:10px"/></div>


<div id="pl-gb2825-69f23ff8b9bde"  class="panel-layout" ><div id="pg-gb2825-69f23ff8b9bde-0"  class="panel-grid panel-no-style" ><div id="pgc-gb2825-69f23ff8b9bde-0-0"  class="panel-grid-cell panel-grid-cell-empty" ></div><div id="pgc-gb2825-69f23ff8b9bde-0-1"  class="panel-grid-cell panel-grid-cell-mobile-last" ><div id="panel-gb2825-69f23ff8b9bde-0-1-0" class="so-panel widget widget_text panel-first-child panel-last-child" data-index="0" >			<div class="textwidget"><p align="justify">Ziel der Untersuchung war es, einerseits die bisherige Aufgabenerfüllung durch die GB neu gemessen an den Vorgaben von Seiten der Stadt Wien zu evaluieren, und andererseits Probleme bzw. Defizite aus der Sicht der GB neu zu erheben.</p>
<p align="justify">Dazu wurden insgesamt 37 Interviews mit TrägerInnen und MitarbeiterInnen der 17 GB neu durchgeführt, die größtenteils zwischen Juni und August 2004 erfolgten. Themen der leitfadenorientierten Interviews waren die Struktur und das Aufgabenprofil der GB neu, das Verhältnis zu den Auftraggebern, Erfahrungen in der Zusammenarbeit mit verschiedenen Kooperationspartnern, die zentralen Tätigkeitsbereiche sowie die Arbeitssituation der MitarbeiterInnen in den einzelnen Einrichtungen. Der Bericht ist diesen Schwerpunktsetzungen entlang strukturiert, abgeschlossen wird er mit einem Resümee, in dem auch versucht wird, Verbesserungsmaßnahmen auf verschiedenen Ebenen herauszuarbeiten.</p>
<p align="justify">Bei den 17 Einrichtungen, die Wien-weit die Betreuung der städtischen Wohnanlagen durchführen, sind zunächst einmal die <em>großen Unterschiede</em> auffällig. Auf der <em>Strukturebene</em> bestehen diese darin, dass die GB neu zwar mehrheitlich bei einer klassischen Gebietsbetreuung angesiedelt sind (zwölf von ihnen), in manchen Bezirken aber ausschließlich eine GB neu eingerichtet wurde; dass als Träger sowohl Architekturbüros (neun) als auch Wohnbauträger (sieben) und in einem Fall die Stadt Wien selbst fungieren; dass die Zahl der von ihnen betreuten Gemeindewohnungen zwischen rund 2.000 und fast 29.000 variiert; dass ihnen je betreuter Wohnung jährlich zwischen 5,2 Euro und 26,7 Euro zur Verfügung stehen.</p>
<p align="justify">Der umfangreiche Arbeitsauftrag führt dazu, dass die Einrichtungen selbst Schwerpunkte setzen, die von Erfordernissen und Möglichkeiten im Bezirk abhängen, und es <em>kein einheitliches Tätigkeitsprofil</em> gibt. In allen GB neu ist zwar die zentrale Aufgabe die Schlichtung von Mieterkonflikten, verbunden mit der Betreuung von MieterInnen und der in Zusammenhang damit erforderlichen Vernetzung mit anderen sozialen Institutionen, aber während manche Einrichtungen nur rund die Hälfte der personellen Ressourcen dafür aufwenden, sind bei anderen die MitarbeiterInnen fast ausschließlich damit beschäftigt. Die verbleibenden Kapazitäten etwa für die Durchführung von Projekten oder von Veranstaltungen sind daher unterschiedlich groß.</p>
<p align="justify">Darüber hinaus werden von den Stellen, mit denen sie primär zusammenarbeiten, <em>unterschiedliche Anforderungen </em>an die GB’s herangetragen. Es gibt einzelne GB neu, die mit von Wiener Wohnen (teilweise fälschlich) übermittelten Fällen &#8220;zugeschüttet&#8221; werden, und andere, die anscheinend von WW immer wieder boykottiert werden. Die Bezirkspolitik, der zweite wichtige Kooperationspartner, sucht in manchen Fällen die Zusammenarbeit mit der GB neu und bindet diese stark ein, in einzelnen anderen Bezirken sei die GB neu dagegen kaum akzeptiert.</p>
<p align="justify">Neben diesen Unterschieden bestehen allerdings auch viele <em>Gemeinsamkeiten</em>. Alle Einrichtungen sind mit denselben Problemen befasst, nämlich vorwiegend mit Nachbarschaftskonflikten, die um Lärmbelästigung kreisen und die mehrheitlich entlang den (sich teilweise überschneidenden) Linien ÖsterreicherInnen vs. MigrantInnen und Alt vs. Jung verlaufen. Das zentrale Arbeitsfeld ist die Konfliktbearbeitung, bei der häufig Techniken der Mediation angewendet werden.</p>
<p align="justify">Was die GB neu bzw. deren MitarbeiterInnen darüber hinaus stark eint, ist das ausgeprägte Gefühl einer ihnen entgegengebrachten <em>Geringschätzung</em>. Dies bezieht sich im Au&amp;szlgi;enverhältnis v.a. auf die MA 25, Wiener Wohnen und die Bezirkspolitik, im Innenverhältnis auf den Dienstgeber. Den Trägern wird in erster Linie vorgeworfen, die klassische Gebietsbetreuung zu bevorzugen, weil sie selbst aus dem planerisch-technischen Bereich kämen.</p>
<p align="justify">Wenn man die zentrale Aufgabe der GB neu in der Betreuung der städtischen Wohnhausanlagen durch eine niederschwellige Anlaufstelle für die vielfältigen Anliegen der MieterInnen sieht, dann wird diese Anforderung von den bestehenden Einrichtungen trotz aller angesprochenen Probleme auch erfüllt. Die Wahrnehmung von darüber hinausgehenden Aufgaben erfolgt allerdings in sehr unterschiedlicher Intensität und mit unterschiedlichen Schwerpunktsetzungen.</p>
</div>
		</div></div><div id="pgc-gb2825-69f23ff8b9bde-0-2"  class="panel-grid-cell panel-grid-cell-empty" ></div></div></div>


<div style="color:#333" class="wp-block-genesis-blocks-gb-spacer gb-block-spacer gb-divider-solid gb-spacer-divider gb-divider-size-1"><hr style="height:100px"/></div>
</div></div></div>
