{"id":2811,"date":"2021-04-29T12:34:30","date_gmt":"2021-04-29T12:34:30","guid":{"rendered":"http:\/\/test-ikf.online\/?page_id=2811"},"modified":"2021-04-29T12:35:03","modified_gmt":"2021-04-29T12:35:03","slug":"2008-evaluierung-von-sam-9","status":"publish","type":"page","link":"https:\/\/ikf.ac.at\/en\/schwerpunkte\/sicherheit\/sozialstaat\/2008-evaluierung-von-sam-9","title":{"rendered":"2008: Evaluierung von &#8220;SAM 9 \u2013 sozial, sicher, aktiv, mobil&#8221;"},"content":{"rendered":"<div class=\"wp-block-atomic-blocks-ab-container alignfull ab-block-container\"><div class=\"ab-container-inside\"><div class=\"ab-container-content\"><div id=\"pl-gb2811-69f23f8e3feac\"  class=\"panel-layout\" ><div id=\"pg-gb2811-69f23f8e3feac-0\"  class=\"panel-grid panel-no-style\" ><div id=\"pgc-gb2811-69f23f8e3feac-0-0\"  class=\"panel-grid-cell\" ><div id=\"panel-gb2811-69f23f8e3feac-0-0-0\" class=\"so-panel widget widget_media_image panel-first-child panel-last-child\" data-index=\"0\" ><img loading=\"lazy\" decoding=\"async\" width=\"2554\" height=\"10\" src=\"https:\/\/ikf.ac.at\/wp-content\/uploads\/2021\/01\/linie_IKF.jpg\" class=\"image wp-image-754  attachment-full size-full\" alt=\"\" style=\"max-width: 100%; height: auto;\" srcset=\"https:\/\/ikf.ac.at\/wp-content\/uploads\/2021\/01\/linie_IKF.jpg 2554w, https:\/\/ikf.ac.at\/wp-content\/uploads\/2021\/01\/linie_IKF-300x1.jpg 300w, https:\/\/ikf.ac.at\/wp-content\/uploads\/2021\/01\/linie_IKF-1024x4.jpg 1024w, https:\/\/ikf.ac.at\/wp-content\/uploads\/2021\/01\/linie_IKF-768x3.jpg 768w, https:\/\/ikf.ac.at\/wp-content\/uploads\/2021\/01\/linie_IKF-1536x6.jpg 1536w, https:\/\/ikf.ac.at\/wp-content\/uploads\/2021\/01\/linie_IKF-2048x8.jpg 2048w\" sizes=\"auto, (max-width: 2554px) 100vw, 2554px\" \/><\/div><\/div><\/div><\/div>\n\n\n<div style=\"color:#ddd\" class=\"wp-block-genesis-blocks-gb-spacer gb-block-spacer gb-divider-solid gb-divider-size-1\"><hr style=\"height:30px\"\/><\/div>\n\n\n<div id=\"pl-gb2811-69f23f8e4033c\"  class=\"panel-layout\" ><div id=\"pg-gb2811-69f23f8e4033c-0\"  class=\"panel-grid panel-no-style\" ><div id=\"pgc-gb2811-69f23f8e4033c-0-0\"  class=\"panel-grid-cell panel-grid-cell-empty\" ><\/div><div id=\"pgc-gb2811-69f23f8e4033c-0-1\"  class=\"panel-grid-cell\" ><div id=\"panel-gb2811-69f23f8e4033c-0-1-0\" class=\"so-panel widget widget_sow-editor panel-first-child panel-last-child\" data-index=\"0\" ><div\n\t\t\t\n\t\t\tclass=\"so-widget-sow-editor so-widget-sow-editor-base\"\n\t\t\t\n\t\t>\n<div class=\"siteorigin-widget-tinymce textwidget\">\n\t<table style=\"height: 100px; width: 100%; border-collapse: collapse;\" border=\"1\" cellpadding=\"2\">\n<tbody>\n<tr style=\"height: 24px;\">\n<td style=\"width: 15.8421%; height: 24px;\">Project management:<\/td>\n<td style=\"width: 84.1578%; height: 24px;\" colspan=\"2\" class=\"translation-block\"><span style=\"font-size: x-large\">Dr. Birgitt Haller<\/span><\/td>\n<\/tr>\n<tr>\n<td style=\"width: 15.8421%;\">\n<hr \/>\n<\/td>\n<td style=\"width: 52.5928%;\">\n<hr \/>\n<\/td>\n<td style=\"width: 31.565%; height: 24px;\"><\/td>\n<\/tr>\n<tr>\n<td style=\"width: 15.8421%;\">Implementation:<\/td>\n<td style=\"width: 84.1578%;\" colspan=\"2\">Dr.<sup>in<\/sup> Birgitt Haller<br \/>\nDr.<sup>in<\/sup> Evelyn Dawid<br \/>\nMag. Dr. Stefanie Mayer<sup>a<\/sup> Kerstin Lercher<\/td>\n<\/tr>\n<tr>\n<td style=\"width: 15.8421%;\">\n<hr \/>\n<\/td>\n<td style=\"width: 52.5928%;\">\n<hr \/>\n<\/td>\n<td style=\"width: 31.565%;\"><\/td>\n<\/tr>\n<tr>\n<td style=\"width: 15.8421%;\">Funded by:<\/td>\n<td style=\"width: 84.1578%;\" colspan=\"2\">Sucht- und Drogenkoordination Wien gemeinn\u00fctzige GmbH<\/td>\n<\/tr>\n<tr>\n<td style=\"width: 15.8421%;\">\n<hr \/>\n<\/td>\n<td style=\"width: 52.5928%;\">\n<hr \/>\n<\/td>\n<td style=\"width: 31.565%; height: 24px;\"><\/td>\n<\/tr>\n<tr style=\"height: 24px;\">\n<td style=\"width: 15.8421%; height: 24px;\">Completed in:<\/td>\n<td style=\"height: 24px; width: 84.1578%;\" colspan=\"2\">Oktober 2008<\/td>\n<\/tr>\n<\/tbody>\n<\/table>\n<\/div>\n<\/div><\/div><\/div><\/div><\/div>\n\n\n<div style=\"color:#404168\" class=\"wp-block-genesis-blocks-gb-spacer gb-block-spacer gb-divider-solid gb-spacer-divider gb-divider-size-1\"><hr style=\"height:3px\"\/><\/div>\n\n\n\n<div style=\"color:#404168\" class=\"wp-block-genesis-blocks-gb-spacer gb-block-spacer gb-divider-solid gb-divider-size-1\"><hr style=\"height:10px\"\/><\/div>\n\n\n<div id=\"pl-gb2811-69f23f8e407c4\"  class=\"panel-layout\" ><div id=\"pg-gb2811-69f23f8e407c4-0\"  class=\"panel-grid panel-no-style\" ><div id=\"pgc-gb2811-69f23f8e407c4-0-0\"  class=\"panel-grid-cell panel-grid-cell-empty\" ><\/div><div id=\"pgc-gb2811-69f23f8e407c4-0-1\"  class=\"panel-grid-cell panel-grid-cell-mobile-last\" ><div id=\"panel-gb2811-69f23f8e407c4-0-1-0\" class=\"so-panel widget widget_text panel-first-child panel-last-child\" data-index=\"0\" >\t\t\t<div class=\"textwidget\"><p align=\"justify\">Mitte Oktober 2007 nahm das Team von SAM 9 am Julius-Tandler-Platz und in dessen Umgebung seine T\u00e4tigkeit auf. Die Initiative, die von der Sucht- und Drogenkoordination Wien, der Bezirksvertretung Alsergrund und drei Wirtschaftspartnern vor Ort finanziert wird, versteht sich als allparteilicher Ansprechpartner f\u00fcr alle Nutzer des \u00f6ffentlichen Raums. Zu den zentralen Aufgaben des Teams z\u00e4hlt es, den am Platz aufh\u00e4ltigen sozial desintegrierten Personen \u2013 vor allem Alkoholkranken und Wohnungslosen \u2013 Hilfsangebote zu vermitteln, Kriseninterventionen zu leisten, bei AnrainerInnen und PassantInnen Verst\u00e4ndnis f\u00fcr die Problemgruppen zu wecken, und schlie\u00dflich konflikttr\u00e4chtige Situationen durch rasche Intervention zu beruhigen.<\/p>\n<p align=\"justify\">Aufgabe der Evaluation war zu \u00fcberpr\u00fcfen, ob und inwieweit die jeweiligen Projektziele, die f\u00fcr die verschiedenen Nutzungsgruppen formuliert worden waren, erreicht wurden bzw. wo diesbez\u00fcglich Probleme liegen k\u00f6nnten. Das zentrale Erhebungsinstrument waren Interviews, die zwischen Mai und Mitte September sowohl mit dem Team von SAM 9 als auch mit NutzerInnen (Gesch\u00e4ftsleuten, PassantInnen, sozial desintegrierten Personen, VertreterInnen der Projektfinanziers, der Bezirkspolitik, der Polizei, der st\u00e4dtischen Verwaltung und der am vor Ort aktiven sozialen Einrichtungen) gef\u00fchrt wurden.<\/p>\n<p align=\"justify\">Das Minimalziel, das SAM 9 erreichen kann, ist ein friedliches Nebeneinander der unterschiedlichen Nutzer und Nutzerinnen in der Region. Daf\u00fcr bedarf es eines hohen Bekanntheitsgrades und einer hohen Kooperationsf\u00e4higkeit, sowie einer gro\u00dfen Akzeptanz zumindest im Krisenfall, so dass rasche, zielf\u00fchrende Interventionen bei Streitigkeiten und Notf\u00e4llen m\u00f6glich sind. SAM 9 konnte schon nach weniger als einem Jahr sichtbare Ergebnisse vorweisen. Vor allem bei den Gesch\u00e4ftstreibenden vor Ort war die Initiative bekannt, die Zusammenarbeit wurde von Seiten der involvierten \u00f6ffentlichen Einrichtungen und Sozialvereine als gut bezeichnet. Teile der Problemgruppen akzeptieren SAM 9, Erstberatung, Vermittlung oder auch Konfliktregelung werden angenommen, der (unter anderem vom B\u00fcrgerdienst konstatierte) R\u00fcckgang von Beschwerden l\u00e4sst darauf schlie\u00dfen, dass auff\u00e4lliges Verhalten reduziert werden konnte.<\/p>\n<\/div>\n\t\t<\/div><\/div><div id=\"pgc-gb2811-69f23f8e407c4-0-2\"  class=\"panel-grid-cell panel-grid-cell-empty\" ><\/div><\/div><\/div>\n\n\n<div style=\"color:#333\" class=\"wp-block-genesis-blocks-gb-spacer gb-block-spacer gb-divider-solid gb-spacer-divider gb-divider-size-1\"><hr style=\"height:100px\"\/><\/div>\n<\/div><\/div><\/div>","protected":false},"excerpt":{"rendered":"","protected":false},"author":2,"featured_media":0,"parent":961,"menu_order":34,"comment_status":"closed","ping_status":"closed","template":"","meta":{"footnotes":""},"class_list":["post-2811","page","type-page","status-publish","hentry","post"],"featured_image_src":null,"featured_image_src_square":null,"_links":{"self":[{"href":"https:\/\/ikf.ac.at\/en\/wp-json\/wp\/v2\/pages\/2811","targetHints":{"allow":["GET"]}}],"collection":[{"href":"https:\/\/ikf.ac.at\/en\/wp-json\/wp\/v2\/pages"}],"about":[{"href":"https:\/\/ikf.ac.at\/en\/wp-json\/wp\/v2\/types\/page"}],"author":[{"embeddable":true,"href":"https:\/\/ikf.ac.at\/en\/wp-json\/wp\/v2\/users\/2"}],"replies":[{"embeddable":true,"href":"https:\/\/ikf.ac.at\/en\/wp-json\/wp\/v2\/comments?post=2811"}],"version-history":[{"count":1,"href":"https:\/\/ikf.ac.at\/en\/wp-json\/wp\/v2\/pages\/2811\/revisions"}],"predecessor-version":[{"id":2812,"href":"https:\/\/ikf.ac.at\/en\/wp-json\/wp\/v2\/pages\/2811\/revisions\/2812"}],"up":[{"embeddable":true,"href":"https:\/\/ikf.ac.at\/en\/wp-json\/wp\/v2\/pages\/961"}],"wp:attachment":[{"href":"https:\/\/ikf.ac.at\/en\/wp-json\/wp\/v2\/media?parent=2811"}],"curies":[{"name":"wp","href":"https:\/\/api.w.org\/{rel}","templated":true}]}}

<div class="wp-block-atomic-blocks-ab-container alignfull ab-block-container"><div class="ab-container-inside"><div class="ab-container-content"><div id="pl-gb2811-69f23f8e3feac"  class="panel-layout" ><div id="pg-gb2811-69f23f8e3feac-0"  class="panel-grid panel-no-style" ><div id="pgc-gb2811-69f23f8e3feac-0-0"  class="panel-grid-cell" ><div id="panel-gb2811-69f23f8e3feac-0-0-0" class="so-panel widget widget_media_image panel-first-child panel-last-child" data-index="0" ><img loading="lazy" decoding="async" width="2554" height="10" src="https://ikf.ac.at/wp-content/uploads/2021/01/linie_IKF.jpg" class="image wp-image-754  attachment-full size-full" alt="" style="max-width: 100%; height: auto;" srcset="https://ikf.ac.at/wp-content/uploads/2021/01/linie_IKF.jpg 2554w, https://ikf.ac.at/wp-content/uploads/2021/01/linie_IKF-300x1.jpg 300w, https://ikf.ac.at/wp-content/uploads/2021/01/linie_IKF-1024x4.jpg 1024w, https://ikf.ac.at/wp-content/uploads/2021/01/linie_IKF-768x3.jpg 768w, https://ikf.ac.at/wp-content/uploads/2021/01/linie_IKF-1536x6.jpg 1536w, https://ikf.ac.at/wp-content/uploads/2021/01/linie_IKF-2048x8.jpg 2048w" sizes="auto, (max-width: 2554px) 100vw, 2554px" /></div></div></div></div>


<div style="color:#ddd" class="wp-block-genesis-blocks-gb-spacer gb-block-spacer gb-divider-solid gb-divider-size-1"><hr style="height:30px"/></div>


<div id="pl-gb2811-69f23f8e4033c"  class="panel-layout" ><div id="pg-gb2811-69f23f8e4033c-0"  class="panel-grid panel-no-style" ><div id="pgc-gb2811-69f23f8e4033c-0-0"  class="panel-grid-cell panel-grid-cell-empty" ></div><div id="pgc-gb2811-69f23f8e4033c-0-1"  class="panel-grid-cell" ><div id="panel-gb2811-69f23f8e4033c-0-1-0" class="so-panel widget widget_sow-editor panel-first-child panel-last-child" data-index="0" ><div
			
			class="so-widget-sow-editor so-widget-sow-editor-base"
			
		>
<div class="siteorigin-widget-tinymce textwidget">
	<table style="height: 100px; width: 100%; border-collapse: collapse;" border="1" cellpadding="2">
<tbody>
<tr style="height: 24px;">
<td style="width: 15.8421%; height: 24px;">Project management:</td>
<td style="width: 84.1578%; height: 24px;" colspan="2" class="translation-block"><span style="font-size: x-large">Dr. Birgitt Haller</span></td>
</tr>
<tr>
<td style="width: 15.8421%;">
<hr />
</td>
<td style="width: 52.5928%;">
<hr />
</td>
<td style="width: 31.565%; height: 24px;"></td>
</tr>
<tr>
<td style="width: 15.8421%;">Implementation:</td>
<td style="width: 84.1578%;" colspan="2">Dr.<sup>in</sup> Birgitt Haller<br />
Dr.<sup>in</sup> Evelyn Dawid<br />
Mag. Dr. Stefanie Mayer<sup>a</sup> Kerstin Lercher</td>
</tr>
<tr>
<td style="width: 15.8421%;">
<hr />
</td>
<td style="width: 52.5928%;">
<hr />
</td>
<td style="width: 31.565%;"></td>
</tr>
<tr>
<td style="width: 15.8421%;">Funded by:</td>
<td style="width: 84.1578%;" colspan="2">Sucht- und Drogenkoordination Wien gemeinnützige GmbH</td>
</tr>
<tr>
<td style="width: 15.8421%;">
<hr />
</td>
<td style="width: 52.5928%;">
<hr />
</td>
<td style="width: 31.565%; height: 24px;"></td>
</tr>
<tr style="height: 24px;">
<td style="width: 15.8421%; height: 24px;">Completed in:</td>
<td style="height: 24px; width: 84.1578%;" colspan="2">Oktober 2008</td>
</tr>
</tbody>
</table>
</div>
</div></div></div></div></div>


<div style="color:#404168" class="wp-block-genesis-blocks-gb-spacer gb-block-spacer gb-divider-solid gb-spacer-divider gb-divider-size-1"><hr style="height:3px"/></div>



<div style="color:#404168" class="wp-block-genesis-blocks-gb-spacer gb-block-spacer gb-divider-solid gb-divider-size-1"><hr style="height:10px"/></div>


<div id="pl-gb2811-69f23f8e407c4"  class="panel-layout" ><div id="pg-gb2811-69f23f8e407c4-0"  class="panel-grid panel-no-style" ><div id="pgc-gb2811-69f23f8e407c4-0-0"  class="panel-grid-cell panel-grid-cell-empty" ></div><div id="pgc-gb2811-69f23f8e407c4-0-1"  class="panel-grid-cell panel-grid-cell-mobile-last" ><div id="panel-gb2811-69f23f8e407c4-0-1-0" class="so-panel widget widget_text panel-first-child panel-last-child" data-index="0" >			<div class="textwidget"><p align="justify">Mitte Oktober 2007 nahm das Team von SAM 9 am Julius-Tandler-Platz und in dessen Umgebung seine Tätigkeit auf. Die Initiative, die von der Sucht- und Drogenkoordination Wien, der Bezirksvertretung Alsergrund und drei Wirtschaftspartnern vor Ort finanziert wird, versteht sich als allparteilicher Ansprechpartner für alle Nutzer des öffentlichen Raums. Zu den zentralen Aufgaben des Teams zählt es, den am Platz aufhältigen sozial desintegrierten Personen – vor allem Alkoholkranken und Wohnungslosen – Hilfsangebote zu vermitteln, Kriseninterventionen zu leisten, bei AnrainerInnen und PassantInnen Verständnis für die Problemgruppen zu wecken, und schließlich konfliktträchtige Situationen durch rasche Intervention zu beruhigen.</p>
<p align="justify">Aufgabe der Evaluation war zu überprüfen, ob und inwieweit die jeweiligen Projektziele, die für die verschiedenen Nutzungsgruppen formuliert worden waren, erreicht wurden bzw. wo diesbezüglich Probleme liegen könnten. Das zentrale Erhebungsinstrument waren Interviews, die zwischen Mai und Mitte September sowohl mit dem Team von SAM 9 als auch mit NutzerInnen (Geschäftsleuten, PassantInnen, sozial desintegrierten Personen, VertreterInnen der Projektfinanziers, der Bezirkspolitik, der Polizei, der städtischen Verwaltung und der am vor Ort aktiven sozialen Einrichtungen) geführt wurden.</p>
<p align="justify">Das Minimalziel, das SAM 9 erreichen kann, ist ein friedliches Nebeneinander der unterschiedlichen Nutzer und Nutzerinnen in der Region. Dafür bedarf es eines hohen Bekanntheitsgrades und einer hohen Kooperationsfähigkeit, sowie einer großen Akzeptanz zumindest im Krisenfall, so dass rasche, zielführende Interventionen bei Streitigkeiten und Notfällen möglich sind. SAM 9 konnte schon nach weniger als einem Jahr sichtbare Ergebnisse vorweisen. Vor allem bei den Geschäftstreibenden vor Ort war die Initiative bekannt, die Zusammenarbeit wurde von Seiten der involvierten öffentlichen Einrichtungen und Sozialvereine als gut bezeichnet. Teile der Problemgruppen akzeptieren SAM 9, Erstberatung, Vermittlung oder auch Konfliktregelung werden angenommen, der (unter anderem vom Bürgerdienst konstatierte) Rückgang von Beschwerden lässt darauf schließen, dass auffälliges Verhalten reduziert werden konnte.</p>
</div>
		</div></div><div id="pgc-gb2811-69f23f8e407c4-0-2"  class="panel-grid-cell panel-grid-cell-empty" ></div></div></div>


<div style="color:#333" class="wp-block-genesis-blocks-gb-spacer gb-block-spacer gb-divider-solid gb-spacer-divider gb-divider-size-1"><hr style="height:100px"/></div>
</div></div></div>
