{"id":2809,"date":"2021-04-29T12:31:20","date_gmt":"2021-04-29T12:31:20","guid":{"rendered":"http:\/\/test-ikf.online\/?page_id=2809"},"modified":"2021-04-29T12:31:44","modified_gmt":"2021-04-29T12:31:44","slug":"2010-johann-boehm-in-der-oesterreichischen-sozialversicherung","status":"publish","type":"page","link":"https:\/\/ikf.ac.at\/en\/schwerpunkte\/sicherheit\/sozialstaat\/2010-johann-boehm-in-der-oesterreichischen-sozialversicherung","title":{"rendered":"2010: Johann B\u00f6hm in der \u00f6sterreichischen Sozialversicherung"},"content":{"rendered":"<div class=\"wp-block-atomic-blocks-ab-container alignfull ab-block-container\"><div class=\"ab-container-inside\"><div class=\"ab-container-content\"><div id=\"pl-gb2809-69f23f9b87d2f\"  class=\"panel-layout\" ><div id=\"pg-gb2809-69f23f9b87d2f-0\"  class=\"panel-grid panel-no-style\" ><div id=\"pgc-gb2809-69f23f9b87d2f-0-0\"  class=\"panel-grid-cell\" ><div id=\"panel-gb2809-69f23f9b87d2f-0-0-0\" class=\"so-panel widget widget_media_image panel-first-child panel-last-child\" data-index=\"0\" ><img loading=\"lazy\" decoding=\"async\" width=\"2554\" height=\"10\" src=\"https:\/\/ikf.ac.at\/wp-content\/uploads\/2021\/01\/linie_IKF.jpg\" class=\"image wp-image-754  attachment-full size-full\" alt=\"\" style=\"max-width: 100%; height: auto;\" srcset=\"https:\/\/ikf.ac.at\/wp-content\/uploads\/2021\/01\/linie_IKF.jpg 2554w, https:\/\/ikf.ac.at\/wp-content\/uploads\/2021\/01\/linie_IKF-300x1.jpg 300w, https:\/\/ikf.ac.at\/wp-content\/uploads\/2021\/01\/linie_IKF-1024x4.jpg 1024w, https:\/\/ikf.ac.at\/wp-content\/uploads\/2021\/01\/linie_IKF-768x3.jpg 768w, https:\/\/ikf.ac.at\/wp-content\/uploads\/2021\/01\/linie_IKF-1536x6.jpg 1536w, https:\/\/ikf.ac.at\/wp-content\/uploads\/2021\/01\/linie_IKF-2048x8.jpg 2048w\" sizes=\"auto, (max-width: 2554px) 100vw, 2554px\" \/><\/div><\/div><\/div><\/div>\n\n\n<div style=\"color:#ddd\" class=\"wp-block-genesis-blocks-gb-spacer gb-block-spacer gb-divider-solid gb-divider-size-1\"><hr style=\"height:30px\"\/><\/div>\n\n\n<div id=\"pl-gb2809-69f23f9b881a9\"  class=\"panel-layout\" ><div id=\"pg-gb2809-69f23f9b881a9-0\"  class=\"panel-grid panel-no-style\" ><div id=\"pgc-gb2809-69f23f9b881a9-0-0\"  class=\"panel-grid-cell panel-grid-cell-empty\" ><\/div><div id=\"pgc-gb2809-69f23f9b881a9-0-1\"  class=\"panel-grid-cell\" ><div id=\"panel-gb2809-69f23f9b881a9-0-1-0\" class=\"so-panel widget widget_sow-editor panel-first-child panel-last-child\" data-index=\"0\" ><div\n\t\t\t\n\t\t\tclass=\"so-widget-sow-editor so-widget-sow-editor-base\"\n\t\t\t\n\t\t>\n<div class=\"siteorigin-widget-tinymce textwidget\">\n\t<table style=\"height: 100px; width: 100%; border-collapse: collapse;\" border=\"1\" cellpadding=\"2\">\n<tbody>\n<tr style=\"height: 24px;\">\n<td style=\"width: 15.8421%; height: 24px;\">Project management:<\/td>\n<td style=\"width: 84.1578%; height: 24px;\" colspan=\"2\">Univ.-Prof. Dr. Anton Pelinka<\/td>\n<\/tr>\n<tr>\n<td style=\"width: 15.8421%;\">\n<hr \/>\n<\/td>\n<td style=\"width: 46.3872%;\">\n<hr \/>\n<\/td>\n<td style=\"width: 37.7706%; height: 24px;\"><\/td>\n<\/tr>\n<tr>\n<td style=\"width: 15.8421%;\">Implementation:<\/td>\n<td style=\"width: 84.1578%;\" colspan=\"2\">Dr. Guenther Steiner<\/td>\n<\/tr>\n<tr>\n<td style=\"width: 15.8421%;\">\n<hr \/>\n<\/td>\n<td style=\"width: 46.3872%;\">\n<hr \/>\n<\/td>\n<td style=\"width: 37.7706%;\"><\/td>\n<\/tr>\n<tr>\n<td style=\"width: 15.8421%;\">Funded by:<\/td>\n<td style=\"width: 84.1578%;\" colspan=\"2\">Hauptverband der \u00f6sterreichischen Sozialversicherungstr\u00e4ger<br>\n(Main Association of Austrian Social Security Organisations), Vienna<\/td>\n<\/tr>\n<tr>\n<td style=\"width: 15.8421%;\">\n<hr \/>\n<\/td>\n<td style=\"width: 46.3872%;\">\n<hr \/>\n<\/td>\n<td style=\"width: 37.7706%; height: 24px;\"><\/td>\n<\/tr>\n<tr style=\"height: 24px;\">\n<td style=\"width: 15.8421%; height: 24px;\">Completed in:<\/td>\n<td style=\"height: 24px; width: 84.1578%;\" colspan=\"2\">Dezember 2010<\/td>\n<\/tr>\n<\/tbody>\n<\/table>\n<\/div>\n<\/div><\/div><\/div><\/div><\/div>\n\n\n<div style=\"color:#404168\" class=\"wp-block-genesis-blocks-gb-spacer gb-block-spacer gb-divider-solid gb-spacer-divider gb-divider-size-1\"><hr style=\"height:3px\"\/><\/div>\n\n\n\n<div style=\"color:#404168\" class=\"wp-block-genesis-blocks-gb-spacer gb-block-spacer gb-divider-solid gb-divider-size-1\"><hr style=\"height:10px\"\/><\/div>\n\n\n<div id=\"pl-gb2809-69f23f9b885ec\"  class=\"panel-layout\" ><div id=\"pg-gb2809-69f23f9b885ec-0\"  class=\"panel-grid panel-no-style\" ><div id=\"pgc-gb2809-69f23f9b885ec-0-0\"  class=\"panel-grid-cell panel-grid-cell-empty\" ><\/div><div id=\"pgc-gb2809-69f23f9b885ec-0-1\"  class=\"panel-grid-cell panel-grid-cell-mobile-last\" ><div id=\"panel-gb2809-69f23f9b885ec-0-1-0\" class=\"so-panel widget widget_text panel-first-child panel-last-child\" data-index=\"0\" >\t\t\t<div class=\"textwidget\"><p align=\"justify\">Aus Anlass des 125. Geburtstages seines ersten Pr\u00e4sidenten Johann B\u00f6hm gab der Hauptverband der \u00f6sterreichischen Sozialversicherungstr\u00e4ger eine Studie zur Rolle und Bedeutung Johann B\u00f6hms in der \u00f6sterreichischen Sozialversicherung heraus. Im Mittelpunkt der Arbeit steht B\u00f6hms Funktion als vorl\u00e4ufiger Verwalter bzw. Pr\u00e4sident des Hauptverbandes von 1947 bis zu seinem Tod 1959. Die Studie steht methodologisch an der Schnittstelle von Politik- und Geschichtswissenschaft.<\/p>\n<p align=\"justify\">B\u00f6hms T\u00e4tigkeit als Funktion\u00e4r der Sozialversicherung begann schon 1913 in der Unfallversicherungsanstalt f\u00fcr Nieder\u00f6sterreich in Wien und wurde nur von 1934 bis 1945, in der Zeit des st\u00e4ndestaatlichen und des nationalsozialistischen Regimes, unterbrochen. 1945 war B\u00f6hm Staatssekret\u00e4r f\u00fcr soziale Verwaltung in der provisorischen Regierung Renner und als solcher wesentlich am Wiederaufbau der Sozialversicherung in der unmittelbaren Nachkriegszeit beteiligt. An der T\u00e4tigkeit B\u00f6hms in der Sozialversicherung l\u00e4sst sich auch die Entwicklung der Sozialversicherung von der sp\u00e4ten Monarchie \u00fcber die Erste Republik bis in die Nachkriegsjahre darstellen; insbesondere die enorme ideologische Aufgeladenheit der Sozialpolitik, die B\u00f6hm stark pr\u00e4gte.<\/p>\n<p align=\"justify\">Seit 1903 war B\u00f6hm auch in der Gewerkschaftsbewegung engagiert. Er war 1945 einer der Initiatoren und erster Pr\u00e4sident des \u00d6sterreichischen Gewerkschaftsbundes. Der Hauptverbandspr\u00e4sident B\u00f6hm kann ohne den Gewerkschaftsbundpr\u00e4sident B\u00f6hm nicht erkl\u00e4rt werden. Johann B\u00f6hm war als Pr\u00e4sident des Hauptverbandes nicht operativ t\u00e4tig; ihm kam es zu, das Gewicht des Gewerkschaftsbundes in die politischen Weichenstellungen in der Sozialversicherung am Beginn der Zweiten Republik einzubringen. Als Teil von Gewerkschaftspolitik verstand B\u00f6hm Sozialversicherung eindeutig als Politik f\u00fcr die Arbeiter und Angestellten, es war ihm wichtig, den Gewerkschaftsbund in der Sozialversicherung zu positionieren.<\/p>\n<p align=\"justify\">An der Untersuchung von B\u00f6hms T\u00e4tigkeit in der Sozialversicherung l\u00e4sst sich die institutionelle Interaktion der Sozialversicherung mit einerseits den Sozialpartnern, insbesondere Gewerkschaftsbund und Arbeiterkammer (B\u00f6hm hatte sich als Staatssekret\u00e4r f\u00fcr die Wiedererrichtung der Arbeiterkammern eingesetzt) und andererseits den politischen Entscheidungstr\u00e4:gern in Parteien und Regierung aufzeigen: Die Gremien der Sozialversicherung werden von den Sozialpartnern beschickt. Die wesentlichen Fragen der Gesetzgebung und damit die Gestaltung der Sozialversicherung werden von den Spitzen der politischen Parteien entschieden. B\u00f6hm hatte hier eine einflussreiche Stimme, weil er an der Spitze des Gewerkschaftsbundes stand. Charakteristisch, hier ist B\u00f6hm keine Ausnahme, ist die &#8220;\u00c4mterkumulierung&#8221;, die geradezu zur Voraussetzung f\u00fcr das Funktionieren dieses Systems wurde wie die Beziehungen der handelnden Akteure auf einer pers\u00f6nlichen Ebene. Daf\u00fcr sind Johann B\u00f6hm und Julius Raab als Spitzenvertreter der Arbeitnehmer- bzw. Arbeitgebervertreter exemplarisch. Auch die Sozialminister Karl Maisel und Anton Proksch kamen aus der Gewerkschaftsbewegung und waren M\u00e4nner Johann B\u00f6hms.<\/p>\n<p align=\"justify\">Zwei zentrale Motive lassen sich schlie\u00dflich als Fundament f\u00fcr Johann B\u00f6hms Verst\u00e4ndnis von Sozialpolitik erkennen: zum einen die Angst vor sozialen Unruhen. Damit verbunden war die Angst vor einer politischen Radikalisierung und Destabilisierung und schlie\u00dflich der Zerst\u00f6rung des demokratischen Systems. B\u00f6hm war tief gepr\u00e4gt von den staatlichen Repressalien gegen die Arbeiterbewegung in der Monarchie ebenso wie von der politischen Gewalt der Ersten Republik, die zum Untergang des demokratischen Systems gef\u00fchrt hatte.<\/p>\n<p align=\"justify\">Zum zweiten \u2013 und damit verbunden \u2013 wurzelte B\u00f6hms Verst\u00e4ndnis von sozialer Sicherheit in der Sorge vor der wirtschaftlichen Destabilisierung der Arbeiterschaft. Er verkn\u00fcpfte Sozialpolitik mit Wirtschaftspolitik \u2013 Wirtschaftswachstum war ihm die Basis f\u00fcr soziale Errungenschaften. Wiewohl B\u00f6hm, stark gepr\u00e4gt von der ideologischen Aufladung der Sozialpolitik in der Ersten Republik, immer wieder davon sprach, dass Parteipolitik in der Sozialversicherung nichts verloren habe, war die Sozialversicherung f\u00fcr ihn ein Instrument, das Leben der Arbeiter und Angestellten zu verbessern. Er verstand sie als gesamtgesellschaftliches Konzept; sie war in seinem Verst\u00e4ndnis wesentlicher Teil der Gewerkschaftspolitik.<\/p>\n<p align=\"justify\">Im Vorstand der Unfallversicherungsanstalt in der sp\u00e4ten Monarchie hatte B\u00f6hm die Zusammenarbeit von Arbeitgeber- und Arbeitnehmervertretern als positiv erfahren. Nach 1945 wurde er zu einem &#8220;Br\u00fcckenbauer&#8221; der Zusammenarbeit. &#8220;Er hat den Klassenkampf demokratisieren geholfen&#8221;, w\u00fcrdigte ihn die Arbeiterzeitung. B\u00f6hm hat den Wiederaufbau der Sozialversicherung entscheidend mitbeeinflusst und dem neu gegr\u00fcndeten Hauptverband seinen Platz im Institutionengef\u00fcge gesichert. Vor diesem Hintergrund hat er sich gro\u00dfe Verdienste um die Sozialversicherung in \u00d6sterreich erworben.<\/p>\n<p align=\"justify\" class=\"translation-block\">You can order the book <a href=\"https:\/\/shop.oegbverlag.at\/politik-2-16\/politikfelder-2-9032\/sozialismus-2-9073\/sozialdemokratie-2-9074\/steiner-guenther-almosenempfaengern-anspruchsberechtigte-buerger\" target=\"_blank\" rel=\"noopener\">here<\/a> .<\/p>\n<p align=\"justify\">\n<\/div>\n\t\t<\/div><\/div><div id=\"pgc-gb2809-69f23f9b885ec-0-2\"  class=\"panel-grid-cell panel-grid-cell-empty\" ><\/div><\/div><\/div>\n\n\n<div style=\"color:#333\" class=\"wp-block-genesis-blocks-gb-spacer gb-block-spacer gb-divider-solid gb-spacer-divider gb-divider-size-1\"><hr style=\"height:100px\"\/><\/div>\n<\/div><\/div><\/div>","protected":false},"excerpt":{"rendered":"","protected":false},"author":2,"featured_media":0,"parent":961,"menu_order":33,"comment_status":"closed","ping_status":"closed","template":"","meta":{"footnotes":""},"class_list":["post-2809","page","type-page","status-publish","hentry","post"],"featured_image_src":null,"featured_image_src_square":null,"_links":{"self":[{"href":"https:\/\/ikf.ac.at\/en\/wp-json\/wp\/v2\/pages\/2809","targetHints":{"allow":["GET"]}}],"collection":[{"href":"https:\/\/ikf.ac.at\/en\/wp-json\/wp\/v2\/pages"}],"about":[{"href":"https:\/\/ikf.ac.at\/en\/wp-json\/wp\/v2\/types\/page"}],"author":[{"embeddable":true,"href":"https:\/\/ikf.ac.at\/en\/wp-json\/wp\/v2\/users\/2"}],"replies":[{"embeddable":true,"href":"https:\/\/ikf.ac.at\/en\/wp-json\/wp\/v2\/comments?post=2809"}],"version-history":[{"count":1,"href":"https:\/\/ikf.ac.at\/en\/wp-json\/wp\/v2\/pages\/2809\/revisions"}],"predecessor-version":[{"id":2810,"href":"https:\/\/ikf.ac.at\/en\/wp-json\/wp\/v2\/pages\/2809\/revisions\/2810"}],"up":[{"embeddable":true,"href":"https:\/\/ikf.ac.at\/en\/wp-json\/wp\/v2\/pages\/961"}],"wp:attachment":[{"href":"https:\/\/ikf.ac.at\/en\/wp-json\/wp\/v2\/media?parent=2809"}],"curies":[{"name":"wp","href":"https:\/\/api.w.org\/{rel}","templated":true}]}}

2010: Johann Böhm in der österreichischen Sozialversicherung

<div class="wp-block-atomic-blocks-ab-container alignfull ab-block-container"><div class="ab-container-inside"><div class="ab-container-content"><div id="pl-gb2809-69f23f9b87d2f"  class="panel-layout" ><div id="pg-gb2809-69f23f9b87d2f-0"  class="panel-grid panel-no-style" ><div id="pgc-gb2809-69f23f9b87d2f-0-0"  class="panel-grid-cell" ><div id="panel-gb2809-69f23f9b87d2f-0-0-0" class="so-panel widget widget_media_image panel-first-child panel-last-child" data-index="0" ><img loading="lazy" decoding="async" width="2554" height="10" src="https://ikf.ac.at/wp-content/uploads/2021/01/linie_IKF.jpg" class="image wp-image-754  attachment-full size-full" alt="" style="max-width: 100%; height: auto;" srcset="https://ikf.ac.at/wp-content/uploads/2021/01/linie_IKF.jpg 2554w, https://ikf.ac.at/wp-content/uploads/2021/01/linie_IKF-300x1.jpg 300w, https://ikf.ac.at/wp-content/uploads/2021/01/linie_IKF-1024x4.jpg 1024w, https://ikf.ac.at/wp-content/uploads/2021/01/linie_IKF-768x3.jpg 768w, https://ikf.ac.at/wp-content/uploads/2021/01/linie_IKF-1536x6.jpg 1536w, https://ikf.ac.at/wp-content/uploads/2021/01/linie_IKF-2048x8.jpg 2048w" sizes="auto, (max-width: 2554px) 100vw, 2554px" /></div></div></div></div>


<div style="color:#ddd" class="wp-block-genesis-blocks-gb-spacer gb-block-spacer gb-divider-solid gb-divider-size-1"><hr style="height:30px"/></div>


<div id="pl-gb2809-69f23f9b881a9"  class="panel-layout" ><div id="pg-gb2809-69f23f9b881a9-0"  class="panel-grid panel-no-style" ><div id="pgc-gb2809-69f23f9b881a9-0-0"  class="panel-grid-cell panel-grid-cell-empty" ></div><div id="pgc-gb2809-69f23f9b881a9-0-1"  class="panel-grid-cell" ><div id="panel-gb2809-69f23f9b881a9-0-1-0" class="so-panel widget widget_sow-editor panel-first-child panel-last-child" data-index="0" ><div
			
			class="so-widget-sow-editor so-widget-sow-editor-base"
			
		>
<div class="siteorigin-widget-tinymce textwidget">
	<table style="height: 100px; width: 100%; border-collapse: collapse;" border="1" cellpadding="2">
<tbody>
<tr style="height: 24px;">
<td style="width: 15.8421%; height: 24px;">Project management:</td>
<td style="width: 84.1578%; height: 24px;" colspan="2">Univ.-Prof. Dr. Anton Pelinka</td>
</tr>
<tr>
<td style="width: 15.8421%;">
<hr />
</td>
<td style="width: 46.3872%;">
<hr />
</td>
<td style="width: 37.7706%; height: 24px;"></td>
</tr>
<tr>
<td style="width: 15.8421%;">Implementation:</td>
<td style="width: 84.1578%;" colspan="2">Dr. Guenther Steiner</td>
</tr>
<tr>
<td style="width: 15.8421%;">
<hr />
</td>
<td style="width: 46.3872%;">
<hr />
</td>
<td style="width: 37.7706%;"></td>
</tr>
<tr>
<td style="width: 15.8421%;">Funded by:</td>
<td style="width: 84.1578%;" colspan="2">Hauptverband der österreichischen Sozialversicherungsträger<br>
(Main Association of Austrian Social Security Organisations), Vienna</td>
</tr>
<tr>
<td style="width: 15.8421%;">
<hr />
</td>
<td style="width: 46.3872%;">
<hr />
</td>
<td style="width: 37.7706%; height: 24px;"></td>
</tr>
<tr style="height: 24px;">
<td style="width: 15.8421%; height: 24px;">Completed in:</td>
<td style="height: 24px; width: 84.1578%;" colspan="2">Dezember 2010</td>
</tr>
</tbody>
</table>
</div>
</div></div></div></div></div>


<div style="color:#404168" class="wp-block-genesis-blocks-gb-spacer gb-block-spacer gb-divider-solid gb-spacer-divider gb-divider-size-1"><hr style="height:3px"/></div>



<div style="color:#404168" class="wp-block-genesis-blocks-gb-spacer gb-block-spacer gb-divider-solid gb-divider-size-1"><hr style="height:10px"/></div>


<div id="pl-gb2809-69f23f9b885ec"  class="panel-layout" ><div id="pg-gb2809-69f23f9b885ec-0"  class="panel-grid panel-no-style" ><div id="pgc-gb2809-69f23f9b885ec-0-0"  class="panel-grid-cell panel-grid-cell-empty" ></div><div id="pgc-gb2809-69f23f9b885ec-0-1"  class="panel-grid-cell panel-grid-cell-mobile-last" ><div id="panel-gb2809-69f23f9b885ec-0-1-0" class="so-panel widget widget_text panel-first-child panel-last-child" data-index="0" >			<div class="textwidget"><p align="justify">Aus Anlass des 125. Geburtstages seines ersten Präsidenten Johann Böhm gab der Hauptverband der österreichischen Sozialversicherungsträger eine Studie zur Rolle und Bedeutung Johann Böhms in der österreichischen Sozialversicherung heraus. Im Mittelpunkt der Arbeit steht Böhms Funktion als vorläufiger Verwalter bzw. Präsident des Hauptverbandes von 1947 bis zu seinem Tod 1959. Die Studie steht methodologisch an der Schnittstelle von Politik- und Geschichtswissenschaft.</p>
<p align="justify">Böhms Tätigkeit als Funktionär der Sozialversicherung begann schon 1913 in der Unfallversicherungsanstalt für Niederösterreich in Wien und wurde nur von 1934 bis 1945, in der Zeit des ständestaatlichen und des nationalsozialistischen Regimes, unterbrochen. 1945 war Böhm Staatssekretär für soziale Verwaltung in der provisorischen Regierung Renner und als solcher wesentlich am Wiederaufbau der Sozialversicherung in der unmittelbaren Nachkriegszeit beteiligt. An der Tätigkeit Böhms in der Sozialversicherung lässt sich auch die Entwicklung der Sozialversicherung von der späten Monarchie über die Erste Republik bis in die Nachkriegsjahre darstellen; insbesondere die enorme ideologische Aufgeladenheit der Sozialpolitik, die Böhm stark prägte.</p>
<p align="justify">Seit 1903 war Böhm auch in der Gewerkschaftsbewegung engagiert. Er war 1945 einer der Initiatoren und erster Präsident des Österreichischen Gewerkschaftsbundes. Der Hauptverbandspräsident Böhm kann ohne den Gewerkschaftsbundpräsident Böhm nicht erklärt werden. Johann Böhm war als Präsident des Hauptverbandes nicht operativ tätig; ihm kam es zu, das Gewicht des Gewerkschaftsbundes in die politischen Weichenstellungen in der Sozialversicherung am Beginn der Zweiten Republik einzubringen. Als Teil von Gewerkschaftspolitik verstand Böhm Sozialversicherung eindeutig als Politik für die Arbeiter und Angestellten, es war ihm wichtig, den Gewerkschaftsbund in der Sozialversicherung zu positionieren.</p>
<p align="justify">An der Untersuchung von Böhms Tätigkeit in der Sozialversicherung lässt sich die institutionelle Interaktion der Sozialversicherung mit einerseits den Sozialpartnern, insbesondere Gewerkschaftsbund und Arbeiterkammer (Böhm hatte sich als Staatssekretär für die Wiedererrichtung der Arbeiterkammern eingesetzt) und andererseits den politischen Entscheidungsträ:gern in Parteien und Regierung aufzeigen: Die Gremien der Sozialversicherung werden von den Sozialpartnern beschickt. Die wesentlichen Fragen der Gesetzgebung und damit die Gestaltung der Sozialversicherung werden von den Spitzen der politischen Parteien entschieden. Böhm hatte hier eine einflussreiche Stimme, weil er an der Spitze des Gewerkschaftsbundes stand. Charakteristisch, hier ist Böhm keine Ausnahme, ist die &#8220;Ämterkumulierung&#8221;, die geradezu zur Voraussetzung für das Funktionieren dieses Systems wurde wie die Beziehungen der handelnden Akteure auf einer persönlichen Ebene. Dafür sind Johann Böhm und Julius Raab als Spitzenvertreter der Arbeitnehmer- bzw. Arbeitgebervertreter exemplarisch. Auch die Sozialminister Karl Maisel und Anton Proksch kamen aus der Gewerkschaftsbewegung und waren Männer Johann Böhms.</p>
<p align="justify">Zwei zentrale Motive lassen sich schließlich als Fundament für Johann Böhms Verständnis von Sozialpolitik erkennen: zum einen die Angst vor sozialen Unruhen. Damit verbunden war die Angst vor einer politischen Radikalisierung und Destabilisierung und schließlich der Zerstörung des demokratischen Systems. Böhm war tief geprägt von den staatlichen Repressalien gegen die Arbeiterbewegung in der Monarchie ebenso wie von der politischen Gewalt der Ersten Republik, die zum Untergang des demokratischen Systems geführt hatte.</p>
<p align="justify">Zum zweiten – und damit verbunden – wurzelte Böhms Verständnis von sozialer Sicherheit in der Sorge vor der wirtschaftlichen Destabilisierung der Arbeiterschaft. Er verknüpfte Sozialpolitik mit Wirtschaftspolitik – Wirtschaftswachstum war ihm die Basis für soziale Errungenschaften. Wiewohl Böhm, stark geprägt von der ideologischen Aufladung der Sozialpolitik in der Ersten Republik, immer wieder davon sprach, dass Parteipolitik in der Sozialversicherung nichts verloren habe, war die Sozialversicherung für ihn ein Instrument, das Leben der Arbeiter und Angestellten zu verbessern. Er verstand sie als gesamtgesellschaftliches Konzept; sie war in seinem Verständnis wesentlicher Teil der Gewerkschaftspolitik.</p>
<p align="justify">Im Vorstand der Unfallversicherungsanstalt in der späten Monarchie hatte Böhm die Zusammenarbeit von Arbeitgeber- und Arbeitnehmervertretern als positiv erfahren. Nach 1945 wurde er zu einem &#8220;Brückenbauer&#8221; der Zusammenarbeit. &#8220;Er hat den Klassenkampf demokratisieren geholfen&#8221;, würdigte ihn die Arbeiterzeitung. Böhm hat den Wiederaufbau der Sozialversicherung entscheidend mitbeeinflusst und dem neu gegründeten Hauptverband seinen Platz im Institutionengefüge gesichert. Vor diesem Hintergrund hat er sich große Verdienste um die Sozialversicherung in Österreich erworben.</p>
<p align="justify" class="translation-block">You can order the book <a href="https://shop.oegbverlag.at/politik-2-16/politikfelder-2-9032/sozialismus-2-9073/sozialdemokratie-2-9074/steiner-guenther-almosenempfaengern-anspruchsberechtigte-buerger" target="_blank" rel="noopener">here</a> .</p>
<p align="justify">
</div>
		</div></div><div id="pgc-gb2809-69f23f9b885ec-0-2"  class="panel-grid-cell panel-grid-cell-empty" ></div></div></div>


<div style="color:#333" class="wp-block-genesis-blocks-gb-spacer gb-block-spacer gb-divider-solid gb-spacer-divider gb-divider-size-1"><hr style="height:100px"/></div>
</div></div></div>
