{"id":2807,"date":"2021-04-29T12:25:46","date_gmt":"2021-04-29T12:25:46","guid":{"rendered":"http:\/\/test-ikf.online\/?page_id=2807"},"modified":"2021-04-29T12:26:19","modified_gmt":"2021-04-29T12:26:19","slug":"2011-der-sozialpolitiker-karl-maisel","status":"publish","type":"page","link":"https:\/\/ikf.ac.at\/en\/schwerpunkte\/sicherheit\/sozialstaat\/2011-der-sozialpolitiker-karl-maisel","title":{"rendered":"2011: Der Sozialpolitiker Karl Maisel"},"content":{"rendered":"<div class=\"wp-block-atomic-blocks-ab-container alignfull ab-block-container\"><div class=\"ab-container-inside\"><div class=\"ab-container-content\"><div id=\"pl-gb2807-69f23f9e85f55\"  class=\"panel-layout\" ><div id=\"pg-gb2807-69f23f9e85f55-0\"  class=\"panel-grid panel-no-style\" ><div id=\"pgc-gb2807-69f23f9e85f55-0-0\"  class=\"panel-grid-cell\" ><div id=\"panel-gb2807-69f23f9e85f55-0-0-0\" class=\"so-panel widget widget_media_image panel-first-child panel-last-child\" data-index=\"0\" ><img loading=\"lazy\" decoding=\"async\" width=\"2554\" height=\"10\" src=\"https:\/\/ikf.ac.at\/wp-content\/uploads\/2021\/01\/linie_IKF.jpg\" class=\"image wp-image-754  attachment-full size-full\" alt=\"\" style=\"max-width: 100%; height: auto;\" srcset=\"https:\/\/ikf.ac.at\/wp-content\/uploads\/2021\/01\/linie_IKF.jpg 2554w, https:\/\/ikf.ac.at\/wp-content\/uploads\/2021\/01\/linie_IKF-300x1.jpg 300w, https:\/\/ikf.ac.at\/wp-content\/uploads\/2021\/01\/linie_IKF-1024x4.jpg 1024w, https:\/\/ikf.ac.at\/wp-content\/uploads\/2021\/01\/linie_IKF-768x3.jpg 768w, https:\/\/ikf.ac.at\/wp-content\/uploads\/2021\/01\/linie_IKF-1536x6.jpg 1536w, https:\/\/ikf.ac.at\/wp-content\/uploads\/2021\/01\/linie_IKF-2048x8.jpg 2048w\" sizes=\"auto, (max-width: 2554px) 100vw, 2554px\" \/><\/div><\/div><\/div><\/div>\n\n\n<div style=\"color:#ddd\" class=\"wp-block-genesis-blocks-gb-spacer gb-block-spacer gb-divider-solid gb-divider-size-1\"><hr style=\"height:30px\"\/><\/div>\n\n\n<div id=\"pl-gb2807-69f23f9e8660b\"  class=\"panel-layout\" ><div id=\"pg-gb2807-69f23f9e8660b-0\"  class=\"panel-grid panel-no-style\" ><div id=\"pgc-gb2807-69f23f9e8660b-0-0\"  class=\"panel-grid-cell panel-grid-cell-empty\" ><\/div><div id=\"pgc-gb2807-69f23f9e8660b-0-1\"  class=\"panel-grid-cell\" ><div id=\"panel-gb2807-69f23f9e8660b-0-1-0\" class=\"so-panel widget widget_sow-editor panel-first-child panel-last-child\" data-index=\"0\" ><div\n\t\t\t\n\t\t\tclass=\"so-widget-sow-editor so-widget-sow-editor-base\"\n\t\t\t\n\t\t>\n<div class=\"siteorigin-widget-tinymce textwidget\">\n\t<table style=\"height: 100px; width: 100%; border-collapse: collapse;\" border=\"1\" cellpadding=\"2\">\n<tbody>\n<tr style=\"height: 24px;\">\n<td style=\"width: 15.8421%; height: 24px;\">Project management:<\/td>\n<td style=\"width: 84.1578%; height: 24px;\" colspan=\"2\">Univ.-Prof. Dr. Anton Pelinka<\/td>\n<\/tr>\n<tr>\n<td style=\"width: 15.8421%;\">\n<hr \/>\n<\/td>\n<td style=\"width: 46.3872%;\">\n<hr \/>\n<\/td>\n<td style=\"width: 37.7706%; height: 24px;\"><\/td>\n<\/tr>\n<tr>\n<td style=\"width: 15.8421%;\">Implementation:<\/td>\n<td style=\"width: 84.1578%;\" colspan=\"2\">Dr. Guenther Steiner<\/td>\n<\/tr>\n<tr>\n<td style=\"width: 15.8421%;\">\n<hr \/>\n<\/td>\n<td style=\"width: 46.3872%;\">\n<hr \/>\n<\/td>\n<td style=\"width: 37.7706%;\"><\/td>\n<\/tr>\n<tr>\n<td style=\"width: 15.8421%;\">Funded by:<\/td>\n<td style=\"width: 84.1578%;\" colspan=\"2\">Hauptverband der \u00f6sterreichischen Sozialversicherungstr\u00e4ger<br>\n(Main Association of Austrian Social Security Organisations), Vienna<\/td>\n<\/tr>\n<tr>\n<td style=\"width: 15.8421%;\">\n<hr \/>\n<\/td>\n<td style=\"width: 46.3872%;\">\n<hr \/>\n<\/td>\n<td style=\"width: 37.7706%; height: 24px;\"><\/td>\n<\/tr>\n<tr style=\"height: 24px;\">\n<td style=\"width: 15.8421%; height: 24px;\">Completed in:<\/td>\n<td style=\"height: 24px; width: 84.1578%;\" colspan=\"2\">Dezember 2011<\/td>\n<\/tr>\n<\/tbody>\n<\/table>\n<\/div>\n<\/div><\/div><\/div><\/div><\/div>\n\n\n<div style=\"color:#404168\" class=\"wp-block-genesis-blocks-gb-spacer gb-block-spacer gb-divider-solid gb-spacer-divider gb-divider-size-1\"><hr style=\"height:3px\"\/><\/div>\n\n\n\n<div style=\"color:#404168\" class=\"wp-block-genesis-blocks-gb-spacer gb-block-spacer gb-divider-solid gb-divider-size-1\"><hr style=\"height:10px\"\/><\/div>\n\n\n<div id=\"pl-gb2807-69f23f9e86c3a\"  class=\"panel-layout\" ><div id=\"pg-gb2807-69f23f9e86c3a-0\"  class=\"panel-grid panel-no-style\" ><div id=\"pgc-gb2807-69f23f9e86c3a-0-0\"  class=\"panel-grid-cell panel-grid-cell-empty\" ><\/div><div id=\"pgc-gb2807-69f23f9e86c3a-0-1\"  class=\"panel-grid-cell panel-grid-cell-mobile-last\" ><div id=\"panel-gb2807-69f23f9e86c3a-0-1-0\" class=\"so-panel widget widget_text panel-first-child panel-last-child\" data-index=\"0\" >\t\t\t<div class=\"textwidget\"><p align=\"justify\">Aus Anlass des 30. Todestages des ehemaligen Sozialministers (1945 \u2013 1956) und Pr\u00e4sidenten der Arbeiterkammer Wien und des \u00d6sterreichischen Arbeiterkammertages (1956 \u2013 1964) Karl Maisel gab der Hauptverband der \u00f6sterreichischen Sozialversicherungstr\u00e4ger eine Studie in Auftrag, die die Rolle und Bedeutung Maisels f\u00fcr den Wiederaufbau der Sozialpolitik, im Speziellen der Sozialversicherung, in den ersten beiden Jahrzehnten der Zweiten Republik darstellt und analysiert. Die Studie steht methodologisch an der Schnittstelle der Politik- und Geschichtswissenschaft.<\/p>\n<p align=\"justify\">Zentrales Kapitel ist jenes Karl Maisels als Sozialminister von 1945 bis 1956. In diesen Jahren entstanden wesentliche Fundamente der \u00f6sterreichischen Sozialgesetzgebung der Zweiten Republik wie \u2013 allen voran \u2013 das Allgemeine Sozialversicherungsgesetz (ASVG) 1955, zuvor das Sozialversicherungs-\u00dcberleitungsgesetz (SV-\u00dcG) 1947, das Kollektivvertragsgesetz, das Betriebsr\u00e4tegesetz (beide 1947), die Maisel als Sozialminister wesentlich mitbeeinflusst hat. Sein Amt in der Regierung war dabei wesentlich bedingt und beeinflusst von seiner Stellung als stellvertretender Pr\u00e4sident des \u00d6sterreichischen Gewerkschaftsbundes und Vorsitzender der mitgliederst\u00e4rksten Gewerkschaft, jener der Metall- und Bergarbeiter, und schlie\u00dflich als Vorsitzender der Fraktion Sozialistischer Gewerkschafter im \u00d6GB.<\/p>\n<p align=\"justify\">Karl Maisel kam aus \u00e4rmlichen Verh\u00e4ltnissen des Wiener Arbeitermilieus. Er war gepr\u00e4gt durch gewerkschaftliches Engagement seit Jugendtagen. Er hat dadurch die Arbeiterschaft an der Basis ebenso kennengelernt, wie er die Verfolgung der Arbeiterbewegung in der sp\u00e4ten Monarchie sowie im St\u00e4ndestaat und Nationalsozialismus und den Widerstand gegen sozialpolitische Leistungen in der Ersten Republik \u2013 nicht zuletzt an der eigenen Person \u2013 erfahren hat. Maisel war sowohl &#8220;im St\u00e4ndestaat&#8221; wie im Nationalsozialismus, dann im KZ Buchenwald, inhaftiert und war einer der f\u00fchrenden M\u00e4nner der illegalen Arbeiterbewegung. Maisel blieb auch als Sozialminister von gewerkschaftlichen Maximen geleitet. Bei der Neuregelung der Sozialpolitik und des Sozialrechts ging es ihm darum, dass in allen Gebieten die Arbeiter und Angestellten &#8220;mitbestimmend zu entscheiden haben&#8221;. Er vertrat ein gesamtheitliches Konzept von Sozialpolitik. Beeinflusst vom britischen Modell, das auf dem &#8220;Beveridge-Plan&#8221; fu\u00dfte, war er ein Vertreter einer einheitlichen &#8220;Volksversicherung&#8221; und damit f\u00fcr eine v\u00f6llige Neufundierung der Sozialversicherung. Eine solche Neugestaltung scheiterte an den Realit\u00e4ten; hatten sich doch die Sozialversicherungstr\u00e4ger noch im Jahr 1945 wieder gebildet und damit die Struktur vorgegeben. Gegen die Zentralisierung und eine v\u00f6llige Neugestaltung gab es auch erheblichen politischen Widerstand von Seiten der \u00d6VP und der Wirtschaft. Schlie\u00dflich sprachen auch gesetzestechnische Gr\u00fcnde dagegen.<\/p>\n<p align=\"justify\">Maisel kann daher nur mit Abstrichen als inhaltlicher Gestalter des ASVG gesehen werden. In seinem zentralen neu geregelten Teil, jenem der Renten, tr\u00e4gt das Gesetz die Handschrift von Friedrich Hillegeist. Meinungsverschiedenheiten dar\u00fcber hat Maisel mit Hillegeist \u00f6ffentlich ausgetragen. Maisel hat vor allem den Gesetzgebungsprozess wesentlich und energisch vorangetrieben und sich entschieden gegen Kritiker der Sozialgesetzgebung gestellt, deren Zielscheibe er im verst\u00e4rkten Ma\u00dfe als Sozialminister wurde.<\/p>\n<p align=\"justify\">Zweites zentrales Kapitel ist jenes Karl Maisels als Arbeiterkammerpr\u00e4sident. Er sah die Arbeiterkammer als Expertenpool f\u00fcr politische Entscheidungen, aber auch als W\u00e4chter des Erreichten und als Seismograph f\u00fcr kommende Entwicklungen. In diesem Verst\u00e4ndnis wurzelte sein Bem\u00fchen, die Kammer zu einem &#8220;offenen Haus&#8221; zu machen. Der Neubau des Kammergeb\u00e4udes in der Pl\u00f6\u00dflgasse in Wien ist daf\u00fcr exemplarisch.<\/p>\n<p align=\"justify\">Maisels Verst\u00e4ndnis von Sozialpolitik ist wesentlich von einer funktionierenden Wirtschaft als Voraussetzung gepr\u00e4gt. Hier trifft er sich mit der F\u00fchrung der Sozialdemokratie und der Gewerkschaftsspitze. Er forderte schon 1945 eine weitgehende Zentralisierung und Demokratisierung der Wirtschaftspolitik. In diesem Verst\u00e4ndnis wurzelte auch Maisels Antikommunismus. Er war neben Johann B\u00f6hm wesentlicher Architekt der Sozialpartnerschaft und trug entscheidend zur Einrichtung der Parit\u00e4tischen Kommission f\u00fcr Lohn- und Preisfragen bei. Der Arbeiterkammerpr\u00e4sident Maisel ma\u00df auch der (Aus-)Bildung und Fragen der europ\u00e4ischen Integration gro\u00dfe Bedeutung bei.<\/p>\n<p align=\"justify\">Karl Maisel geh\u00f6rt im kollektiven Ged\u00e4chtnis nicht zur allerersten Reihe der Politiker der Wiederaufbauphase der Zweiten Republik. Er hat die Sozialpolitik nicht so sehr inhaltlich gestaltet, aber zu ihrer Durchsetzung zwischen 1945 und 1964 ganz wesentlich beigetragen. Insofern z\u00e4hlt Karl Maisel unzweifelhaft zu den gro\u00dfen politischen Pers\u00f6nlichkeiten des Wiederaufbaus der Zweiten Republik.<\/p>\n<p align=\"justify\" class=\"translation-block\">You can order the book <a href=\"https:\/\/shop.oegbverlag.at\/politik-2-16\/politikfelder-2-9032\/sozialismus-2-9073\/sozialdemokratie-2-9074\/steiner-guenther-almosenempfaengern-anspruchsberechtigte-buerger\" target=\"_blank\" rel=\"noopener\">here<\/a> .<\/p>\n<p align=\"justify\">\n<\/div>\n\t\t<\/div><\/div><div id=\"pgc-gb2807-69f23f9e86c3a-0-2\"  class=\"panel-grid-cell panel-grid-cell-empty\" ><\/div><\/div><\/div>\n\n\n<div style=\"color:#333\" class=\"wp-block-genesis-blocks-gb-spacer gb-block-spacer gb-divider-solid gb-spacer-divider gb-divider-size-1\"><hr style=\"height:100px\"\/><\/div>\n<\/div><\/div><\/div>","protected":false},"excerpt":{"rendered":"","protected":false},"author":2,"featured_media":0,"parent":961,"menu_order":32,"comment_status":"closed","ping_status":"closed","template":"","meta":{"footnotes":""},"class_list":["post-2807","page","type-page","status-publish","hentry","post"],"featured_image_src":null,"featured_image_src_square":null,"_links":{"self":[{"href":"https:\/\/ikf.ac.at\/en\/wp-json\/wp\/v2\/pages\/2807","targetHints":{"allow":["GET"]}}],"collection":[{"href":"https:\/\/ikf.ac.at\/en\/wp-json\/wp\/v2\/pages"}],"about":[{"href":"https:\/\/ikf.ac.at\/en\/wp-json\/wp\/v2\/types\/page"}],"author":[{"embeddable":true,"href":"https:\/\/ikf.ac.at\/en\/wp-json\/wp\/v2\/users\/2"}],"replies":[{"embeddable":true,"href":"https:\/\/ikf.ac.at\/en\/wp-json\/wp\/v2\/comments?post=2807"}],"version-history":[{"count":1,"href":"https:\/\/ikf.ac.at\/en\/wp-json\/wp\/v2\/pages\/2807\/revisions"}],"predecessor-version":[{"id":2808,"href":"https:\/\/ikf.ac.at\/en\/wp-json\/wp\/v2\/pages\/2807\/revisions\/2808"}],"up":[{"embeddable":true,"href":"https:\/\/ikf.ac.at\/en\/wp-json\/wp\/v2\/pages\/961"}],"wp:attachment":[{"href":"https:\/\/ikf.ac.at\/en\/wp-json\/wp\/v2\/media?parent=2807"}],"curies":[{"name":"wp","href":"https:\/\/api.w.org\/{rel}","templated":true}]}}

<div class="wp-block-atomic-blocks-ab-container alignfull ab-block-container"><div class="ab-container-inside"><div class="ab-container-content"><div id="pl-gb2807-69f23f9e85f55"  class="panel-layout" ><div id="pg-gb2807-69f23f9e85f55-0"  class="panel-grid panel-no-style" ><div id="pgc-gb2807-69f23f9e85f55-0-0"  class="panel-grid-cell" ><div id="panel-gb2807-69f23f9e85f55-0-0-0" class="so-panel widget widget_media_image panel-first-child panel-last-child" data-index="0" ><img loading="lazy" decoding="async" width="2554" height="10" src="https://ikf.ac.at/wp-content/uploads/2021/01/linie_IKF.jpg" class="image wp-image-754  attachment-full size-full" alt="" style="max-width: 100%; height: auto;" srcset="https://ikf.ac.at/wp-content/uploads/2021/01/linie_IKF.jpg 2554w, https://ikf.ac.at/wp-content/uploads/2021/01/linie_IKF-300x1.jpg 300w, https://ikf.ac.at/wp-content/uploads/2021/01/linie_IKF-1024x4.jpg 1024w, https://ikf.ac.at/wp-content/uploads/2021/01/linie_IKF-768x3.jpg 768w, https://ikf.ac.at/wp-content/uploads/2021/01/linie_IKF-1536x6.jpg 1536w, https://ikf.ac.at/wp-content/uploads/2021/01/linie_IKF-2048x8.jpg 2048w" sizes="auto, (max-width: 2554px) 100vw, 2554px" /></div></div></div></div>


<div style="color:#ddd" class="wp-block-genesis-blocks-gb-spacer gb-block-spacer gb-divider-solid gb-divider-size-1"><hr style="height:30px"/></div>


<div id="pl-gb2807-69f23f9e8660b"  class="panel-layout" ><div id="pg-gb2807-69f23f9e8660b-0"  class="panel-grid panel-no-style" ><div id="pgc-gb2807-69f23f9e8660b-0-0"  class="panel-grid-cell panel-grid-cell-empty" ></div><div id="pgc-gb2807-69f23f9e8660b-0-1"  class="panel-grid-cell" ><div id="panel-gb2807-69f23f9e8660b-0-1-0" class="so-panel widget widget_sow-editor panel-first-child panel-last-child" data-index="0" ><div
			
			class="so-widget-sow-editor so-widget-sow-editor-base"
			
		>
<div class="siteorigin-widget-tinymce textwidget">
	<table style="height: 100px; width: 100%; border-collapse: collapse;" border="1" cellpadding="2">
<tbody>
<tr style="height: 24px;">
<td style="width: 15.8421%; height: 24px;">Project management:</td>
<td style="width: 84.1578%; height: 24px;" colspan="2">Univ.-Prof. Dr. Anton Pelinka</td>
</tr>
<tr>
<td style="width: 15.8421%;">
<hr />
</td>
<td style="width: 46.3872%;">
<hr />
</td>
<td style="width: 37.7706%; height: 24px;"></td>
</tr>
<tr>
<td style="width: 15.8421%;">Implementation:</td>
<td style="width: 84.1578%;" colspan="2">Dr. Guenther Steiner</td>
</tr>
<tr>
<td style="width: 15.8421%;">
<hr />
</td>
<td style="width: 46.3872%;">
<hr />
</td>
<td style="width: 37.7706%;"></td>
</tr>
<tr>
<td style="width: 15.8421%;">Funded by:</td>
<td style="width: 84.1578%;" colspan="2">Hauptverband der österreichischen Sozialversicherungsträger<br>
(Main Association of Austrian Social Security Organisations), Vienna</td>
</tr>
<tr>
<td style="width: 15.8421%;">
<hr />
</td>
<td style="width: 46.3872%;">
<hr />
</td>
<td style="width: 37.7706%; height: 24px;"></td>
</tr>
<tr style="height: 24px;">
<td style="width: 15.8421%; height: 24px;">Completed in:</td>
<td style="height: 24px; width: 84.1578%;" colspan="2">Dezember 2011</td>
</tr>
</tbody>
</table>
</div>
</div></div></div></div></div>


<div style="color:#404168" class="wp-block-genesis-blocks-gb-spacer gb-block-spacer gb-divider-solid gb-spacer-divider gb-divider-size-1"><hr style="height:3px"/></div>



<div style="color:#404168" class="wp-block-genesis-blocks-gb-spacer gb-block-spacer gb-divider-solid gb-divider-size-1"><hr style="height:10px"/></div>


<div id="pl-gb2807-69f23f9e86c3a"  class="panel-layout" ><div id="pg-gb2807-69f23f9e86c3a-0"  class="panel-grid panel-no-style" ><div id="pgc-gb2807-69f23f9e86c3a-0-0"  class="panel-grid-cell panel-grid-cell-empty" ></div><div id="pgc-gb2807-69f23f9e86c3a-0-1"  class="panel-grid-cell panel-grid-cell-mobile-last" ><div id="panel-gb2807-69f23f9e86c3a-0-1-0" class="so-panel widget widget_text panel-first-child panel-last-child" data-index="0" >			<div class="textwidget"><p align="justify">Aus Anlass des 30. Todestages des ehemaligen Sozialministers (1945 – 1956) und Präsidenten der Arbeiterkammer Wien und des Österreichischen Arbeiterkammertages (1956 – 1964) Karl Maisel gab der Hauptverband der österreichischen Sozialversicherungsträger eine Studie in Auftrag, die die Rolle und Bedeutung Maisels für den Wiederaufbau der Sozialpolitik, im Speziellen der Sozialversicherung, in den ersten beiden Jahrzehnten der Zweiten Republik darstellt und analysiert. Die Studie steht methodologisch an der Schnittstelle der Politik- und Geschichtswissenschaft.</p>
<p align="justify">Zentrales Kapitel ist jenes Karl Maisels als Sozialminister von 1945 bis 1956. In diesen Jahren entstanden wesentliche Fundamente der österreichischen Sozialgesetzgebung der Zweiten Republik wie – allen voran – das Allgemeine Sozialversicherungsgesetz (ASVG) 1955, zuvor das Sozialversicherungs-Überleitungsgesetz (SV-ÜG) 1947, das Kollektivvertragsgesetz, das Betriebsrätegesetz (beide 1947), die Maisel als Sozialminister wesentlich mitbeeinflusst hat. Sein Amt in der Regierung war dabei wesentlich bedingt und beeinflusst von seiner Stellung als stellvertretender Präsident des Österreichischen Gewerkschaftsbundes und Vorsitzender der mitgliederstärksten Gewerkschaft, jener der Metall- und Bergarbeiter, und schließlich als Vorsitzender der Fraktion Sozialistischer Gewerkschafter im ÖGB.</p>
<p align="justify">Karl Maisel kam aus ärmlichen Verhältnissen des Wiener Arbeitermilieus. Er war geprägt durch gewerkschaftliches Engagement seit Jugendtagen. Er hat dadurch die Arbeiterschaft an der Basis ebenso kennengelernt, wie er die Verfolgung der Arbeiterbewegung in der späten Monarchie sowie im Ständestaat und Nationalsozialismus und den Widerstand gegen sozialpolitische Leistungen in der Ersten Republik – nicht zuletzt an der eigenen Person – erfahren hat. Maisel war sowohl &#8220;im Ständestaat&#8221; wie im Nationalsozialismus, dann im KZ Buchenwald, inhaftiert und war einer der führenden Männer der illegalen Arbeiterbewegung. Maisel blieb auch als Sozialminister von gewerkschaftlichen Maximen geleitet. Bei der Neuregelung der Sozialpolitik und des Sozialrechts ging es ihm darum, dass in allen Gebieten die Arbeiter und Angestellten &#8220;mitbestimmend zu entscheiden haben&#8221;. Er vertrat ein gesamtheitliches Konzept von Sozialpolitik. Beeinflusst vom britischen Modell, das auf dem &#8220;Beveridge-Plan&#8221; fußte, war er ein Vertreter einer einheitlichen &#8220;Volksversicherung&#8221; und damit für eine völlige Neufundierung der Sozialversicherung. Eine solche Neugestaltung scheiterte an den Realitäten; hatten sich doch die Sozialversicherungsträger noch im Jahr 1945 wieder gebildet und damit die Struktur vorgegeben. Gegen die Zentralisierung und eine völlige Neugestaltung gab es auch erheblichen politischen Widerstand von Seiten der ÖVP und der Wirtschaft. Schließlich sprachen auch gesetzestechnische Gründe dagegen.</p>
<p align="justify">Maisel kann daher nur mit Abstrichen als inhaltlicher Gestalter des ASVG gesehen werden. In seinem zentralen neu geregelten Teil, jenem der Renten, trägt das Gesetz die Handschrift von Friedrich Hillegeist. Meinungsverschiedenheiten darüber hat Maisel mit Hillegeist öffentlich ausgetragen. Maisel hat vor allem den Gesetzgebungsprozess wesentlich und energisch vorangetrieben und sich entschieden gegen Kritiker der Sozialgesetzgebung gestellt, deren Zielscheibe er im verstärkten Maße als Sozialminister wurde.</p>
<p align="justify">Zweites zentrales Kapitel ist jenes Karl Maisels als Arbeiterkammerpräsident. Er sah die Arbeiterkammer als Expertenpool für politische Entscheidungen, aber auch als Wächter des Erreichten und als Seismograph für kommende Entwicklungen. In diesem Verständnis wurzelte sein Bemühen, die Kammer zu einem &#8220;offenen Haus&#8221; zu machen. Der Neubau des Kammergebäudes in der Plößlgasse in Wien ist dafür exemplarisch.</p>
<p align="justify">Maisels Verständnis von Sozialpolitik ist wesentlich von einer funktionierenden Wirtschaft als Voraussetzung geprägt. Hier trifft er sich mit der Führung der Sozialdemokratie und der Gewerkschaftsspitze. Er forderte schon 1945 eine weitgehende Zentralisierung und Demokratisierung der Wirtschaftspolitik. In diesem Verständnis wurzelte auch Maisels Antikommunismus. Er war neben Johann Böhm wesentlicher Architekt der Sozialpartnerschaft und trug entscheidend zur Einrichtung der Paritätischen Kommission für Lohn- und Preisfragen bei. Der Arbeiterkammerpräsident Maisel maß auch der (Aus-)Bildung und Fragen der europäischen Integration große Bedeutung bei.</p>
<p align="justify">Karl Maisel gehört im kollektiven Gedächtnis nicht zur allerersten Reihe der Politiker der Wiederaufbauphase der Zweiten Republik. Er hat die Sozialpolitik nicht so sehr inhaltlich gestaltet, aber zu ihrer Durchsetzung zwischen 1945 und 1964 ganz wesentlich beigetragen. Insofern zählt Karl Maisel unzweifelhaft zu den großen politischen Persönlichkeiten des Wiederaufbaus der Zweiten Republik.</p>
<p align="justify" class="translation-block">You can order the book <a href="https://shop.oegbverlag.at/politik-2-16/politikfelder-2-9032/sozialismus-2-9073/sozialdemokratie-2-9074/steiner-guenther-almosenempfaengern-anspruchsberechtigte-buerger" target="_blank" rel="noopener">here</a> .</p>
<p align="justify">
</div>
		</div></div><div id="pgc-gb2807-69f23f9e86c3a-0-2"  class="panel-grid-cell panel-grid-cell-empty" ></div></div></div>


<div style="color:#333" class="wp-block-genesis-blocks-gb-spacer gb-block-spacer gb-divider-solid gb-spacer-divider gb-divider-size-1"><hr style="height:100px"/></div>
</div></div></div>
