{"id":2803,"date":"2021-04-28T13:35:40","date_gmt":"2021-04-28T13:35:40","guid":{"rendered":"http:\/\/test-ikf.online\/?page_id=2803"},"modified":"2021-04-29T12:22:27","modified_gmt":"2021-04-29T12:22:27","slug":"2012-friedrich-hillegeist-in-der-oesterreichischen-sozialversicherung","status":"publish","type":"page","link":"https:\/\/ikf.ac.at\/en\/schwerpunkte\/sicherheit\/sozialstaat\/2012-friedrich-hillegeist-in-der-oesterreichischen-sozialversicherung","title":{"rendered":"2012: Friedrich Hillegeist in der \u00f6sterreichischen Sozialversicherung"},"content":{"rendered":"<div class=\"wp-block-atomic-blocks-ab-container alignfull ab-block-container\"><div class=\"ab-container-inside\"><div class=\"ab-container-content\"><div id=\"pl-gb2803-69f23f8bd3062\"  class=\"panel-layout\" ><div id=\"pg-gb2803-69f23f8bd3062-0\"  class=\"panel-grid panel-no-style\" ><div id=\"pgc-gb2803-69f23f8bd3062-0-0\"  class=\"panel-grid-cell\" ><div id=\"panel-gb2803-69f23f8bd3062-0-0-0\" class=\"so-panel widget widget_media_image panel-first-child panel-last-child\" data-index=\"0\" ><img loading=\"lazy\" decoding=\"async\" width=\"2554\" height=\"10\" src=\"https:\/\/ikf.ac.at\/wp-content\/uploads\/2021\/01\/linie_IKF.jpg\" class=\"image wp-image-754  attachment-full size-full\" alt=\"\" style=\"max-width: 100%; height: auto;\" srcset=\"https:\/\/ikf.ac.at\/wp-content\/uploads\/2021\/01\/linie_IKF.jpg 2554w, https:\/\/ikf.ac.at\/wp-content\/uploads\/2021\/01\/linie_IKF-300x1.jpg 300w, https:\/\/ikf.ac.at\/wp-content\/uploads\/2021\/01\/linie_IKF-1024x4.jpg 1024w, https:\/\/ikf.ac.at\/wp-content\/uploads\/2021\/01\/linie_IKF-768x3.jpg 768w, https:\/\/ikf.ac.at\/wp-content\/uploads\/2021\/01\/linie_IKF-1536x6.jpg 1536w, https:\/\/ikf.ac.at\/wp-content\/uploads\/2021\/01\/linie_IKF-2048x8.jpg 2048w\" sizes=\"auto, (max-width: 2554px) 100vw, 2554px\" \/><\/div><\/div><\/div><\/div>\n\n\n<div style=\"color:#ddd\" class=\"wp-block-genesis-blocks-gb-spacer gb-block-spacer gb-divider-solid gb-divider-size-1\"><hr style=\"height:30px\"\/><\/div>\n\n\n<div id=\"pl-gb2803-69f23f8be7473\"  class=\"panel-layout\" ><div id=\"pg-gb2803-69f23f8be7473-0\"  class=\"panel-grid panel-no-style\" ><div id=\"pgc-gb2803-69f23f8be7473-0-0\"  class=\"panel-grid-cell panel-grid-cell-empty\" ><\/div><div id=\"pgc-gb2803-69f23f8be7473-0-1\"  class=\"panel-grid-cell\" ><div id=\"panel-gb2803-69f23f8be7473-0-1-0\" class=\"so-panel widget widget_sow-editor panel-first-child panel-last-child\" data-index=\"0\" ><div\n\t\t\t\n\t\t\tclass=\"so-widget-sow-editor so-widget-sow-editor-base\"\n\t\t\t\n\t\t>\n<div class=\"siteorigin-widget-tinymce textwidget\">\n\t<table style=\"height: 100px; width: 100%; border-collapse: collapse;\" border=\"1\" cellpadding=\"2\">\n<tbody>\n<tr style=\"height: 24px;\">\n<td style=\"width: 15.8421%; height: 24px;\">Project management:<\/td>\n<td style=\"width: 84.1578%; height: 24px;\" colspan=\"2\">Univ.-Prof. Dr. Anton Pelinka<\/td>\n<\/tr>\n<tr>\n<td style=\"width: 15.8421%;\">\n<hr \/>\n<\/td>\n<td style=\"width: 46.3872%;\">\n<hr \/>\n<\/td>\n<td style=\"width: 37.7706%; height: 24px;\"><\/td>\n<\/tr>\n<tr>\n<td style=\"width: 15.8421%;\">Implementation:<\/td>\n<td style=\"width: 84.1578%;\" colspan=\"2\">Dr. Guenther Steiner<\/td>\n<\/tr>\n<tr>\n<td style=\"width: 15.8421%;\">\n<hr \/>\n<\/td>\n<td style=\"width: 46.3872%;\">\n<hr \/>\n<\/td>\n<td style=\"width: 37.7706%;\"><\/td>\n<\/tr>\n<tr>\n<td style=\"width: 15.8421%;\">Funded by:<\/td>\n<td style=\"width: 84.1578%;\" colspan=\"2\">Hauptverband der \u00f6sterreichischen Sozialversicherungstr\u00e4ger<br>\n(Main Association of Austrian Social Security Organisations), Vienna<\/td>\n<\/tr>\n<tr>\n<td style=\"width: 15.8421%;\">\n<hr \/>\n<\/td>\n<td style=\"width: 46.3872%;\">\n<hr \/>\n<\/td>\n<td style=\"width: 37.7706%; height: 24px;\"><\/td>\n<\/tr>\n<tr style=\"height: 24px;\">\n<td style=\"width: 15.8421%; height: 24px;\">Completed in:<\/td>\n<td style=\"height: 24px; width: 84.1578%;\" colspan=\"2\">November 2012<\/td>\n<\/tr>\n<\/tbody>\n<\/table>\n<\/div>\n<\/div><\/div><\/div><\/div><\/div>\n\n\n<div style=\"color:#404168\" class=\"wp-block-genesis-blocks-gb-spacer gb-block-spacer gb-divider-solid gb-spacer-divider gb-divider-size-1\"><hr style=\"height:3px\"\/><\/div>\n\n\n\n<div style=\"color:#404168\" class=\"wp-block-genesis-blocks-gb-spacer gb-block-spacer gb-divider-solid gb-divider-size-1\"><hr style=\"height:10px\"\/><\/div>\n\n\n<div id=\"pl-gb2803-69f23f8be7cd1\"  class=\"panel-layout\" ><div id=\"pg-gb2803-69f23f8be7cd1-0\"  class=\"panel-grid panel-no-style\" ><div id=\"pgc-gb2803-69f23f8be7cd1-0-0\"  class=\"panel-grid-cell panel-grid-cell-empty\" ><\/div><div id=\"pgc-gb2803-69f23f8be7cd1-0-1\"  class=\"panel-grid-cell panel-grid-cell-mobile-last\" ><div id=\"panel-gb2803-69f23f8be7cd1-0-1-0\" class=\"so-panel widget widget_text panel-first-child panel-last-child\" data-index=\"0\" >\t\t\t<div class=\"textwidget\"><p align=\"justify\">Aus Anlass des 40. Todestages Friedrich Hillegeists gab der Hauptverband der \u00f6sterreichischen Sozialversicherungstr\u00e4ger eine Studie in Auftrag, in der die Rolle und Bedeutung Hillegeists f\u00fcr die \u00f6sterreichische Sozialversicherung erforscht wurde. Friedrich Hillegeist war von 1948 bis 1968 Obmann der Pensionsversicherungsanstalt der Angestellten. Nach dem Tod Johann B\u00f6hms \u00fcbernahm er 1959 das Amt des Pr\u00e4sidenten des Hauptverbandes der \u00f6sterreichischen Sozialversicherungstr\u00e4ger. Au\u00dferdem bekleidete er zwischen 1959 und 1963 das Amt des Vizepr\u00e4sidenten des \u00d6sterreichischen Gewerkschaftsbundes. Mit dem nach ihm benannten Reformplan f\u00fcr die Pensionsversicherung wurde Hillegeist zu einem wesentlichen inhaltlichen Gestalter des Allgemeinen Sozialversicherungsgesetzes (ASVG), des Stammgesetzes der Sozialversicherung der Unselbst\u00e4ndigen in der Zweiten Republik. Die Studie steht methodologisch an der Schnittstelle der Politik- und Geschichtswissenschaft. Sie basiert vor allem auf Prim\u00e4rquellen aus der Pensionsversicherungsanstalt und dem Hauptverband, auf Fachzeitschriften und Zeitzeugeninterviews wie schlie\u00dflich auf Buchpublikationen.<\/p>\n<p align=\"justify\">Nach einleitenden Kapiteln zu Wohlfahrtsstaat und Sozialpolitik sowie zur Biographie Friedrich Hillegeists bis 1945 bilden der Aufbau der Angestelltenversicherungsanstalt 1945 \u2013 1949, der &#8220;Hillegeistplan&#8221; und damit verbunden das Werden des ASVG, insbesondere auf dem Gebiet der Renten- und Pensionsversicherung 1950 \u2013 1956, sowie Hillegeists Zeit als Pr\u00e4sident des Hauptverbandes 1959 \u2013 1968 die zentralen Kapitel der Arbeit. Abgerundet wird die Studie mit Schlussbetrachtungen, die die Forschungsergebnisse zusammenfassen und interpretieren.<\/p>\n<p align=\"justify\">Angefeindet wurde Hillegeist vor allem wegen der in seinem Reformplan enthaltenen Ruhensbestimmungen f\u00fcr Pensionen. Dass die Pension eine Ersatzleistung f\u00fcr nicht mehr erbringbares Erwerbseinkommen sein sollte und keine zus\u00e4tzliche Versicherungsleistung, war ein Credo Friedrich Hillegeists. Immer wieder wandte er sich gegen &#8220;Luxus&#8221; in der Sozialversicherung, auch der Krankenversicherung. Gekr\u00f6nt wurde sein Reformwerk mit dem Pensionsanpassungsgesetz von 1965, mit dem die Anpassung der Pensionen einem festgelegtem Prozess unterworfen wurde und nicht einer j\u00e4hrlichen Neuverhandlung bedurfte.<\/p>\n<p align=\"justify\">Friedrich Hillegeist litt zeitlebens darunter, nicht eine Position, etwa die des Sozialministers, errungen zu haben, die seiner Bedeutung entsprochen h\u00e4tte. An der Person Hillegeist und im Feld der Sozialversicherung l\u00e4sst sich sehr deutlich die Differenz zwischen Arbeiter- und Angestelltengewerkschaft innerhalb des \u00d6GB zeigen, die auch und nicht zuletzt mit einem &#8220;Standesd\u00fcnkel&#8221; zu tun hatte. Dass ein Angestelltengewerkschafter Sozialminister wurde, war damals innerhalb des \u00d6GB noch nicht denkbar.<\/p>\n<p align=\"justify\">Als Pr\u00e4sident des Hauptverbandes hingegen war Friedrich Hillegeist ein logischer Nachfolger f\u00fcr Johann B\u00f6hm. Hillegeist war ein Vision\u00e4r der \u00f6sterreichischen Sozialversicherung, ein schwieriger, aber pragmatischer Charakter, der auf Ausgleich bedacht war. Mit seinem &#8220;Hillegeist-Plan&#8221;, der in wesentlichen Z\u00fcgen noch heute die Basis des Pensionsversicherungsrechts der Unselbst\u00e4ndigen darstellt und dar\u00fcber hinaus zum Vorbild f\u00fcr jenes der Selbst\u00e4ndigen wurde, hat er sich bleibende, unabsprechbare Verdienste f\u00fcr die \u00f6sterreichische Sozialversicherung erworben.<\/p>\n<p align=\"justify\" class=\"translation-block\">You can order the book <a href=\"https:\/\/shop.oegbverlag.at\/politik-2-16\/politikfelder-2-9032\/sozialismus-2-9073\/sozialdemokratie-2-9074\/steiner-guenther-almosenempfaengern-anspruchsberechtigte-buerger\" target=\"_blank\" rel=\"noopener\">here<\/a> .<\/p>\n<p align=\"justify\">\n<\/div>\n\t\t<\/div><\/div><div id=\"pgc-gb2803-69f23f8be7cd1-0-2\"  class=\"panel-grid-cell panel-grid-cell-empty\" ><\/div><\/div><\/div>\n\n\n<div style=\"color:#333\" class=\"wp-block-genesis-blocks-gb-spacer gb-block-spacer gb-divider-solid gb-spacer-divider gb-divider-size-1\"><hr style=\"height:100px\"\/><\/div>\n<\/div><\/div><\/div>","protected":false},"excerpt":{"rendered":"","protected":false},"author":2,"featured_media":0,"parent":961,"menu_order":31,"comment_status":"closed","ping_status":"closed","template":"","meta":{"footnotes":""},"class_list":["post-2803","page","type-page","status-publish","hentry","post"],"featured_image_src":null,"featured_image_src_square":null,"_links":{"self":[{"href":"https:\/\/ikf.ac.at\/en\/wp-json\/wp\/v2\/pages\/2803","targetHints":{"allow":["GET"]}}],"collection":[{"href":"https:\/\/ikf.ac.at\/en\/wp-json\/wp\/v2\/pages"}],"about":[{"href":"https:\/\/ikf.ac.at\/en\/wp-json\/wp\/v2\/types\/page"}],"author":[{"embeddable":true,"href":"https:\/\/ikf.ac.at\/en\/wp-json\/wp\/v2\/users\/2"}],"replies":[{"embeddable":true,"href":"https:\/\/ikf.ac.at\/en\/wp-json\/wp\/v2\/comments?post=2803"}],"version-history":[{"count":2,"href":"https:\/\/ikf.ac.at\/en\/wp-json\/wp\/v2\/pages\/2803\/revisions"}],"predecessor-version":[{"id":2805,"href":"https:\/\/ikf.ac.at\/en\/wp-json\/wp\/v2\/pages\/2803\/revisions\/2805"}],"up":[{"embeddable":true,"href":"https:\/\/ikf.ac.at\/en\/wp-json\/wp\/v2\/pages\/961"}],"wp:attachment":[{"href":"https:\/\/ikf.ac.at\/en\/wp-json\/wp\/v2\/media?parent=2803"}],"curies":[{"name":"wp","href":"https:\/\/api.w.org\/{rel}","templated":true}]}}

2012: Friedrich Hillegeist in der österreichischen Sozialversicherung

<div class="wp-block-atomic-blocks-ab-container alignfull ab-block-container"><div class="ab-container-inside"><div class="ab-container-content"><div id="pl-gb2803-69f23f8bd3062"  class="panel-layout" ><div id="pg-gb2803-69f23f8bd3062-0"  class="panel-grid panel-no-style" ><div id="pgc-gb2803-69f23f8bd3062-0-0"  class="panel-grid-cell" ><div id="panel-gb2803-69f23f8bd3062-0-0-0" class="so-panel widget widget_media_image panel-first-child panel-last-child" data-index="0" ><img loading="lazy" decoding="async" width="2554" height="10" src="https://ikf.ac.at/wp-content/uploads/2021/01/linie_IKF.jpg" class="image wp-image-754  attachment-full size-full" alt="" style="max-width: 100%; height: auto;" srcset="https://ikf.ac.at/wp-content/uploads/2021/01/linie_IKF.jpg 2554w, https://ikf.ac.at/wp-content/uploads/2021/01/linie_IKF-300x1.jpg 300w, https://ikf.ac.at/wp-content/uploads/2021/01/linie_IKF-1024x4.jpg 1024w, https://ikf.ac.at/wp-content/uploads/2021/01/linie_IKF-768x3.jpg 768w, https://ikf.ac.at/wp-content/uploads/2021/01/linie_IKF-1536x6.jpg 1536w, https://ikf.ac.at/wp-content/uploads/2021/01/linie_IKF-2048x8.jpg 2048w" sizes="auto, (max-width: 2554px) 100vw, 2554px" /></div></div></div></div>


<div style="color:#ddd" class="wp-block-genesis-blocks-gb-spacer gb-block-spacer gb-divider-solid gb-divider-size-1"><hr style="height:30px"/></div>


<div id="pl-gb2803-69f23f8be7473"  class="panel-layout" ><div id="pg-gb2803-69f23f8be7473-0"  class="panel-grid panel-no-style" ><div id="pgc-gb2803-69f23f8be7473-0-0"  class="panel-grid-cell panel-grid-cell-empty" ></div><div id="pgc-gb2803-69f23f8be7473-0-1"  class="panel-grid-cell" ><div id="panel-gb2803-69f23f8be7473-0-1-0" class="so-panel widget widget_sow-editor panel-first-child panel-last-child" data-index="0" ><div
			
			class="so-widget-sow-editor so-widget-sow-editor-base"
			
		>
<div class="siteorigin-widget-tinymce textwidget">
	<table style="height: 100px; width: 100%; border-collapse: collapse;" border="1" cellpadding="2">
<tbody>
<tr style="height: 24px;">
<td style="width: 15.8421%; height: 24px;">Project management:</td>
<td style="width: 84.1578%; height: 24px;" colspan="2">Univ.-Prof. Dr. Anton Pelinka</td>
</tr>
<tr>
<td style="width: 15.8421%;">
<hr />
</td>
<td style="width: 46.3872%;">
<hr />
</td>
<td style="width: 37.7706%; height: 24px;"></td>
</tr>
<tr>
<td style="width: 15.8421%;">Implementation:</td>
<td style="width: 84.1578%;" colspan="2">Dr. Guenther Steiner</td>
</tr>
<tr>
<td style="width: 15.8421%;">
<hr />
</td>
<td style="width: 46.3872%;">
<hr />
</td>
<td style="width: 37.7706%;"></td>
</tr>
<tr>
<td style="width: 15.8421%;">Funded by:</td>
<td style="width: 84.1578%;" colspan="2">Hauptverband der österreichischen Sozialversicherungsträger<br>
(Main Association of Austrian Social Security Organisations), Vienna</td>
</tr>
<tr>
<td style="width: 15.8421%;">
<hr />
</td>
<td style="width: 46.3872%;">
<hr />
</td>
<td style="width: 37.7706%; height: 24px;"></td>
</tr>
<tr style="height: 24px;">
<td style="width: 15.8421%; height: 24px;">Completed in:</td>
<td style="height: 24px; width: 84.1578%;" colspan="2">November 2012</td>
</tr>
</tbody>
</table>
</div>
</div></div></div></div></div>


<div style="color:#404168" class="wp-block-genesis-blocks-gb-spacer gb-block-spacer gb-divider-solid gb-spacer-divider gb-divider-size-1"><hr style="height:3px"/></div>



<div style="color:#404168" class="wp-block-genesis-blocks-gb-spacer gb-block-spacer gb-divider-solid gb-divider-size-1"><hr style="height:10px"/></div>


<div id="pl-gb2803-69f23f8be7cd1"  class="panel-layout" ><div id="pg-gb2803-69f23f8be7cd1-0"  class="panel-grid panel-no-style" ><div id="pgc-gb2803-69f23f8be7cd1-0-0"  class="panel-grid-cell panel-grid-cell-empty" ></div><div id="pgc-gb2803-69f23f8be7cd1-0-1"  class="panel-grid-cell panel-grid-cell-mobile-last" ><div id="panel-gb2803-69f23f8be7cd1-0-1-0" class="so-panel widget widget_text panel-first-child panel-last-child" data-index="0" >			<div class="textwidget"><p align="justify">Aus Anlass des 40. Todestages Friedrich Hillegeists gab der Hauptverband der österreichischen Sozialversicherungsträger eine Studie in Auftrag, in der die Rolle und Bedeutung Hillegeists für die österreichische Sozialversicherung erforscht wurde. Friedrich Hillegeist war von 1948 bis 1968 Obmann der Pensionsversicherungsanstalt der Angestellten. Nach dem Tod Johann Böhms übernahm er 1959 das Amt des Präsidenten des Hauptverbandes der österreichischen Sozialversicherungsträger. Außerdem bekleidete er zwischen 1959 und 1963 das Amt des Vizepräsidenten des Österreichischen Gewerkschaftsbundes. Mit dem nach ihm benannten Reformplan für die Pensionsversicherung wurde Hillegeist zu einem wesentlichen inhaltlichen Gestalter des Allgemeinen Sozialversicherungsgesetzes (ASVG), des Stammgesetzes der Sozialversicherung der Unselbständigen in der Zweiten Republik. Die Studie steht methodologisch an der Schnittstelle der Politik- und Geschichtswissenschaft. Sie basiert vor allem auf Primärquellen aus der Pensionsversicherungsanstalt und dem Hauptverband, auf Fachzeitschriften und Zeitzeugeninterviews wie schließlich auf Buchpublikationen.</p>
<p align="justify">Nach einleitenden Kapiteln zu Wohlfahrtsstaat und Sozialpolitik sowie zur Biographie Friedrich Hillegeists bis 1945 bilden der Aufbau der Angestelltenversicherungsanstalt 1945 – 1949, der &#8220;Hillegeistplan&#8221; und damit verbunden das Werden des ASVG, insbesondere auf dem Gebiet der Renten- und Pensionsversicherung 1950 – 1956, sowie Hillegeists Zeit als Präsident des Hauptverbandes 1959 – 1968 die zentralen Kapitel der Arbeit. Abgerundet wird die Studie mit Schlussbetrachtungen, die die Forschungsergebnisse zusammenfassen und interpretieren.</p>
<p align="justify">Angefeindet wurde Hillegeist vor allem wegen der in seinem Reformplan enthaltenen Ruhensbestimmungen für Pensionen. Dass die Pension eine Ersatzleistung für nicht mehr erbringbares Erwerbseinkommen sein sollte und keine zusätzliche Versicherungsleistung, war ein Credo Friedrich Hillegeists. Immer wieder wandte er sich gegen &#8220;Luxus&#8221; in der Sozialversicherung, auch der Krankenversicherung. Gekrönt wurde sein Reformwerk mit dem Pensionsanpassungsgesetz von 1965, mit dem die Anpassung der Pensionen einem festgelegtem Prozess unterworfen wurde und nicht einer jährlichen Neuverhandlung bedurfte.</p>
<p align="justify">Friedrich Hillegeist litt zeitlebens darunter, nicht eine Position, etwa die des Sozialministers, errungen zu haben, die seiner Bedeutung entsprochen hätte. An der Person Hillegeist und im Feld der Sozialversicherung lässt sich sehr deutlich die Differenz zwischen Arbeiter- und Angestelltengewerkschaft innerhalb des ÖGB zeigen, die auch und nicht zuletzt mit einem &#8220;Standesdünkel&#8221; zu tun hatte. Dass ein Angestelltengewerkschafter Sozialminister wurde, war damals innerhalb des ÖGB noch nicht denkbar.</p>
<p align="justify">Als Präsident des Hauptverbandes hingegen war Friedrich Hillegeist ein logischer Nachfolger für Johann Böhm. Hillegeist war ein Visionär der österreichischen Sozialversicherung, ein schwieriger, aber pragmatischer Charakter, der auf Ausgleich bedacht war. Mit seinem &#8220;Hillegeist-Plan&#8221;, der in wesentlichen Zügen noch heute die Basis des Pensionsversicherungsrechts der Unselbständigen darstellt und darüber hinaus zum Vorbild für jenes der Selbständigen wurde, hat er sich bleibende, unabsprechbare Verdienste für die österreichische Sozialversicherung erworben.</p>
<p align="justify" class="translation-block">You can order the book <a href="https://shop.oegbverlag.at/politik-2-16/politikfelder-2-9032/sozialismus-2-9073/sozialdemokratie-2-9074/steiner-guenther-almosenempfaengern-anspruchsberechtigte-buerger" target="_blank" rel="noopener">here</a> .</p>
<p align="justify">
</div>
		</div></div><div id="pgc-gb2803-69f23f8be7cd1-0-2"  class="panel-grid-cell panel-grid-cell-empty" ></div></div></div>


<div style="color:#333" class="wp-block-genesis-blocks-gb-spacer gb-block-spacer gb-divider-solid gb-spacer-divider gb-divider-size-1"><hr style="height:100px"/></div>
</div></div></div>
