{"id":2768,"date":"2021-04-28T09:10:08","date_gmt":"2021-04-28T09:10:08","guid":{"rendered":"http:\/\/test-ikf.online\/?page_id=2768"},"modified":"2021-04-28T09:10:34","modified_gmt":"2021-04-28T09:10:34","slug":"2000-sicherheit-im-oeffentlichen-raum","status":"publish","type":"page","link":"https:\/\/ikf.ac.at\/en\/schwerpunkte\/sicherheit\/rechtsstaat\/2000-sicherheit-im-oeffentlichen-raum","title":{"rendered":"2000: Sicherheit im \u00f6ffentlichen Raum"},"content":{"rendered":"<div class=\"wp-block-atomic-blocks-ab-container alignfull ab-block-container\"><div class=\"ab-container-inside\"><div class=\"ab-container-content\"><div id=\"pl-gb2768-69f254b59982c\"  class=\"panel-layout\" ><div id=\"pg-gb2768-69f254b59982c-0\"  class=\"panel-grid panel-no-style\" ><div id=\"pgc-gb2768-69f254b59982c-0-0\"  class=\"panel-grid-cell\" ><div id=\"panel-gb2768-69f254b59982c-0-0-0\" class=\"so-panel widget widget_media_image panel-first-child panel-last-child\" data-index=\"0\" ><img loading=\"lazy\" decoding=\"async\" width=\"2554\" height=\"10\" src=\"https:\/\/ikf.ac.at\/wp-content\/uploads\/2021\/01\/linie_IKF.jpg\" class=\"image wp-image-754  attachment-full size-full\" alt=\"\" style=\"max-width: 100%; height: auto;\" srcset=\"https:\/\/ikf.ac.at\/wp-content\/uploads\/2021\/01\/linie_IKF.jpg 2554w, https:\/\/ikf.ac.at\/wp-content\/uploads\/2021\/01\/linie_IKF-300x1.jpg 300w, https:\/\/ikf.ac.at\/wp-content\/uploads\/2021\/01\/linie_IKF-1024x4.jpg 1024w, https:\/\/ikf.ac.at\/wp-content\/uploads\/2021\/01\/linie_IKF-768x3.jpg 768w, https:\/\/ikf.ac.at\/wp-content\/uploads\/2021\/01\/linie_IKF-1536x6.jpg 1536w, https:\/\/ikf.ac.at\/wp-content\/uploads\/2021\/01\/linie_IKF-2048x8.jpg 2048w\" sizes=\"auto, (max-width: 2554px) 100vw, 2554px\" \/><\/div><\/div><\/div><\/div>\n\n\n<div style=\"color:#ddd\" class=\"wp-block-genesis-blocks-gb-spacer gb-block-spacer gb-divider-solid gb-divider-size-1\"><hr style=\"height:30px\"\/><\/div>\n\n\n<div id=\"pl-gb2768-69f254b599d4a\"  class=\"panel-layout\" ><div id=\"pg-gb2768-69f254b599d4a-0\"  class=\"panel-grid panel-no-style\" ><div id=\"pgc-gb2768-69f254b599d4a-0-0\"  class=\"panel-grid-cell panel-grid-cell-empty\" ><\/div><div id=\"pgc-gb2768-69f254b599d4a-0-1\"  class=\"panel-grid-cell\" ><div id=\"panel-gb2768-69f254b599d4a-0-1-0\" class=\"so-panel widget widget_sow-editor panel-first-child panel-last-child\" data-index=\"0\" ><div\n\t\t\t\n\t\t\tclass=\"so-widget-sow-editor so-widget-sow-editor-base\"\n\t\t\t\n\t\t>\n<div class=\"siteorigin-widget-tinymce textwidget\">\n\t<table style=\"height: 220px; width: 100%; border-collapse: collapse;\" border=\"1\" cellpadding=\"2\">\n<tbody>\n<tr style=\"height: 24px;\">\n<td style=\"width: 15.8421%; height: 24px;\">Project management:<\/td>\n<td style=\"width: 84.1578%; height: 24px;\" colspan=\"2\">Univ.-Prof. Dr. Anton Pelinka<\/td>\n<\/tr>\n<tr style=\"height: 24px;\">\n<td style=\"width: 15.8421%; height: 24px;\">\n<hr \/>\n<\/td>\n<td style=\"width: 39.5713%; height: 24px;\">\n<hr \/>\n<\/td>\n<td style=\"width: 44.5865%; height: 24px;\"><\/td>\n<\/tr>\n<tr style=\"height: 24px;\">\n<td style=\"width: 15.8421%; height: 24px;\">Implementation:<\/td>\n<td style=\"width: 84.1578%; height: 24px;\" colspan=\"2\">Dr. Birgitt Haller<br \/>\nMag. Barbara Liegl<br \/>\nunter Mitarbeit von DI Lilli Licka<\/td>\n<\/tr>\n<tr style=\"height: 24px;\">\n<td style=\"width: 15.8421%; height: 24px;\">\n<hr \/>\n<\/td>\n<td style=\"width: 39.5713%; height: 24px;\">\n<hr \/>\n<\/td>\n<td style=\"width: 44.5865%; height: 24px;\"><\/td>\n<\/tr>\n<tr style=\"height: 24px;\">\n<td style=\"width: 15.8421%; height: 24px;\">Funded by:<\/td>\n<td style=\"width: 84.1578%; height: 24px;\" colspan=\"2\">Stadt Wien \u2013 Magistratsdirektion<\/td>\n<\/tr>\n<tr style=\"height: 24px;\">\n<td style=\"width: 15.8421%; height: 24px;\">\n<hr \/>\n<\/td>\n<td style=\"width: 39.5713%; height: 24px;\">\n<hr \/>\n<\/td>\n<td style=\"width: 44.5865%; height: 24px;\"><\/td>\n<\/tr>\n<tr style=\"height: 24px;\">\n<td style=\"width: 15.8421%; height: 24px;\">Completed in:<\/td>\n<td style=\"height: 24px; width: 84.1578%;\" colspan=\"2\">Juni 2000<\/td>\n<\/tr>\n<\/tbody>\n<\/table>\n<\/div>\n<\/div><\/div><\/div><\/div><\/div>\n\n\n<div style=\"color:#404168\" class=\"wp-block-genesis-blocks-gb-spacer gb-block-spacer gb-divider-solid gb-spacer-divider gb-divider-size-1\"><hr style=\"height:3px\"\/><\/div>\n\n\n\n<div style=\"color:#404168\" class=\"wp-block-genesis-blocks-gb-spacer gb-block-spacer gb-divider-solid gb-divider-size-1\"><hr style=\"height:10px\"\/><\/div>\n\n\n<div id=\"pl-gb2768-69f254b59a1c0\"  class=\"panel-layout\" ><div id=\"pg-gb2768-69f254b59a1c0-0\"  class=\"panel-grid panel-no-style\" ><div id=\"pgc-gb2768-69f254b59a1c0-0-0\"  class=\"panel-grid-cell panel-grid-cell-empty\" ><\/div><div id=\"pgc-gb2768-69f254b59a1c0-0-1\"  class=\"panel-grid-cell panel-grid-cell-mobile-last\" ><div id=\"panel-gb2768-69f254b59a1c0-0-1-0\" class=\"so-panel widget widget_text panel-first-child panel-last-child\" data-index=\"0\" >\t\t\t<div class=\"textwidget\"><p align=\"justify\">95 Prozent der 500 PassantInnen, die f\u00fcr diese Erhebung zwischen Januar und April 2000 an sieben verschiedenen U-Bahnstationen pers\u00f6nlich befragt wurden, f\u00fchlen sich in Wien sehr oder eher sicher, wobei erstere Einsch\u00e4tzung \u00fcberwog. Das Sicherheitsgef\u00fchl an den einzelnen U-Bahnstationen divergierte zwar jeweils deutlich, unterschied sich insgesamt aber kaum von der Einsch\u00e4tzung das Stadtgebiet betreffend: 93 Prozent der PassantInnen gaben auch bei dieser Frage an, sich sehr bis eher sicher zu f\u00fchlen. Etwas unter diesen Werten liegt das Sicherheitsgef\u00fchl einer Kontrollgruppe von 70 Personen, die an &#8220;neutralen&#8221; Orten mittels eines Fragebogens befragt wurde. Zwar f\u00fchlten sich auch unter ihnen 94 Prozent in der Stadt und 83 Prozent in den U-Bahnen sehr bis eher sicher, aber in dieser Stichprobe \u00fcberwiegt die Gruppe der &#8220;eher Sicheren&#8221; gegen\u00fcber derjenigen der &#8220;sehr Sicheren&#8221;. Als signifikanter Einflussfaktor f\u00fcr das Sicherheitsempfinden erwies sich die Geschlechtszugeh\u00f6rigkeit, ausschlie\u00dflich Frauen f\u00fchlten sich im Stadtgebiet bzw. in den U-Bahnen sehr unsicher. Es waren auch vornehmlich weibliche Befragte, die angaben, manche Stationen nachts oder teilweise am Abend zu meiden. Das Alter spielte eine untergeordnete Rolle f\u00fcr das Sicherheitsgef\u00fchl, aber insbesondere die 60- bis 69-J\u00e4hrigen f\u00fchlten sich relativ h\u00e4ufig unsicherer. Positiv auf das Sicherheitsempfinden wirkte sich die h\u00e4ufige bzw. regelm\u00e4\u00dfige Nutzung einer Passage aus. Ebenso f\u00fchlten sich die PassantInnen in den Passagen selbst ein wenig unsicherer als auf den Bahnsteigen.<\/p>\n<p align=\"justify\">Deutlich wurde, dass die zentrale Ursache f\u00fcr Unsicherheitsgef\u00fchle nicht bei Kriminalit\u00e4ts\u00e4ngsten oder erfahrungen liegt, sondern in der als st\u00f6rend empfundenen Pr\u00e4senz von Randgruppen wie insbesondere Alkohol- und Drogenabh\u00e4ngigen, aber auch Obdachlosen, Jugendlichen oder &#8220;Ausl\u00e4ndern&#8221;. Negative Gef\u00fchle werden bereits durch deren &#8220;Sichtbarkeit&#8221; erzeugt, seltener auch dadurch, da\u00df man angep\u00f6belt oder angebettelt wird. Diese Personengruppen werden als unangenehm wahrgenommen, weil durch sie die von der Gesellschaft postulierten Verhaltensregeln im (halb)\u00f6ffentlichen Raum verletzt werden bzw. die PassantInnen mit einer Realit\u00e4t konfrontiert werden, mit der sie sich nicht auseinandersetzen wollen und die ihnen ein Gef\u00fchl von Hilflosigkeit vermittelt. Gerade dieser Aspekt des Sicherheitsempfindens scheint von Faktoren wie Bildung, Status und pers\u00f6nlichen Einstellungen beeinflusst zu sein.<\/p>\n<p align=\"justify\">Dar\u00fcber hinaus kommt den baulichen und gestalterischen Rahmenbedingungen sowie der Pflege und Instandhaltung der U-Bahnpassagen gro\u00dfe Bedeutung f\u00fcr das Sicherheitsgef\u00fchl zu. \u00dcberschaubarkeit\/Einsehbarkeit, ausreichende Orientierungsm\u00f6glichkeiten, Belebtheit und gute Beleuchtung erm\u00f6glichen pers\u00f6nliche und soziale Kontrolle, die das Sicherheitsgef\u00fchl verst\u00e4rken und gleichzeitig die Gelegenheiten f\u00fcr potentielle T\u00e4terInnen minimieren.<\/p>\n<p align=\"justify\">Ma\u00dfnahmen der Stadtverwaltung zur Verbesserung des Sicherheitsgef\u00fchls im Bereich der U-Bahnen sollten an zwei Punkten ansetzen: einmal bei der \u00d6ffentlichkeitsarbeit, mit dem Ziel, das Image der U-Bahnen zu heben, und zum anderen auf der baulichen\/gestalterischen Ebene. Mit einer Imagekampagne sollte betont werden, wie sicher die Wiener U-Bahnen in Hinblick auf ihre Kriminalit\u00e4tsbelastung sind. Parallel dazu m\u00fcsste um mehr Verst\u00e4ndnis f\u00fcr Randgruppen geworben werden, um sie damit weniger bedrohlich erscheinen zu lassen. Auf der zweiten Ebene, der baulich\/gestalterischen, w\u00e4ren die M\u00f6glichkeiten des Ausbaus einer bestehenden Station zu einer &#8220;Vorzeigestation&#8221; zu pr\u00fcfen, mit der durch entsprechende PR-Ma\u00dfnahmen auch wiederum das Thema &#8220;sichere Stadt&#8221; ins Bewusstsein ger\u00fcckt werden k\u00f6nnte.<\/p>\n<\/div>\n\t\t<\/div><\/div><div id=\"pgc-gb2768-69f254b59a1c0-0-2\"  class=\"panel-grid-cell panel-grid-cell-empty\" ><\/div><\/div><\/div>\n\n\n<div style=\"color:#333\" class=\"wp-block-genesis-blocks-gb-spacer gb-block-spacer gb-divider-solid gb-spacer-divider gb-divider-size-1\"><hr style=\"height:100px\"\/><\/div>\n<\/div><\/div><\/div>","protected":false},"excerpt":{"rendered":"","protected":false},"author":2,"featured_media":0,"parent":959,"menu_order":30,"comment_status":"closed","ping_status":"closed","template":"","meta":{"footnotes":""},"class_list":["post-2768","page","type-page","status-publish","hentry","post"],"featured_image_src":null,"featured_image_src_square":null,"_links":{"self":[{"href":"https:\/\/ikf.ac.at\/en\/wp-json\/wp\/v2\/pages\/2768","targetHints":{"allow":["GET"]}}],"collection":[{"href":"https:\/\/ikf.ac.at\/en\/wp-json\/wp\/v2\/pages"}],"about":[{"href":"https:\/\/ikf.ac.at\/en\/wp-json\/wp\/v2\/types\/page"}],"author":[{"embeddable":true,"href":"https:\/\/ikf.ac.at\/en\/wp-json\/wp\/v2\/users\/2"}],"replies":[{"embeddable":true,"href":"https:\/\/ikf.ac.at\/en\/wp-json\/wp\/v2\/comments?post=2768"}],"version-history":[{"count":1,"href":"https:\/\/ikf.ac.at\/en\/wp-json\/wp\/v2\/pages\/2768\/revisions"}],"predecessor-version":[{"id":2769,"href":"https:\/\/ikf.ac.at\/en\/wp-json\/wp\/v2\/pages\/2768\/revisions\/2769"}],"up":[{"embeddable":true,"href":"https:\/\/ikf.ac.at\/en\/wp-json\/wp\/v2\/pages\/959"}],"wp:attachment":[{"href":"https:\/\/ikf.ac.at\/en\/wp-json\/wp\/v2\/media?parent=2768"}],"curies":[{"name":"wp","href":"https:\/\/api.w.org\/{rel}","templated":true}]}}

2000: Sicherheit im öffentlichen Raum

<div class="wp-block-atomic-blocks-ab-container alignfull ab-block-container"><div class="ab-container-inside"><div class="ab-container-content"><div id="pl-gb2768-69f254b59982c"  class="panel-layout" ><div id="pg-gb2768-69f254b59982c-0"  class="panel-grid panel-no-style" ><div id="pgc-gb2768-69f254b59982c-0-0"  class="panel-grid-cell" ><div id="panel-gb2768-69f254b59982c-0-0-0" class="so-panel widget widget_media_image panel-first-child panel-last-child" data-index="0" ><img loading="lazy" decoding="async" width="2554" height="10" src="https://ikf.ac.at/wp-content/uploads/2021/01/linie_IKF.jpg" class="image wp-image-754  attachment-full size-full" alt="" style="max-width: 100%; height: auto;" srcset="https://ikf.ac.at/wp-content/uploads/2021/01/linie_IKF.jpg 2554w, https://ikf.ac.at/wp-content/uploads/2021/01/linie_IKF-300x1.jpg 300w, https://ikf.ac.at/wp-content/uploads/2021/01/linie_IKF-1024x4.jpg 1024w, https://ikf.ac.at/wp-content/uploads/2021/01/linie_IKF-768x3.jpg 768w, https://ikf.ac.at/wp-content/uploads/2021/01/linie_IKF-1536x6.jpg 1536w, https://ikf.ac.at/wp-content/uploads/2021/01/linie_IKF-2048x8.jpg 2048w" sizes="auto, (max-width: 2554px) 100vw, 2554px" /></div></div></div></div>


<div style="color:#ddd" class="wp-block-genesis-blocks-gb-spacer gb-block-spacer gb-divider-solid gb-divider-size-1"><hr style="height:30px"/></div>


<div id="pl-gb2768-69f254b599d4a"  class="panel-layout" ><div id="pg-gb2768-69f254b599d4a-0"  class="panel-grid panel-no-style" ><div id="pgc-gb2768-69f254b599d4a-0-0"  class="panel-grid-cell panel-grid-cell-empty" ></div><div id="pgc-gb2768-69f254b599d4a-0-1"  class="panel-grid-cell" ><div id="panel-gb2768-69f254b599d4a-0-1-0" class="so-panel widget widget_sow-editor panel-first-child panel-last-child" data-index="0" ><div
			
			class="so-widget-sow-editor so-widget-sow-editor-base"
			
		>
<div class="siteorigin-widget-tinymce textwidget">
	<table style="height: 220px; width: 100%; border-collapse: collapse;" border="1" cellpadding="2">
<tbody>
<tr style="height: 24px;">
<td style="width: 15.8421%; height: 24px;">Project management:</td>
<td style="width: 84.1578%; height: 24px;" colspan="2">Univ.-Prof. Dr. Anton Pelinka</td>
</tr>
<tr style="height: 24px;">
<td style="width: 15.8421%; height: 24px;">
<hr />
</td>
<td style="width: 39.5713%; height: 24px;">
<hr />
</td>
<td style="width: 44.5865%; height: 24px;"></td>
</tr>
<tr style="height: 24px;">
<td style="width: 15.8421%; height: 24px;">Implementation:</td>
<td style="width: 84.1578%; height: 24px;" colspan="2">Dr. Birgitt Haller<br />
Mag. Barbara Liegl<br />
unter Mitarbeit von DI Lilli Licka</td>
</tr>
<tr style="height: 24px;">
<td style="width: 15.8421%; height: 24px;">
<hr />
</td>
<td style="width: 39.5713%; height: 24px;">
<hr />
</td>
<td style="width: 44.5865%; height: 24px;"></td>
</tr>
<tr style="height: 24px;">
<td style="width: 15.8421%; height: 24px;">Funded by:</td>
<td style="width: 84.1578%; height: 24px;" colspan="2">Stadt Wien – Magistratsdirektion</td>
</tr>
<tr style="height: 24px;">
<td style="width: 15.8421%; height: 24px;">
<hr />
</td>
<td style="width: 39.5713%; height: 24px;">
<hr />
</td>
<td style="width: 44.5865%; height: 24px;"></td>
</tr>
<tr style="height: 24px;">
<td style="width: 15.8421%; height: 24px;">Completed in:</td>
<td style="height: 24px; width: 84.1578%;" colspan="2">Juni 2000</td>
</tr>
</tbody>
</table>
</div>
</div></div></div></div></div>


<div style="color:#404168" class="wp-block-genesis-blocks-gb-spacer gb-block-spacer gb-divider-solid gb-spacer-divider gb-divider-size-1"><hr style="height:3px"/></div>



<div style="color:#404168" class="wp-block-genesis-blocks-gb-spacer gb-block-spacer gb-divider-solid gb-divider-size-1"><hr style="height:10px"/></div>


<div id="pl-gb2768-69f254b59a1c0"  class="panel-layout" ><div id="pg-gb2768-69f254b59a1c0-0"  class="panel-grid panel-no-style" ><div id="pgc-gb2768-69f254b59a1c0-0-0"  class="panel-grid-cell panel-grid-cell-empty" ></div><div id="pgc-gb2768-69f254b59a1c0-0-1"  class="panel-grid-cell panel-grid-cell-mobile-last" ><div id="panel-gb2768-69f254b59a1c0-0-1-0" class="so-panel widget widget_text panel-first-child panel-last-child" data-index="0" >			<div class="textwidget"><p align="justify">95 Prozent der 500 PassantInnen, die für diese Erhebung zwischen Januar und April 2000 an sieben verschiedenen U-Bahnstationen persönlich befragt wurden, fühlen sich in Wien sehr oder eher sicher, wobei erstere Einschätzung überwog. Das Sicherheitsgefühl an den einzelnen U-Bahnstationen divergierte zwar jeweils deutlich, unterschied sich insgesamt aber kaum von der Einschätzung das Stadtgebiet betreffend: 93 Prozent der PassantInnen gaben auch bei dieser Frage an, sich sehr bis eher sicher zu fühlen. Etwas unter diesen Werten liegt das Sicherheitsgefühl einer Kontrollgruppe von 70 Personen, die an &#8220;neutralen&#8221; Orten mittels eines Fragebogens befragt wurde. Zwar fühlten sich auch unter ihnen 94 Prozent in der Stadt und 83 Prozent in den U-Bahnen sehr bis eher sicher, aber in dieser Stichprobe überwiegt die Gruppe der &#8220;eher Sicheren&#8221; gegenüber derjenigen der &#8220;sehr Sicheren&#8221;. Als signifikanter Einflussfaktor für das Sicherheitsempfinden erwies sich die Geschlechtszugehörigkeit, ausschließlich Frauen fühlten sich im Stadtgebiet bzw. in den U-Bahnen sehr unsicher. Es waren auch vornehmlich weibliche Befragte, die angaben, manche Stationen nachts oder teilweise am Abend zu meiden. Das Alter spielte eine untergeordnete Rolle für das Sicherheitsgefühl, aber insbesondere die 60- bis 69-Jährigen fühlten sich relativ häufig unsicherer. Positiv auf das Sicherheitsempfinden wirkte sich die häufige bzw. regelmäßige Nutzung einer Passage aus. Ebenso fühlten sich die PassantInnen in den Passagen selbst ein wenig unsicherer als auf den Bahnsteigen.</p>
<p align="justify">Deutlich wurde, dass die zentrale Ursache für Unsicherheitsgefühle nicht bei Kriminalitätsängsten oder erfahrungen liegt, sondern in der als störend empfundenen Präsenz von Randgruppen wie insbesondere Alkohol- und Drogenabhängigen, aber auch Obdachlosen, Jugendlichen oder &#8220;Ausländern&#8221;. Negative Gefühle werden bereits durch deren &#8220;Sichtbarkeit&#8221; erzeugt, seltener auch dadurch, daß man angepöbelt oder angebettelt wird. Diese Personengruppen werden als unangenehm wahrgenommen, weil durch sie die von der Gesellschaft postulierten Verhaltensregeln im (halb)öffentlichen Raum verletzt werden bzw. die PassantInnen mit einer Realität konfrontiert werden, mit der sie sich nicht auseinandersetzen wollen und die ihnen ein Gefühl von Hilflosigkeit vermittelt. Gerade dieser Aspekt des Sicherheitsempfindens scheint von Faktoren wie Bildung, Status und persönlichen Einstellungen beeinflusst zu sein.</p>
<p align="justify">Darüber hinaus kommt den baulichen und gestalterischen Rahmenbedingungen sowie der Pflege und Instandhaltung der U-Bahnpassagen große Bedeutung für das Sicherheitsgefühl zu. Überschaubarkeit/Einsehbarkeit, ausreichende Orientierungsmöglichkeiten, Belebtheit und gute Beleuchtung ermöglichen persönliche und soziale Kontrolle, die das Sicherheitsgefühl verstärken und gleichzeitig die Gelegenheiten für potentielle TäterInnen minimieren.</p>
<p align="justify">Maßnahmen der Stadtverwaltung zur Verbesserung des Sicherheitsgefühls im Bereich der U-Bahnen sollten an zwei Punkten ansetzen: einmal bei der Öffentlichkeitsarbeit, mit dem Ziel, das Image der U-Bahnen zu heben, und zum anderen auf der baulichen/gestalterischen Ebene. Mit einer Imagekampagne sollte betont werden, wie sicher die Wiener U-Bahnen in Hinblick auf ihre Kriminalitätsbelastung sind. Parallel dazu müsste um mehr Verständnis für Randgruppen geworben werden, um sie damit weniger bedrohlich erscheinen zu lassen. Auf der zweiten Ebene, der baulich/gestalterischen, wären die Möglichkeiten des Ausbaus einer bestehenden Station zu einer &#8220;Vorzeigestation&#8221; zu prüfen, mit der durch entsprechende PR-Maßnahmen auch wiederum das Thema &#8220;sichere Stadt&#8221; ins Bewusstsein gerückt werden könnte.</p>
</div>
		</div></div><div id="pgc-gb2768-69f254b59a1c0-0-2"  class="panel-grid-cell panel-grid-cell-empty" ></div></div></div>


<div style="color:#333" class="wp-block-genesis-blocks-gb-spacer gb-block-spacer gb-divider-solid gb-spacer-divider gb-divider-size-1"><hr style="height:100px"/></div>
</div></div></div>
