{"id":2760,"date":"2021-04-28T08:26:25","date_gmt":"2021-04-28T08:26:25","guid":{"rendered":"http:\/\/test-ikf.online\/?page_id=2760"},"modified":"2021-04-28T08:27:33","modified_gmt":"2021-04-28T08:27:33","slug":"2003-wissenschaftliche-betreuung-entwicklung-kernlehrplan-grenzpolizei-im-europaeischen-raum","status":"publish","type":"page","link":"https:\/\/ikf.ac.at\/en\/schwerpunkte\/sicherheit\/rechtsstaat\/2003-wissenschaftliche-betreuung-entwicklung-kernlehrplan-grenzpolizei-im-europaeischen-raum","title":{"rendered":"2003: Wissenschaftliche Betreuung bei der Entwicklung eines Kernlehrplans f\u00fcr die Grenzpolizei im europ\u00e4ischen Raum"},"content":{"rendered":"<div class=\"wp-block-atomic-blocks-ab-container alignfull ab-block-container\"><div class=\"ab-container-inside\"><div class=\"ab-container-content\"><div id=\"pl-gb2760-69f23fed254d5\"  class=\"panel-layout\" ><div id=\"pg-gb2760-69f23fed254d5-0\"  class=\"panel-grid panel-no-style\" ><div id=\"pgc-gb2760-69f23fed254d5-0-0\"  class=\"panel-grid-cell\" ><div id=\"panel-gb2760-69f23fed254d5-0-0-0\" class=\"so-panel widget widget_media_image panel-first-child panel-last-child\" data-index=\"0\" ><img loading=\"lazy\" decoding=\"async\" width=\"2554\" height=\"10\" src=\"https:\/\/ikf.ac.at\/wp-content\/uploads\/2021\/01\/linie_IKF.jpg\" class=\"image wp-image-754  attachment-full size-full\" alt=\"\" style=\"max-width: 100%; height: auto;\" srcset=\"https:\/\/ikf.ac.at\/wp-content\/uploads\/2021\/01\/linie_IKF.jpg 2554w, https:\/\/ikf.ac.at\/wp-content\/uploads\/2021\/01\/linie_IKF-300x1.jpg 300w, https:\/\/ikf.ac.at\/wp-content\/uploads\/2021\/01\/linie_IKF-1024x4.jpg 1024w, https:\/\/ikf.ac.at\/wp-content\/uploads\/2021\/01\/linie_IKF-768x3.jpg 768w, https:\/\/ikf.ac.at\/wp-content\/uploads\/2021\/01\/linie_IKF-1536x6.jpg 1536w, https:\/\/ikf.ac.at\/wp-content\/uploads\/2021\/01\/linie_IKF-2048x8.jpg 2048w\" sizes=\"auto, (max-width: 2554px) 100vw, 2554px\" \/><\/div><\/div><\/div><\/div>\n\n\n<div style=\"color:#ddd\" class=\"wp-block-genesis-blocks-gb-spacer gb-block-spacer gb-divider-solid gb-divider-size-1\"><hr style=\"height:30px\"\/><\/div>\n\n\n<div id=\"pl-gb2760-69f23fed25ce5\"  class=\"panel-layout\" ><div id=\"pg-gb2760-69f23fed25ce5-0\"  class=\"panel-grid panel-no-style\" ><div id=\"pgc-gb2760-69f23fed25ce5-0-0\"  class=\"panel-grid-cell panel-grid-cell-empty\" ><\/div><div id=\"pgc-gb2760-69f23fed25ce5-0-1\"  class=\"panel-grid-cell\" ><div id=\"panel-gb2760-69f23fed25ce5-0-1-0\" class=\"so-panel widget widget_sow-editor panel-first-child panel-last-child\" data-index=\"0\" ><div\n\t\t\t\n\t\t\tclass=\"so-widget-sow-editor so-widget-sow-editor-base\"\n\t\t\t\n\t\t>\n<div class=\"siteorigin-widget-tinymce textwidget\">\n\t<table style=\"height: 100px; width: 100%; border-collapse: collapse;\" border=\"1\" cellpadding=\"2\">\n<tbody>\n<tr style=\"height: 24px;\">\n<td style=\"width: 26.015%; height: 24px;\">Projektleitung und Durchf\u00fchrung:<\/td>\n<td style=\"width: 73.9849%; height: 24px;\" colspan=\"2\" class=\"translation-block\"><span style=\"font-size: x-large\">Dr. Birgitt Haller<\/span><\/td>\n<\/tr>\n<tr>\n<td style=\"width: 26.015%;\">\n<hr \/>\n<\/td>\n<td style=\"width: 30.7209%;\">\n<hr \/>\n<\/td>\n<td style=\"width: 43.264%;\"><\/td>\n<\/tr>\n<tr>\n<td style=\"width: 26.015%;\">Funded by:<\/td>\n<td style=\"width: 73.9849%;\" colspan=\"2\">Institut f\u00fcr Rechts- und Kriminalsoziologie<br \/>\nFederal Ministry of the Interior<\/td>\n<\/tr>\n<tr>\n<td style=\"width: 26.015%;\">\n<hr \/>\n<\/td>\n<td style=\"width: 30.7209%;\">\n<hr \/>\n<\/td>\n<td style=\"width: 43.264%; height: 24px;\"><\/td>\n<\/tr>\n<tr style=\"height: 24px;\">\n<td style=\"width: 26.015%; height: 24px;\">Completed in:<\/td>\n<td style=\"height: 24px; width: 73.9849%;\" colspan=\"2\">M\u00e4rz 2003<\/td>\n<\/tr>\n<\/tbody>\n<\/table>\n<\/div>\n<\/div><\/div><\/div><\/div><\/div>\n\n\n<div style=\"color:#404168\" class=\"wp-block-genesis-blocks-gb-spacer gb-block-spacer gb-divider-solid gb-spacer-divider gb-divider-size-1\"><hr style=\"height:3px\"\/><\/div>\n\n\n\n<div style=\"color:#404168\" class=\"wp-block-genesis-blocks-gb-spacer gb-block-spacer gb-divider-solid gb-divider-size-1\"><hr style=\"height:10px\"\/><\/div>\n\n\n<div id=\"pl-gb2760-69f23fed26403\"  class=\"panel-layout\" ><div id=\"pg-gb2760-69f23fed26403-0\"  class=\"panel-grid panel-no-style\" ><div id=\"pgc-gb2760-69f23fed26403-0-0\"  class=\"panel-grid-cell panel-grid-cell-empty\" ><\/div><div id=\"pgc-gb2760-69f23fed26403-0-1\"  class=\"panel-grid-cell panel-grid-cell-mobile-last\" ><div id=\"panel-gb2760-69f23fed26403-0-1-0\" class=\"so-panel widget widget_text panel-first-child panel-last-child\" data-index=\"0\" >\t\t\t<div class=\"textwidget\"><p align=\"justify\">Gegenstand dieses Auftrages war es, eine Projektgruppe des Bundesministeriums f\u00fcr Inneres bei der Erstellung eines Kernlehrplanes f\u00fcr die Grenzpolizei im europ\u00e4ischen Raum wissenschaftlich zu betreuen. Abschlie\u00dfend wurde im M\u00e4rz 2003 bei einem internationalen Workshop von VertreterInnen der Exekutive ein Referat \u00fcber die wissenschaftliche Vorgangsweise bei der Erstellung des Kernlehrplans gehalten.<\/p>\n<\/div>\n\t\t<\/div><\/div><div id=\"pgc-gb2760-69f23fed26403-0-2\"  class=\"panel-grid-cell panel-grid-cell-empty\" ><\/div><\/div><\/div>\n\n\n<div style=\"color:#333\" class=\"wp-block-genesis-blocks-gb-spacer gb-block-spacer gb-divider-solid gb-spacer-divider gb-divider-size-1\"><hr style=\"height:100px\"\/><\/div>\n<\/div><\/div><\/div>","protected":false},"excerpt":{"rendered":"","protected":false},"author":2,"featured_media":0,"parent":959,"menu_order":27,"comment_status":"closed","ping_status":"closed","template":"","meta":{"footnotes":""},"class_list":["post-2760","page","type-page","status-publish","hentry","post"],"featured_image_src":null,"featured_image_src_square":null,"_links":{"self":[{"href":"https:\/\/ikf.ac.at\/en\/wp-json\/wp\/v2\/pages\/2760","targetHints":{"allow":["GET"]}}],"collection":[{"href":"https:\/\/ikf.ac.at\/en\/wp-json\/wp\/v2\/pages"}],"about":[{"href":"https:\/\/ikf.ac.at\/en\/wp-json\/wp\/v2\/types\/page"}],"author":[{"embeddable":true,"href":"https:\/\/ikf.ac.at\/en\/wp-json\/wp\/v2\/users\/2"}],"replies":[{"embeddable":true,"href":"https:\/\/ikf.ac.at\/en\/wp-json\/wp\/v2\/comments?post=2760"}],"version-history":[{"count":2,"href":"https:\/\/ikf.ac.at\/en\/wp-json\/wp\/v2\/pages\/2760\/revisions"}],"predecessor-version":[{"id":2762,"href":"https:\/\/ikf.ac.at\/en\/wp-json\/wp\/v2\/pages\/2760\/revisions\/2762"}],"up":[{"embeddable":true,"href":"https:\/\/ikf.ac.at\/en\/wp-json\/wp\/v2\/pages\/959"}],"wp:attachment":[{"href":"https:\/\/ikf.ac.at\/en\/wp-json\/wp\/v2\/media?parent=2760"}],"curies":[{"name":"wp","href":"https:\/\/api.w.org\/{rel}","templated":true}]}}

2003: Wissenschaftliche Betreuung bei der Entwicklung eines Kernlehrplans für die Grenzpolizei im europäischen Raum

<div class="wp-block-atomic-blocks-ab-container alignfull ab-block-container"><div class="ab-container-inside"><div class="ab-container-content"><div id="pl-gb2760-69f23fed254d5"  class="panel-layout" ><div id="pg-gb2760-69f23fed254d5-0"  class="panel-grid panel-no-style" ><div id="pgc-gb2760-69f23fed254d5-0-0"  class="panel-grid-cell" ><div id="panel-gb2760-69f23fed254d5-0-0-0" class="so-panel widget widget_media_image panel-first-child panel-last-child" data-index="0" ><img loading="lazy" decoding="async" width="2554" height="10" src="https://ikf.ac.at/wp-content/uploads/2021/01/linie_IKF.jpg" class="image wp-image-754  attachment-full size-full" alt="" style="max-width: 100%; height: auto;" srcset="https://ikf.ac.at/wp-content/uploads/2021/01/linie_IKF.jpg 2554w, https://ikf.ac.at/wp-content/uploads/2021/01/linie_IKF-300x1.jpg 300w, https://ikf.ac.at/wp-content/uploads/2021/01/linie_IKF-1024x4.jpg 1024w, https://ikf.ac.at/wp-content/uploads/2021/01/linie_IKF-768x3.jpg 768w, https://ikf.ac.at/wp-content/uploads/2021/01/linie_IKF-1536x6.jpg 1536w, https://ikf.ac.at/wp-content/uploads/2021/01/linie_IKF-2048x8.jpg 2048w" sizes="auto, (max-width: 2554px) 100vw, 2554px" /></div></div></div></div>


<div style="color:#ddd" class="wp-block-genesis-blocks-gb-spacer gb-block-spacer gb-divider-solid gb-divider-size-1"><hr style="height:30px"/></div>


<div id="pl-gb2760-69f23fed25ce5"  class="panel-layout" ><div id="pg-gb2760-69f23fed25ce5-0"  class="panel-grid panel-no-style" ><div id="pgc-gb2760-69f23fed25ce5-0-0"  class="panel-grid-cell panel-grid-cell-empty" ></div><div id="pgc-gb2760-69f23fed25ce5-0-1"  class="panel-grid-cell" ><div id="panel-gb2760-69f23fed25ce5-0-1-0" class="so-panel widget widget_sow-editor panel-first-child panel-last-child" data-index="0" ><div
			
			class="so-widget-sow-editor so-widget-sow-editor-base"
			
		>
<div class="siteorigin-widget-tinymce textwidget">
	<table style="height: 100px; width: 100%; border-collapse: collapse;" border="1" cellpadding="2">
<tbody>
<tr style="height: 24px;">
<td style="width: 26.015%; height: 24px;">Projektleitung und Durchführung:</td>
<td style="width: 73.9849%; height: 24px;" colspan="2" class="translation-block"><span style="font-size: x-large">Dr. Birgitt Haller</span></td>
</tr>
<tr>
<td style="width: 26.015%;">
<hr />
</td>
<td style="width: 30.7209%;">
<hr />
</td>
<td style="width: 43.264%;"></td>
</tr>
<tr>
<td style="width: 26.015%;">Funded by:</td>
<td style="width: 73.9849%;" colspan="2">Institut für Rechts- und Kriminalsoziologie<br />
Federal Ministry of the Interior</td>
</tr>
<tr>
<td style="width: 26.015%;">
<hr />
</td>
<td style="width: 30.7209%;">
<hr />
</td>
<td style="width: 43.264%; height: 24px;"></td>
</tr>
<tr style="height: 24px;">
<td style="width: 26.015%; height: 24px;">Completed in:</td>
<td style="height: 24px; width: 73.9849%;" colspan="2">März 2003</td>
</tr>
</tbody>
</table>
</div>
</div></div></div></div></div>


<div style="color:#404168" class="wp-block-genesis-blocks-gb-spacer gb-block-spacer gb-divider-solid gb-spacer-divider gb-divider-size-1"><hr style="height:3px"/></div>



<div style="color:#404168" class="wp-block-genesis-blocks-gb-spacer gb-block-spacer gb-divider-solid gb-divider-size-1"><hr style="height:10px"/></div>


<div id="pl-gb2760-69f23fed26403"  class="panel-layout" ><div id="pg-gb2760-69f23fed26403-0"  class="panel-grid panel-no-style" ><div id="pgc-gb2760-69f23fed26403-0-0"  class="panel-grid-cell panel-grid-cell-empty" ></div><div id="pgc-gb2760-69f23fed26403-0-1"  class="panel-grid-cell panel-grid-cell-mobile-last" ><div id="panel-gb2760-69f23fed26403-0-1-0" class="so-panel widget widget_text panel-first-child panel-last-child" data-index="0" >			<div class="textwidget"><p align="justify">Gegenstand dieses Auftrages war es, eine Projektgruppe des Bundesministeriums für Inneres bei der Erstellung eines Kernlehrplanes für die Grenzpolizei im europäischen Raum wissenschaftlich zu betreuen. Abschließend wurde im März 2003 bei einem internationalen Workshop von VertreterInnen der Exekutive ein Referat über die wissenschaftliche Vorgangsweise bei der Erstellung des Kernlehrplans gehalten.</p>
</div>
		</div></div><div id="pgc-gb2760-69f23fed26403-0-2"  class="panel-grid-cell panel-grid-cell-empty" ></div></div></div>


<div style="color:#333" class="wp-block-genesis-blocks-gb-spacer gb-block-spacer gb-divider-solid gb-spacer-divider gb-divider-size-1"><hr style="height:100px"/></div>
</div></div></div>
