{"id":2757,"date":"2021-04-28T08:22:05","date_gmt":"2021-04-28T08:22:05","guid":{"rendered":"http:\/\/test-ikf.online\/?page_id=2757"},"modified":"2021-04-28T08:22:36","modified_gmt":"2021-04-28T08:22:36","slug":"2008-opferhilfe-fuer-seniorinnen-in-favoriten","status":"publish","type":"page","link":"https:\/\/ikf.ac.at\/en\/schwerpunkte\/sicherheit\/rechtsstaat\/2008-opferhilfe-fuer-seniorinnen-in-favoriten","title":{"rendered":"2008: Opferhilfe f\u00fcr Seniorinnen in Favoriten"},"content":{"rendered":"<div class=\"wp-block-atomic-blocks-ab-container alignfull ab-block-container\"><div class=\"ab-container-inside\"><div class=\"ab-container-content\"><div id=\"pl-gb2757-69f2403bd3bb8\"  class=\"panel-layout\" ><div id=\"pg-gb2757-69f2403bd3bb8-0\"  class=\"panel-grid panel-no-style\" ><div id=\"pgc-gb2757-69f2403bd3bb8-0-0\"  class=\"panel-grid-cell\" ><div id=\"panel-gb2757-69f2403bd3bb8-0-0-0\" class=\"so-panel widget widget_media_image panel-first-child panel-last-child\" data-index=\"0\" ><img loading=\"lazy\" decoding=\"async\" width=\"2554\" height=\"10\" src=\"https:\/\/ikf.ac.at\/wp-content\/uploads\/2021\/01\/linie_IKF.jpg\" class=\"image wp-image-754  attachment-full size-full\" alt=\"\" style=\"max-width: 100%; height: auto;\" srcset=\"https:\/\/ikf.ac.at\/wp-content\/uploads\/2021\/01\/linie_IKF.jpg 2554w, https:\/\/ikf.ac.at\/wp-content\/uploads\/2021\/01\/linie_IKF-300x1.jpg 300w, https:\/\/ikf.ac.at\/wp-content\/uploads\/2021\/01\/linie_IKF-1024x4.jpg 1024w, https:\/\/ikf.ac.at\/wp-content\/uploads\/2021\/01\/linie_IKF-768x3.jpg 768w, https:\/\/ikf.ac.at\/wp-content\/uploads\/2021\/01\/linie_IKF-1536x6.jpg 1536w, https:\/\/ikf.ac.at\/wp-content\/uploads\/2021\/01\/linie_IKF-2048x8.jpg 2048w\" sizes=\"auto, (max-width: 2554px) 100vw, 2554px\" \/><\/div><\/div><\/div><\/div>\n\n\n<div style=\"color:#ddd\" class=\"wp-block-genesis-blocks-gb-spacer gb-block-spacer gb-divider-solid gb-divider-size-1\"><hr style=\"height:30px\"\/><\/div>\n\n\n<div id=\"pl-gb2757-69f2403bd4260\"  class=\"panel-layout\" ><div id=\"pg-gb2757-69f2403bd4260-0\"  class=\"panel-grid panel-no-style\" ><div id=\"pgc-gb2757-69f2403bd4260-0-0\"  class=\"panel-grid-cell panel-grid-cell-empty\" ><\/div><div id=\"pgc-gb2757-69f2403bd4260-0-1\"  class=\"panel-grid-cell\" ><div id=\"panel-gb2757-69f2403bd4260-0-1-0\" class=\"so-panel widget widget_sow-editor panel-first-child panel-last-child\" data-index=\"0\" ><div\n\t\t\t\n\t\t\tclass=\"so-widget-sow-editor so-widget-sow-editor-base\"\n\t\t\t\n\t\t>\n<div class=\"siteorigin-widget-tinymce textwidget\">\n\t<table style=\"height: 100px; width: 100%; border-collapse: collapse;\" border=\"1\" cellpadding=\"2\">\n<tbody>\n<tr style=\"height: 24px;\">\n<td style=\"width: 25.6421%; height: 24px;\">Projektleitung und Durchf\u00fchrung:<\/td>\n<td style=\"width: 74.3578%; height: 24px;\" colspan=\"2\" class=\"translation-block\"><span style=\"font-size: x-large\">Dr. Birgitt Haller<\/span><\/td>\n<\/tr>\n<tr>\n<td style=\"width: 25.6421%;\">\n<hr \/>\n<\/td>\n<td style=\"width: 30.4713%;\">\n<hr \/>\n<\/td>\n<td style=\"width: 43.8865%;\"><\/td>\n<\/tr>\n<tr>\n<td style=\"width: 25.6421%;\">Funded by:<\/td>\n<td style=\"width: 74.3578%;\" colspan=\"2\">Stadt Wien \/ MA 57 \u00fcber den Wei\u00dfen Ring<\/td>\n<\/tr>\n<tr>\n<td style=\"width: 25.6421%;\">\n<hr \/>\n<\/td>\n<td style=\"width: 30.4713%;\">\n<hr \/>\n<\/td>\n<td style=\"width: 43.8865%; height: 24px;\"><\/td>\n<\/tr>\n<tr style=\"height: 24px;\">\n<td style=\"width: 25.6421%; height: 24px;\">Completed in:<\/td>\n<td style=\"height: 24px; width: 74.3578%;\" colspan=\"2\">Januar 2008<\/td>\n<\/tr>\n<\/tbody>\n<\/table>\n<\/div>\n<\/div><\/div><\/div><\/div><\/div>\n\n\n<div style=\"color:#404168\" class=\"wp-block-genesis-blocks-gb-spacer gb-block-spacer gb-divider-solid gb-spacer-divider gb-divider-size-1\"><hr style=\"height:3px\"\/><\/div>\n\n\n\n<div style=\"color:#404168\" class=\"wp-block-genesis-blocks-gb-spacer gb-block-spacer gb-divider-solid gb-divider-size-1\"><hr style=\"height:10px\"\/><\/div>\n\n\n<div id=\"pl-gb2757-69f2403bd48d6\"  class=\"panel-layout\" ><div id=\"pg-gb2757-69f2403bd48d6-0\"  class=\"panel-grid panel-no-style\" ><div id=\"pgc-gb2757-69f2403bd48d6-0-0\"  class=\"panel-grid-cell panel-grid-cell-empty\" ><\/div><div id=\"pgc-gb2757-69f2403bd48d6-0-1\"  class=\"panel-grid-cell panel-grid-cell-mobile-last\" ><div id=\"panel-gb2757-69f2403bd48d6-0-1-0\" class=\"so-panel widget widget_text panel-first-child panel-last-child\" data-index=\"0\" >\t\t\t<div class=\"textwidget\"><p align=\"justify\">Ziel des vom Wei\u00dfen Ring konzipierten und zwischen Mitte November und Mitte Dezember 2007 im 10. Wiener Gemeindebezirk durchgef\u00fchrten Opferhilfeprojekts war es, Seniorinnen ab 60 Jahren nach einer erlittenen Straftat m\u00f6glichst rasch zu stabilisieren und sie bei der Wiedergewinnung ihrer emotionalen und \u00e4u\u00dferen Sicherheit zu unterst\u00fctzen. Dadurch sollte insbesondere ihre Selbstst\u00e4ndigkeit wiederhergestellt werden, um zu verhindern, dass die Angst vor neuerlichen \u00fcbergriffen zu sozialer Isolation bzw. schweren psychischen Beeintr\u00e4chtigungen oder Krankheiten f\u00fchrt. Den Verbrechensopfern wurde auf ihren Wunsch hin von der Polizei psychosoziale Soforthilfe und eine Weiterbetreuung durch eine Psychologin vermittelt.<\/p>\n<p align=\"justify\">Die Evaluierung verfolgte zwei Zug\u00e4nge: die Befragung der vom psychologischen Team betreuten Verbrechensopfer mittels eines Fragebogens und einer telefonischen Abschlussbefragung, sowie die Durchf\u00fchrung von Interviews mit den Betreuerinnen und den PolizeibeamtInnen vor Ort.<\/p>\n<p align=\"justify\">Obwohl nur neun Verbrechensopfer betreut werden konnten, wurde deutlich, dass die angestrebte Stabilisierung der Klientinnen erreicht wurde. Die betreuten Seniorinnen gaben bei der Beantwortung des Fragebogens und auch gegen\u00fcber ihren Betreuerinnen an, mit jemandem \u00fcber ihre Kriminalit\u00e4tserfahrung reden zu k\u00f6nnen sei ihnen wichtig gewesen und der Zuspruch habe ihnen gut getan. Allerdings meinten im Zuge der Nachfrage durch die Evaluatorin, rund drei bis vier Wochen nach dem Erstkontakt mit der Betreuerin, zwei von f\u00fcnf Frauen, dass ihnen die Intervention &#8220;eigentlich nichts gebracht&#8221; habe bzw. dass man ihnen nicht helfen k\u00f6nne. Die Diskrepanz zwischen den zun\u00e4chst durchg\u00e4ngig positiven Reaktionen, die in der Folge teilweise revidiert wurden, verweist m\u00f6glicherweise auf die Notwendigkeit einer deutlich l\u00e4ngerfristigen Betreuung. Diese Vermutung deckt sich mit Beobachtungen sowohl der Betreuerinnen als auch der befragten Exekutivbeamten: Die Klientinnen bzw. Verbrechensopfer generell w\u00fcrden zun\u00e4chst unter Schock stehen, die Auswirkungen eines \u00dcbergriffs zeigten sich erst zeitverz\u00f6gert.<\/p>\n<p align=\"justify\">Trotz der Konzeption des Unterst\u00fctzungsangebots des Wei\u00dfen Rings als Soforthilfe sah es erforderlichenfalls eine Folgebetreuung vor, die die Klientinnen auch in Anspruch nahmen. Dies ist schon deshalb notwendig, weil die Annahme eines umfassenden Betreuungsangebots eine pers\u00f6nliche Beziehung voraussetzt, deren Aufbau Zeit erfordert. Die Vermittlung zu psychologischer Betreuung etwa oder Gespr\u00e4che \u00fcber einen offenkundig notwendigen Heimaufenthalt sind nur auf der Basis eines Vertrauensverh\u00e4ltnisses m\u00f6glich. Aus der auf ein Monat limitierten Laufzeit des Interventionsprojekts ergab sich aber eine entsprechende Einschr\u00e4nkung des Zeitraums f\u00fcr die Folgebetreuung, die vermutlich zu kurz ist, um bei allen Betroffenen eine ausreichende und nachhaltige St\u00e4rkung zu erreichen und ihr Sicherheitsgef\u00fchl wiederherzustellen.<\/p>\n<p align=\"justify\">Die zwei bei der Nachbefragung dem Angebot gegen\u00fcber skeptischen Frauen waren beide nicht Opfer von schwerer Gewalt: Der einen wurde die Handtasche geraubt, der anderen die Geldtasche gestohlen, beide trugen aber durch den \u00dcbergriff keine Verletzungen davon. Beide haben famili\u00e4re Ressourcen und wurden von Enkeln unterst\u00fctzt. Die Klientin dagegen, die nach einem \u00dcberfall elf Tage im Krankenhaus verbringen musste, war optimistisch und \u00fcber das Interventionsprojekt richtiggehend begeistert. Vermutlich ist eine Unterst\u00fctzung umso wichtiger, je massiver der \u00dcbergriff war bzw. erlebt wurde \u2013 wenn auch m\u00f6glicherweise Pers\u00f6nlichkeitsunterschiede bei der Bewertung der Betreuung eine Rolle spielen.<\/p>\n<p align=\"justify\">Die Projekterfahrungen verweisen auf die Sinnhaftigkeit und Notwendigkeit einer Betreuung von Verbrechensopfern, die sich allerdings in vielen F\u00e4llen wohl \u00fcber einen l\u00e4ngeren Zeitraum erstrecken m\u00fcsste. Die Exekutive w\u00fcrde den Aussagen der Gespr\u00e4chspartner zufolge eine solche Initiative begr\u00fc\u00dfen und unterst\u00fctzen \u2013 m\u00fcsste aber auch mit mehr Nachdruck \u00fcber das Unterst\u00fctzungsangebot informiert werden.<\/p>\n<\/div>\n\t\t<\/div><\/div><div id=\"pgc-gb2757-69f2403bd48d6-0-2\"  class=\"panel-grid-cell panel-grid-cell-empty\" ><\/div><\/div><\/div>\n\n\n<div style=\"color:#333\" class=\"wp-block-genesis-blocks-gb-spacer gb-block-spacer gb-divider-solid gb-spacer-divider gb-divider-size-1\"><hr style=\"height:100px\"\/><\/div>\n<\/div><\/div><\/div>","protected":false},"excerpt":{"rendered":"","protected":false},"author":2,"featured_media":0,"parent":959,"menu_order":26,"comment_status":"closed","ping_status":"closed","template":"","meta":{"footnotes":""},"class_list":["post-2757","page","type-page","status-publish","hentry","post"],"featured_image_src":null,"featured_image_src_square":null,"_links":{"self":[{"href":"https:\/\/ikf.ac.at\/en\/wp-json\/wp\/v2\/pages\/2757","targetHints":{"allow":["GET"]}}],"collection":[{"href":"https:\/\/ikf.ac.at\/en\/wp-json\/wp\/v2\/pages"}],"about":[{"href":"https:\/\/ikf.ac.at\/en\/wp-json\/wp\/v2\/types\/page"}],"author":[{"embeddable":true,"href":"https:\/\/ikf.ac.at\/en\/wp-json\/wp\/v2\/users\/2"}],"replies":[{"embeddable":true,"href":"https:\/\/ikf.ac.at\/en\/wp-json\/wp\/v2\/comments?post=2757"}],"version-history":[{"count":2,"href":"https:\/\/ikf.ac.at\/en\/wp-json\/wp\/v2\/pages\/2757\/revisions"}],"predecessor-version":[{"id":2759,"href":"https:\/\/ikf.ac.at\/en\/wp-json\/wp\/v2\/pages\/2757\/revisions\/2759"}],"up":[{"embeddable":true,"href":"https:\/\/ikf.ac.at\/en\/wp-json\/wp\/v2\/pages\/959"}],"wp:attachment":[{"href":"https:\/\/ikf.ac.at\/en\/wp-json\/wp\/v2\/media?parent=2757"}],"curies":[{"name":"wp","href":"https:\/\/api.w.org\/{rel}","templated":true}]}}

2008: Opferhilfe für Seniorinnen in Favoriten

<div class="wp-block-atomic-blocks-ab-container alignfull ab-block-container"><div class="ab-container-inside"><div class="ab-container-content"><div id="pl-gb2757-69f2403bd3bb8"  class="panel-layout" ><div id="pg-gb2757-69f2403bd3bb8-0"  class="panel-grid panel-no-style" ><div id="pgc-gb2757-69f2403bd3bb8-0-0"  class="panel-grid-cell" ><div id="panel-gb2757-69f2403bd3bb8-0-0-0" class="so-panel widget widget_media_image panel-first-child panel-last-child" data-index="0" ><img loading="lazy" decoding="async" width="2554" height="10" src="https://ikf.ac.at/wp-content/uploads/2021/01/linie_IKF.jpg" class="image wp-image-754  attachment-full size-full" alt="" style="max-width: 100%; height: auto;" srcset="https://ikf.ac.at/wp-content/uploads/2021/01/linie_IKF.jpg 2554w, https://ikf.ac.at/wp-content/uploads/2021/01/linie_IKF-300x1.jpg 300w, https://ikf.ac.at/wp-content/uploads/2021/01/linie_IKF-1024x4.jpg 1024w, https://ikf.ac.at/wp-content/uploads/2021/01/linie_IKF-768x3.jpg 768w, https://ikf.ac.at/wp-content/uploads/2021/01/linie_IKF-1536x6.jpg 1536w, https://ikf.ac.at/wp-content/uploads/2021/01/linie_IKF-2048x8.jpg 2048w" sizes="auto, (max-width: 2554px) 100vw, 2554px" /></div></div></div></div>


<div style="color:#ddd" class="wp-block-genesis-blocks-gb-spacer gb-block-spacer gb-divider-solid gb-divider-size-1"><hr style="height:30px"/></div>


<div id="pl-gb2757-69f2403bd4260"  class="panel-layout" ><div id="pg-gb2757-69f2403bd4260-0"  class="panel-grid panel-no-style" ><div id="pgc-gb2757-69f2403bd4260-0-0"  class="panel-grid-cell panel-grid-cell-empty" ></div><div id="pgc-gb2757-69f2403bd4260-0-1"  class="panel-grid-cell" ><div id="panel-gb2757-69f2403bd4260-0-1-0" class="so-panel widget widget_sow-editor panel-first-child panel-last-child" data-index="0" ><div
			
			class="so-widget-sow-editor so-widget-sow-editor-base"
			
		>
<div class="siteorigin-widget-tinymce textwidget">
	<table style="height: 100px; width: 100%; border-collapse: collapse;" border="1" cellpadding="2">
<tbody>
<tr style="height: 24px;">
<td style="width: 25.6421%; height: 24px;">Projektleitung und Durchführung:</td>
<td style="width: 74.3578%; height: 24px;" colspan="2" class="translation-block"><span style="font-size: x-large">Dr. Birgitt Haller</span></td>
</tr>
<tr>
<td style="width: 25.6421%;">
<hr />
</td>
<td style="width: 30.4713%;">
<hr />
</td>
<td style="width: 43.8865%;"></td>
</tr>
<tr>
<td style="width: 25.6421%;">Funded by:</td>
<td style="width: 74.3578%;" colspan="2">Stadt Wien / MA 57 über den Weißen Ring</td>
</tr>
<tr>
<td style="width: 25.6421%;">
<hr />
</td>
<td style="width: 30.4713%;">
<hr />
</td>
<td style="width: 43.8865%; height: 24px;"></td>
</tr>
<tr style="height: 24px;">
<td style="width: 25.6421%; height: 24px;">Completed in:</td>
<td style="height: 24px; width: 74.3578%;" colspan="2">Januar 2008</td>
</tr>
</tbody>
</table>
</div>
</div></div></div></div></div>


<div style="color:#404168" class="wp-block-genesis-blocks-gb-spacer gb-block-spacer gb-divider-solid gb-spacer-divider gb-divider-size-1"><hr style="height:3px"/></div>



<div style="color:#404168" class="wp-block-genesis-blocks-gb-spacer gb-block-spacer gb-divider-solid gb-divider-size-1"><hr style="height:10px"/></div>


<div id="pl-gb2757-69f2403bd48d6"  class="panel-layout" ><div id="pg-gb2757-69f2403bd48d6-0"  class="panel-grid panel-no-style" ><div id="pgc-gb2757-69f2403bd48d6-0-0"  class="panel-grid-cell panel-grid-cell-empty" ></div><div id="pgc-gb2757-69f2403bd48d6-0-1"  class="panel-grid-cell panel-grid-cell-mobile-last" ><div id="panel-gb2757-69f2403bd48d6-0-1-0" class="so-panel widget widget_text panel-first-child panel-last-child" data-index="0" >			<div class="textwidget"><p align="justify">Ziel des vom Weißen Ring konzipierten und zwischen Mitte November und Mitte Dezember 2007 im 10. Wiener Gemeindebezirk durchgeführten Opferhilfeprojekts war es, Seniorinnen ab 60 Jahren nach einer erlittenen Straftat möglichst rasch zu stabilisieren und sie bei der Wiedergewinnung ihrer emotionalen und äußeren Sicherheit zu unterstützen. Dadurch sollte insbesondere ihre Selbstständigkeit wiederhergestellt werden, um zu verhindern, dass die Angst vor neuerlichen übergriffen zu sozialer Isolation bzw. schweren psychischen Beeinträchtigungen oder Krankheiten führt. Den Verbrechensopfern wurde auf ihren Wunsch hin von der Polizei psychosoziale Soforthilfe und eine Weiterbetreuung durch eine Psychologin vermittelt.</p>
<p align="justify">Die Evaluierung verfolgte zwei Zugänge: die Befragung der vom psychologischen Team betreuten Verbrechensopfer mittels eines Fragebogens und einer telefonischen Abschlussbefragung, sowie die Durchführung von Interviews mit den Betreuerinnen und den PolizeibeamtInnen vor Ort.</p>
<p align="justify">Obwohl nur neun Verbrechensopfer betreut werden konnten, wurde deutlich, dass die angestrebte Stabilisierung der Klientinnen erreicht wurde. Die betreuten Seniorinnen gaben bei der Beantwortung des Fragebogens und auch gegenüber ihren Betreuerinnen an, mit jemandem über ihre Kriminalitätserfahrung reden zu können sei ihnen wichtig gewesen und der Zuspruch habe ihnen gut getan. Allerdings meinten im Zuge der Nachfrage durch die Evaluatorin, rund drei bis vier Wochen nach dem Erstkontakt mit der Betreuerin, zwei von fünf Frauen, dass ihnen die Intervention &#8220;eigentlich nichts gebracht&#8221; habe bzw. dass man ihnen nicht helfen könne. Die Diskrepanz zwischen den zunächst durchgängig positiven Reaktionen, die in der Folge teilweise revidiert wurden, verweist möglicherweise auf die Notwendigkeit einer deutlich längerfristigen Betreuung. Diese Vermutung deckt sich mit Beobachtungen sowohl der Betreuerinnen als auch der befragten Exekutivbeamten: Die Klientinnen bzw. Verbrechensopfer generell würden zunächst unter Schock stehen, die Auswirkungen eines Übergriffs zeigten sich erst zeitverzögert.</p>
<p align="justify">Trotz der Konzeption des Unterstützungsangebots des Weißen Rings als Soforthilfe sah es erforderlichenfalls eine Folgebetreuung vor, die die Klientinnen auch in Anspruch nahmen. Dies ist schon deshalb notwendig, weil die Annahme eines umfassenden Betreuungsangebots eine persönliche Beziehung voraussetzt, deren Aufbau Zeit erfordert. Die Vermittlung zu psychologischer Betreuung etwa oder Gespräche über einen offenkundig notwendigen Heimaufenthalt sind nur auf der Basis eines Vertrauensverhältnisses möglich. Aus der auf ein Monat limitierten Laufzeit des Interventionsprojekts ergab sich aber eine entsprechende Einschränkung des Zeitraums für die Folgebetreuung, die vermutlich zu kurz ist, um bei allen Betroffenen eine ausreichende und nachhaltige Stärkung zu erreichen und ihr Sicherheitsgefühl wiederherzustellen.</p>
<p align="justify">Die zwei bei der Nachbefragung dem Angebot gegenüber skeptischen Frauen waren beide nicht Opfer von schwerer Gewalt: Der einen wurde die Handtasche geraubt, der anderen die Geldtasche gestohlen, beide trugen aber durch den Übergriff keine Verletzungen davon. Beide haben familiäre Ressourcen und wurden von Enkeln unterstützt. Die Klientin dagegen, die nach einem Überfall elf Tage im Krankenhaus verbringen musste, war optimistisch und über das Interventionsprojekt richtiggehend begeistert. Vermutlich ist eine Unterstützung umso wichtiger, je massiver der Übergriff war bzw. erlebt wurde – wenn auch möglicherweise Persönlichkeitsunterschiede bei der Bewertung der Betreuung eine Rolle spielen.</p>
<p align="justify">Die Projekterfahrungen verweisen auf die Sinnhaftigkeit und Notwendigkeit einer Betreuung von Verbrechensopfern, die sich allerdings in vielen Fällen wohl über einen längeren Zeitraum erstrecken müsste. Die Exekutive würde den Aussagen der Gesprächspartner zufolge eine solche Initiative begrüßen und unterstützen – müsste aber auch mit mehr Nachdruck über das Unterstützungsangebot informiert werden.</p>
</div>
		</div></div><div id="pgc-gb2757-69f2403bd48d6-0-2"  class="panel-grid-cell panel-grid-cell-empty" ></div></div></div>


<div style="color:#333" class="wp-block-genesis-blocks-gb-spacer gb-block-spacer gb-divider-solid gb-spacer-divider gb-divider-size-1"><hr style="height:100px"/></div>
</div></div></div>
