{"id":2742,"date":"2021-04-27T12:08:11","date_gmt":"2021-04-27T12:08:11","guid":{"rendered":"http:\/\/test-ikf.online\/?page_id=2742"},"modified":"2021-04-27T12:08:39","modified_gmt":"2021-04-27T12:08:39","slug":"1998-literaturrecherche-und-analyse-zum-thema-arbeit-mit-gewalttaetern","status":"publish","type":"page","link":"https:\/\/ikf.ac.at\/en\/schwerpunkte\/sicherheit\/gewalt\/1998-literaturrecherche-und-analyse-zum-thema-arbeit-mit-gewalttaetern","title":{"rendered":"1998: Literaturrecherche und Analyse zum Thema Arbeit mit Gewaltt\u00e4tern"},"content":{"rendered":"<div class=\"wp-block-atomic-blocks-ab-container alignfull ab-block-container\"><div class=\"ab-container-inside\"><div class=\"ab-container-content\"><div id=\"pl-gb2742-69f24017a1167\"  class=\"panel-layout\" ><div id=\"pg-gb2742-69f24017a1167-0\"  class=\"panel-grid panel-no-style\" ><div id=\"pgc-gb2742-69f24017a1167-0-0\"  class=\"panel-grid-cell\" ><div id=\"panel-gb2742-69f24017a1167-0-0-0\" class=\"so-panel widget widget_media_image panel-first-child panel-last-child\" data-index=\"0\" ><img loading=\"lazy\" decoding=\"async\" width=\"2554\" height=\"10\" src=\"https:\/\/ikf.ac.at\/wp-content\/uploads\/2021\/01\/linie_IKF.jpg\" class=\"image wp-image-754  attachment-full size-full\" alt=\"\" style=\"max-width: 100%; height: auto;\" srcset=\"https:\/\/ikf.ac.at\/wp-content\/uploads\/2021\/01\/linie_IKF.jpg 2554w, https:\/\/ikf.ac.at\/wp-content\/uploads\/2021\/01\/linie_IKF-300x1.jpg 300w, https:\/\/ikf.ac.at\/wp-content\/uploads\/2021\/01\/linie_IKF-1024x4.jpg 1024w, https:\/\/ikf.ac.at\/wp-content\/uploads\/2021\/01\/linie_IKF-768x3.jpg 768w, https:\/\/ikf.ac.at\/wp-content\/uploads\/2021\/01\/linie_IKF-1536x6.jpg 1536w, https:\/\/ikf.ac.at\/wp-content\/uploads\/2021\/01\/linie_IKF-2048x8.jpg 2048w\" sizes=\"auto, (max-width: 2554px) 100vw, 2554px\" \/><\/div><\/div><\/div><\/div>\n\n\n<div style=\"color:#ddd\" class=\"wp-block-genesis-blocks-gb-spacer gb-block-spacer gb-divider-solid gb-divider-size-1\"><hr style=\"height:30px\"\/><\/div>\n\n\n<div id=\"pl-gb2742-69f24017a17f8\"  class=\"panel-layout\" ><div id=\"pg-gb2742-69f24017a17f8-0\"  class=\"panel-grid panel-no-style\" ><div id=\"pgc-gb2742-69f24017a17f8-0-0\"  class=\"panel-grid-cell panel-grid-cell-empty\" ><\/div><div id=\"pgc-gb2742-69f24017a17f8-0-1\"  class=\"panel-grid-cell\" ><div id=\"panel-gb2742-69f24017a17f8-0-1-0\" class=\"so-panel widget widget_sow-editor panel-first-child panel-last-child\" data-index=\"0\" ><div\n\t\t\t\n\t\t\tclass=\"so-widget-sow-editor so-widget-sow-editor-base\"\n\t\t\t\n\t\t>\n<div class=\"siteorigin-widget-tinymce textwidget\">\n\t<table style=\"height: 100px; width: 100%; border-collapse: collapse;\" border=\"1\" cellpadding=\"2\">\n<tbody>\n<tr style=\"height: 24px;\">\n<td style=\"width: 15.8421%; height: 24px;\">Project management:<\/td>\n<td style=\"width: 84.1578%; height: 24px;\" colspan=\"2\">Dr. Ilse K\u00f6nig<\/td>\n<\/tr>\n<tr>\n<td style=\"width: 15.8421%;\">\n<hr \/>\n<\/td>\n<td style=\"width: 39.0627%;\">\n<hr \/>\n<\/td>\n<td style=\"width: 45.0951%; height: 24px;\"><\/td>\n<\/tr>\n<tr>\n<td style=\"width: 15.8421%;\">Implementation:<\/td>\n<td style=\"width: 84.1578%;\" colspan=\"2\">Mag. Karin Eitel<br \/>\nMag. Elfriede Fr\u00f6schl<br \/>\nDr. Gabriele Vana-Kowarzik<\/td>\n<\/tr>\n<tr>\n<td style=\"width: 15.8421%;\">\n<hr \/>\n<\/td>\n<td style=\"width: 39.0627%;\">\n<hr \/>\n<\/td>\n<td style=\"width: 45.0951%;\"><\/td>\n<\/tr>\n<tr>\n<td style=\"width: 15.8421%;\">Funded by:<\/td>\n<td style=\"width: 84.1578%;\" colspan=\"2\">Bundesministerium f\u00fcr Umwelt, Jugend und Familie<\/td>\n<\/tr>\n<tr>\n<td style=\"width: 15.8421%;\">\n<hr \/>\n<\/td>\n<td style=\"width: 39.0627%;\">\n<hr \/>\n<\/td>\n<td style=\"width: 45.0951%; height: 24px;\"><\/td>\n<\/tr>\n<tr style=\"height: 24px;\">\n<td style=\"width: 15.8421%; height: 24px;\">Completed in:<\/td>\n<td style=\"height: 24px; width: 84.1578%;\" colspan=\"2\">April 1998<\/td>\n<\/tr>\n<\/tbody>\n<\/table>\n<\/div>\n<\/div><\/div><\/div><\/div><\/div>\n\n\n<div style=\"color:#404168\" class=\"wp-block-genesis-blocks-gb-spacer gb-block-spacer gb-divider-solid gb-spacer-divider gb-divider-size-1\"><hr style=\"height:3px\"\/><\/div>\n\n\n\n<div style=\"color:#404168\" class=\"wp-block-genesis-blocks-gb-spacer gb-block-spacer gb-divider-solid gb-divider-size-1\"><hr style=\"height:10px\"\/><\/div>\n\n\n<div id=\"pl-gb2742-69f24017a1c84\"  class=\"panel-layout\" ><div id=\"pg-gb2742-69f24017a1c84-0\"  class=\"panel-grid panel-no-style\" ><div id=\"pgc-gb2742-69f24017a1c84-0-0\"  class=\"panel-grid-cell panel-grid-cell-empty\" ><\/div><div id=\"pgc-gb2742-69f24017a1c84-0-1\"  class=\"panel-grid-cell panel-grid-cell-mobile-last\" ><div id=\"panel-gb2742-69f24017a1c84-0-1-0\" class=\"so-panel widget widget_text panel-first-child panel-last-child\" data-index=\"0\" >\t\t\t<div class=\"textwidget\"><p align=\"justify\">Im Zuge der Verabschiedung des Gesetzes zum Schutz vor Gewalt in der Familie, das am 1.Mai 1997 in Kraft trat, tauchte vermehrt die Frage auf, was mit den Verursachern von Gewalt geschehen solle, um sie von erneuten Gewalttaten abzuhalten. Unter dem Schlagwort &#8220;T\u00e4terarbeit&#8221; gibt es bereits seit rund 20 Jahren international umfangreiche praktische Erfahrungen, die aber kaum publiziert oder systematisch aufgearbeitet wurden. Im Rahmen des Projektes sollten daher eine Literaturrecherche und -analyse sowie ein Rechtsvergleich zum Thema &#8220;Arbeit mit Gewaltt\u00e4tern&#8221; durchgef\u00fchrt werden.<\/p>\n<p align=\"justify\">Es wurde zun\u00e4chst die Fachliteratur in Hinblick auf die drei am h\u00e4ufigsten vorkommenden Gewaltformen in der Familie \u2013 Gewalt gegen Frauen, Gewalt gegen Kinder und sexueller Mi\u00dfbrauch \u2013 gesichtet und zusammengefa\u00dft. In weiterer Folge wurden T\u00e4terprogramme zu allen drei Gewaltformen aus den USA, Kanada, Australien, Gro\u00dfbritannien, Deutschland, Schweden und den Niederlanden beschrieben und entsprechend ihrer institutionellen Einbindung in drei unterschiedliche Typen unterteilt. Erg\u00e4nzend zu den Darstellungen dieser Programme wurden Evaluierungsergebnisse und Standards f\u00fcr T\u00e4terprogramme zusammengefa\u00dft, um daraus die notwendigen Bedingungen f\u00fcr erfolgreiche T\u00e4terprogramme ableiten zu k\u00f6nnen. Schlie\u00dflich wurde f\u00fcr die angef\u00fchrten Staaten ein Rechtsvergleich mit einem besonderen Augenmerk auf Anregungen f\u00fcr eine m\u00f6gliche Reform des \u00f6sterreichischen Strafrechts angestellt.<\/p>\n<\/div>\n\t\t<\/div><\/div><div id=\"pgc-gb2742-69f24017a1c84-0-2\"  class=\"panel-grid-cell panel-grid-cell-empty\" ><\/div><\/div><\/div>\n\n\n<div style=\"color:#333\" class=\"wp-block-genesis-blocks-gb-spacer gb-block-spacer gb-divider-solid gb-spacer-divider gb-divider-size-1\"><hr style=\"height:100px\"\/><\/div>\n<\/div><\/div><\/div>","protected":false},"excerpt":{"rendered":"","protected":false},"author":2,"featured_media":0,"parent":1561,"menu_order":56,"comment_status":"closed","ping_status":"closed","template":"","meta":{"footnotes":""},"class_list":["post-2742","page","type-page","status-publish","hentry","post"],"featured_image_src":null,"featured_image_src_square":null,"_links":{"self":[{"href":"https:\/\/ikf.ac.at\/en\/wp-json\/wp\/v2\/pages\/2742","targetHints":{"allow":["GET"]}}],"collection":[{"href":"https:\/\/ikf.ac.at\/en\/wp-json\/wp\/v2\/pages"}],"about":[{"href":"https:\/\/ikf.ac.at\/en\/wp-json\/wp\/v2\/types\/page"}],"author":[{"embeddable":true,"href":"https:\/\/ikf.ac.at\/en\/wp-json\/wp\/v2\/users\/2"}],"replies":[{"embeddable":true,"href":"https:\/\/ikf.ac.at\/en\/wp-json\/wp\/v2\/comments?post=2742"}],"version-history":[{"count":1,"href":"https:\/\/ikf.ac.at\/en\/wp-json\/wp\/v2\/pages\/2742\/revisions"}],"predecessor-version":[{"id":2743,"href":"https:\/\/ikf.ac.at\/en\/wp-json\/wp\/v2\/pages\/2742\/revisions\/2743"}],"up":[{"embeddable":true,"href":"https:\/\/ikf.ac.at\/en\/wp-json\/wp\/v2\/pages\/1561"}],"wp:attachment":[{"href":"https:\/\/ikf.ac.at\/en\/wp-json\/wp\/v2\/media?parent=2742"}],"curies":[{"name":"wp","href":"https:\/\/api.w.org\/{rel}","templated":true}]}}

1998: Literaturrecherche und Analyse zum Thema Arbeit mit Gewalttätern

<div class="wp-block-atomic-blocks-ab-container alignfull ab-block-container"><div class="ab-container-inside"><div class="ab-container-content"><div id="pl-gb2742-69f24017a1167"  class="panel-layout" ><div id="pg-gb2742-69f24017a1167-0"  class="panel-grid panel-no-style" ><div id="pgc-gb2742-69f24017a1167-0-0"  class="panel-grid-cell" ><div id="panel-gb2742-69f24017a1167-0-0-0" class="so-panel widget widget_media_image panel-first-child panel-last-child" data-index="0" ><img loading="lazy" decoding="async" width="2554" height="10" src="https://ikf.ac.at/wp-content/uploads/2021/01/linie_IKF.jpg" class="image wp-image-754  attachment-full size-full" alt="" style="max-width: 100%; height: auto;" srcset="https://ikf.ac.at/wp-content/uploads/2021/01/linie_IKF.jpg 2554w, https://ikf.ac.at/wp-content/uploads/2021/01/linie_IKF-300x1.jpg 300w, https://ikf.ac.at/wp-content/uploads/2021/01/linie_IKF-1024x4.jpg 1024w, https://ikf.ac.at/wp-content/uploads/2021/01/linie_IKF-768x3.jpg 768w, https://ikf.ac.at/wp-content/uploads/2021/01/linie_IKF-1536x6.jpg 1536w, https://ikf.ac.at/wp-content/uploads/2021/01/linie_IKF-2048x8.jpg 2048w" sizes="auto, (max-width: 2554px) 100vw, 2554px" /></div></div></div></div>


<div style="color:#ddd" class="wp-block-genesis-blocks-gb-spacer gb-block-spacer gb-divider-solid gb-divider-size-1"><hr style="height:30px"/></div>


<div id="pl-gb2742-69f24017a17f8"  class="panel-layout" ><div id="pg-gb2742-69f24017a17f8-0"  class="panel-grid panel-no-style" ><div id="pgc-gb2742-69f24017a17f8-0-0"  class="panel-grid-cell panel-grid-cell-empty" ></div><div id="pgc-gb2742-69f24017a17f8-0-1"  class="panel-grid-cell" ><div id="panel-gb2742-69f24017a17f8-0-1-0" class="so-panel widget widget_sow-editor panel-first-child panel-last-child" data-index="0" ><div
			
			class="so-widget-sow-editor so-widget-sow-editor-base"
			
		>
<div class="siteorigin-widget-tinymce textwidget">
	<table style="height: 100px; width: 100%; border-collapse: collapse;" border="1" cellpadding="2">
<tbody>
<tr style="height: 24px;">
<td style="width: 15.8421%; height: 24px;">Project management:</td>
<td style="width: 84.1578%; height: 24px;" colspan="2">Dr. Ilse König</td>
</tr>
<tr>
<td style="width: 15.8421%;">
<hr />
</td>
<td style="width: 39.0627%;">
<hr />
</td>
<td style="width: 45.0951%; height: 24px;"></td>
</tr>
<tr>
<td style="width: 15.8421%;">Implementation:</td>
<td style="width: 84.1578%;" colspan="2">Mag. Karin Eitel<br />
Mag. Elfriede Fröschl<br />
Dr. Gabriele Vana-Kowarzik</td>
</tr>
<tr>
<td style="width: 15.8421%;">
<hr />
</td>
<td style="width: 39.0627%;">
<hr />
</td>
<td style="width: 45.0951%;"></td>
</tr>
<tr>
<td style="width: 15.8421%;">Funded by:</td>
<td style="width: 84.1578%;" colspan="2">Bundesministerium für Umwelt, Jugend und Familie</td>
</tr>
<tr>
<td style="width: 15.8421%;">
<hr />
</td>
<td style="width: 39.0627%;">
<hr />
</td>
<td style="width: 45.0951%; height: 24px;"></td>
</tr>
<tr style="height: 24px;">
<td style="width: 15.8421%; height: 24px;">Completed in:</td>
<td style="height: 24px; width: 84.1578%;" colspan="2">April 1998</td>
</tr>
</tbody>
</table>
</div>
</div></div></div></div></div>


<div style="color:#404168" class="wp-block-genesis-blocks-gb-spacer gb-block-spacer gb-divider-solid gb-spacer-divider gb-divider-size-1"><hr style="height:3px"/></div>



<div style="color:#404168" class="wp-block-genesis-blocks-gb-spacer gb-block-spacer gb-divider-solid gb-divider-size-1"><hr style="height:10px"/></div>


<div id="pl-gb2742-69f24017a1c84"  class="panel-layout" ><div id="pg-gb2742-69f24017a1c84-0"  class="panel-grid panel-no-style" ><div id="pgc-gb2742-69f24017a1c84-0-0"  class="panel-grid-cell panel-grid-cell-empty" ></div><div id="pgc-gb2742-69f24017a1c84-0-1"  class="panel-grid-cell panel-grid-cell-mobile-last" ><div id="panel-gb2742-69f24017a1c84-0-1-0" class="so-panel widget widget_text panel-first-child panel-last-child" data-index="0" >			<div class="textwidget"><p align="justify">Im Zuge der Verabschiedung des Gesetzes zum Schutz vor Gewalt in der Familie, das am 1.Mai 1997 in Kraft trat, tauchte vermehrt die Frage auf, was mit den Verursachern von Gewalt geschehen solle, um sie von erneuten Gewalttaten abzuhalten. Unter dem Schlagwort &#8220;Täterarbeit&#8221; gibt es bereits seit rund 20 Jahren international umfangreiche praktische Erfahrungen, die aber kaum publiziert oder systematisch aufgearbeitet wurden. Im Rahmen des Projektes sollten daher eine Literaturrecherche und -analyse sowie ein Rechtsvergleich zum Thema &#8220;Arbeit mit Gewalttätern&#8221; durchgeführt werden.</p>
<p align="justify">Es wurde zunächst die Fachliteratur in Hinblick auf die drei am häufigsten vorkommenden Gewaltformen in der Familie – Gewalt gegen Frauen, Gewalt gegen Kinder und sexueller Mißbrauch – gesichtet und zusammengefaßt. In weiterer Folge wurden Täterprogramme zu allen drei Gewaltformen aus den USA, Kanada, Australien, Großbritannien, Deutschland, Schweden und den Niederlanden beschrieben und entsprechend ihrer institutionellen Einbindung in drei unterschiedliche Typen unterteilt. Ergänzend zu den Darstellungen dieser Programme wurden Evaluierungsergebnisse und Standards für Täterprogramme zusammengefaßt, um daraus die notwendigen Bedingungen für erfolgreiche Täterprogramme ableiten zu können. Schließlich wurde für die angeführten Staaten ein Rechtsvergleich mit einem besonderen Augenmerk auf Anregungen für eine mögliche Reform des österreichischen Strafrechts angestellt.</p>
</div>
		</div></div><div id="pgc-gb2742-69f24017a1c84-0-2"  class="panel-grid-cell panel-grid-cell-empty" ></div></div></div>


<div style="color:#333" class="wp-block-genesis-blocks-gb-spacer gb-block-spacer gb-divider-solid gb-spacer-divider gb-divider-size-1"><hr style="height:100px"/></div>
</div></div></div>
