{"id":2727,"date":"2021-04-27T10:59:18","date_gmt":"2021-04-27T10:59:18","guid":{"rendered":"http:\/\/test-ikf.online\/?page_id=2727"},"modified":"2021-04-27T10:59:37","modified_gmt":"2021-04-27T10:59:37","slug":"2004-gewaltpraevention-in-der-schule","status":"publish","type":"page","link":"https:\/\/ikf.ac.at\/en\/schwerpunkte\/sicherheit\/gewalt\/2004-gewaltpraevention-in-der-schule","title":{"rendered":"2004: Gewaltpr\u00e4vention in der Schule"},"content":{"rendered":"<div class=\"wp-block-atomic-blocks-ab-container alignfull ab-block-container\"><div class=\"ab-container-inside\"><div class=\"ab-container-content\"><div id=\"pl-gb2727-69f2550fa71d0\"  class=\"panel-layout\" ><div id=\"pg-gb2727-69f2550fa71d0-0\"  class=\"panel-grid panel-no-style\" ><div id=\"pgc-gb2727-69f2550fa71d0-0-0\"  class=\"panel-grid-cell\" ><div id=\"panel-gb2727-69f2550fa71d0-0-0-0\" class=\"so-panel widget widget_media_image panel-first-child panel-last-child\" data-index=\"0\" ><img loading=\"lazy\" decoding=\"async\" width=\"2554\" height=\"10\" src=\"https:\/\/ikf.ac.at\/wp-content\/uploads\/2021\/01\/linie_IKF.jpg\" class=\"image wp-image-754  attachment-full size-full\" alt=\"\" style=\"max-width: 100%; height: auto;\" srcset=\"https:\/\/ikf.ac.at\/wp-content\/uploads\/2021\/01\/linie_IKF.jpg 2554w, https:\/\/ikf.ac.at\/wp-content\/uploads\/2021\/01\/linie_IKF-300x1.jpg 300w, https:\/\/ikf.ac.at\/wp-content\/uploads\/2021\/01\/linie_IKF-1024x4.jpg 1024w, https:\/\/ikf.ac.at\/wp-content\/uploads\/2021\/01\/linie_IKF-768x3.jpg 768w, https:\/\/ikf.ac.at\/wp-content\/uploads\/2021\/01\/linie_IKF-1536x6.jpg 1536w, https:\/\/ikf.ac.at\/wp-content\/uploads\/2021\/01\/linie_IKF-2048x8.jpg 2048w\" sizes=\"auto, (max-width: 2554px) 100vw, 2554px\" \/><\/div><\/div><\/div><\/div>\n\n\n<div style=\"color:#ddd\" class=\"wp-block-genesis-blocks-gb-spacer gb-block-spacer gb-divider-solid gb-divider-size-1\"><hr style=\"height:30px\"\/><\/div>\n\n\n<div id=\"pl-gb2727-69f2550fa763d\"  class=\"panel-layout\" ><div id=\"pg-gb2727-69f2550fa763d-0\"  class=\"panel-grid panel-no-style\" ><div id=\"pgc-gb2727-69f2550fa763d-0-0\"  class=\"panel-grid-cell panel-grid-cell-empty\" ><\/div><div id=\"pgc-gb2727-69f2550fa763d-0-1\"  class=\"panel-grid-cell\" ><div id=\"panel-gb2727-69f2550fa763d-0-1-0\" class=\"so-panel widget widget_sow-editor panel-first-child panel-last-child\" data-index=\"0\" ><div\n\t\t\t\n\t\t\tclass=\"so-widget-sow-editor so-widget-sow-editor-base\"\n\t\t\t\n\t\t>\n<div class=\"siteorigin-widget-tinymce textwidget\">\n\t<table style=\"height: 220px; width: 100%; border-collapse: collapse;\" border=\"1\" cellpadding=\"2\">\n<tbody>\n<tr style=\"height: 24px;\">\n<td style=\"width: 15.8421%; height: 24px;\">Project management:<\/td>\n<td style=\"width: 84.1578%; height: 24px;\" colspan=\"2\">Univ.-Prof. Dr. Anton Pelinka<\/td>\n<\/tr>\n<tr style=\"height: 24px;\">\n<td style=\"width: 15.8421%; height: 24px;\">\n<hr \/>\n<\/td>\n<td style=\"width: 48.9713%; height: 24px;\">\n<hr \/>\n<\/td>\n<td style=\"width: 35.1865%; height: 24px;\"><\/td>\n<\/tr>\n<tr style=\"height: 24px;\">\n<td style=\"width: 15.8421%; height: 24px;\">Implementation:<\/td>\n<td style=\"width: 84.1578%; height: 24px;\" colspan=\"2\">Dr.<sup>in<\/sup> Birgitt Haller<br \/>\nMag. Dr. Stefanie Mayer<sup>a<\/sup> Karin St\u00f6gner<\/td>\n<\/tr>\n<tr style=\"height: 24px;\">\n<td style=\"width: 15.8421%; height: 24px;\">\n<hr \/>\n<\/td>\n<td style=\"width: 48.9713%; height: 24px;\">\n<hr \/>\n<\/td>\n<td style=\"width: 35.1865%; height: 24px;\"><\/td>\n<\/tr>\n<tr style=\"height: 24px;\">\n<td style=\"width: 15.8421%; height: 24px;\">Funded by:<\/td>\n<td style=\"width: 84.1578%; height: 24px;\" colspan=\"2\">Bundesministerium f\u00fcr Bildung, Wissenschaft und Kultur, Sektion V<br \/>\nMA 57 \/ Frauenb\u00fcro der Stadt Wien<\/td>\n<\/tr>\n<tr style=\"height: 24px;\">\n<td style=\"width: 15.8421%; height: 24px;\">\n<hr \/>\n<\/td>\n<td style=\"width: 48.9713%; height: 24px;\">\n<hr \/>\n<\/td>\n<td style=\"width: 35.1865%; height: 24px;\"><\/td>\n<\/tr>\n<tr style=\"height: 24px;\">\n<td style=\"width: 15.8421%; height: 24px;\">Completed in:<\/td>\n<td style=\"height: 24px; width: 84.1578%;\" colspan=\"2\">April 2004<\/td>\n<\/tr>\n<tr style=\"height: 24px;\">\n<td style=\"width: 15.8421%; height: 24px;\">\n<hr \/>\n<\/td>\n<td style=\"width: 48.9713%; height: 24px;\">\n<hr \/>\n<\/td>\n<td style=\"width: 35.1865%; height: 24px;\"><\/td>\n<\/tr>\n<tr style=\"height: 28px;\">\n<td style=\"width: 15.8421%; height: 28px;\"><\/td>\n<td style=\"width: 48.9713%; height: 28px;\" valign=\"top\" width=\"80%\"><img loading=\"lazy\" decoding=\"async\" src=\"https:\/\/ikf.ac.at\/wp-content\/uploads\/2021\/03\/Document-Folder-e1615278415108.png\" width=\"28\" height=\"28\" align=\"left\" \/> &nbsp;<a href=\"https:\/\/ikf.ac.at\/wp-content\/uploads\/2021\/04\/Projektbericht_Gewaltpraevention.pdf\" target=\"_blank\" rel=\"noopener\">Final Report (german)<\/a><\/td>\n<td style=\"width: 35.1865%; height: 28px;\"><\/td>\n<\/tr>\n<\/tbody>\n<\/table>\n<\/div>\n<\/div><\/div><\/div><\/div><\/div>\n\n\n<div style=\"color:#404168\" class=\"wp-block-genesis-blocks-gb-spacer gb-block-spacer gb-divider-solid gb-spacer-divider gb-divider-size-1\"><hr style=\"height:3px\"\/><\/div>\n\n\n\n<div style=\"color:#404168\" class=\"wp-block-genesis-blocks-gb-spacer gb-block-spacer gb-divider-solid gb-divider-size-1\"><hr style=\"height:10px\"\/><\/div>\n\n\n<div id=\"pl-gb2727-69f2550fa7ab4\"  class=\"panel-layout\" ><div id=\"pg-gb2727-69f2550fa7ab4-0\"  class=\"panel-grid panel-no-style\" ><div id=\"pgc-gb2727-69f2550fa7ab4-0-0\"  class=\"panel-grid-cell panel-grid-cell-empty\" ><\/div><div id=\"pgc-gb2727-69f2550fa7ab4-0-1\"  class=\"panel-grid-cell panel-grid-cell-mobile-last\" ><div id=\"panel-gb2727-69f2550fa7ab4-0-1-0\" class=\"so-panel widget widget_text panel-first-child panel-last-child\" data-index=\"0\" >\t\t\t<div class=\"textwidget\"><p align=\"justify\">Das Forschungsprojekt umfasste zwei Teile: Zum einen erfolgte im November\/Dezember 2003 eine Literaturrecherche im Internet, in deren Rahmen Daten zu schulischer Gewalt sowie nationale und internationale Modelle\/Aktivit\u00e4ten erhoben wurden, die als Ma\u00dfnahmen gegen Gewalt in der Schule bzw. generell zur F\u00f6rderung der Sensibilisierung gegen\u00fcber Gewalt entwickelt und erprobt wurden. Das Spektrum dieser Ma\u00dfnahmen reicht von (Peer-)Mediation \u00fcber Schulentwicklungsprozesse und der Aufstellung von Schulregeln bis zu spezifischen Anti-Gewalt-Programmen. Konkrete Projektbeschreibungen bzw. Evaluierungen, die detailliert auf Rahmenbedingungen, Erfolge und Probleme eingehen, waren allerdings nur in wenigen F\u00e4llen zu finden.<\/p>\n<p align=\"justify\">Im Anschluss an die Literaturrecherche wurden Interviews mit ExpertInnen aus dem Raum Wien zum Thema Gewalt in der Schule durchgef\u00fchrt. Im Mittelpunkt des Interesses standen dabei Wahrnehmungen zur Gewaltentwicklung und zu geschlechtsspezifischen Unterschieden, sowie Erfahrungen mit verschiedenen Modellen der Gewaltpr\u00e4vention und der Umgang mit Gewalt in der Schule durch die Familie.<\/p>\n<p align=\"justify\">Die Mehrzahl der InterviewpartnerInnen vertrat die Ansicht, dass Gewalt unter Kindern und Jugendlichen in den letzten Jahrzehnten nicht zugenommen habe, aber gleichzeitig wurde festgestellt, dass Gewalthandlungen brutaler geworden seien. K\u00f6rperliche Gewalt sei allerdings in erster Linie bei J\u00fcngeren zu beobachten; ab dem Alter von 14, 15 Jahren w\u00fcrde die Gewalt dann subtiler. Alle Gespr\u00e4chspartnerInnen stellten geschlechtsspezifische Unterschiede im Gewaltverhalten fest. So w\u00fcrden M\u00e4dchen etwa deutlich seltener als Burschen k\u00f6rperliche Gewalt anwenden und dies v.a. zu ihrer Verteidigung. Mehrfach wurde darauf hingewiesen, dass von M\u00e4dchen ausge\u00fcbte Gewalt subtiler und weniger sichtbar sei, was dazu f\u00fchren k\u00f6nne, dass ihre Probleme nicht erkannt w\u00fcrden und ihnen daher seltener Unterst\u00fctzung angeboten werde.<\/p>\n<p align=\"justify\">Als Hintergr\u00fcnde von Gewalt wurden eine durchg\u00e4ngige &#8220;Alltagsverrohung&#8221;, eine kinderfeindliche soziale Umwelt, hilfloses und inkonsequentes Erziehungsverhalten, die verharmlosende Darstellung von Gewalt in den Medien, aber auch die Zunahme von sozialen Problemen, die Druck erzeugten, genannt. H\u00e4ufig wurde in diesem Zusammenhang auch die Rolle der Schule, v.a. wegen der h\u00e4ufigen Disziplinierung durch Notendruck, problematisiert bzw. personale Gewalt durch LehrerInnen angesprochen. Dabei komme es insbesondere zu psychischen Misshandlungen, wobei vielen Lehrkr\u00e4ften ihr Verhalten nicht bewusst sei. Auch \u00fcbergriffige, sexuell konnotierte \u00c4u\u00dferungen von Lehrern und das &#8220;Begrabschen&#8221; von M\u00e4dchen wurden mehrfach berichtet. Gewalt von Sch\u00fclerInnen gegen LehrerInnen beschr\u00e4nke sich den Beobachtungen der InterviewpartnerInnen zufolge auf verbale und psychische Gewalt, diese habe allerdings zugenommen.<\/p>\n<p align=\"justify\">Die Ergebnisse der ExpertInneninterviews verweisen darauf, dass Gewalt in der Schule durchaus ernst zu nehmen ist \u2013 und zwar in beiden Aspekten: als Gewalt von Seiten von Kindern und Jugendlichen sowie als Gewalt von Lehrpersonen bzw. als institutionelle Gewalt seitens der Schule.<\/p>\n<\/div>\n\t\t<\/div><\/div><div id=\"pgc-gb2727-69f2550fa7ab4-0-2\"  class=\"panel-grid-cell panel-grid-cell-empty\" ><\/div><\/div><\/div>\n\n\n<div style=\"color:#333\" class=\"wp-block-genesis-blocks-gb-spacer gb-block-spacer gb-divider-solid gb-spacer-divider gb-divider-size-1\"><hr style=\"height:100px\"\/><\/div>\n<\/div><\/div><\/div>","protected":false},"excerpt":{"rendered":"","protected":false},"author":2,"featured_media":0,"parent":1561,"menu_order":53,"comment_status":"closed","ping_status":"closed","template":"","meta":{"footnotes":""},"class_list":["post-2727","page","type-page","status-publish","hentry","post"],"featured_image_src":null,"featured_image_src_square":null,"_links":{"self":[{"href":"https:\/\/ikf.ac.at\/en\/wp-json\/wp\/v2\/pages\/2727","targetHints":{"allow":["GET"]}}],"collection":[{"href":"https:\/\/ikf.ac.at\/en\/wp-json\/wp\/v2\/pages"}],"about":[{"href":"https:\/\/ikf.ac.at\/en\/wp-json\/wp\/v2\/types\/page"}],"author":[{"embeddable":true,"href":"https:\/\/ikf.ac.at\/en\/wp-json\/wp\/v2\/users\/2"}],"replies":[{"embeddable":true,"href":"https:\/\/ikf.ac.at\/en\/wp-json\/wp\/v2\/comments?post=2727"}],"version-history":[{"count":2,"href":"https:\/\/ikf.ac.at\/en\/wp-json\/wp\/v2\/pages\/2727\/revisions"}],"predecessor-version":[{"id":2729,"href":"https:\/\/ikf.ac.at\/en\/wp-json\/wp\/v2\/pages\/2727\/revisions\/2729"}],"up":[{"embeddable":true,"href":"https:\/\/ikf.ac.at\/en\/wp-json\/wp\/v2\/pages\/1561"}],"wp:attachment":[{"href":"https:\/\/ikf.ac.at\/en\/wp-json\/wp\/v2\/media?parent=2727"}],"curies":[{"name":"wp","href":"https:\/\/api.w.org\/{rel}","templated":true}]}}

2004: Gewaltprävention in der Schule

<div class="wp-block-atomic-blocks-ab-container alignfull ab-block-container"><div class="ab-container-inside"><div class="ab-container-content"><div id="pl-gb2727-69f2550fa71d0"  class="panel-layout" ><div id="pg-gb2727-69f2550fa71d0-0"  class="panel-grid panel-no-style" ><div id="pgc-gb2727-69f2550fa71d0-0-0"  class="panel-grid-cell" ><div id="panel-gb2727-69f2550fa71d0-0-0-0" class="so-panel widget widget_media_image panel-first-child panel-last-child" data-index="0" ><img loading="lazy" decoding="async" width="2554" height="10" src="https://ikf.ac.at/wp-content/uploads/2021/01/linie_IKF.jpg" class="image wp-image-754  attachment-full size-full" alt="" style="max-width: 100%; height: auto;" srcset="https://ikf.ac.at/wp-content/uploads/2021/01/linie_IKF.jpg 2554w, https://ikf.ac.at/wp-content/uploads/2021/01/linie_IKF-300x1.jpg 300w, https://ikf.ac.at/wp-content/uploads/2021/01/linie_IKF-1024x4.jpg 1024w, https://ikf.ac.at/wp-content/uploads/2021/01/linie_IKF-768x3.jpg 768w, https://ikf.ac.at/wp-content/uploads/2021/01/linie_IKF-1536x6.jpg 1536w, https://ikf.ac.at/wp-content/uploads/2021/01/linie_IKF-2048x8.jpg 2048w" sizes="auto, (max-width: 2554px) 100vw, 2554px" /></div></div></div></div>


<div style="color:#ddd" class="wp-block-genesis-blocks-gb-spacer gb-block-spacer gb-divider-solid gb-divider-size-1"><hr style="height:30px"/></div>


<div id="pl-gb2727-69f2550fa763d"  class="panel-layout" ><div id="pg-gb2727-69f2550fa763d-0"  class="panel-grid panel-no-style" ><div id="pgc-gb2727-69f2550fa763d-0-0"  class="panel-grid-cell panel-grid-cell-empty" ></div><div id="pgc-gb2727-69f2550fa763d-0-1"  class="panel-grid-cell" ><div id="panel-gb2727-69f2550fa763d-0-1-0" class="so-panel widget widget_sow-editor panel-first-child panel-last-child" data-index="0" ><div
			
			class="so-widget-sow-editor so-widget-sow-editor-base"
			
		>
<div class="siteorigin-widget-tinymce textwidget">
	<table style="height: 220px; width: 100%; border-collapse: collapse;" border="1" cellpadding="2">
<tbody>
<tr style="height: 24px;">
<td style="width: 15.8421%; height: 24px;">Project management:</td>
<td style="width: 84.1578%; height: 24px;" colspan="2">Univ.-Prof. Dr. Anton Pelinka</td>
</tr>
<tr style="height: 24px;">
<td style="width: 15.8421%; height: 24px;">
<hr />
</td>
<td style="width: 48.9713%; height: 24px;">
<hr />
</td>
<td style="width: 35.1865%; height: 24px;"></td>
</tr>
<tr style="height: 24px;">
<td style="width: 15.8421%; height: 24px;">Implementation:</td>
<td style="width: 84.1578%; height: 24px;" colspan="2">Dr.<sup>in</sup> Birgitt Haller<br />
Mag. Dr. Stefanie Mayer<sup>a</sup> Karin Stögner</td>
</tr>
<tr style="height: 24px;">
<td style="width: 15.8421%; height: 24px;">
<hr />
</td>
<td style="width: 48.9713%; height: 24px;">
<hr />
</td>
<td style="width: 35.1865%; height: 24px;"></td>
</tr>
<tr style="height: 24px;">
<td style="width: 15.8421%; height: 24px;">Funded by:</td>
<td style="width: 84.1578%; height: 24px;" colspan="2">Bundesministerium für Bildung, Wissenschaft und Kultur, Sektion V<br />
MA 57 / Frauenbüro der Stadt Wien</td>
</tr>
<tr style="height: 24px;">
<td style="width: 15.8421%; height: 24px;">
<hr />
</td>
<td style="width: 48.9713%; height: 24px;">
<hr />
</td>
<td style="width: 35.1865%; height: 24px;"></td>
</tr>
<tr style="height: 24px;">
<td style="width: 15.8421%; height: 24px;">Completed in:</td>
<td style="height: 24px; width: 84.1578%;" colspan="2">April 2004</td>
</tr>
<tr style="height: 24px;">
<td style="width: 15.8421%; height: 24px;">
<hr />
</td>
<td style="width: 48.9713%; height: 24px;">
<hr />
</td>
<td style="width: 35.1865%; height: 24px;"></td>
</tr>
<tr style="height: 28px;">
<td style="width: 15.8421%; height: 28px;"></td>
<td style="width: 48.9713%; height: 28px;" valign="top" width="80%"><img loading="lazy" decoding="async" src="https://ikf.ac.at/wp-content/uploads/2021/03/Document-Folder-e1615278415108.png" width="28" height="28" align="left" /> &nbsp;<a href="https://ikf.ac.at/wp-content/uploads/2021/04/Projektbericht_Gewaltpraevention.pdf" target="_blank" rel="noopener">Final Report (german)</a></td>
<td style="width: 35.1865%; height: 28px;"></td>
</tr>
</tbody>
</table>
</div>
</div></div></div></div></div>


<div style="color:#404168" class="wp-block-genesis-blocks-gb-spacer gb-block-spacer gb-divider-solid gb-spacer-divider gb-divider-size-1"><hr style="height:3px"/></div>



<div style="color:#404168" class="wp-block-genesis-blocks-gb-spacer gb-block-spacer gb-divider-solid gb-divider-size-1"><hr style="height:10px"/></div>


<div id="pl-gb2727-69f2550fa7ab4"  class="panel-layout" ><div id="pg-gb2727-69f2550fa7ab4-0"  class="panel-grid panel-no-style" ><div id="pgc-gb2727-69f2550fa7ab4-0-0"  class="panel-grid-cell panel-grid-cell-empty" ></div><div id="pgc-gb2727-69f2550fa7ab4-0-1"  class="panel-grid-cell panel-grid-cell-mobile-last" ><div id="panel-gb2727-69f2550fa7ab4-0-1-0" class="so-panel widget widget_text panel-first-child panel-last-child" data-index="0" >			<div class="textwidget"><p align="justify">Das Forschungsprojekt umfasste zwei Teile: Zum einen erfolgte im November/Dezember 2003 eine Literaturrecherche im Internet, in deren Rahmen Daten zu schulischer Gewalt sowie nationale und internationale Modelle/Aktivitäten erhoben wurden, die als Maßnahmen gegen Gewalt in der Schule bzw. generell zur Förderung der Sensibilisierung gegenüber Gewalt entwickelt und erprobt wurden. Das Spektrum dieser Maßnahmen reicht von (Peer-)Mediation über Schulentwicklungsprozesse und der Aufstellung von Schulregeln bis zu spezifischen Anti-Gewalt-Programmen. Konkrete Projektbeschreibungen bzw. Evaluierungen, die detailliert auf Rahmenbedingungen, Erfolge und Probleme eingehen, waren allerdings nur in wenigen Fällen zu finden.</p>
<p align="justify">Im Anschluss an die Literaturrecherche wurden Interviews mit ExpertInnen aus dem Raum Wien zum Thema Gewalt in der Schule durchgeführt. Im Mittelpunkt des Interesses standen dabei Wahrnehmungen zur Gewaltentwicklung und zu geschlechtsspezifischen Unterschieden, sowie Erfahrungen mit verschiedenen Modellen der Gewaltprävention und der Umgang mit Gewalt in der Schule durch die Familie.</p>
<p align="justify">Die Mehrzahl der InterviewpartnerInnen vertrat die Ansicht, dass Gewalt unter Kindern und Jugendlichen in den letzten Jahrzehnten nicht zugenommen habe, aber gleichzeitig wurde festgestellt, dass Gewalthandlungen brutaler geworden seien. Körperliche Gewalt sei allerdings in erster Linie bei Jüngeren zu beobachten; ab dem Alter von 14, 15 Jahren würde die Gewalt dann subtiler. Alle GesprächspartnerInnen stellten geschlechtsspezifische Unterschiede im Gewaltverhalten fest. So würden Mädchen etwa deutlich seltener als Burschen körperliche Gewalt anwenden und dies v.a. zu ihrer Verteidigung. Mehrfach wurde darauf hingewiesen, dass von Mädchen ausgeübte Gewalt subtiler und weniger sichtbar sei, was dazu führen könne, dass ihre Probleme nicht erkannt würden und ihnen daher seltener Unterstützung angeboten werde.</p>
<p align="justify">Als Hintergründe von Gewalt wurden eine durchgängige &#8220;Alltagsverrohung&#8221;, eine kinderfeindliche soziale Umwelt, hilfloses und inkonsequentes Erziehungsverhalten, die verharmlosende Darstellung von Gewalt in den Medien, aber auch die Zunahme von sozialen Problemen, die Druck erzeugten, genannt. Häufig wurde in diesem Zusammenhang auch die Rolle der Schule, v.a. wegen der häufigen Disziplinierung durch Notendruck, problematisiert bzw. personale Gewalt durch LehrerInnen angesprochen. Dabei komme es insbesondere zu psychischen Misshandlungen, wobei vielen Lehrkräften ihr Verhalten nicht bewusst sei. Auch übergriffige, sexuell konnotierte Äußerungen von Lehrern und das &#8220;Begrabschen&#8221; von Mädchen wurden mehrfach berichtet. Gewalt von SchülerInnen gegen LehrerInnen beschränke sich den Beobachtungen der InterviewpartnerInnen zufolge auf verbale und psychische Gewalt, diese habe allerdings zugenommen.</p>
<p align="justify">Die Ergebnisse der ExpertInneninterviews verweisen darauf, dass Gewalt in der Schule durchaus ernst zu nehmen ist – und zwar in beiden Aspekten: als Gewalt von Seiten von Kindern und Jugendlichen sowie als Gewalt von Lehrpersonen bzw. als institutionelle Gewalt seitens der Schule.</p>
</div>
		</div></div><div id="pgc-gb2727-69f2550fa7ab4-0-2"  class="panel-grid-cell panel-grid-cell-empty" ></div></div></div>


<div style="color:#333" class="wp-block-genesis-blocks-gb-spacer gb-block-spacer gb-divider-solid gb-spacer-divider gb-divider-size-1"><hr style="height:100px"/></div>
</div></div></div>
