{"id":2724,"date":"2021-04-27T10:52:31","date_gmt":"2021-04-27T10:52:31","guid":{"rendered":"http:\/\/test-ikf.online\/?page_id=2724"},"modified":"2021-04-27T10:53:04","modified_gmt":"2021-04-27T10:53:04","slug":"2004-aussenstellen-der-interventionsstellen-oberoesterreich-und-niederoesterreich","status":"publish","type":"page","link":"https:\/\/ikf.ac.at\/en\/schwerpunkte\/sicherheit\/gewalt\/2004-aussenstellen-der-interventionsstellen-oberoesterreich-und-niederoesterreich","title":{"rendered":"2004: Au\u00dfenstellen der Interventionsstellen Ober\u00f6sterreich und Nieder\u00f6sterreich \u2013 eine erste Einsch\u00e4tzung von Erfolgen und Bed\u00fcrfnissen"},"content":{"rendered":"<div class=\"wp-block-atomic-blocks-ab-container alignfull ab-block-container\"><div class=\"ab-container-inside\"><div class=\"ab-container-content\"><div id=\"pl-gb2724-69f2401458ebe\"  class=\"panel-layout\" ><div id=\"pg-gb2724-69f2401458ebe-0\"  class=\"panel-grid panel-no-style\" ><div id=\"pgc-gb2724-69f2401458ebe-0-0\"  class=\"panel-grid-cell\" ><div id=\"panel-gb2724-69f2401458ebe-0-0-0\" class=\"so-panel widget widget_media_image panel-first-child panel-last-child\" data-index=\"0\" ><img loading=\"lazy\" decoding=\"async\" width=\"2554\" height=\"10\" src=\"https:\/\/ikf.ac.at\/wp-content\/uploads\/2021\/01\/linie_IKF.jpg\" class=\"image wp-image-754  attachment-full size-full\" alt=\"\" style=\"max-width: 100%; height: auto;\" srcset=\"https:\/\/ikf.ac.at\/wp-content\/uploads\/2021\/01\/linie_IKF.jpg 2554w, https:\/\/ikf.ac.at\/wp-content\/uploads\/2021\/01\/linie_IKF-300x1.jpg 300w, https:\/\/ikf.ac.at\/wp-content\/uploads\/2021\/01\/linie_IKF-1024x4.jpg 1024w, https:\/\/ikf.ac.at\/wp-content\/uploads\/2021\/01\/linie_IKF-768x3.jpg 768w, https:\/\/ikf.ac.at\/wp-content\/uploads\/2021\/01\/linie_IKF-1536x6.jpg 1536w, https:\/\/ikf.ac.at\/wp-content\/uploads\/2021\/01\/linie_IKF-2048x8.jpg 2048w\" sizes=\"auto, (max-width: 2554px) 100vw, 2554px\" \/><\/div><\/div><\/div><\/div>\n\n\n<div style=\"color:#ddd\" class=\"wp-block-genesis-blocks-gb-spacer gb-block-spacer gb-divider-solid gb-divider-size-1\"><hr style=\"height:30px\"\/><\/div>\n\n\n<div id=\"pl-gb2724-69f240145938d\"  class=\"panel-layout\" ><div id=\"pg-gb2724-69f240145938d-0\"  class=\"panel-grid panel-no-style\" ><div id=\"pgc-gb2724-69f240145938d-0-0\"  class=\"panel-grid-cell panel-grid-cell-empty\" ><\/div><div id=\"pgc-gb2724-69f240145938d-0-1\"  class=\"panel-grid-cell\" ><div id=\"panel-gb2724-69f240145938d-0-1-0\" class=\"so-panel widget widget_sow-editor panel-first-child panel-last-child\" data-index=\"0\" ><div\n\t\t\t\n\t\t\tclass=\"so-widget-sow-editor so-widget-sow-editor-base\"\n\t\t\t\n\t\t>\n<div class=\"siteorigin-widget-tinymce textwidget\">\n\t<table style=\"height: 100px; width: 100%; border-collapse: collapse;\" border=\"1\" cellpadding=\"2\">\n<tbody>\n<tr style=\"height: 24px;\">\n<td style=\"width: 15.8421%; height: 24px;\">Project management:<\/td>\n<td style=\"width: 84.1578%; height: 24px;\" colspan=\"2\" class=\"translation-block\"><span style=\"font-size: x-large\">Dr. Birgitt Haller<\/span><\/td>\n<\/tr>\n<tr>\n<td style=\"width: 15.8421%;\">\n<hr \/>\n<\/td>\n<td style=\"width: 42.4197%;\">\n<hr \/>\n<\/td>\n<td style=\"width: 41.7381%; height: 24px;\"><\/td>\n<\/tr>\n<tr>\n<td style=\"width: 15.8421%;\">Implementation:<\/td>\n<td style=\"width: 84.1578%;\" colspan=\"2\">Dr.<sup>in<\/sup> Birgitt Haller<br \/>\nMag. Dr. Stefanie Mayer<sup>a<\/sup> Karin Bischof<\/td>\n<\/tr>\n<tr>\n<td style=\"width: 15.8421%;\">\n<hr \/>\n<\/td>\n<td style=\"width: 42.4197%;\">\n<hr \/>\n<\/td>\n<td style=\"width: 41.7381%;\"><\/td>\n<\/tr>\n<tr>\n<td style=\"width: 15.8421%;\">Funded by:<\/td>\n<td style=\"width: 84.1578%;\" colspan=\"2\">Interventionsstellen Ober\u00f6sterreich und Nieder\u00f6sterreich<\/td>\n<\/tr>\n<tr>\n<td style=\"width: 15.8421%;\">\n<hr \/>\n<\/td>\n<td style=\"width: 42.4197%;\">\n<hr \/>\n<\/td>\n<td style=\"width: 41.7381%; height: 24px;\"><\/td>\n<\/tr>\n<tr style=\"height: 24px;\">\n<td style=\"width: 15.8421%; height: 24px;\">Completed in:<\/td>\n<td style=\"height: 24px; width: 84.1578%;\" colspan=\"2\">Januar 2004<\/td>\n<\/tr>\n<\/tbody>\n<\/table>\n<\/div>\n<\/div><\/div><\/div><\/div><\/div>\n\n\n<div style=\"color:#404168\" class=\"wp-block-genesis-blocks-gb-spacer gb-block-spacer gb-divider-solid gb-spacer-divider gb-divider-size-1\"><hr style=\"height:3px\"\/><\/div>\n\n\n\n<div style=\"color:#404168\" class=\"wp-block-genesis-blocks-gb-spacer gb-block-spacer gb-divider-solid gb-divider-size-1\"><hr style=\"height:10px\"\/><\/div>\n\n\n<div id=\"pl-gb2724-69f2401459808\"  class=\"panel-layout\" ><div id=\"pg-gb2724-69f2401459808-0\"  class=\"panel-grid panel-no-style\" ><div id=\"pgc-gb2724-69f2401459808-0-0\"  class=\"panel-grid-cell panel-grid-cell-empty\" ><\/div><div id=\"pgc-gb2724-69f2401459808-0-1\"  class=\"panel-grid-cell panel-grid-cell-mobile-last\" ><div id=\"panel-gb2724-69f2401459808-0-1-0\" class=\"so-panel widget widget_text panel-first-child panel-last-child\" data-index=\"0\" >\t\t\t<div class=\"textwidget\"><p align=\"justify\">Die beiden Interventionsstellen in Ober\u00f6sterreich und Nieder\u00f6sterreich betreiben seit 2001 eine Au\u00dfenstelle: in Freistadt bzw. in Zwettl. Es wurden Interviews einerseits mit gewaltbetroffenen Klientinnen der beiden Au\u00dfenstellen gef\u00fchrt, um spezifische Bed\u00fcrfnisse dieser Personengruppe zu erheben, sowie andererseits mit jeweils \u00f6rtlich zust\u00e4ndigen Gendarmeriebeamten, um deren Umgang mit dem Gewaltschutzgesetz zu untersuchen.<\/p>\n<p align=\"justify\">Die Annahme, dass durch die Regionalisierung der Interventionsstellen Anlaufstellen f\u00fcr Frauen geschaffen werden, die den Weg in die Zentralstelle nicht finden w\u00fcrden, hat sich in den Interviews best\u00e4tigt. Das gilt nicht nur f\u00fcr \u00e4ltere Frauen oder Frauen, die aus anderen Gr\u00fcnden \u2013 wie z.B. Krankheit \u2013 kaum mobil sind, sondern es zeigte sich auch, dass Frauen, die nicht gewohnt sind, sich in einer Stadt zu bewegen, Angst davor haben und einen solchen Schritt kaum unternehmen. Au\u00dferdem haben viele IST-Klientinnen wenig Erfahrungen mit Amtswegen und B\u00fcrokratie, m\u00f6glicherweise ist das am Land ein gr\u00f6\u00dferes Problem als in der Stadt. Des weiteren war auff\u00e4llig, wie wenig die Existenz und das T\u00e4tigkeitsfeld der IST trotz der bereits fast sieben Jahre dauernden Geltung des Gewaltschutzgesetzes bekannt war. Die optische und auch mediale Pr\u00e4senz von Au\u00dfenstellen tr\u00e4gt sicherlich zu einem besseren Informationsstand der Bev\u00f6lkerung bei. Es w\u00e4re daher sinnvoll, im gesamten Bundesgebiet (und gerade in den fl\u00e4chenm\u00e4\u00dfig gr\u00f6\u00dften Bundesl\u00e4ndern) Au\u00dfenstellen einzurichten, um Gewaltbetroffenen m\u00f6glichst breit Unterst\u00fctzung anbieten zu k\u00f6nnen.<\/p>\n<p align=\"justify\">Die zweite Annahme, dass n\u00e4mlich durch die Einrichtung von IST-Au\u00dfenstellen GendarmeriebeamtInnen vor Ort st\u00e4rker f\u00fcr die Wahrnehmung von famili\u00e4rer Gewalt sensibilisiert werden, ist differenziert zu beantworten. Entsprechend den Ergebnissen der Erstevaluierung des Gewaltschutzgesetzes hat sich gezeigt, dass bei der Exekutive die Haltung der Vorgesetzten zum Gewaltschutzgesetz bzw. interne Vorgaben und Kontrollen essentiell sind f\u00fcr die Gesetzesvollziehung. Daher hat die blo\u00dfe Existenz einer Au\u00dfenstelle vermutlich wenig Auswirkungen auf die Anwendung des Gesetzes. Die Chance einer Au\u00dfenstelle besteht allerdings darin, verst\u00e4rkte Kontakte auf der regionalen Ebene aufzubauen, \u00dcberzeugungsarbeit zu leisten und damit die Exekutive st\u00e4rker in die Pflicht zu nehmen. Die Finanzierungssituation der Au\u00dfenstellen im M\u00fchl- und im Waldviertel erm\u00f6glichte es allerdings nicht, in diesem Bereich intensiver t\u00e4tig zu werden, daf\u00fcr bed\u00fcrfte es einer deutlichen Mittelaufstockung von Seiten der \u00f6ffentlichen Hand.<\/p>\n<\/div>\n\t\t<\/div><\/div><div id=\"pgc-gb2724-69f2401459808-0-2\"  class=\"panel-grid-cell panel-grid-cell-empty\" ><\/div><\/div><\/div>\n\n\n<div style=\"color:#333\" class=\"wp-block-genesis-blocks-gb-spacer gb-block-spacer gb-divider-solid gb-spacer-divider gb-divider-size-1\"><hr style=\"height:100px\"\/><\/div>\n<\/div><\/div><\/div>","protected":false},"excerpt":{"rendered":"","protected":false},"author":2,"featured_media":0,"parent":1561,"menu_order":52,"comment_status":"closed","ping_status":"closed","template":"","meta":{"footnotes":""},"class_list":["post-2724","page","type-page","status-publish","hentry","post"],"featured_image_src":null,"featured_image_src_square":null,"_links":{"self":[{"href":"https:\/\/ikf.ac.at\/en\/wp-json\/wp\/v2\/pages\/2724","targetHints":{"allow":["GET"]}}],"collection":[{"href":"https:\/\/ikf.ac.at\/en\/wp-json\/wp\/v2\/pages"}],"about":[{"href":"https:\/\/ikf.ac.at\/en\/wp-json\/wp\/v2\/types\/page"}],"author":[{"embeddable":true,"href":"https:\/\/ikf.ac.at\/en\/wp-json\/wp\/v2\/users\/2"}],"replies":[{"embeddable":true,"href":"https:\/\/ikf.ac.at\/en\/wp-json\/wp\/v2\/comments?post=2724"}],"version-history":[{"count":1,"href":"https:\/\/ikf.ac.at\/en\/wp-json\/wp\/v2\/pages\/2724\/revisions"}],"predecessor-version":[{"id":2725,"href":"https:\/\/ikf.ac.at\/en\/wp-json\/wp\/v2\/pages\/2724\/revisions\/2725"}],"up":[{"embeddable":true,"href":"https:\/\/ikf.ac.at\/en\/wp-json\/wp\/v2\/pages\/1561"}],"wp:attachment":[{"href":"https:\/\/ikf.ac.at\/en\/wp-json\/wp\/v2\/media?parent=2724"}],"curies":[{"name":"wp","href":"https:\/\/api.w.org\/{rel}","templated":true}]}}

2004: Außenstellen der Interventionsstellen Oberösterreich und Niederösterreich – eine erste Einschätzung von Erfolgen und Bedürfnissen

<div class="wp-block-atomic-blocks-ab-container alignfull ab-block-container"><div class="ab-container-inside"><div class="ab-container-content"><div id="pl-gb2724-69f2401458ebe"  class="panel-layout" ><div id="pg-gb2724-69f2401458ebe-0"  class="panel-grid panel-no-style" ><div id="pgc-gb2724-69f2401458ebe-0-0"  class="panel-grid-cell" ><div id="panel-gb2724-69f2401458ebe-0-0-0" class="so-panel widget widget_media_image panel-first-child panel-last-child" data-index="0" ><img loading="lazy" decoding="async" width="2554" height="10" src="https://ikf.ac.at/wp-content/uploads/2021/01/linie_IKF.jpg" class="image wp-image-754  attachment-full size-full" alt="" style="max-width: 100%; height: auto;" srcset="https://ikf.ac.at/wp-content/uploads/2021/01/linie_IKF.jpg 2554w, https://ikf.ac.at/wp-content/uploads/2021/01/linie_IKF-300x1.jpg 300w, https://ikf.ac.at/wp-content/uploads/2021/01/linie_IKF-1024x4.jpg 1024w, https://ikf.ac.at/wp-content/uploads/2021/01/linie_IKF-768x3.jpg 768w, https://ikf.ac.at/wp-content/uploads/2021/01/linie_IKF-1536x6.jpg 1536w, https://ikf.ac.at/wp-content/uploads/2021/01/linie_IKF-2048x8.jpg 2048w" sizes="auto, (max-width: 2554px) 100vw, 2554px" /></div></div></div></div>


<div style="color:#ddd" class="wp-block-genesis-blocks-gb-spacer gb-block-spacer gb-divider-solid gb-divider-size-1"><hr style="height:30px"/></div>


<div id="pl-gb2724-69f240145938d"  class="panel-layout" ><div id="pg-gb2724-69f240145938d-0"  class="panel-grid panel-no-style" ><div id="pgc-gb2724-69f240145938d-0-0"  class="panel-grid-cell panel-grid-cell-empty" ></div><div id="pgc-gb2724-69f240145938d-0-1"  class="panel-grid-cell" ><div id="panel-gb2724-69f240145938d-0-1-0" class="so-panel widget widget_sow-editor panel-first-child panel-last-child" data-index="0" ><div
			
			class="so-widget-sow-editor so-widget-sow-editor-base"
			
		>
<div class="siteorigin-widget-tinymce textwidget">
	<table style="height: 100px; width: 100%; border-collapse: collapse;" border="1" cellpadding="2">
<tbody>
<tr style="height: 24px;">
<td style="width: 15.8421%; height: 24px;">Project management:</td>
<td style="width: 84.1578%; height: 24px;" colspan="2" class="translation-block"><span style="font-size: x-large">Dr. Birgitt Haller</span></td>
</tr>
<tr>
<td style="width: 15.8421%;">
<hr />
</td>
<td style="width: 42.4197%;">
<hr />
</td>
<td style="width: 41.7381%; height: 24px;"></td>
</tr>
<tr>
<td style="width: 15.8421%;">Implementation:</td>
<td style="width: 84.1578%;" colspan="2">Dr.<sup>in</sup> Birgitt Haller<br />
Mag. Dr. Stefanie Mayer<sup>a</sup> Karin Bischof</td>
</tr>
<tr>
<td style="width: 15.8421%;">
<hr />
</td>
<td style="width: 42.4197%;">
<hr />
</td>
<td style="width: 41.7381%;"></td>
</tr>
<tr>
<td style="width: 15.8421%;">Funded by:</td>
<td style="width: 84.1578%;" colspan="2">Interventionsstellen Oberösterreich und Niederösterreich</td>
</tr>
<tr>
<td style="width: 15.8421%;">
<hr />
</td>
<td style="width: 42.4197%;">
<hr />
</td>
<td style="width: 41.7381%; height: 24px;"></td>
</tr>
<tr style="height: 24px;">
<td style="width: 15.8421%; height: 24px;">Completed in:</td>
<td style="height: 24px; width: 84.1578%;" colspan="2">Januar 2004</td>
</tr>
</tbody>
</table>
</div>
</div></div></div></div></div>


<div style="color:#404168" class="wp-block-genesis-blocks-gb-spacer gb-block-spacer gb-divider-solid gb-spacer-divider gb-divider-size-1"><hr style="height:3px"/></div>



<div style="color:#404168" class="wp-block-genesis-blocks-gb-spacer gb-block-spacer gb-divider-solid gb-divider-size-1"><hr style="height:10px"/></div>


<div id="pl-gb2724-69f2401459808"  class="panel-layout" ><div id="pg-gb2724-69f2401459808-0"  class="panel-grid panel-no-style" ><div id="pgc-gb2724-69f2401459808-0-0"  class="panel-grid-cell panel-grid-cell-empty" ></div><div id="pgc-gb2724-69f2401459808-0-1"  class="panel-grid-cell panel-grid-cell-mobile-last" ><div id="panel-gb2724-69f2401459808-0-1-0" class="so-panel widget widget_text panel-first-child panel-last-child" data-index="0" >			<div class="textwidget"><p align="justify">Die beiden Interventionsstellen in Oberösterreich und Niederösterreich betreiben seit 2001 eine Außenstelle: in Freistadt bzw. in Zwettl. Es wurden Interviews einerseits mit gewaltbetroffenen Klientinnen der beiden Außenstellen geführt, um spezifische Bedürfnisse dieser Personengruppe zu erheben, sowie andererseits mit jeweils örtlich zuständigen Gendarmeriebeamten, um deren Umgang mit dem Gewaltschutzgesetz zu untersuchen.</p>
<p align="justify">Die Annahme, dass durch die Regionalisierung der Interventionsstellen Anlaufstellen für Frauen geschaffen werden, die den Weg in die Zentralstelle nicht finden würden, hat sich in den Interviews bestätigt. Das gilt nicht nur für ältere Frauen oder Frauen, die aus anderen Gründen – wie z.B. Krankheit – kaum mobil sind, sondern es zeigte sich auch, dass Frauen, die nicht gewohnt sind, sich in einer Stadt zu bewegen, Angst davor haben und einen solchen Schritt kaum unternehmen. Außerdem haben viele IST-Klientinnen wenig Erfahrungen mit Amtswegen und Bürokratie, möglicherweise ist das am Land ein größeres Problem als in der Stadt. Des weiteren war auffällig, wie wenig die Existenz und das Tätigkeitsfeld der IST trotz der bereits fast sieben Jahre dauernden Geltung des Gewaltschutzgesetzes bekannt war. Die optische und auch mediale Präsenz von Außenstellen trägt sicherlich zu einem besseren Informationsstand der Bevölkerung bei. Es wäre daher sinnvoll, im gesamten Bundesgebiet (und gerade in den flächenmäßig größten Bundesländern) Außenstellen einzurichten, um Gewaltbetroffenen möglichst breit Unterstützung anbieten zu können.</p>
<p align="justify">Die zweite Annahme, dass nämlich durch die Einrichtung von IST-Außenstellen GendarmeriebeamtInnen vor Ort stärker für die Wahrnehmung von familiärer Gewalt sensibilisiert werden, ist differenziert zu beantworten. Entsprechend den Ergebnissen der Erstevaluierung des Gewaltschutzgesetzes hat sich gezeigt, dass bei der Exekutive die Haltung der Vorgesetzten zum Gewaltschutzgesetz bzw. interne Vorgaben und Kontrollen essentiell sind für die Gesetzesvollziehung. Daher hat die bloße Existenz einer Außenstelle vermutlich wenig Auswirkungen auf die Anwendung des Gesetzes. Die Chance einer Außenstelle besteht allerdings darin, verstärkte Kontakte auf der regionalen Ebene aufzubauen, Überzeugungsarbeit zu leisten und damit die Exekutive stärker in die Pflicht zu nehmen. Die Finanzierungssituation der Außenstellen im Mühl- und im Waldviertel ermöglichte es allerdings nicht, in diesem Bereich intensiver tätig zu werden, dafür bedürfte es einer deutlichen Mittelaufstockung von Seiten der öffentlichen Hand.</p>
</div>
		</div></div><div id="pgc-gb2724-69f2401459808-0-2"  class="panel-grid-cell panel-grid-cell-empty" ></div></div></div>


<div style="color:#333" class="wp-block-genesis-blocks-gb-spacer gb-block-spacer gb-divider-solid gb-spacer-divider gb-divider-size-1"><hr style="height:100px"/></div>
</div></div></div>
