{"id":2714,"date":"2021-04-27T10:03:19","date_gmt":"2021-04-27T10:03:19","guid":{"rendered":"http:\/\/test-ikf.online\/?page_id=2714"},"modified":"2021-04-27T10:03:43","modified_gmt":"2021-04-27T10:03:43","slug":"2006-kosten-haeuslicher-gewalt-in-oesterreich","status":"publish","type":"page","link":"https:\/\/ikf.ac.at\/en\/schwerpunkte\/sicherheit\/gewalt\/2006-kosten-haeuslicher-gewalt-in-oesterreich","title":{"rendered":"2006: Kosten h\u00e4uslicher Gewalt in \u00d6sterreich"},"content":{"rendered":"<div class=\"wp-block-atomic-blocks-ab-container alignfull ab-block-container\"><div class=\"ab-container-inside\"><div class=\"ab-container-content\"><div id=\"pl-gb2714-69f240179eb3a\"  class=\"panel-layout\" ><div id=\"pg-gb2714-69f240179eb3a-0\"  class=\"panel-grid panel-no-style\" ><div id=\"pgc-gb2714-69f240179eb3a-0-0\"  class=\"panel-grid-cell\" ><div id=\"panel-gb2714-69f240179eb3a-0-0-0\" class=\"so-panel widget widget_media_image panel-first-child panel-last-child\" data-index=\"0\" ><img loading=\"lazy\" decoding=\"async\" width=\"2554\" height=\"10\" src=\"https:\/\/ikf.ac.at\/wp-content\/uploads\/2021\/01\/linie_IKF.jpg\" class=\"image wp-image-754  attachment-full size-full\" alt=\"\" style=\"max-width: 100%; height: auto;\" srcset=\"https:\/\/ikf.ac.at\/wp-content\/uploads\/2021\/01\/linie_IKF.jpg 2554w, https:\/\/ikf.ac.at\/wp-content\/uploads\/2021\/01\/linie_IKF-300x1.jpg 300w, https:\/\/ikf.ac.at\/wp-content\/uploads\/2021\/01\/linie_IKF-1024x4.jpg 1024w, https:\/\/ikf.ac.at\/wp-content\/uploads\/2021\/01\/linie_IKF-768x3.jpg 768w, https:\/\/ikf.ac.at\/wp-content\/uploads\/2021\/01\/linie_IKF-1536x6.jpg 1536w, https:\/\/ikf.ac.at\/wp-content\/uploads\/2021\/01\/linie_IKF-2048x8.jpg 2048w\" sizes=\"auto, (max-width: 2554px) 100vw, 2554px\" \/><\/div><\/div><\/div><\/div>\n\n\n<div style=\"color:#ddd\" class=\"wp-block-genesis-blocks-gb-spacer gb-block-spacer gb-divider-solid gb-divider-size-1\"><hr style=\"height:30px\"\/><\/div>\n\n\n<div id=\"pl-gb2714-69f240179f016\"  class=\"panel-layout\" ><div id=\"pg-gb2714-69f240179f016-0\"  class=\"panel-grid panel-no-style\" ><div id=\"pgc-gb2714-69f240179f016-0-0\"  class=\"panel-grid-cell panel-grid-cell-empty\" ><\/div><div id=\"pgc-gb2714-69f240179f016-0-1\"  class=\"panel-grid-cell\" ><div id=\"panel-gb2714-69f240179f016-0-1-0\" class=\"so-panel widget widget_sow-editor panel-first-child panel-last-child\" data-index=\"0\" ><div\n\t\t\t\n\t\t\tclass=\"so-widget-sow-editor so-widget-sow-editor-base\"\n\t\t\t\n\t\t>\n<div class=\"siteorigin-widget-tinymce textwidget\">\n\t<table style=\"height: 100px; width: 100%; border-collapse: collapse;\" border=\"1\" cellpadding=\"2\">\n<tbody>\n<tr style=\"height: 24px;\">\n<td style=\"width: 15.8421%; height: 24px;\">Project management:<\/td>\n<td style=\"width: 84.1578%; height: 24px;\" colspan=\"2\" class=\"translation-block\"><span style=\"font-size: x-large\">Dr. Birgitt Haller<\/span><\/td>\n<\/tr>\n<tr>\n<td style=\"width: 15.8421%;\">\n<hr \/>\n<\/td>\n<td style=\"width: 59.8713%;\">\n<hr \/>\n<\/td>\n<td style=\"width: 24.2865%; height: 24px;\"><\/td>\n<\/tr>\n<tr>\n<td style=\"width: 15.8421%;\">Implementation:<\/td>\n<td style=\"width: 84.1578%;\" colspan=\"2\">Dr.<sup>in<\/sup> Evelyn Dawid<br \/>\nDr.<sup>in<\/sup> Birgitt Haller<\/td>\n<\/tr>\n<tr>\n<td style=\"width: 15.8421%;\">\n<hr \/>\n<\/td>\n<td style=\"width: 59.8713%;\">\n<hr \/>\n<\/td>\n<td style=\"width: 24.2865%;\"><\/td>\n<\/tr>\n<tr>\n<td style=\"width: 15.8421%;\">Konsulentin:<\/td>\n<td style=\"width: 59.8713%;\">Univ.-Prof. Dr.<sup>in<\/sup> Gudrun Biffl, WIFO<\/td>\n<td style=\"width: 24.2865%;\"><\/td>\n<\/tr>\n<tr>\n<td style=\"width: 15.8421%;\">\n<hr \/>\n<\/td>\n<td style=\"width: 59.8713%;\">\n<hr \/>\n<\/td>\n<td style=\"width: 24.2865%;\"><\/td>\n<\/tr>\n<tr>\n<td style=\"width: 15.8421%;\">Funded by:<\/td>\n<td style=\"width: 84.1578%;\" colspan=\"2\">Federal Ministry of Finance<br \/>\nBundesministerium f\u00fcr soziale Sicherheit, Generationen und Konsumentenschutz<\/td>\n<\/tr>\n<tr>\n<td style=\"width: 15.8421%;\">\n<hr \/>\n<\/td>\n<td style=\"width: 59.8713%;\">\n<hr \/>\n<\/td>\n<td style=\"width: 24.2865%; height: 24px;\"><\/td>\n<\/tr>\n<tr style=\"height: 24px;\">\n<td style=\"width: 15.8421%; height: 24px;\">Completed in:<\/td>\n<td style=\"height: 24px; width: 84.1578%;\" colspan=\"2\">Juni 2006<\/td>\n<\/tr>\n<tr>\n<td style=\"width: 15.8421%;\">\n<hr \/>\n<\/td>\n<td style=\"width: 59.8713%;\">\n<hr \/>\n<\/td>\n<td style=\"width: 24.2865%;\"><\/td>\n<\/tr>\n<tr>\n<td style=\"width: 15.8421%;\"><\/td>\n<td style=\"width: 59.8713%;\" valign=\"top\" width=\"80%\"><img loading=\"lazy\" decoding=\"async\" src=\"https:\/\/ikf.ac.at\/wp-content\/uploads\/2021\/03\/Document-Folder-e1615278415108.png\" width=\"28\" height=\"28\" align=\"left\" \/> <a href=\"https:\/\/ikf.ac.at\/wp-content\/uploads\/2021\/04\/Studie_Kosten.pdf\" target=\"_blank\" rel=\"noopener\">Final Report (german)<\/a><\/td>\n<td style=\"width: 24.2865%;\"><\/td>\n<\/tr>\n<\/tbody>\n<\/table>\n<\/div>\n<\/div><\/div><\/div><\/div><\/div>\n\n\n<div style=\"color:#404168\" class=\"wp-block-genesis-blocks-gb-spacer gb-block-spacer gb-divider-solid gb-spacer-divider gb-divider-size-1\"><hr style=\"height:3px\"\/><\/div>\n\n\n\n<div style=\"color:#404168\" class=\"wp-block-genesis-blocks-gb-spacer gb-block-spacer gb-divider-solid gb-divider-size-1\"><hr style=\"height:10px\"\/><\/div>\n\n\n<div id=\"pl-gb2714-69f240179f6f0\"  class=\"panel-layout\" ><div id=\"pg-gb2714-69f240179f6f0-0\"  class=\"panel-grid panel-no-style\" ><div id=\"pgc-gb2714-69f240179f6f0-0-0\"  class=\"panel-grid-cell panel-grid-cell-empty\" ><\/div><div id=\"pgc-gb2714-69f240179f6f0-0-1\"  class=\"panel-grid-cell panel-grid-cell-mobile-last\" ><div id=\"panel-gb2714-69f240179f6f0-0-1-0\" class=\"so-panel widget widget_text panel-first-child panel-last-child\" data-index=\"0\" >\t\t\t<div class=\"textwidget\"><p align=\"justify\">78 Millionen Euro betragen die Kosten, die pro Jahr in \u00d6sterreich durch famili\u00e4re Gewalt entstehen \u2013 sowohl durch Gewalt von M\u00e4nnern gegen Frauen als auch durch h\u00e4usliche Gewalt gegen Kinder und Jugendliche. Die Studie ber\u00fccksichtigt dabei s\u00e4mtliche verf\u00fcgbaren Zahlen \u2013 die aber mangels zahlreicher Statistiken und Kostenaufstellungen keineswegs vollst\u00e4ndig sind. L\u00fccken wurden durch wissenschaftlich fundierte Sch\u00e4tzungen \u00fcberbr\u00fcckt, die aus den vorhandenen Teilzahlen sorgf\u00e4ltig hochgerechnet wurden. Kosten konnten in den Bereichen Polizei, Justiz, Sozialhilfe, Arbeit, Gesundheit und soziale Einrichtungen eruiert werden.<\/p>\n<\/div>\n\t\t<\/div><\/div><div id=\"pgc-gb2714-69f240179f6f0-0-2\"  class=\"panel-grid-cell panel-grid-cell-empty\" ><\/div><\/div><\/div>\n\n\n<div style=\"color:#333\" class=\"wp-block-genesis-blocks-gb-spacer gb-block-spacer gb-divider-solid gb-spacer-divider gb-divider-size-1\"><hr style=\"height:100px\"\/><\/div>\n<\/div><\/div><\/div>","protected":false},"excerpt":{"rendered":"","protected":false},"author":2,"featured_media":0,"parent":1561,"menu_order":50,"comment_status":"closed","ping_status":"closed","template":"","meta":{"footnotes":""},"class_list":["post-2714","page","type-page","status-publish","hentry","post"],"featured_image_src":null,"featured_image_src_square":null,"_links":{"self":[{"href":"https:\/\/ikf.ac.at\/en\/wp-json\/wp\/v2\/pages\/2714","targetHints":{"allow":["GET"]}}],"collection":[{"href":"https:\/\/ikf.ac.at\/en\/wp-json\/wp\/v2\/pages"}],"about":[{"href":"https:\/\/ikf.ac.at\/en\/wp-json\/wp\/v2\/types\/page"}],"author":[{"embeddable":true,"href":"https:\/\/ikf.ac.at\/en\/wp-json\/wp\/v2\/users\/2"}],"replies":[{"embeddable":true,"href":"https:\/\/ikf.ac.at\/en\/wp-json\/wp\/v2\/comments?post=2714"}],"version-history":[{"count":2,"href":"https:\/\/ikf.ac.at\/en\/wp-json\/wp\/v2\/pages\/2714\/revisions"}],"predecessor-version":[{"id":2716,"href":"https:\/\/ikf.ac.at\/en\/wp-json\/wp\/v2\/pages\/2714\/revisions\/2716"}],"up":[{"embeddable":true,"href":"https:\/\/ikf.ac.at\/en\/wp-json\/wp\/v2\/pages\/1561"}],"wp:attachment":[{"href":"https:\/\/ikf.ac.at\/en\/wp-json\/wp\/v2\/media?parent=2714"}],"curies":[{"name":"wp","href":"https:\/\/api.w.org\/{rel}","templated":true}]}}

2006: Kosten häuslicher Gewalt in Österreich

<div class="wp-block-atomic-blocks-ab-container alignfull ab-block-container"><div class="ab-container-inside"><div class="ab-container-content"><div id="pl-gb2714-69f240179eb3a"  class="panel-layout" ><div id="pg-gb2714-69f240179eb3a-0"  class="panel-grid panel-no-style" ><div id="pgc-gb2714-69f240179eb3a-0-0"  class="panel-grid-cell" ><div id="panel-gb2714-69f240179eb3a-0-0-0" class="so-panel widget widget_media_image panel-first-child panel-last-child" data-index="0" ><img loading="lazy" decoding="async" width="2554" height="10" src="https://ikf.ac.at/wp-content/uploads/2021/01/linie_IKF.jpg" class="image wp-image-754  attachment-full size-full" alt="" style="max-width: 100%; height: auto;" srcset="https://ikf.ac.at/wp-content/uploads/2021/01/linie_IKF.jpg 2554w, https://ikf.ac.at/wp-content/uploads/2021/01/linie_IKF-300x1.jpg 300w, https://ikf.ac.at/wp-content/uploads/2021/01/linie_IKF-1024x4.jpg 1024w, https://ikf.ac.at/wp-content/uploads/2021/01/linie_IKF-768x3.jpg 768w, https://ikf.ac.at/wp-content/uploads/2021/01/linie_IKF-1536x6.jpg 1536w, https://ikf.ac.at/wp-content/uploads/2021/01/linie_IKF-2048x8.jpg 2048w" sizes="auto, (max-width: 2554px) 100vw, 2554px" /></div></div></div></div>


<div style="color:#ddd" class="wp-block-genesis-blocks-gb-spacer gb-block-spacer gb-divider-solid gb-divider-size-1"><hr style="height:30px"/></div>


<div id="pl-gb2714-69f240179f016"  class="panel-layout" ><div id="pg-gb2714-69f240179f016-0"  class="panel-grid panel-no-style" ><div id="pgc-gb2714-69f240179f016-0-0"  class="panel-grid-cell panel-grid-cell-empty" ></div><div id="pgc-gb2714-69f240179f016-0-1"  class="panel-grid-cell" ><div id="panel-gb2714-69f240179f016-0-1-0" class="so-panel widget widget_sow-editor panel-first-child panel-last-child" data-index="0" ><div
			
			class="so-widget-sow-editor so-widget-sow-editor-base"
			
		>
<div class="siteorigin-widget-tinymce textwidget">
	<table style="height: 100px; width: 100%; border-collapse: collapse;" border="1" cellpadding="2">
<tbody>
<tr style="height: 24px;">
<td style="width: 15.8421%; height: 24px;">Project management:</td>
<td style="width: 84.1578%; height: 24px;" colspan="2" class="translation-block"><span style="font-size: x-large">Dr. Birgitt Haller</span></td>
</tr>
<tr>
<td style="width: 15.8421%;">
<hr />
</td>
<td style="width: 59.8713%;">
<hr />
</td>
<td style="width: 24.2865%; height: 24px;"></td>
</tr>
<tr>
<td style="width: 15.8421%;">Implementation:</td>
<td style="width: 84.1578%;" colspan="2">Dr.<sup>in</sup> Evelyn Dawid<br />
Dr.<sup>in</sup> Birgitt Haller</td>
</tr>
<tr>
<td style="width: 15.8421%;">
<hr />
</td>
<td style="width: 59.8713%;">
<hr />
</td>
<td style="width: 24.2865%;"></td>
</tr>
<tr>
<td style="width: 15.8421%;">Konsulentin:</td>
<td style="width: 59.8713%;">Univ.-Prof. Dr.<sup>in</sup> Gudrun Biffl, WIFO</td>
<td style="width: 24.2865%;"></td>
</tr>
<tr>
<td style="width: 15.8421%;">
<hr />
</td>
<td style="width: 59.8713%;">
<hr />
</td>
<td style="width: 24.2865%;"></td>
</tr>
<tr>
<td style="width: 15.8421%;">Funded by:</td>
<td style="width: 84.1578%;" colspan="2">Federal Ministry of Finance<br />
Bundesministerium für soziale Sicherheit, Generationen und Konsumentenschutz</td>
</tr>
<tr>
<td style="width: 15.8421%;">
<hr />
</td>
<td style="width: 59.8713%;">
<hr />
</td>
<td style="width: 24.2865%; height: 24px;"></td>
</tr>
<tr style="height: 24px;">
<td style="width: 15.8421%; height: 24px;">Completed in:</td>
<td style="height: 24px; width: 84.1578%;" colspan="2">Juni 2006</td>
</tr>
<tr>
<td style="width: 15.8421%;">
<hr />
</td>
<td style="width: 59.8713%;">
<hr />
</td>
<td style="width: 24.2865%;"></td>
</tr>
<tr>
<td style="width: 15.8421%;"></td>
<td style="width: 59.8713%;" valign="top" width="80%"><img loading="lazy" decoding="async" src="https://ikf.ac.at/wp-content/uploads/2021/03/Document-Folder-e1615278415108.png" width="28" height="28" align="left" /> <a href="https://ikf.ac.at/wp-content/uploads/2021/04/Studie_Kosten.pdf" target="_blank" rel="noopener">Final Report (german)</a></td>
<td style="width: 24.2865%;"></td>
</tr>
</tbody>
</table>
</div>
</div></div></div></div></div>


<div style="color:#404168" class="wp-block-genesis-blocks-gb-spacer gb-block-spacer gb-divider-solid gb-spacer-divider gb-divider-size-1"><hr style="height:3px"/></div>



<div style="color:#404168" class="wp-block-genesis-blocks-gb-spacer gb-block-spacer gb-divider-solid gb-divider-size-1"><hr style="height:10px"/></div>


<div id="pl-gb2714-69f240179f6f0"  class="panel-layout" ><div id="pg-gb2714-69f240179f6f0-0"  class="panel-grid panel-no-style" ><div id="pgc-gb2714-69f240179f6f0-0-0"  class="panel-grid-cell panel-grid-cell-empty" ></div><div id="pgc-gb2714-69f240179f6f0-0-1"  class="panel-grid-cell panel-grid-cell-mobile-last" ><div id="panel-gb2714-69f240179f6f0-0-1-0" class="so-panel widget widget_text panel-first-child panel-last-child" data-index="0" >			<div class="textwidget"><p align="justify">78 Millionen Euro betragen die Kosten, die pro Jahr in Österreich durch familiäre Gewalt entstehen – sowohl durch Gewalt von Männern gegen Frauen als auch durch häusliche Gewalt gegen Kinder und Jugendliche. Die Studie berücksichtigt dabei sämtliche verfügbaren Zahlen – die aber mangels zahlreicher Statistiken und Kostenaufstellungen keineswegs vollständig sind. Lücken wurden durch wissenschaftlich fundierte Schätzungen überbrückt, die aus den vorhandenen Teilzahlen sorgfältig hochgerechnet wurden. Kosten konnten in den Bereichen Polizei, Justiz, Sozialhilfe, Arbeit, Gesundheit und soziale Einrichtungen eruiert werden.</p>
</div>
		</div></div><div id="pgc-gb2714-69f240179f6f0-0-2"  class="panel-grid-cell panel-grid-cell-empty" ></div></div></div>


<div style="color:#333" class="wp-block-genesis-blocks-gb-spacer gb-block-spacer gb-divider-solid gb-spacer-divider gb-divider-size-1"><hr style="height:100px"/></div>
</div></div></div>
